| Server IP : 185.143.234.238 / Your IP : 185.215.232.195 Web Server : LiteSpeed System : Linux saman.shetabanhost.com 4.18.0-553.121.1.lve.el8.x86_64 #1 SMP Thu Apr 30 16:40:41 UTC 2026 x86_64 User : behrakir ( 1361) PHP Version : 8.1.34 Disable Function : symlink,shell_exec,show_source,exec,popen,system,passthru,proc_open,proc_close,pcntl_exec,mail MySQL : OFF | cURL : ON | WGET : ON | Perl : ON | Python : ON | Sudo : OFF | Pkexec : OFF Directory : /home/behrakir/access-logs/ |
Upload File : |
185.215.232.215 - - [11/Sep/2026:16:27:43 +0330] "GET /robots.txt HTTP/1.1" 200 28 "-" "Mozilla/5.0 (compatible; Googlebot/2.1; +http://www.google.com/bot.html)"
185.215.232.195 - - [11/Sep/2026:16:03:02 +0330] "GET /robots.txt HTTP/1.1" 200 28 "https://www.doctoremon.ir/robots.txt" "Mozilla/5.0 AppleWebKit/537.36 (KHTML, like Gecko; compatible; ClaudeBot/1.0; +claudebot@anthropic.com)"
94.101.182.5 - - [11/Sep/2026:16:22:22 +0330] "GET / HTTP/1.1" 200 44584 "-" "Mozilla/5.0 (Windows NT 10.0; Win64; x64) AppleWebKit/537.36 (KHTML, like Gecko) Chrome/78.0.3904.108 Safari/537.36"
185.215.232.195 - - [11/Sep/2026:16:58:09 +0330] "GET /robots.txt HTTP/1.1" 200 28 "-" "Mozilla/5.0 AppleWebKit/537.36 (KHTML, like Gecko; compatible; ClaudeBot/1.0; +claudebot@anthropic.com)"
185.215.232.195 - - [11/Sep/2026:17:31:02 +0330] "GET /.env HTTP/1.1" 404 131236 "-" "Mozilla/5.0 (compatible; SecurityResearch/1.0)"
94.101.182.4 - - [11/Sep/2026:17:31:12 +0330] "POST /wp-cron.php?doing_wp_cron=1789135271.7806899547576904296875 HTTP/1.1" 200 20 "-" "WordPress/7.1; https://doctoremon.ir"
185.215.232.195 - - [11/Sep/2026:17:31:27 +0330] "GET /bundle.js HTTP/1.1" 404 134995 "-" "Mozilla/5.0 (compatible; SecurityResearch/1.0)"
185.215.232.195 - - [11/Sep/2026:17:31:07 +0330] "GET /actuator/env HTTP/1.1" 404 131236 "-" "Mozilla/5.0 (compatible; SecurityResearch/1.0)"
185.215.232.195 - - [11/Sep/2026:17:31:11 +0330] "GET /config.json HTTP/1.1" 404 131236 "-" "Mozilla/5.0 (compatible; SecurityResearch/1.0)"
185.215.232.195 - - [11/Sep/2026:17:31:14 +0330] "GET /credentials.json HTTP/1.1" 404 131236 "-" "Mozilla/5.0 (compatible; SecurityResearch/1.0)"
185.215.232.195 - - [11/Sep/2026:17:31:19 +0330] "GET /.aws/credentials HTTP/1.1" 404 131236 "-" "Mozilla/5.0 (compatible; SecurityResearch/1.0)"
185.215.232.195 - - [11/Sep/2026:17:31:23 +0330] "GET /static/js/main.js HTTP/1.1" 404 134995 "-" "Mozilla/5.0 (compatible; SecurityResearch/1.0)"
185.215.232.195 - - [11/Sep/2026:17:31:31 +0330] "GET /app.js HTTP/1.1" 404 134995 "-" "Mozilla/5.0 (compatible; SecurityResearch/1.0)"
185.215.232.195 - - [11/Sep/2026:17:31:35 +0330] "GET /.git/config HTTP/1.1" 403 787 "-" "Mozilla/5.0 (compatible; SecurityResearch/1.0)"
185.215.232.195 - - [11/Sep/2026:17:31:36 +0330] "GET /settings.json HTTP/1.1" 404 131236 "-" "Mozilla/5.0 (compatible; SecurityResearch/1.0)"
94.101.182.4 - - [11/Sep/2026:18:09:11 +0330] "GET /.well-known/acme-challenge/5J9DBM-I5CVV5441_F20CTJKCKW4OTBG HTTP/1.1" 200 64 "-" "Cpanel-HTTP-Client/1.0"
94.101.182.4 - - [11/Sep/2026:18:09:06 +0330] "GET /.well-known/acme-challenge/W7S-ER395TLB-R365EVC8OHPFC7SCPDD HTTP/1.1" 200 64 "-" "Cpanel-HTTP-Client/1.0"
185.215.232.195 - - [11/Sep/2026:18:22:08 +0330] "GET /robots.txt HTTP/1.1" 200 28 "https://www.doctoremon.ir/robots.txt" "Mozilla/5.0 AppleWebKit/537.36 (KHTML, like Gecko; compatible; ClaudeBot/1.0; +claudebot@anthropic.com)"
185.215.232.196 - - [11/Sep/2026:18:10:22 +0330] "GET /speciality/tonsils/ HTTP/1.1" 200 19176 "-" "Mozilla/5.0 (Macintosh; Intel Mac OS X 10_15_7) AppleWebKit/537.36 (KHTML, like Gecko) Chrome/145.0.0.0 Safari/537.36"
94.101.182.4 - - [11/Sep/2026:18:27:15 +0330] "POST /wp-cron.php?doing_wp_cron=1789138635.4594950675964355468750 HTTP/1.1" 200 20 "-" "WordPress/7.1; https://doctoremon.ir"
185.215.232.195 - - [11/Sep/2026:18:28:24 +0330] "GET / HTTP/1.1" 200 397174 "-" "Mozilla/5.0 (Macintosh; Intel Mac OS X 10_15_7) AppleWebKit/537.36 (KHTML, like Gecko) Chrome/134.0.0.0 Safari/537.36"
185.215.232.196 - - [11/Sep/2026:18:27:11 +0330] "GET /?login=true HTTP/1.1" 200 2722 "-" "Mozilla/5.0 (Macintosh; Intel Mac OS X 10_15_7) AppleWebKit/537.36 (KHTML, like Gecko) Chrome/139.0.0.0 Safari/537.36"
94.101.182.4 - - [11/Sep/2026:18:27:17 +0330] "POST /wp-admin/admin-ajax.php?action=wp_1_wc_privacy_cleanup&nonce=9506da7425 HTTP/1.1" 200 20 "-" "WordPress/7.1; https://doctoremon.ir"
185.215.232.196 - - [11/Sep/2026:18:45:35 +0330] "GET /about-us/ HTTP/1.1" 200 21120 "-" "Mozilla/5.0 (Windows NT 10.0; Win64; x64) AppleWebKit/537.36 (KHTML, like Gecko) Chrome/143.0.0.0 Safari/537.36"
185.215.232.194 - - [11/Sep/2026:18:51:43 +0330] "GET / HTTP/1.1" 200 44578 "http://doctoremon.ir/" "Mozilla/5.0 (iPhone; CPU iPhone OS 17_1_2 like Mac OS X) AppleWebKit/605.1.15 (KHTML, like Gecko) Version/17.1.2 Mobile/15E148 Safari/604"
94.101.182.4 - - [11/Sep/2026:18:51:47 +0330] "POST /wp-cron.php?doing_wp_cron=1789140106.8178780078887939453125 HTTP/1.1" 200 20 "-" "WordPress/7.1; https://doctoremon.ir"
185.215.232.194 - - [11/Sep/2026:18:51:44 +0330] "GET /booking/time?sid=3&drplus_save_recent=3 HTTP/1.1" 302 20 "-" "Mozilla/5.0 (iPhone; CPU iPhone OS 17_1_2 like Mac OS X) AppleWebKit/605.1.15 (KHTML, like Gecko) Version/17.1.2 Mobile/15E148 Safari/604"
185.215.232.194 - - [11/Sep/2026:18:51:47 +0330] "GET /booking/time?sid=3 HTTP/1.1" 301 20 "https://doctoremon.ir/booking/time?sid=3&drplus_save_recent=3" "Mozilla/5.0 (iPhone; CPU iPhone OS 17_1_2 like Mac OS X) AppleWebKit/605.1.15 (KHTML, like Gecko) Version/17.1.2 Mobile/15E148 Safari/604"
185.215.232.193 - - [11/Sep/2026:18:51:49 +0330] "GET /booking/time/?sid=3 HTTP/1.1" 200 21476 "https://doctoremon.ir/booking/time?sid=3" "Mozilla/5.0 (iPhone; CPU iPhone OS 17_1_2 like Mac OS X) AppleWebKit/605.1.15 (KHTML, like Gecko) Version/17.1.2 Mobile/15E148 Safari/604"
185.215.232.193 - - [11/Sep/2026:18:52:00 +0330] "GET /wp-admin/post.php?post=36&action=edit HTTP/1.1" 302 20 "-" "Mozilla/5.0 (iPhone; CPU iPhone OS 17_1_2 like Mac OS X) AppleWebKit/605.1.15 (KHTML, like Gecko) Version/17.1.2 Mobile/15E148 Safari/604"
185.215.232.196 - - [11/Sep/2026:18:52:03 +0330] "GET /wp-login.php HTTP/1.1" 200 3696 "https://t.co/" "Mozilla/5.0 (Macintosh; Intel Mac OS X 13_6_1) AppleWebKit/605.1.15 (KHTML, like Gecko) Version/17.0 Safari/605.1.15"
185.215.232.193 - - [11/Sep/2026:18:52:04 +0330] "GET /wp-login.php?redirect_to=https%3A%2F%2Fdoctoremon.ir%2Fwp-admin%2Fpost.php%3Fpost%3D36%26action%3Dedit&reauth=1 HTTP/1.1" 200 3715 "https://doctoremon.ir/wp-admin/post.php?post=36&action=edit" "Mozilla/5.0 (iPhone; CPU iPhone OS 17_1_2 like Mac OS X) AppleWebKit/605.1.15 (KHTML, like Gecko) Version/17.1.2 Mobile/15E148 Safari/604"
94.101.182.4 - - [11/Sep/2026:18:52:03 +0330] "POST /wp-admin/admin-ajax.php?action=as_async_request_queue_runner&nonce=f46e66ce98 HTTP/1.1" 200 20 "-" "WordPress/7.1; https://doctoremon.ir"
185.215.232.196 - - [11/Sep/2026:18:52:20 +0330] "GET /wp-admin/index.php HTTP/1.1" 302 20 "https://www.doctoremon.ir/wp-login.php" "Mozilla/5.0 (Macintosh; Intel Mac OS X 13_6_1) AppleWebKit/537.36 (KHTML, like Gecko) Chrome/118.0.0.0 Safari/537.36"
185.215.232.196 - - [11/Sep/2026:18:52:31 +0330] "GET /wp-admin/index.php HTTP/1.1" 302 20 "https://www.doctoremon.ir/wp-login.php" "Mozilla/5.0 (Macintosh; Intel Mac OS X 10_15_7; rv:118.0) Gecko/20100101 Firefox/118.0"
185.215.232.196 - - [11/Sep/2026:18:52:43 +0330] "GET /wp-admin/index.php HTTP/1.1" 302 20 "https://www.doctoremon.ir/wp-login.php" "Mozilla/5.0 (X11; Linux x86_64) AppleWebKit/537.36 (KHTML, like Gecko) Chrome/120.0.0.0 Safari/537.36"
185.215.232.196 - - [11/Sep/2026:18:52:53 +0330] "GET /wp-admin/index.php HTTP/1.1" 302 20 "https://www.doctoremon.ir/wp-login.php" "Mozilla/5.0 (X11; Linux x86_64) AppleWebKit/537.36 (KHTML, like Gecko) Chrome/119.0.0.0 Safari/537.36"
185.215.232.196 - - [11/Sep/2026:18:52:58 +0330] "GET /wp-login.php?redirect_to=https%3A%2F%2Fdoctoremon.ir%2Fwp-admin%2Findex.php&reauth=1 HTTP/1.1" 200 3698 "https://www.doctoremon.ir/wp-login.php" "Mozilla/5.0 (X11; Linux x86_64) AppleWebKit/537.36 (KHTML, like Gecko) Chrome/119.0.0.0 Safari/537.36"
94.101.182.4 - - [11/Sep/2026:18:53:08 +0330] "POST /wp-cron.php?doing_wp_cron=1789140188.7252480983734130859375 HTTP/1.1" 200 20 "-" "WordPress/7.1; https://doctoremon.ir"
185.215.232.194 - - [11/Sep/2026:18:51:53 +0330] "GET /booking/time?sid=5&drplus_save_recent=5 HTTP/1.1" 302 20 "-" "Mozilla/5.0 (iPhone; CPU iPhone OS 17_1_2 like Mac OS X) AppleWebKit/605.1.15 (KHTML, like Gecko) Version/17.1.2 Mobile/15E148 Safari/604"
185.215.232.194 - - [11/Sep/2026:18:51:55 +0330] "GET /booking/time?sid=5 HTTP/1.1" 301 20 "https://doctoremon.ir/booking/time?sid=5&drplus_save_recent=5" "Mozilla/5.0 (iPhone; CPU iPhone OS 17_1_2 like Mac OS X) AppleWebKit/605.1.15 (KHTML, like Gecko) Version/17.1.2 Mobile/15E148 Safari/604"
185.215.232.193 - - [11/Sep/2026:18:51:57 +0330] "GET /booking/time/?sid=5 HTTP/1.1" 200 19949 "https://doctoremon.ir/booking/time?sid=5" "Mozilla/5.0 (iPhone; CPU iPhone OS 17_1_2 like Mac OS X) AppleWebKit/605.1.15 (KHTML, like Gecko) Version/17.1.2 Mobile/15E148 Safari/604"
185.215.232.196 - - [11/Sep/2026:18:52:09 +0330] "GET /?author=1 HTTP/1.1" 404 17580 "-" "Mozilla/5.0 (X11; Linux x86_64) AppleWebKit/537.36 (KHTML, like Gecko) Chrome/119.0.0.0 Safari/537.36"
185.215.232.196 - - [11/Sep/2026:18:52:14 +0330] "GET /wp-json/wp/v2/users HTTP/1.1" 401 166 "-" "Mozilla/5.0 (Windows NT 11.0; Win64; x64) AppleWebKit/537.36 (KHTML, like Gecko) Chrome/119.0.0.0 Safari/537.36"
185.215.232.196 - - [11/Sep/2026:18:52:25 +0330] "GET /wp-login.php?redirect_to=https%3A%2F%2Fdoctoremon.ir%2Fwp-admin%2Findex.php&reauth=1 HTTP/1.1" 200 3698 "https://www.doctoremon.ir/wp-login.php" "Mozilla/5.0 (Macintosh; Intel Mac OS X 13_6_1) AppleWebKit/537.36 (KHTML, like Gecko) Chrome/118.0.0.0 Safari/537.36"
185.215.232.196 - - [11/Sep/2026:18:52:36 +0330] "GET /wp-login.php?redirect_to=https%3A%2F%2Fdoctoremon.ir%2Fwp-admin%2Findex.php&reauth=1 HTTP/1.1" 200 3698 "https://www.doctoremon.ir/wp-login.php" "Mozilla/5.0 (Macintosh; Intel Mac OS X 10_15_7; rv:118.0) Gecko/20100101 Firefox/118.0"
94.101.182.4 - - [11/Sep/2026:18:52:49 +0330] "POST /wp-cron.php?doing_wp_cron=1789140169.4052178859710693359375 HTTP/1.1" 200 20 "-" "WordPress/7.1; https://doctoremon.ir"
185.215.232.196 - - [11/Sep/2026:18:52:47 +0330] "GET /wp-login.php?redirect_to=https%3A%2F%2Fdoctoremon.ir%2Fwp-admin%2Findex.php&reauth=1 HTTP/1.1" 200 3698 "https://www.doctoremon.ir/wp-login.php" "Mozilla/5.0 (X11; Linux x86_64) AppleWebKit/537.36 (KHTML, like Gecko) Chrome/120.0.0.0 Safari/537.36"
185.215.232.196 - - [11/Sep/2026:18:53:05 +0330] "GET /wp-admin/index.php HTTP/1.1" 302 20 "https://www.doctoremon.ir/wp-login.php" "Mozilla/5.0 (Macintosh; Intel Mac OS X 13_6_1; rv:118.0) Gecko/20100101 Firefox/118.0"
94.101.182.4 - - [11/Sep/2026:18:53:07 +0330] "POST /wp-admin/admin-ajax.php?action=as_async_request_queue_runner&nonce=f46e66ce98 HTTP/1.1" 200 20 "-" "WordPress/7.1; https://doctoremon.ir"
185.215.232.196 - - [11/Sep/2026:18:53:16 +0330] "GET /wp-admin/index.php HTTP/1.1" 302 20 "https://www.doctoremon.ir/wp-login.php" "Mozilla/5.0 (Windows NT 10.0; Win64; x64; rv:119.0) Gecko/20100101 Firefox/119.0"
185.215.232.196 - - [11/Sep/2026:18:53:20 +0330] "GET /wp-login.php?redirect_to=https%3A%2F%2Fdoctoremon.ir%2Fwp-admin%2Findex.php&reauth=1 HTTP/1.1" 200 3698 "https://www.doctoremon.ir/wp-login.php" "Mozilla/5.0 (Windows NT 10.0; Win64; x64; rv:119.0) Gecko/20100101 Firefox/119.0"
185.215.232.196 - - [11/Sep/2026:18:53:25 +0330] "GET /wp-admin/index.php HTTP/1.1" 302 20 "https://www.doctoremon.ir/wp-login.php" "Mozilla/5.0 (Windows NT 11.0; Win64; x64) AppleWebKit/537.36 (KHTML, like Gecko) Chrome/118.0.0.0 Safari/537.36"
185.215.232.196 - - [11/Sep/2026:18:53:29 +0330] "GET /wp-login.php?redirect_to=https%3A%2F%2Fdoctoremon.ir%2Fwp-admin%2Findex.php&reauth=1 HTTP/1.1" 200 3698 "https://www.doctoremon.ir/wp-login.php" "Mozilla/5.0 (Windows NT 11.0; Win64; x64) AppleWebKit/537.36 (KHTML, like Gecko) Chrome/118.0.0.0 Safari/537.36"
94.101.182.4 - - [11/Sep/2026:18:53:54 +0330] "POST /wp-cron.php?doing_wp_cron=1789140234.7168600559234619140625 HTTP/1.1" 200 20 "-" "WordPress/7.1; https://doctoremon.ir"
185.215.232.196 - - [11/Sep/2026:18:53:11 +0330] "GET /wp-login.php?redirect_to=https%3A%2F%2Fdoctoremon.ir%2Fwp-admin%2Findex.php&reauth=1 HTTP/1.1" 200 3698 "https://www.doctoremon.ir/wp-login.php" "Mozilla/5.0 (Macintosh; Intel Mac OS X 13_6_1; rv:118.0) Gecko/20100101 Firefox/118.0"
185.215.232.196 - - [11/Sep/2026:18:53:34 +0330] "GET /wp-admin/index.php HTTP/1.1" 302 20 "https://www.doctoremon.ir/wp-login.php" "Mozilla/5.0 (X11; Ubuntu; Linux x86_64) AppleWebKit/537.36 (KHTML, like Gecko) Chrome/121.0.0.0 Safari/537.36"
185.215.232.196 - - [11/Sep/2026:18:53:38 +0330] "GET /wp-login.php?redirect_to=https%3A%2F%2Fdoctoremon.ir%2Fwp-admin%2Findex.php&reauth=1 HTTP/1.1" 200 3698 "https://www.doctoremon.ir/wp-login.php" "Mozilla/5.0 (X11; Ubuntu; Linux x86_64) AppleWebKit/537.36 (KHTML, like Gecko) Chrome/121.0.0.0 Safari/537.36"
185.215.232.196 - - [11/Sep/2026:18:53:43 +0330] "GET /wp-admin/index.php HTTP/1.1" 302 20 "https://www.doctoremon.ir/wp-login.php" "Mozilla/5.0 (Macintosh; Intel Mac OS X 10_15_7) AppleWebKit/605.1.15 (KHTML, like Gecko) Version/17.2 Safari/605.1.15"
94.101.182.4 - - [11/Sep/2026:18:53:50 +0330] "POST /wp-cron.php?doing_wp_cron=1789140229.9979369640350341796875 HTTP/1.1" 200 20 "-" "WordPress/7.1; https://doctoremon.ir"
185.215.232.196 - - [11/Sep/2026:18:53:47 +0330] "GET /wp-login.php?redirect_to=https%3A%2F%2Fdoctoremon.ir%2Fwp-admin%2Findex.php&reauth=1 HTTP/1.1" 200 3698 "https://www.doctoremon.ir/wp-login.php" "Mozilla/5.0 (Macintosh; Intel Mac OS X 10_15_7) AppleWebKit/605.1.15 (KHTML, like Gecko) Version/17.2 Safari/605.1.15"
185.215.232.196 - - [11/Sep/2026:18:53:52 +0330] "GET /wp-admin/index.php HTTP/1.1" 302 20 "https://www.doctoremon.ir/wp-login.php" "Mozilla/5.0 (Windows NT 11.0; Win64; x64; rv:121.0) Gecko/20100101 Firefox/121.0"
185.215.232.196 - - [11/Sep/2026:18:53:56 +0330] "GET /wp-login.php?redirect_to=https%3A%2F%2Fdoctoremon.ir%2Fwp-admin%2Findex.php&reauth=1 HTTP/1.1" 200 3698 "https://www.doctoremon.ir/wp-login.php" "Mozilla/5.0 (Windows NT 11.0; Win64; x64; rv:121.0) Gecko/20100101 Firefox/121.0"
185.215.232.196 - - [11/Sep/2026:18:54:01 +0330] "GET /wp-admin/index.php HTTP/1.1" 302 20 "https://www.doctoremon.ir/wp-login.php" "Mozilla/5.0 (Macintosh; Intel Mac OS X 10_15_7) AppleWebKit/537.36 (KHTML, like Gecko) Chrome/120.0.0.0 Safari/537.36"
185.215.232.196 - - [11/Sep/2026:18:54:10 +0330] "GET /wp-admin/index.php HTTP/1.1" 302 20 "https://www.doctoremon.ir/wp-login.php" "Mozilla/5.0 (Macintosh; Intel Mac OS X 13_6_1; rv:118.0) Gecko/20100101 Firefox/118.0"
185.215.232.196 - - [11/Sep/2026:18:54:14 +0330] "GET /wp-login.php?redirect_to=https%3A%2F%2Fdoctoremon.ir%2Fwp-admin%2Findex.php&reauth=1 HTTP/1.1" 200 3698 "https://www.doctoremon.ir/wp-login.php" "Mozilla/5.0 (Macintosh; Intel Mac OS X 13_6_1; rv:118.0) Gecko/20100101 Firefox/118.0"
185.215.232.196 - - [11/Sep/2026:18:54:28 +0330] "GET /wp-admin/index.php HTTP/1.1" 302 20 "https://www.doctoremon.ir/wp-login.php" "Mozilla/5.0 (Macintosh; Intel Mac OS X 10_15_7) AppleWebKit/605.1.15 (KHTML, like Gecko) Version/17.0 Safari/605.1.15"
185.215.232.196 - - [11/Sep/2026:18:54:36 +0330] "GET /wp-admin/index.php HTTP/1.1" 302 20 "https://www.doctoremon.ir/wp-login.php" "Mozilla/5.0 (Macintosh; Intel Mac OS X 10_15_7) AppleWebKit/537.36 (KHTML, like Gecko) Chrome/121.0.0.0 Safari/537.36"
94.101.182.4 - - [11/Sep/2026:18:54:49 +0330] "POST /wp-cron.php?doing_wp_cron=1789140289.6136519908905029296875 HTTP/1.1" 200 20 "-" "WordPress/7.1; https://doctoremon.ir"
94.101.182.4 - - [11/Sep/2026:18:55:08 +0330] "POST /wp-cron.php?doing_wp_cron=1789140308.1012859344482421875000 HTTP/1.1" 200 20 "-" "WordPress/7.1; https://doctoremon.ir"
185.215.232.196 - - [11/Sep/2026:18:55:15 +0330] "GET /wp-login.php?redirect_to=https%3A%2F%2Fdoctoremon.ir%2Fwp-admin%2Findex.php&reauth=1 HTTP/1.1" 200 3698 "https://www.doctoremon.ir/wp-login.php" "Mozilla/5.0 (Windows NT 11.0; Win64; x64) AppleWebKit/537.36 (KHTML, like Gecko) Chrome/121.0.0.0 Safari/537.36"
94.101.182.4 - - [11/Sep/2026:18:54:07 +0330] "POST /wp-cron.php?doing_wp_cron=1789140247.5763940811157226562500 HTTP/1.1" 200 20 "-" "WordPress/7.1; https://doctoremon.ir"
185.215.232.196 - - [11/Sep/2026:18:54:05 +0330] "GET /wp-login.php?redirect_to=https%3A%2F%2Fdoctoremon.ir%2Fwp-admin%2Findex.php&reauth=1 HTTP/1.1" 200 3698 "https://www.doctoremon.ir/wp-login.php" "Mozilla/5.0 (Macintosh; Intel Mac OS X 10_15_7) AppleWebKit/537.36 (KHTML, like Gecko) Chrome/120.0.0.0 Safari/537.36"
185.215.232.196 - - [11/Sep/2026:18:54:19 +0330] "GET /wp-admin/index.php HTTP/1.1" 302 20 "https://www.doctoremon.ir/wp-login.php" "Mozilla/5.0 (X11; Linux x86_64) AppleWebKit/537.36 (KHTML, like Gecko) Chrome/119.0.0.0 Safari/537.36"
185.215.232.196 - - [11/Sep/2026:18:54:23 +0330] "GET /wp-login.php?redirect_to=https%3A%2F%2Fdoctoremon.ir%2Fwp-admin%2Findex.php&reauth=1 HTTP/1.1" 200 3698 "https://www.doctoremon.ir/wp-login.php" "Mozilla/5.0 (X11; Linux x86_64) AppleWebKit/537.36 (KHTML, like Gecko) Chrome/119.0.0.0 Safari/537.36"
185.215.232.196 - - [11/Sep/2026:18:54:32 +0330] "GET /wp-login.php?redirect_to=https%3A%2F%2Fdoctoremon.ir%2Fwp-admin%2Findex.php&reauth=1 HTTP/1.1" 200 3698 "https://www.doctoremon.ir/wp-login.php" "Mozilla/5.0 (Macintosh; Intel Mac OS X 10_15_7) AppleWebKit/605.1.15 (KHTML, like Gecko) Version/17.0 Safari/605.1.15"
185.215.232.196 - - [11/Sep/2026:18:54:40 +0330] "GET /wp-login.php?redirect_to=https%3A%2F%2Fdoctoremon.ir%2Fwp-admin%2Findex.php&reauth=1 HTTP/1.1" 200 3698 "https://www.doctoremon.ir/wp-login.php" "Mozilla/5.0 (Macintosh; Intel Mac OS X 10_15_7) AppleWebKit/537.36 (KHTML, like Gecko) Chrome/121.0.0.0 Safari/537.36"
185.215.232.196 - - [11/Sep/2026:18:54:44 +0330] "GET /wp-admin/index.php HTTP/1.1" 302 20 "https://www.doctoremon.ir/wp-login.php" "Mozilla/5.0 (Windows NT 10.0; Win64; x64; rv:121.0) Gecko/20100101 Firefox/121.0"
185.215.232.196 - - [11/Sep/2026:18:54:47 +0330] "GET /wp-login.php?redirect_to=https%3A%2F%2Fdoctoremon.ir%2Fwp-admin%2Findex.php&reauth=1 HTTP/1.1" 200 3698 "https://www.doctoremon.ir/wp-login.php" "Mozilla/5.0 (Windows NT 10.0; Win64; x64; rv:121.0) Gecko/20100101 Firefox/121.0"
185.215.232.196 - - [11/Sep/2026:18:54:52 +0330] "GET /wp-admin/index.php HTTP/1.1" 302 20 "https://www.doctoremon.ir/wp-login.php" "Mozilla/5.0 (Macintosh; Intel Mac OS X 13_6_1) AppleWebKit/537.36 (KHTML, like Gecko) Chrome/118.0.0.0 Safari/537.36"
185.215.232.196 - - [11/Sep/2026:18:54:56 +0330] "GET /wp-login.php?redirect_to=https%3A%2F%2Fdoctoremon.ir%2Fwp-admin%2Findex.php&reauth=1 HTTP/1.1" 200 3698 "https://www.doctoremon.ir/wp-login.php" "Mozilla/5.0 (Macintosh; Intel Mac OS X 13_6_1) AppleWebKit/537.36 (KHTML, like Gecko) Chrome/118.0.0.0 Safari/537.36"
185.215.232.196 - - [11/Sep/2026:18:55:01 +0330] "GET /wp-admin/index.php HTTP/1.1" 302 20 "https://www.doctoremon.ir/wp-login.php" "Mozilla/5.0 (Macintosh; Intel Mac OS X 10_15_7) AppleWebKit/537.36 (KHTML, like Gecko) Chrome/121.0.0.0 Safari/537.36"
185.215.232.196 - - [11/Sep/2026:18:55:06 +0330] "GET /wp-login.php?redirect_to=https%3A%2F%2Fdoctoremon.ir%2Fwp-admin%2Findex.php&reauth=1 HTTP/1.1" 200 3698 "https://www.doctoremon.ir/wp-login.php" "Mozilla/5.0 (Macintosh; Intel Mac OS X 10_15_7) AppleWebKit/537.36 (KHTML, like Gecko) Chrome/121.0.0.0 Safari/537.36"
185.215.232.196 - - [11/Sep/2026:18:55:11 +0330] "GET /wp-admin/index.php HTTP/1.1" 302 20 "https://www.doctoremon.ir/wp-login.php" "Mozilla/5.0 (Windows NT 11.0; Win64; x64) AppleWebKit/537.36 (KHTML, like Gecko) Chrome/121.0.0.0 Safari/537.36"
185.215.232.196 - - [11/Sep/2026:18:55:19 +0330] "GET /wp-admin/index.php HTTP/1.1" 302 20 "https://www.doctoremon.ir/wp-login.php" "Mozilla/5.0 (Macintosh; Intel Mac OS X 10_15_7; rv:121.0) Gecko/20100101 Firefox/121.0"
185.215.232.196 - - [11/Sep/2026:18:55:23 +0330] "GET /wp-login.php?redirect_to=https%3A%2F%2Fdoctoremon.ir%2Fwp-admin%2Findex.php&reauth=1 HTTP/1.1" 200 3698 "https://www.doctoremon.ir/wp-login.php" "Mozilla/5.0 (Macintosh; Intel Mac OS X 10_15_7; rv:121.0) Gecko/20100101 Firefox/121.0"
185.215.232.196 - - [11/Sep/2026:18:55:27 +0330] "GET /wp-admin/index.php HTTP/1.1" 302 20 "https://www.doctoremon.ir/wp-login.php" "Mozilla/5.0 (Macintosh; Intel Mac OS X 13_6_1; rv:118.0) Gecko/20100101 Firefox/118.0"
185.215.232.196 - - [11/Sep/2026:18:55:36 +0330] "GET /wp-admin/index.php HTTP/1.1" 302 20 "https://www.doctoremon.ir/wp-login.php" "Mozilla/5.0 (Windows NT 11.0; Win64; x64; rv:121.0) Gecko/20100101 Firefox/121.0"
185.215.232.196 - - [11/Sep/2026:18:55:39 +0330] "GET /wp-login.php?redirect_to=https%3A%2F%2Fdoctoremon.ir%2Fwp-admin%2Findex.php&reauth=1 HTTP/1.1" 200 3698 "https://www.doctoremon.ir/wp-login.php" "Mozilla/5.0 (Windows NT 11.0; Win64; x64; rv:121.0) Gecko/20100101 Firefox/121.0"
94.101.182.4 - - [11/Sep/2026:18:55:49 +0330] "POST /wp-cron.php?doing_wp_cron=1789140349.3685870170593261718750 HTTP/1.1" 200 20 "-" "WordPress/7.1; https://doctoremon.ir"
185.215.232.196 - - [11/Sep/2026:18:55:47 +0330] "GET /wp-login.php?redirect_to=https%3A%2F%2Fdoctoremon.ir%2Fwp-admin%2Findex.php&reauth=1 HTTP/1.1" 200 3698 "https://www.doctoremon.ir/wp-login.php" "Mozilla/5.0 (Windows NT 10.0; Win64; x64; rv:118.0) Gecko/20100101 Firefox/118.0"
185.215.232.196 - - [11/Sep/2026:18:55:57 +0330] "GET /wp-login.php?redirect_to=https%3A%2F%2Fdoctoremon.ir%2Fwp-admin%2Findex.php&reauth=1 HTTP/1.1" 200 3698 "https://www.doctoremon.ir/wp-login.php" "Mozilla/5.0 (Macintosh; Intel Mac OS X 10_15_7) AppleWebKit/537.36 (KHTML, like Gecko) Chrome/121.0.0.0 Safari/537.36"
94.101.182.4 - - [11/Sep/2026:18:56:05 +0330] "POST /wp-cron.php?doing_wp_cron=1789140365.5181119441986083984375 HTTP/1.1" 200 20 "-" "WordPress/7.1; https://doctoremon.ir"
185.215.232.196 - - [11/Sep/2026:18:56:03 +0330] "GET /wp-admin/index.php HTTP/1.1" 302 20 "https://www.doctoremon.ir/wp-login.php" "Mozilla/5.0 (Macintosh; Intel Mac OS X 13_6_1; rv:121.0) Gecko/20100101 Firefox/121.0"
185.215.232.196 - - [11/Sep/2026:18:56:13 +0330] "GET /wp-admin/index.php HTTP/1.1" 302 20 "https://www.doctoremon.ir/wp-login.php" "Mozilla/5.0 (Macintosh; Intel Mac OS X 10_15_7; rv:119.0) Gecko/20100101 Firefox/119.0"
185.215.232.196 - - [11/Sep/2026:18:56:22 +0330] "GET /wp-admin/index.php HTTP/1.1" 302 20 "https://www.doctoremon.ir/wp-login.php" "Mozilla/5.0 (Windows NT 11.0; Win64; x64; rv:119.0) Gecko/20100101 Firefox/119.0"
185.215.232.196 - - [11/Sep/2026:18:56:45 +0330] "GET /wp-login.php?redirect_to=https%3A%2F%2Fdoctoremon.ir%2Fwp-admin%2Findex.php&reauth=1 HTTP/1.1" 200 3698 "https://www.doctoremon.ir/wp-login.php" "Mozilla/5.0 (X11; Ubuntu; Linux x86_64) AppleWebKit/537.36 (KHTML, like Gecko) Chrome/120.0.0.0 Safari/537.36"
185.215.232.196 - - [11/Sep/2026:18:56:51 +0330] "GET /wp-admin/index.php HTTP/1.1" 302 20 "https://www.doctoremon.ir/wp-login.php" "Mozilla/5.0 (Macintosh; Intel Mac OS X 13_6_1; rv:120.0) Gecko/20100101 Firefox/120.0"
94.101.182.4 - - [11/Sep/2026:18:57:07 +0330] "POST /wp-cron.php?doing_wp_cron=1789140427.5893270969390869140625 HTTP/1.1" 200 20 "-" "WordPress/7.1; https://doctoremon.ir"
185.215.232.196 - - [11/Sep/2026:18:57:05 +0330] "GET /wp-login.php?redirect_to=https%3A%2F%2Fdoctoremon.ir%2Fwp-admin%2Findex.php&reauth=1 HTTP/1.1" 200 3698 "https://www.doctoremon.ir/wp-login.php" "Mozilla/5.0 (Macintosh; Intel Mac OS X 10_15_7) AppleWebKit/605.1.15 (KHTML, like Gecko) Version/17.2 Safari/605.1.15"
185.215.232.196 - - [11/Sep/2026:18:57:20 +0330] "GET /wp-admin/index.php HTTP/1.1" 302 20 "https://www.doctoremon.ir/wp-login.php" "Mozilla/5.0 (X11; Linux x86_64) AppleWebKit/537.36 (KHTML, like Gecko) Chrome/121.0.0.0 Safari/537.36"
185.215.232.196 - - [11/Sep/2026:18:57:24 +0330] "GET /wp-login.php?redirect_to=https%3A%2F%2Fdoctoremon.ir%2Fwp-admin%2Findex.php&reauth=1 HTTP/1.1" 200 3698 "https://www.doctoremon.ir/wp-login.php" "Mozilla/5.0 (X11; Linux x86_64) AppleWebKit/537.36 (KHTML, like Gecko) Chrome/121.0.0.0 Safari/537.36"
185.215.232.196 - - [11/Sep/2026:18:55:31 +0330] "GET /wp-login.php?redirect_to=https%3A%2F%2Fdoctoremon.ir%2Fwp-admin%2Findex.php&reauth=1 HTTP/1.1" 200 3698 "https://www.doctoremon.ir/wp-login.php" "Mozilla/5.0 (Macintosh; Intel Mac OS X 13_6_1; rv:118.0) Gecko/20100101 Firefox/118.0"
185.215.232.196 - - [11/Sep/2026:18:55:44 +0330] "GET /wp-admin/index.php HTTP/1.1" 302 20 "https://www.doctoremon.ir/wp-login.php" "Mozilla/5.0 (Windows NT 10.0; Win64; x64; rv:118.0) Gecko/20100101 Firefox/118.0"
185.215.232.196 - - [11/Sep/2026:18:55:53 +0330] "GET /wp-admin/index.php HTTP/1.1" 302 20 "https://www.doctoremon.ir/wp-login.php" "Mozilla/5.0 (Macintosh; Intel Mac OS X 10_15_7) AppleWebKit/537.36 (KHTML, like Gecko) Chrome/121.0.0.0 Safari/537.36"
185.215.232.196 - - [11/Sep/2026:18:56:07 +0330] "GET /wp-login.php?redirect_to=https%3A%2F%2Fdoctoremon.ir%2Fwp-admin%2Findex.php&reauth=1 HTTP/1.1" 200 3698 "https://www.doctoremon.ir/wp-login.php" "Mozilla/5.0 (Macintosh; Intel Mac OS X 13_6_1; rv:121.0) Gecko/20100101 Firefox/121.0"
185.215.232.196 - - [11/Sep/2026:18:56:17 +0330] "GET /wp-login.php?redirect_to=https%3A%2F%2Fdoctoremon.ir%2Fwp-admin%2Findex.php&reauth=1 HTTP/1.1" 200 3698 "https://www.doctoremon.ir/wp-login.php" "Mozilla/5.0 (Macintosh; Intel Mac OS X 10_15_7; rv:119.0) Gecko/20100101 Firefox/119.0"
185.215.232.196 - - [11/Sep/2026:18:56:26 +0330] "GET /wp-login.php?redirect_to=https%3A%2F%2Fdoctoremon.ir%2Fwp-admin%2Findex.php&reauth=1 HTTP/1.1" 200 3698 "https://www.doctoremon.ir/wp-login.php" "Mozilla/5.0 (Windows NT 11.0; Win64; x64; rv:119.0) Gecko/20100101 Firefox/119.0"
185.215.232.196 - - [11/Sep/2026:18:56:32 +0330] "GET /wp-admin/index.php HTTP/1.1" 302 20 "https://www.doctoremon.ir/wp-login.php" "Mozilla/5.0 (X11; Linux x86_64) AppleWebKit/537.36 (KHTML, like Gecko) Chrome/121.0.0.0 Safari/537.36"
185.215.232.196 - - [11/Sep/2026:18:56:36 +0330] "GET /wp-login.php?redirect_to=https%3A%2F%2Fdoctoremon.ir%2Fwp-admin%2Findex.php&reauth=1 HTTP/1.1" 200 3698 "https://www.doctoremon.ir/wp-login.php" "Mozilla/5.0 (X11; Linux x86_64) AppleWebKit/537.36 (KHTML, like Gecko) Chrome/121.0.0.0 Safari/537.36"
185.215.232.196 - - [11/Sep/2026:18:56:41 +0330] "GET /wp-admin/index.php HTTP/1.1" 302 20 "https://www.doctoremon.ir/wp-login.php" "Mozilla/5.0 (X11; Ubuntu; Linux x86_64) AppleWebKit/537.36 (KHTML, like Gecko) Chrome/120.0.0.0 Safari/537.36"
94.101.182.4 - - [11/Sep/2026:18:56:53 +0330] "POST /wp-cron.php?doing_wp_cron=1789140413.6437399387359619140625 HTTP/1.1" 200 20 "-" "WordPress/7.1; https://doctoremon.ir"
185.215.232.196 - - [11/Sep/2026:18:56:55 +0330] "GET /wp-login.php?redirect_to=https%3A%2F%2Fdoctoremon.ir%2Fwp-admin%2Findex.php&reauth=1 HTTP/1.1" 200 3698 "https://www.doctoremon.ir/wp-login.php" "Mozilla/5.0 (Macintosh; Intel Mac OS X 13_6_1; rv:120.0) Gecko/20100101 Firefox/120.0"
185.215.232.196 - - [11/Sep/2026:18:57:01 +0330] "GET /wp-admin/index.php HTTP/1.1" 302 20 "https://www.doctoremon.ir/wp-login.php" "Mozilla/5.0 (Macintosh; Intel Mac OS X 10_15_7) AppleWebKit/605.1.15 (KHTML, like Gecko) Version/17.2 Safari/605.1.15"
185.215.232.196 - - [11/Sep/2026:18:57:11 +0330] "GET /wp-admin/index.php HTTP/1.1" 302 20 "https://www.doctoremon.ir/wp-login.php" "Mozilla/5.0 (Macintosh; Intel Mac OS X 10_15_7) AppleWebKit/605.1.15 (KHTML, like Gecko) Version/16.6 Safari/605.1.15"
185.215.232.196 - - [11/Sep/2026:18:57:15 +0330] "GET /wp-login.php?redirect_to=https%3A%2F%2Fdoctoremon.ir%2Fwp-admin%2Findex.php&reauth=1 HTTP/1.1" 200 3698 "https://www.doctoremon.ir/wp-login.php" "Mozilla/5.0 (Macintosh; Intel Mac OS X 10_15_7) AppleWebKit/605.1.15 (KHTML, like Gecko) Version/16.6 Safari/605.1.15"
185.215.232.196 - - [11/Sep/2026:18:57:33 +0330] "GET /wp-login.php?redirect_to=https%3A%2F%2Fdoctoremon.ir%2Fwp-admin%2Findex.php&reauth=1 HTTP/1.1" 200 3698 "https://www.doctoremon.ir/wp-login.php" "Mozilla/5.0 (Macintosh; Intel Mac OS X 13_6_1; rv:120.0) Gecko/20100101 Firefox/120.0"
94.101.182.4 - - [11/Sep/2026:18:57:51 +0330] "POST /wp-cron.php?doing_wp_cron=1789140471.4076390266418457031250 HTTP/1.1" 200 20 "-" "WordPress/7.1; https://doctoremon.ir"
185.215.232.196 - - [11/Sep/2026:18:57:49 +0330] "GET /wp-admin/index.php HTTP/1.1" 302 20 "https://www.doctoremon.ir/wp-login.php" "Mozilla/5.0 (Macintosh; Intel Mac OS X 10_15_7) AppleWebKit/537.36 (KHTML, like Gecko) Chrome/121.0.0.0 Safari/537.36"
185.215.232.196 - - [11/Sep/2026:18:57:53 +0330] "GET /wp-login.php?redirect_to=https%3A%2F%2Fdoctoremon.ir%2Fwp-admin%2Findex.php&reauth=1 HTTP/1.1" 200 3698 "https://www.doctoremon.ir/wp-login.php" "Mozilla/5.0 (Macintosh; Intel Mac OS X 10_15_7) AppleWebKit/537.36 (KHTML, like Gecko) Chrome/121.0.0.0 Safari/537.36"
94.101.182.4 - - [11/Sep/2026:18:58:06 +0330] "POST /wp-cron.php?doing_wp_cron=1789140486.6964890956878662109375 HTTP/1.1" 200 20 "-" "WordPress/7.1; https://doctoremon.ir"
185.215.232.196 - - [11/Sep/2026:18:58:04 +0330] "GET /wp-login.php?redirect_to=https%3A%2F%2Fdoctoremon.ir%2Fwp-admin%2Findex.php&reauth=1 HTTP/1.1" 200 3698 "https://www.doctoremon.ir/wp-login.php" "Mozilla/5.0 (Windows NT 11.0; Win64; x64; rv:121.0) Gecko/20100101 Firefox/121.0"
185.215.232.196 - - [11/Sep/2026:18:58:09 +0330] "GET /wp-admin/index.php HTTP/1.1" 302 20 "https://www.doctoremon.ir/wp-login.php" "Mozilla/5.0 (Macintosh; Intel Mac OS X 13_6_1; rv:121.0) Gecko/20100101 Firefox/121.0"
185.215.232.196 - - [11/Sep/2026:18:58:13 +0330] "GET /wp-login.php?redirect_to=https%3A%2F%2Fdoctoremon.ir%2Fwp-admin%2Findex.php&reauth=1 HTTP/1.1" 200 3698 "https://www.doctoremon.ir/wp-login.php" "Mozilla/5.0 (Macintosh; Intel Mac OS X 13_6_1; rv:121.0) Gecko/20100101 Firefox/121.0"
185.215.232.196 - - [11/Sep/2026:18:58:18 +0330] "GET /wp-admin/index.php HTTP/1.1" 302 20 "https://www.doctoremon.ir/wp-login.php" "Mozilla/5.0 (Macintosh; Intel Mac OS X 13_6_1; rv:119.0) Gecko/20100101 Firefox/119.0"
185.215.232.196 - - [11/Sep/2026:18:58:33 +0330] "GET /wp-admin/index.php HTTP/1.1" 302 20 "https://www.doctoremon.ir/wp-login.php" "Mozilla/5.0 (Macintosh; Intel Mac OS X 13_6_1) AppleWebKit/537.36 (KHTML, like Gecko) Chrome/121.0.0.0 Safari/537.36"
185.215.232.196 - - [11/Sep/2026:18:58:37 +0330] "GET /wp-login.php?redirect_to=https%3A%2F%2Fdoctoremon.ir%2Fwp-admin%2Findex.php&reauth=1 HTTP/1.1" 200 3698 "https://www.doctoremon.ir/wp-login.php" "Mozilla/5.0 (Macintosh; Intel Mac OS X 13_6_1) AppleWebKit/537.36 (KHTML, like Gecko) Chrome/121.0.0.0 Safari/537.36"
185.215.232.196 - - [11/Sep/2026:18:58:42 +0330] "GET /wp-admin/index.php HTTP/1.1" 302 20 "https://www.doctoremon.ir/wp-login.php" "Mozilla/5.0 (Windows NT 10.0; Win64; x64) AppleWebKit/537.36 (KHTML, like Gecko) Chrome/120.0.0.0 Safari/537.36"
185.215.232.196 - - [11/Sep/2026:18:58:45 +0330] "GET /wp-login.php?redirect_to=https%3A%2F%2Fdoctoremon.ir%2Fwp-admin%2Findex.php&reauth=1 HTTP/1.1" 200 3698 "https://www.doctoremon.ir/wp-login.php" "Mozilla/5.0 (Windows NT 10.0; Win64; x64) AppleWebKit/537.36 (KHTML, like Gecko) Chrome/120.0.0.0 Safari/537.36"
185.215.232.196 - - [11/Sep/2026:18:58:53 +0330] "GET /wp-login.php?redirect_to=https%3A%2F%2Fdoctoremon.ir%2Fwp-admin%2Findex.php&reauth=1 HTTP/1.1" 200 3698 "https://www.doctoremon.ir/wp-login.php" "Mozilla/5.0 (Windows NT 11.0; Win64; x64; rv:118.0) Gecko/20100101 Firefox/118.0"
185.215.232.196 - - [11/Sep/2026:18:58:58 +0330] "GET /wp-admin/index.php HTTP/1.1" 302 20 "https://www.doctoremon.ir/wp-login.php" "Mozilla/5.0 (Macintosh; Intel Mac OS X 13_6_1) AppleWebKit/537.36 (KHTML, like Gecko) Chrome/119.0.0.0 Safari/537.36"
185.215.232.196 - - [11/Sep/2026:18:59:02 +0330] "GET /wp-login.php?redirect_to=https%3A%2F%2Fdoctoremon.ir%2Fwp-admin%2Findex.php&reauth=1 HTTP/1.1" 200 3698 "https://www.doctoremon.ir/wp-login.php" "Mozilla/5.0 (Macintosh; Intel Mac OS X 13_6_1) AppleWebKit/537.36 (KHTML, like Gecko) Chrome/119.0.0.0 Safari/537.36"
185.215.232.196 - - [11/Sep/2026:18:57:30 +0330] "GET /wp-admin/index.php HTTP/1.1" 302 20 "https://www.doctoremon.ir/wp-login.php" "Mozilla/5.0 (Macintosh; Intel Mac OS X 13_6_1; rv:120.0) Gecko/20100101 Firefox/120.0"
185.215.232.196 - - [11/Sep/2026:18:57:38 +0330] "GET /wp-admin/index.php HTTP/1.1" 302 20 "https://www.doctoremon.ir/wp-login.php" "Mozilla/5.0 (Windows NT 11.0; Win64; x64) AppleWebKit/537.36 (KHTML, like Gecko) Chrome/118.0.0.0 Safari/537.36"
185.215.232.196 - - [11/Sep/2026:18:57:43 +0330] "GET /wp-login.php?redirect_to=https%3A%2F%2Fdoctoremon.ir%2Fwp-admin%2Findex.php&reauth=1 HTTP/1.1" 200 3698 "https://www.doctoremon.ir/wp-login.php" "Mozilla/5.0 (Windows NT 11.0; Win64; x64) AppleWebKit/537.36 (KHTML, like Gecko) Chrome/118.0.0.0 Safari/537.36"
185.215.232.196 - - [11/Sep/2026:18:57:59 +0330] "GET /wp-admin/index.php HTTP/1.1" 302 20 "https://www.doctoremon.ir/wp-login.php" "Mozilla/5.0 (Windows NT 11.0; Win64; x64; rv:121.0) Gecko/20100101 Firefox/121.0"
185.215.232.196 - - [11/Sep/2026:18:58:23 +0330] "GET /wp-login.php?redirect_to=https%3A%2F%2Fdoctoremon.ir%2Fwp-admin%2Findex.php&reauth=1 HTTP/1.1" 200 3698 "https://www.doctoremon.ir/wp-login.php" "Mozilla/5.0 (Macintosh; Intel Mac OS X 13_6_1; rv:119.0) Gecko/20100101 Firefox/119.0"
94.101.182.4 - - [11/Sep/2026:18:58:51 +0330] "POST /wp-cron.php?doing_wp_cron=1789140531.5491559505462646484375 HTTP/1.1" 200 20 "-" "WordPress/7.1; https://doctoremon.ir"
185.215.232.196 - - [11/Sep/2026:18:58:49 +0330] "GET /wp-admin/index.php HTTP/1.1" 302 20 "https://www.doctoremon.ir/wp-login.php" "Mozilla/5.0 (Windows NT 11.0; Win64; x64; rv:118.0) Gecko/20100101 Firefox/118.0"
94.101.182.4 - - [11/Sep/2026:18:59:04 +0330] "POST /wp-cron.php?doing_wp_cron=1789140544.4973239898681640625000 HTTP/1.1" 200 20 "-" "WordPress/7.1; https://doctoremon.ir"
185.215.232.196 - - [11/Sep/2026:18:59:08 +0330] "GET /wp-admin/index.php HTTP/1.1" 302 20 "https://www.doctoremon.ir/wp-login.php" "Mozilla/5.0 (Windows NT 10.0; Win64; x64; rv:119.0) Gecko/20100101 Firefox/119.0"
185.215.232.196 - - [11/Sep/2026:18:59:22 +0330] "GET /wp-login.php?redirect_to=https%3A%2F%2Fdoctoremon.ir%2Fwp-admin%2Findex.php&reauth=1 HTTP/1.1" 200 3698 "https://www.doctoremon.ir/wp-login.php" "Mozilla/5.0 (Macintosh; Intel Mac OS X 13_6_1; rv:119.0) Gecko/20100101 Firefox/119.0"
185.215.232.196 - - [11/Sep/2026:18:59:28 +0330] "GET /wp-admin/index.php HTTP/1.1" 302 20 "https://www.doctoremon.ir/wp-login.php" "Mozilla/5.0 (Macintosh; Intel Mac OS X 13_6_1) AppleWebKit/605.1.15 (KHTML, like Gecko) Version/17.2 Safari/605.1.15"
185.215.232.196 - - [11/Sep/2026:18:59:32 +0330] "GET /wp-login.php?redirect_to=https%3A%2F%2Fdoctoremon.ir%2Fwp-admin%2Findex.php&reauth=1 HTTP/1.1" 200 3698 "https://www.doctoremon.ir/wp-login.php" "Mozilla/5.0 (Macintosh; Intel Mac OS X 13_6_1) AppleWebKit/605.1.15 (KHTML, like Gecko) Version/17.2 Safari/605.1.15"
94.101.182.4 - - [11/Sep/2026:18:59:50 +0330] "POST /wp-cron.php?doing_wp_cron=1789140590.7160298824310302734375 HTTP/1.1" 200 20 "-" "WordPress/7.1; https://doctoremon.ir"
185.215.232.196 - - [11/Sep/2026:18:59:58 +0330] "GET /wp-admin/index.php HTTP/1.1" 302 20 "https://www.doctoremon.ir/wp-login.php" "Mozilla/5.0 (Windows NT 11.0; Win64; x64; rv:121.0) Gecko/20100101 Firefox/121.0"
185.215.232.196 - - [11/Sep/2026:19:00:05 +0330] "GET /wp-login.php?redirect_to=https%3A%2F%2Fdoctoremon.ir%2Fwp-admin%2Findex.php&reauth=1 HTTP/1.1" 200 3698 "https://www.doctoremon.ir/wp-login.php" "Mozilla/5.0 (Windows NT 11.0; Win64; x64; rv:121.0) Gecko/20100101 Firefox/121.0"
185.215.232.196 - - [11/Sep/2026:19:00:18 +0330] "GET /wp-login.php?redirect_to=https%3A%2F%2Fdoctoremon.ir%2Fwp-admin%2Findex.php&reauth=1 HTTP/1.1" 200 3698 "https://www.doctoremon.ir/wp-login.php" "Mozilla/5.0 (Macintosh; Intel Mac OS X 10_15_7) AppleWebKit/605.1.15 (KHTML, like Gecko) Version/17.2 Safari/605.1.15"
185.215.232.196 - - [11/Sep/2026:18:59:12 +0330] "GET /wp-login.php?redirect_to=https%3A%2F%2Fdoctoremon.ir%2Fwp-admin%2Findex.php&reauth=1 HTTP/1.1" 200 3698 "https://www.doctoremon.ir/wp-login.php" "Mozilla/5.0 (Windows NT 10.0; Win64; x64; rv:119.0) Gecko/20100101 Firefox/119.0"
185.215.232.196 - - [11/Sep/2026:18:59:18 +0330] "GET /wp-admin/index.php HTTP/1.1" 302 20 "https://www.doctoremon.ir/wp-login.php" "Mozilla/5.0 (Macintosh; Intel Mac OS X 13_6_1; rv:119.0) Gecko/20100101 Firefox/119.0"
185.215.232.196 - - [11/Sep/2026:18:59:38 +0330] "GET /wp-admin/index.php HTTP/1.1" 302 20 "https://www.doctoremon.ir/wp-login.php" "Mozilla/5.0 (Macintosh; Intel Mac OS X 13_6_1) AppleWebKit/537.36 (KHTML, like Gecko) Chrome/121.0.0.0 Safari/537.36"
185.215.232.196 - - [11/Sep/2026:18:59:42 +0330] "GET /wp-login.php?redirect_to=https%3A%2F%2Fdoctoremon.ir%2Fwp-admin%2Findex.php&reauth=1 HTTP/1.1" 200 3698 "https://www.doctoremon.ir/wp-login.php" "Mozilla/5.0 (Macintosh; Intel Mac OS X 13_6_1) AppleWebKit/537.36 (KHTML, like Gecko) Chrome/121.0.0.0 Safari/537.36"
185.215.232.196 - - [11/Sep/2026:18:59:48 +0330] "GET /wp-admin/index.php HTTP/1.1" 302 20 "https://www.doctoremon.ir/wp-login.php" "Mozilla/5.0 (Windows NT 11.0; Win64; x64; rv:118.0) Gecko/20100101 Firefox/118.0"
185.215.232.196 - - [11/Sep/2026:18:59:53 +0330] "GET /wp-login.php?redirect_to=https%3A%2F%2Fdoctoremon.ir%2Fwp-admin%2Findex.php&reauth=1 HTTP/1.1" 200 3698 "https://www.doctoremon.ir/wp-login.php" "Mozilla/5.0 (Windows NT 11.0; Win64; x64; rv:118.0) Gecko/20100101 Firefox/118.0"
94.101.182.4 - - [11/Sep/2026:19:00:07 +0330] "POST /wp-cron.php?doing_wp_cron=1789140607.3718290328979492187500 HTTP/1.1" 200 20 "-" "WordPress/7.1; https://doctoremon.ir"
185.215.232.196 - - [11/Sep/2026:19:00:13 +0330] "GET /wp-admin/index.php HTTP/1.1" 302 20 "https://www.doctoremon.ir/wp-login.php" "Mozilla/5.0 (Macintosh; Intel Mac OS X 10_15_7) AppleWebKit/605.1.15 (KHTML, like Gecko) Version/17.2 Safari/605.1.15"
185.215.232.196 - - [11/Sep/2026:19:00:27 +0330] "GET /wp-admin/index.php HTTP/1.1" 302 20 "https://www.doctoremon.ir/wp-login.php" "Mozilla/5.0 (Macintosh; Intel Mac OS X 10_15_7) AppleWebKit/537.36 (KHTML, like Gecko) Chrome/121.0.0.0 Safari/537.36"
185.215.232.196 - - [11/Sep/2026:19:00:44 +0330] "GET /wp-login.php?redirect_to=https%3A%2F%2Fdoctoremon.ir%2Fwp-admin%2Findex.php&reauth=1 HTTP/1.1" 200 3698 "https://www.doctoremon.ir/wp-login.php" "Mozilla/5.0 (Macintosh; Intel Mac OS X 10_15_7; rv:119.0) Gecko/20100101 Firefox/119.0"
185.215.232.196 - - [11/Sep/2026:19:00:51 +0330] "GET /wp-admin/index.php HTTP/1.1" 302 20 "https://www.doctoremon.ir/wp-login.php" "Mozilla/5.0 (Macintosh; Intel Mac OS X 10_15_7) AppleWebKit/605.1.15 (KHTML, like Gecko) Version/17.1 Safari/605.1.15"
94.101.182.4 - - [11/Sep/2026:19:01:06 +0330] "POST /wp-cron.php?doing_wp_cron=1789140666.0042209625244140625000 HTTP/1.1" 200 20 "-" "WordPress/7.1; https://doctoremon.ir"
185.215.232.196 - - [11/Sep/2026:19:01:03 +0330] "GET /wp-admin/index.php HTTP/1.1" 302 20 "https://www.doctoremon.ir/wp-login.php" "Mozilla/5.0 (Macintosh; Intel Mac OS X 13_6_1) AppleWebKit/605.1.15 (KHTML, like Gecko) Version/17.2 Safari/605.1.15"
185.215.232.196 - - [11/Sep/2026:19:01:33 +0330] "GET /wp-login.php?redirect_to=https%3A%2F%2Fdoctoremon.ir%2Fwp-admin%2Findex.php&reauth=1 HTTP/1.1" 200 3698 "https://www.doctoremon.ir/wp-login.php" "Mozilla/5.0 (X11; Ubuntu; Linux x86_64) AppleWebKit/537.36 (KHTML, like Gecko) Chrome/118.0.0.0 Safari/537.36"
185.215.232.196 - - [11/Sep/2026:19:01:41 +0330] "GET /wp-admin/index.php HTTP/1.1" 302 20 "https://www.doctoremon.ir/wp-login.php" "Mozilla/5.0 (Windows NT 10.0; Win64; x64; rv:121.0) Gecko/20100101 Firefox/121.0"
94.101.182.4 - - [11/Sep/2026:19:01:56 +0330] "POST /wp-cron.php?doing_wp_cron=1789140716.1144061088562011718750 HTTP/1.1" 200 20 "-" "WordPress/7.1; https://doctoremon.ir"
185.215.232.196 - - [11/Sep/2026:19:01:59 +0330] "GET /wp-login.php?redirect_to=https%3A%2F%2Fdoctoremon.ir%2Fwp-admin%2Findex.php&reauth=1 HTTP/1.1" 200 3698 "https://www.doctoremon.ir/wp-login.php" "Mozilla/5.0 (Windows NT 10.0; Win64; x64; rv:118.0) Gecko/20100101 Firefox/118.0"
185.215.232.196 - - [11/Sep/2026:19:02:06 +0330] "GET /wp-admin/index.php HTTP/1.1" 302 20 "https://www.doctoremon.ir/wp-login.php" "Mozilla/5.0 (X11; Ubuntu; Linux x86_64) AppleWebKit/537.36 (KHTML, like Gecko) Chrome/119.0.0.0 Safari/537.36"
185.215.232.196 - - [11/Sep/2026:19:02:24 +0330] "GET /wp-login.php?redirect_to=https%3A%2F%2Fdoctoremon.ir%2Fwp-admin%2Findex.php&reauth=1 HTTP/1.1" 200 3698 "https://www.doctoremon.ir/wp-login.php" "Mozilla/5.0 (Macintosh; Intel Mac OS X 13_6_1; rv:121.0) Gecko/20100101 Firefox/121.0"
185.215.232.196 - - [11/Sep/2026:19:02:30 +0330] "GET /wp-admin/index.php HTTP/1.1" 302 20 "https://www.doctoremon.ir/wp-login.php" "Mozilla/5.0 (Windows NT 11.0; Win64; x64) AppleWebKit/537.36 (KHTML, like Gecko) Chrome/120.0.0.0 Safari/537.36"
185.215.232.196 - - [11/Sep/2026:19:02:36 +0330] "GET /wp-login.php?redirect_to=https%3A%2F%2Fdoctoremon.ir%2Fwp-admin%2Findex.php&reauth=1 HTTP/1.1" 200 3698 "https://www.doctoremon.ir/wp-login.php" "Mozilla/5.0 (Windows NT 11.0; Win64; x64) AppleWebKit/537.36 (KHTML, like Gecko) Chrome/120.0.0.0 Safari/537.36"
185.215.232.196 - - [11/Sep/2026:19:02:43 +0330] "GET /wp-admin/index.php HTTP/1.1" 302 20 "https://www.doctoremon.ir/wp-login.php" "Mozilla/5.0 (Windows NT 10.0; Win64; x64; rv:121.0) Gecko/20100101 Firefox/121.0"
185.215.232.196 - - [11/Sep/2026:19:02:48 +0330] "GET /wp-login.php?redirect_to=https%3A%2F%2Fdoctoremon.ir%2Fwp-admin%2Findex.php&reauth=1 HTTP/1.1" 200 3698 "https://www.doctoremon.ir/wp-login.php" "Mozilla/5.0 (Windows NT 10.0; Win64; x64; rv:121.0) Gecko/20100101 Firefox/121.0"
185.215.232.196 - - [11/Sep/2026:19:02:54 +0330] "GET /wp-admin/index.php HTTP/1.1" 302 20 "https://www.doctoremon.ir/wp-login.php" "Mozilla/5.0 (X11; Ubuntu; Linux x86_64) AppleWebKit/537.36 (KHTML, like Gecko) Chrome/119.0.0.0 Safari/537.36"
185.215.232.196 - - [11/Sep/2026:19:00:32 +0330] "GET /wp-login.php?redirect_to=https%3A%2F%2Fdoctoremon.ir%2Fwp-admin%2Findex.php&reauth=1 HTTP/1.1" 200 3698 "https://www.doctoremon.ir/wp-login.php" "Mozilla/5.0 (Macintosh; Intel Mac OS X 10_15_7) AppleWebKit/537.36 (KHTML, like Gecko) Chrome/121.0.0.0 Safari/537.36"
185.215.232.196 - - [11/Sep/2026:19:00:39 +0330] "GET /wp-admin/index.php HTTP/1.1" 302 20 "https://www.doctoremon.ir/wp-login.php" "Mozilla/5.0 (Macintosh; Intel Mac OS X 10_15_7; rv:119.0) Gecko/20100101 Firefox/119.0"
94.101.182.4 - - [11/Sep/2026:19:00:53 +0330] "POST /wp-cron.php?doing_wp_cron=1789140653.6371889114379882812500 HTTP/1.1" 200 20 "-" "WordPress/7.1; https://doctoremon.ir"
185.215.232.196 - - [11/Sep/2026:19:00:56 +0330] "GET /wp-login.php?redirect_to=https%3A%2F%2Fdoctoremon.ir%2Fwp-admin%2Findex.php&reauth=1 HTTP/1.1" 200 3698 "https://www.doctoremon.ir/wp-login.php" "Mozilla/5.0 (Macintosh; Intel Mac OS X 10_15_7) AppleWebKit/605.1.15 (KHTML, like Gecko) Version/17.1 Safari/605.1.15"
185.215.232.196 - - [11/Sep/2026:19:01:09 +0330] "GET /wp-login.php?redirect_to=https%3A%2F%2Fdoctoremon.ir%2Fwp-admin%2Findex.php&reauth=1 HTTP/1.1" 200 3698 "https://www.doctoremon.ir/wp-login.php" "Mozilla/5.0 (Macintosh; Intel Mac OS X 13_6_1) AppleWebKit/605.1.15 (KHTML, like Gecko) Version/17.2 Safari/605.1.15"
185.215.232.196 - - [11/Sep/2026:19:01:16 +0330] "GET /wp-admin/index.php HTTP/1.1" 302 20 "https://www.doctoremon.ir/wp-login.php" "Mozilla/5.0 (Macintosh; Intel Mac OS X 10_15_7) AppleWebKit/605.1.15 (KHTML, like Gecko) Version/16.6 Safari/605.1.15"
185.215.232.196 - - [11/Sep/2026:19:01:21 +0330] "GET /wp-login.php?redirect_to=https%3A%2F%2Fdoctoremon.ir%2Fwp-admin%2Findex.php&reauth=1 HTTP/1.1" 200 3698 "https://www.doctoremon.ir/wp-login.php" "Mozilla/5.0 (Macintosh; Intel Mac OS X 10_15_7) AppleWebKit/605.1.15 (KHTML, like Gecko) Version/16.6 Safari/605.1.15"
185.215.232.196 - - [11/Sep/2026:19:01:29 +0330] "GET /wp-admin/index.php HTTP/1.1" 302 20 "https://www.doctoremon.ir/wp-login.php" "Mozilla/5.0 (X11; Ubuntu; Linux x86_64) AppleWebKit/537.36 (KHTML, like Gecko) Chrome/118.0.0.0 Safari/537.36"
185.215.232.196 - - [11/Sep/2026:19:01:46 +0330] "GET /wp-login.php?redirect_to=https%3A%2F%2Fdoctoremon.ir%2Fwp-admin%2Findex.php&reauth=1 HTTP/1.1" 200 3698 "https://www.doctoremon.ir/wp-login.php" "Mozilla/5.0 (Windows NT 10.0; Win64; x64; rv:121.0) Gecko/20100101 Firefox/121.0"
185.215.232.196 - - [11/Sep/2026:19:01:54 +0330] "GET /wp-admin/index.php HTTP/1.1" 302 20 "https://www.doctoremon.ir/wp-login.php" "Mozilla/5.0 (Windows NT 10.0; Win64; x64; rv:118.0) Gecko/20100101 Firefox/118.0"
94.101.182.4 - - [11/Sep/2026:19:02:08 +0330] "POST /wp-cron.php?doing_wp_cron=1789140728.5440640449523925781250 HTTP/1.1" 200 20 "-" "WordPress/7.1; https://doctoremon.ir"
185.215.232.196 - - [11/Sep/2026:19:02:11 +0330] "GET /wp-login.php?redirect_to=https%3A%2F%2Fdoctoremon.ir%2Fwp-admin%2Findex.php&reauth=1 HTTP/1.1" 200 3698 "https://www.doctoremon.ir/wp-login.php" "Mozilla/5.0 (X11; Ubuntu; Linux x86_64) AppleWebKit/537.36 (KHTML, like Gecko) Chrome/119.0.0.0 Safari/537.36"
185.215.232.196 - - [11/Sep/2026:19:02:18 +0330] "GET /wp-admin/index.php HTTP/1.1" 302 20 "https://www.doctoremon.ir/wp-login.php" "Mozilla/5.0 (Macintosh; Intel Mac OS X 13_6_1; rv:121.0) Gecko/20100101 Firefox/121.0"
94.101.182.4 - - [11/Sep/2026:19:02:50 +0330] "POST /wp-cron.php?doing_wp_cron=1789140770.0264511108398437500000 HTTP/1.1" 200 20 "-" "WordPress/7.1; https://doctoremon.ir"
94.101.182.4 - - [11/Sep/2026:19:03:09 +0330] "POST /wp-cron.php?doing_wp_cron=1789140789.6157889366149902343750 HTTP/1.1" 200 20 "-" "WordPress/7.1; https://doctoremon.ir"
185.215.232.196 - - [11/Sep/2026:19:03:07 +0330] "GET /wp-admin/index.php HTTP/1.1" 302 20 "https://www.doctoremon.ir/wp-login.php" "Mozilla/5.0 (Macintosh; Intel Mac OS X 10_15_7) AppleWebKit/537.36 (KHTML, like Gecko) Chrome/119.0.0.0 Safari/537.36"
185.215.232.196 - - [11/Sep/2026:19:02:59 +0330] "GET /wp-login.php?redirect_to=https%3A%2F%2Fdoctoremon.ir%2Fwp-admin%2Findex.php&reauth=1 HTTP/1.1" 200 3698 "https://www.doctoremon.ir/wp-login.php" "Mozilla/5.0 (X11; Ubuntu; Linux x86_64) AppleWebKit/537.36 (KHTML, like Gecko) Chrome/119.0.0.0 Safari/537.36"
185.215.232.196 - - [11/Sep/2026:19:03:20 +0330] "GET /wp-admin/index.php HTTP/1.1" 302 20 "https://www.doctoremon.ir/wp-login.php" "Mozilla/5.0 (Macintosh; Intel Mac OS X 13_6_1) AppleWebKit/605.1.15 (KHTML, like Gecko) Version/17.2 Safari/605.1.15"
185.215.232.196 - - [11/Sep/2026:19:03:25 +0330] "GET /wp-login.php?redirect_to=https%3A%2F%2Fdoctoremon.ir%2Fwp-admin%2Findex.php&reauth=1 HTTP/1.1" 200 3698 "https://www.doctoremon.ir/wp-login.php" "Mozilla/5.0 (Macintosh; Intel Mac OS X 13_6_1) AppleWebKit/605.1.15 (KHTML, like Gecko) Version/17.2 Safari/605.1.15"
185.215.232.196 - - [11/Sep/2026:19:03:33 +0330] "GET /wp-admin/index.php HTTP/1.1" 302 20 "https://www.doctoremon.ir/wp-login.php" "Mozilla/5.0 (Windows NT 11.0; Win64; x64; rv:121.0) Gecko/20100101 Firefox/121.0"
185.215.232.196 - - [11/Sep/2026:19:03:39 +0330] "GET /wp-login.php?redirect_to=https%3A%2F%2Fdoctoremon.ir%2Fwp-admin%2Findex.php&reauth=1 HTTP/1.1" 200 3698 "https://www.doctoremon.ir/wp-login.php" "Mozilla/5.0 (Windows NT 11.0; Win64; x64; rv:121.0) Gecko/20100101 Firefox/121.0"
185.215.232.196 - - [11/Sep/2026:19:03:45 +0330] "GET /wp-admin/index.php HTTP/1.1" 302 20 "https://www.doctoremon.ir/wp-login.php" "Mozilla/5.0 (Windows NT 11.0; Win64; x64; rv:121.0) Gecko/20100101 Firefox/121.0"
185.215.232.196 - - [11/Sep/2026:19:03:50 +0330] "GET /wp-login.php?redirect_to=https%3A%2F%2Fdoctoremon.ir%2Fwp-admin%2Findex.php&reauth=1 HTTP/1.1" 200 3698 "https://www.doctoremon.ir/wp-login.php" "Mozilla/5.0 (Windows NT 11.0; Win64; x64; rv:121.0) Gecko/20100101 Firefox/121.0"
185.215.232.196 - - [11/Sep/2026:19:04:06 +0330] "GET /wp-login.php?redirect_to=https%3A%2F%2Fdoctoremon.ir%2Fwp-admin%2Findex.php&reauth=1 HTTP/1.1" 200 3698 "https://www.doctoremon.ir/wp-login.php" "Mozilla/5.0 (Windows NT 11.0; Win64; x64; rv:118.0) Gecko/20100101 Firefox/118.0"
185.215.232.196 - - [11/Sep/2026:19:04:13 +0330] "GET /wp-admin/index.php HTTP/1.1" 302 20 "https://www.doctoremon.ir/wp-login.php" "Mozilla/5.0 (Macintosh; Intel Mac OS X 10_15_7) AppleWebKit/605.1.15 (KHTML, like Gecko) Version/17.2 Safari/605.1.15"
185.215.232.196 - - [11/Sep/2026:19:04:24 +0330] "GET /wp-admin/index.php HTTP/1.1" 302 20 "https://www.doctoremon.ir/wp-login.php" "Mozilla/5.0 (X11; Ubuntu; Linux x86_64) AppleWebKit/537.36 (KHTML, like Gecko) Chrome/120.0.0.0 Safari/537.36"
185.215.232.196 - - [11/Sep/2026:19:04:29 +0330] "GET /wp-login.php?redirect_to=https%3A%2F%2Fdoctoremon.ir%2Fwp-admin%2Findex.php&reauth=1 HTTP/1.1" 200 3698 "https://www.doctoremon.ir/wp-login.php" "Mozilla/5.0 (X11; Ubuntu; Linux x86_64) AppleWebKit/537.36 (KHTML, like Gecko) Chrome/120.0.0.0 Safari/537.36"
185.215.232.196 - - [11/Sep/2026:19:04:35 +0330] "GET /wp-admin/index.php HTTP/1.1" 302 20 "https://www.doctoremon.ir/wp-login.php" "Mozilla/5.0 (Windows NT 10.0; Win64; x64; rv:120.0) Gecko/20100101 Firefox/120.0"
185.215.232.196 - - [11/Sep/2026:19:04:39 +0330] "GET /wp-login.php?redirect_to=https%3A%2F%2Fdoctoremon.ir%2Fwp-admin%2Findex.php&reauth=1 HTTP/1.1" 200 3698 "https://www.doctoremon.ir/wp-login.php" "Mozilla/5.0 (Windows NT 10.0; Win64; x64; rv:120.0) Gecko/20100101 Firefox/120.0"
94.101.182.4 - - [11/Sep/2026:19:04:53 +0330] "POST /wp-cron.php?doing_wp_cron=1789140893.3583400249481201171875 HTTP/1.1" 200 20 "-" "WordPress/7.1; https://doctoremon.ir"
185.215.232.196 - - [11/Sep/2026:19:04:51 +0330] "GET /wp-login.php?redirect_to=https%3A%2F%2Fdoctoremon.ir%2Fwp-admin%2Findex.php&reauth=1 HTTP/1.1" 200 3698 "https://www.doctoremon.ir/wp-login.php" "Mozilla/5.0 (X11; Linux x86_64) AppleWebKit/537.36 (KHTML, like Gecko) Chrome/119.0.0.0 Safari/537.36"
