185.215.232.196 - - [11/Sep/2026:19:03:12 +0330] "GET /wp-login.php?redirect_to=https%3A%2F%2Fdoctoremon.ir%2Fwp-admin%2Findex.php&reauth=1 HTTP/1.1" 200 3698 "https://www.doctoremon.ir/wp-login.php" "Mozilla/5.0 (Macintosh; Intel Mac OS X 10_15_7) AppleWebKit/537.36 (KHTML, like Gecko) Chrome/119.0.0.0 Safari/537.36"
94.101.182.4 - - [11/Sep/2026:19:03:48 +0330] "POST /wp-cron.php?doing_wp_cron=1789140828.0726120471954345703125 HTTP/1.1" 200 20 "-" "WordPress/7.1; https://doctoremon.ir"
185.215.232.196 - - [11/Sep/2026:19:03:58 +0330] "GET /wp-admin/index.php HTTP/1.1" 302 20 "https://www.doctoremon.ir/wp-login.php" "Mozilla/5.0 (Windows NT 11.0; Win64; x64; rv:118.0) Gecko/20100101 Firefox/118.0"
94.101.182.4 - - [11/Sep/2026:19:04:09 +0330] "POST /wp-cron.php?doing_wp_cron=1789140848.9421789646148681640625 HTTP/1.1" 200 20 "-" "WordPress/7.1; https://doctoremon.ir"
185.215.232.196 - - [11/Sep/2026:19:04:18 +0330] "GET /wp-login.php?redirect_to=https%3A%2F%2Fdoctoremon.ir%2Fwp-admin%2Findex.php&reauth=1 HTTP/1.1" 200 3698 "https://www.doctoremon.ir/wp-login.php" "Mozilla/5.0 (Macintosh; Intel Mac OS X 10_15_7) AppleWebKit/605.1.15 (KHTML, like Gecko) Version/17.2 Safari/605.1.15"
185.215.232.196 - - [11/Sep/2026:19:04:46 +0330] "GET /wp-admin/index.php HTTP/1.1" 302 20 "https://www.doctoremon.ir/wp-login.php" "Mozilla/5.0 (X11; Linux x86_64) AppleWebKit/537.36 (KHTML, like Gecko) Chrome/119.0.0.0 Safari/537.36"
94.101.182.4 - - [11/Sep/2026:19:05:07 +0330] "POST /wp-cron.php?doing_wp_cron=1789140906.6356790065765380859375 HTTP/1.1" 200 20 "-" "WordPress/7.1; https://doctoremon.ir"
94.101.182.4 - - [11/Sep/2026:19:05:00 +0330] "POST /wp-admin/admin-ajax.php?action=as_async_request_queue_runner&nonce=f46e66ce98 HTTP/1.1" 200 20 "-" "WordPress/7.1; https://doctoremon.ir"
185.215.232.195 - - [11/Sep/2026:19:11:57 +0330] "GET /wp-login.php HTTP/1.1" 200 3696 "-" "Mozilla/5.0 (Windows NT 10.0; Win64; x64) AppleWebKit/537.36 (KHTML, like Gecko) Chrome/123.0.0.0 Safari/537.36"
185.215.232.195 - - [11/Sep/2026:19:12:00 +0330] "GET /wp-login.php HTTP/1.1" 200 3696 "-" "Mozilla/5.0 (X11; Ubuntu; Linux x86_64; rv:102.0) Gecko/20100101 Firefox/102.0"
185.215.232.195 - - [11/Sep/2026:19:12:06 +0330] "GET /?author=1 HTTP/1.1" 404 17580 "-" "Mozilla/5.0 (Macintosh; Intel Mac OS X 10_15_7) AppleWebKit/605.1.15 (KHTML, like Gecko) Version/17.4 Safari/605.1.15"
185.215.232.195 - - [11/Sep/2026:19:12:10 +0330] "GET /?feed=rss2 HTTP/1.1" 301 20 "-" "Mozilla/5.0 (Macintosh; Intel Mac OS X 10_15_7) AppleWebKit/605.1.15 (KHTML, like Gecko) Version/17.4 Safari/605.1.15"
185.215.232.196 - - [11/Sep/2026:19:04:58 +0330] "GET /wp-admin/index.php HTTP/1.1" 302 20 "https://www.doctoremon.ir/wp-login.php" "Mozilla/5.0 (Windows NT 10.0; Win64; x64) AppleWebKit/537.36 (KHTML, like Gecko) Chrome/118.0.0.0 Safari/537.36"
185.215.232.196 - - [11/Sep/2026:19:05:04 +0330] "GET /wp-login.php?redirect_to=https%3A%2F%2Fdoctoremon.ir%2Fwp-admin%2Findex.php&reauth=1 HTTP/1.1" 200 3698 "https://www.doctoremon.ir/wp-login.php" "Mozilla/5.0 (Windows NT 10.0; Win64; x64) AppleWebKit/537.36 (KHTML, like Gecko) Chrome/118.0.0.0 Safari/537.36"
185.215.232.196 - - [11/Sep/2026:19:05:11 +0330] "GET /wp-admin/index.php HTTP/1.1" 302 20 "https://www.doctoremon.ir/wp-login.php" "Mozilla/5.0 (Macintosh; Intel Mac OS X 10_15_7) AppleWebKit/605.1.15 (KHTML, like Gecko) Version/17.0 Safari/605.1.15"
185.215.232.196 - - [11/Sep/2026:19:05:16 +0330] "GET /wp-login.php?redirect_to=https%3A%2F%2Fdoctoremon.ir%2Fwp-admin%2Findex.php&reauth=1 HTTP/1.1" 200 3698 "https://www.doctoremon.ir/wp-login.php" "Mozilla/5.0 (Macintosh; Intel Mac OS X 10_15_7) AppleWebKit/605.1.15 (KHTML, like Gecko) Version/17.0 Safari/605.1.15"
185.215.232.196 - - [11/Sep/2026:19:05:22 +0330] "GET /wp-admin/index.php HTTP/1.1" 302 20 "https://www.doctoremon.ir/wp-login.php" "Mozilla/5.0 (Windows NT 10.0; Win64; x64) AppleWebKit/537.36 (KHTML, like Gecko) Chrome/121.0.0.0 Safari/537.36"
185.215.232.196 - - [11/Sep/2026:19:05:27 +0330] "GET /wp-login.php?redirect_to=https%3A%2F%2Fdoctoremon.ir%2Fwp-admin%2Findex.php&reauth=1 HTTP/1.1" 200 3698 "https://www.doctoremon.ir/wp-login.php" "Mozilla/5.0 (Windows NT 10.0; Win64; x64) AppleWebKit/537.36 (KHTML, like Gecko) Chrome/121.0.0.0 Safari/537.36"
94.101.182.4 - - [11/Sep/2026:19:11:59 +0330] "POST /wp-cron.php?doing_wp_cron=1789141319.3984570503234863281250 HTTP/1.1" 200 20 "-" "WordPress/7.1; https://doctoremon.ir"
94.101.182.4 - - [11/Sep/2026:19:12:05 +0330] "POST /wp-cron.php?doing_wp_cron=1789141325.4207999706268310546875 HTTP/1.1" 200 20 "-" "WordPress/7.1; https://doctoremon.ir"
185.215.232.195 - - [11/Sep/2026:19:12:03 +0330] "GET /wp-json/wp/v2/users HTTP/1.1" 401 166 "-" "Mozilla/5.0 (Macintosh; Intel Mac OS X 10.15; rv:102.0) Gecko/20100101 Firefox/102.0"
185.215.232.195 - - [11/Sep/2026:19:12:12 +0330] "GET /feed/ HTTP/1.1" 200 529 "https://doctoremon.ir/?feed=rss2" "Mozilla/5.0 (Macintosh; Intel Mac OS X 10_15_7) AppleWebKit/605.1.15 (KHTML, like Gecko) Version/17.4 Safari/605.1.15"
185.215.232.195 - - [11/Sep/2026:19:12:14 +0330] "POST /wp-login.php HTTP/1.1" 503 7470 "-" "Mozilla/5.0 (Windows NT 10.0; rv:102.0) Gecko/20100101 Firefox/102.0"
185.215.232.195 - - [11/Sep/2026:19:13:25 +0330] "GET /robots.txt HTTP/1.1" 200 28 "-" "Mozilla/5.0 AppleWebKit/537.36 (KHTML, like Gecko; compatible; ClaudeBot/1.0; +claudebot@anthropic.com)"
94.101.182.4 - - [11/Sep/2026:19:39:45 +0330] "POST /wp-cron.php?doing_wp_cron=1789142985.1053860187530517578125 HTTP/1.1" 200 20 "-" "WordPress/7.1; https://doctoremon.ir"
185.215.232.196 - - [11/Sep/2026:19:39:40 +0330] "GET /uploads/upload.form.php HTTP/1.1" 404 19271 "-" "Mozilla/5.0 (Windows NT 10.0; Win64; x64) AppleWebKit/537.36 (KHTML, like Gecko) Chrome/91.0.4472.124 Safari/537.36"
185.215.232.196 - - [11/Sep/2026:19:39:50 +0330] "GET /images/SS72_eFu3P.php HTTP/1.1" 404 19271 "-" "Mozilla/5.0 (Windows NT 10.0; Win64; x64) AppleWebKit/537.36 (KHTML, like Gecko) Chrome/91.0.4472.124 Safari/537.36"
185.215.232.196 - - [11/Sep/2026:19:39:53 +0330] "GET /images/SS72_eFu3P.php HTTP/1.1" 404 19271 "-" "Mozilla/5.0 (Windows NT 10.0; Win64; x64) AppleWebKit/537.36 (KHTML, like Gecko) Chrome/91.0.4472.124 Safari/537.36"
185.215.232.196 - - [11/Sep/2026:19:40:00 +0330] "GET /wp-admin/css/colors/blue/JhQzYV.php HTTP/1.1" 404 19271 "-" "Mozilla/5.0 (Windows NT 10.0; Win64; x64) AppleWebKit/537.36 (KHTML, like Gecko) Chrome/91.0.4472.124 Safari/537.36"
185.215.232.196 - - [11/Sep/2026:19:40:03 +0330] "GET /wp-includes/sitemaps/about.php HTTP/1.1" 404 19271 "-" "Mozilla/5.0 (Windows NT 10.0; Win64; x64) AppleWebKit/537.36 (KHTML, like Gecko) Chrome/91.0.4472.124 Safari/537.36"
185.215.232.196 - - [11/Sep/2026:19:40:07 +0330] "GET /wp-includes/sitemaps/about.php HTTP/1.1" 404 19271 "-" "Mozilla/5.0 (Windows NT 10.0; Win64; x64) AppleWebKit/537.36 (KHTML, like Gecko) Chrome/91.0.4472.124 Safari/537.36"
185.215.232.196 - - [11/Sep/2026:19:40:10 +0330] "GET /wp-admin/images/about.php HTTP/1.1" 404 19271 "-" "Mozilla/5.0 (Windows NT 10.0; Win64; x64) AppleWebKit/537.36 (KHTML, like Gecko) Chrome/91.0.4472.124 Safari/537.36"
185.215.232.196 - - [11/Sep/2026:19:40:17 +0330] "GET /wp-admin/includes/ajax-actions_30_5.php HTTP/1.1" 404 19271 "-" "Mozilla/5.0 (Windows NT 10.0; Win64; x64) AppleWebKit/537.36 (KHTML, like Gecko) Chrome/91.0.4472.124 Safari/537.36"
185.215.232.196 - - [11/Sep/2026:19:40:20 +0330] "GET /wp-admin/includes/ajax-actions_30_5.php HTTP/1.1" 404 19271 "-" "Mozilla/5.0 (Windows NT 10.0; Win64; x64) AppleWebKit/537.36 (KHTML, like Gecko) Chrome/91.0.4472.124 Safari/537.36"
185.215.232.196 - - [11/Sep/2026:19:40:26 +0330] "GET /wp-includes/css/dist/registry.php HTTP/1.1" 200 20 "-" "Mozilla/5.0 (Windows NT 10.0; Win64; x64) AppleWebKit/537.36 (KHTML, like Gecko) Chrome/91.0.4472.124 Safari/537.36"
185.215.232.196 - - [11/Sep/2026:19:40:27 +0330] "GET /wp-content/uploads/class-wp-block_0af31d93.php HTTP/1.1" 404 19271 "-" "Mozilla/5.0 (Windows NT 10.0; Win64; x64) AppleWebKit/537.36 (KHTML, like Gecko) Chrome/91.0.4472.124 Safari/537.36"
94.101.182.4 - - [11/Sep/2026:19:40:49 +0330] "POST /wp-cron.php?doing_wp_cron=1789143049.7513539791107177734375 HTTP/1.1" 200 20 "-" "WordPress/7.1; https://doctoremon.ir"
185.215.232.196 - - [11/Sep/2026:19:40:47 +0330] "GET /wp-admin/includes/ZwWAqWnuZ.php HTTP/1.1" 404 19271 "-" "Mozilla/5.0 (Windows NT 10.0; Win64; x64) AppleWebKit/537.36 (KHTML, like Gecko) Chrome/91.0.4472.124 Safari/537.36"
185.215.232.196 - - [11/Sep/2026:19:40:51 +0330] "GET /wp-admin/includes/ZwWAqWnuZ.php HTTP/1.1" 404 19271 "-" "Mozilla/5.0 (Windows NT 10.0; Win64; x64) AppleWebKit/537.36 (KHTML, like Gecko) Chrome/91.0.4472.124 Safari/537.36"
185.215.232.196 - - [11/Sep/2026:19:40:54 +0330] "GET /wp-content/uploads/kir.php HTTP/1.1" 404 19271 "-" "Mozilla/5.0 (Windows NT 10.0; Win64; x64) AppleWebKit/537.36 (KHTML, like Gecko) Chrome/91.0.4472.124 Safari/537.36"
185.215.232.196 - - [11/Sep/2026:19:40:57 +0330] "GET /wp-content/uploads/kir.php HTTP/1.1" 404 19271 "-" "Mozilla/5.0 (Windows NT 10.0; Win64; x64) AppleWebKit/537.36 (KHTML, like Gecko) Chrome/91.0.4472.124 Safari/537.36"
185.215.232.196 - - [11/Sep/2026:19:41:00 +0330] "GET /wp-content/uploads/class-wp-block_306f402e.php HTTP/1.1" 404 19271 "-" "Mozilla/5.0 (Windows NT 10.0; Win64; x64) AppleWebKit/537.36 (KHTML, like Gecko) Chrome/91.0.4472.124 Safari/537.36"
185.215.232.196 - - [11/Sep/2026:19:39:47 +0330] "GET /uploads/upload.form.php HTTP/1.1" 404 19271 "-" "Mozilla/5.0 (Windows NT 10.0; Win64; x64) AppleWebKit/537.36 (KHTML, like Gecko) Chrome/91.0.4472.124 Safari/537.36"
94.101.182.4 - - [11/Sep/2026:19:39:52 +0330] "POST /wp-cron.php?doing_wp_cron=1789142991.9702410697937011718750 HTTP/1.1" 200 20 "-" "WordPress/7.1; https://doctoremon.ir"
185.215.232.196 - - [11/Sep/2026:19:39:57 +0330] "GET /wp-admin/css/colors/blue/JhQzYV.php HTTP/1.1" 404 19271 "-" "Mozilla/5.0 (Windows NT 10.0; Win64; x64) AppleWebKit/537.36 (KHTML, like Gecko) Chrome/91.0.4472.124 Safari/537.36"
94.101.182.4 - - [11/Sep/2026:19:40:05 +0330] "POST /wp-cron.php?doing_wp_cron=1789143005.7538309097290039062500 HTTP/1.1" 200 20 "-" "WordPress/7.1; https://doctoremon.ir"
185.215.232.196 - - [11/Sep/2026:19:40:14 +0330] "GET /wp-admin/images/about.php HTTP/1.1" 404 19271 "-" "Mozilla/5.0 (Windows NT 10.0; Win64; x64) AppleWebKit/537.36 (KHTML, like Gecko) Chrome/91.0.4472.124 Safari/537.36"
185.215.232.196 - - [11/Sep/2026:19:40:23 +0330] "GET /wp-includes/css/dist/registry.php HTTP/1.1" 200 20 "-" "Mozilla/5.0 (Windows NT 10.0; Win64; x64) AppleWebKit/537.36 (KHTML, like Gecko) Chrome/91.0.4472.124 Safari/537.36"
185.215.232.196 - - [11/Sep/2026:19:40:31 +0330] "GET /wp-content/uploads/class-wp-block_0af31d93.php HTTP/1.1" 404 19271 "-" "Mozilla/5.0 (Windows NT 10.0; Win64; x64) AppleWebKit/537.36 (KHTML, like Gecko) Chrome/91.0.4472.124 Safari/537.36"
185.215.232.196 - - [11/Sep/2026:19:40:34 +0330] "GET /wp-admin/images/classwithtostring.php HTTP/1.1" 404 19271 "-" "Mozilla/5.0 (Windows NT 10.0; Win64; x64) AppleWebKit/537.36 (KHTML, like Gecko) Chrome/91.0.4472.124 Safari/537.36"
185.215.232.196 - - [11/Sep/2026:19:40:38 +0330] "GET /wp-admin/images/classwithtostring.php HTTP/1.1" 404 19271 "-" "Mozilla/5.0 (Windows NT 10.0; Win64; x64) AppleWebKit/537.36 (KHTML, like Gecko) Chrome/91.0.4472.124 Safari/537.36"
185.215.232.196 - - [11/Sep/2026:19:40:41 +0330] "GET /wp-content/uploads/NXUClmRbpo.php HTTP/1.1" 404 19271 "-" "Mozilla/5.0 (Windows NT 10.0; Win64; x64) AppleWebKit/537.36 (KHTML, like Gecko) Chrome/91.0.4472.124 Safari/537.36"
185.215.232.196 - - [11/Sep/2026:19:40:44 +0330] "GET /wp-content/uploads/NXUClmRbpo.php HTTP/1.1" 404 19271 "-" "Mozilla/5.0 (Windows NT 10.0; Win64; x64) AppleWebKit/537.36 (KHTML, like Gecko) Chrome/91.0.4472.124 Safari/537.36"
185.215.232.196 - - [11/Sep/2026:19:41:13 +0330] "GET /uploads/adv_upload.php HTTP/1.1" 404 19271 "-" "Mozilla/5.0 (Windows NT 10.0; Win64; x64) AppleWebKit/537.36 (KHTML, like Gecko) Chrome/91.0.4472.124 Safari/537.36"
185.215.232.196 - - [11/Sep/2026:19:41:16 +0330] "GET /uploads/adv_upload.php HTTP/1.1" 404 19271 "-" "Mozilla/5.0 (Windows NT 10.0; Win64; x64) AppleWebKit/537.36 (KHTML, like Gecko) Chrome/91.0.4472.124 Safari/537.36"
185.215.232.196 - - [11/Sep/2026:19:41:19 +0330] "GET /wp-content/uploads/config.php HTTP/1.1" 404 19271 "-" "Mozilla/5.0 (Windows NT 10.0; Win64; x64) AppleWebKit/537.36 (KHTML, like Gecko) Chrome/91.0.4472.124 Safari/537.36"
185.215.232.196 - - [11/Sep/2026:19:41:23 +0330] "GET /wp-content/uploads/config.php HTTP/1.1" 404 19271 "-" "Mozilla/5.0 (Windows NT 10.0; Win64; x64) AppleWebKit/537.36 (KHTML, like Gecko) Chrome/91.0.4472.124 Safari/537.36"
185.215.232.196 - - [11/Sep/2026:19:41:26 +0330] "GET /wp-admin/js/radio.php HTTP/1.1" 404 19271 "-" "Mozilla/5.0 (Windows NT 10.0; Win64; x64) AppleWebKit/537.36 (KHTML, like Gecko) Chrome/91.0.4472.124 Safari/537.36"
185.215.232.196 - - [11/Sep/2026:19:41:29 +0330] "GET /wp-admin/js/radio.php HTTP/1.1" 404 19271 "-" "Mozilla/5.0 (Windows NT 10.0; Win64; x64) AppleWebKit/537.36 (KHTML, like Gecko) Chrome/91.0.4472.124 Safari/537.36"
185.215.232.196 - - [11/Sep/2026:19:41:36 +0330] "GET /wp-includes/query-total-edit.php HTTP/1.1" 404 19271 "-" "Mozilla/5.0 (Windows NT 10.0; Win64; x64) AppleWebKit/537.36 (KHTML, like Gecko) Chrome/91.0.4472.124 Safari/537.36"
94.101.182.4 - - [11/Sep/2026:19:41:05 +0330] "POST /wp-cron.php?doing_wp_cron=1789143065.8467049598693847656250 HTTP/1.1" 200 20 "-" "WordPress/7.1; https://doctoremon.ir"
185.215.232.196 - - [11/Sep/2026:19:41:04 +0330] "GET /wp-content/uploads/class-wp-block_306f402e.php HTTP/1.1" 404 19271 "-" "Mozilla/5.0 (Windows NT 10.0; Win64; x64) AppleWebKit/537.36 (KHTML, like Gecko) Chrome/91.0.4472.124 Safari/537.36"
185.215.232.196 - - [11/Sep/2026:19:41:07 +0330] "GET /wp-admin/css/colors/ima.php HTTP/1.1" 404 19271 "-" "Mozilla/5.0 (Windows NT 10.0; Win64; x64) AppleWebKit/537.36 (KHTML, like Gecko) Chrome/91.0.4472.124 Safari/537.36"
185.215.232.196 - - [11/Sep/2026:19:41:10 +0330] "GET /wp-admin/css/colors/ima.php HTTP/1.1" 404 19271 "-" "Mozilla/5.0 (Windows NT 10.0; Win64; x64) AppleWebKit/537.36 (KHTML, like Gecko) Chrome/91.0.4472.124 Safari/537.36"
185.215.232.196 - - [11/Sep/2026:19:41:33 +0330] "GET /wp-includes/query-total-edit.php HTTP/1.1" 404 19271 "-" "Mozilla/5.0 (Windows NT 10.0; Win64; x64) AppleWebKit/537.36 (KHTML, like Gecko) Chrome/91.0.4472.124 Safari/537.36"
94.101.182.4 - - [11/Sep/2026:19:41:52 +0330] "POST /wp-cron.php?doing_wp_cron=1789143111.6893930435180664062500 HTTP/1.1" 200 20 "-" "WordPress/7.1; https://doctoremon.ir"
185.215.232.196 - - [11/Sep/2026:19:41:50 +0330] "GET /wp-admin/css/BUtMJpz.php HTTP/1.1" 404 19271 "-" "Mozilla/5.0 (Windows NT 10.0; Win64; x64) AppleWebKit/537.36 (KHTML, like Gecko) Chrome/91.0.4472.124 Safari/537.36"
185.215.232.196 - - [11/Sep/2026:19:41:56 +0330] "GET /wp-content/uploads/cachee-sys.php HTTP/1.1" 404 19271 "-" "Mozilla/5.0 (Windows NT 10.0; Win64; x64) AppleWebKit/537.36 (KHTML, like Gecko) Chrome/91.0.4472.124 Safari/537.36"
185.215.232.196 - - [11/Sep/2026:19:41:59 +0330] "GET /wp-admin/images/BDKR28_1v8qg7dz.php HTTP/1.1" 404 19271 "-" "Mozilla/5.0 (Windows NT 10.0; Win64; x64) AppleWebKit/537.36 (KHTML, like Gecko) Chrome/91.0.4472.124 Safari/537.36"
94.101.182.4 - - [11/Sep/2026:19:42:04 +0330] "POST /wp-cron.php?doing_wp_cron=1789143124.3438830375671386718750 HTTP/1.1" 200 20 "-" "WordPress/7.1; https://doctoremon.ir"
185.215.232.196 - - [11/Sep/2026:19:42:02 +0330] "GET /wp-admin/images/BDKR28_1v8qg7dz.php HTTP/1.1" 404 19271 "-" "Mozilla/5.0 (Windows NT 10.0; Win64; x64) AppleWebKit/537.36 (KHTML, like Gecko) Chrome/91.0.4472.124 Safari/537.36"
185.215.232.196 - - [11/Sep/2026:19:42:12 +0330] "GET /images/estudios.php HTTP/1.1" 404 19271 "-" "Mozilla/5.0 (Windows NT 10.0; Win64; x64) AppleWebKit/537.36 (KHTML, like Gecko) Chrome/91.0.4472.124 Safari/537.36"
185.215.232.196 - - [11/Sep/2026:19:42:22 +0330] "GET /uploads/frmUpload.php HTTP/1.1" 404 19271 "-" "Mozilla/5.0 (Windows NT 10.0; Win64; x64) AppleWebKit/537.36 (KHTML, like Gecko) Chrome/91.0.4472.124 Safari/537.36"
185.215.232.196 - - [11/Sep/2026:19:42:25 +0330] "GET /images/ana.php HTTP/1.1" 404 19271 "-" "Mozilla/5.0 (Windows NT 10.0; Win64; x64) AppleWebKit/537.36 (KHTML, like Gecko) Chrome/91.0.4472.124 Safari/537.36"
185.215.232.196 - - [11/Sep/2026:19:42:38 +0330] "GET /wp-admin/includes/downloadsYetixxShell.php HTTP/1.1" 404 19271 "-" "Mozilla/5.0 (Windows NT 10.0; Win64; x64) AppleWebKit/537.36 (KHTML, like Gecko) Chrome/91.0.4472.124 Safari/537.36"
94.101.182.4 - - [11/Sep/2026:19:42:49 +0330] "POST /wp-cron.php?doing_wp_cron=1789143169.7879319190979003906250 HTTP/1.1" 200 20 "-" "WordPress/7.1; https://doctoremon.ir"
185.215.232.196 - - [11/Sep/2026:19:42:48 +0330] "GET /wp-admin/css/LilGbdcQ.php HTTP/1.1" 404 19271 "-" "Mozilla/5.0 (Windows NT 10.0; Win64; x64) AppleWebKit/537.36 (KHTML, like Gecko) Chrome/91.0.4472.124 Safari/537.36"
185.215.232.196 - - [11/Sep/2026:19:42:51 +0330] "GET /wp-admin/includes/class-ftp-sockets-framework.php HTTP/1.1" 404 19271 "-" "Mozilla/5.0 (Windows NT 10.0; Win64; x64) AppleWebKit/537.36 (KHTML, like Gecko) Chrome/91.0.4472.124 Safari/537.36"
185.215.232.196 - - [11/Sep/2026:19:41:39 +0330] "GET /wp-admin/maint/NQibryb.php HTTP/1.1" 404 19271 "-" "Mozilla/5.0 (Windows NT 10.0; Win64; x64) AppleWebKit/537.36 (KHTML, like Gecko) Chrome/91.0.4472.124 Safari/537.36"
185.215.232.196 - - [11/Sep/2026:19:41:43 +0330] "GET /wp-admin/maint/NQibryb.php HTTP/1.1" 404 19271 "-" "Mozilla/5.0 (Windows NT 10.0; Win64; x64) AppleWebKit/537.36 (KHTML, like Gecko) Chrome/91.0.4472.124 Safari/537.36"
185.215.232.196 - - [11/Sep/2026:19:41:46 +0330] "GET /wp-admin/css/BUtMJpz.php HTTP/1.1" 404 19271 "-" "Mozilla/5.0 (Windows NT 10.0; Win64; x64) AppleWebKit/537.36 (KHTML, like Gecko) Chrome/91.0.4472.124 Safari/537.36"
185.215.232.196 - - [11/Sep/2026:19:41:52 +0330] "GET /wp-content/uploads/cachee-sys.php HTTP/1.1" 404 19271 "-" "Mozilla/5.0 (Windows NT 10.0; Win64; x64) AppleWebKit/537.36 (KHTML, like Gecko) Chrome/91.0.4472.124 Safari/537.36"
185.215.232.196 - - [11/Sep/2026:19:42:05 +0330] "GET /wp-content/languages/wp-firewall.php HTTP/1.1" 404 19271 "-" "Mozilla/5.0 (Windows NT 10.0; Win64; x64) AppleWebKit/537.36 (KHTML, like Gecko) Chrome/91.0.4472.124 Safari/537.36"
185.215.232.196 - - [11/Sep/2026:19:42:09 +0330] "GET /wp-content/languages/wp-firewall.php HTTP/1.1" 404 19271 "-" "Mozilla/5.0 (Windows NT 10.0; Win64; x64) AppleWebKit/537.36 (KHTML, like Gecko) Chrome/91.0.4472.124 Safari/537.36"
185.215.232.196 - - [11/Sep/2026:19:42:15 +0330] "GET /images/estudios.php HTTP/1.1" 404 19271 "-" "Mozilla/5.0 (Windows NT 10.0; Win64; x64) AppleWebKit/537.36 (KHTML, like Gecko) Chrome/91.0.4472.124 Safari/537.36"
185.215.232.196 - - [11/Sep/2026:19:42:18 +0330] "GET /uploads/frmUpload.php HTTP/1.1" 404 19271 "-" "Mozilla/5.0 (Windows NT 10.0; Win64; x64) AppleWebKit/537.36 (KHTML, like Gecko) Chrome/91.0.4472.124 Safari/537.36"
185.215.232.196 - - [11/Sep/2026:19:42:28 +0330] "GET /images/ana.php HTTP/1.1" 404 19271 "-" "Mozilla/5.0 (Windows NT 10.0; Win64; x64) AppleWebKit/537.36 (KHTML, like Gecko) Chrome/91.0.4472.124 Safari/537.36"
185.215.232.196 - - [11/Sep/2026:19:42:31 +0330] "GET /uploads/file-manager-advanced.php HTTP/1.1" 404 19271 "-" "Mozilla/5.0 (Windows NT 10.0; Win64; x64) AppleWebKit/537.36 (KHTML, like Gecko) Chrome/91.0.4472.124 Safari/537.36"
185.215.232.196 - - [11/Sep/2026:19:42:35 +0330] "GET /uploads/file-manager-advanced.php HTTP/1.1" 404 19271 "-" "Mozilla/5.0 (Windows NT 10.0; Win64; x64) AppleWebKit/537.36 (KHTML, like Gecko) Chrome/91.0.4472.124 Safari/537.36"
185.215.232.196 - - [11/Sep/2026:19:42:41 +0330] "GET /wp-admin/includes/downloadsYetixxShell.php HTTP/1.1" 404 19271 "-" "Mozilla/5.0 (Windows NT 10.0; Win64; x64) AppleWebKit/537.36 (KHTML, like Gecko) Chrome/91.0.4472.124 Safari/537.36"
185.215.232.196 - - [11/Sep/2026:19:42:44 +0330] "GET /wp-admin/css/LilGbdcQ.php HTTP/1.1" 404 19271 "-" "Mozilla/5.0 (Windows NT 10.0; Win64; x64) AppleWebKit/537.36 (KHTML, like Gecko) Chrome/91.0.4472.124 Safari/537.36"
185.215.232.196 - - [11/Sep/2026:19:42:57 +0330] "GET /wp-admin/includes/class-wp-pagebuilders-pVYrHq.php HTTP/1.1" 404 19271 "-" "Mozilla/5.0 (Windows NT 10.0; Win64; x64) AppleWebKit/537.36 (KHTML, like Gecko) Chrome/91.0.4472.124 Safari/537.36"
185.215.232.196 - - [11/Sep/2026:19:43:01 +0330] "GET /wp-admin/includes/class-wp-pagebuilders-pVYrHq.php HTTP/1.1" 404 19271 "-" "Mozilla/5.0 (Windows NT 10.0; Win64; x64) AppleWebKit/537.36 (KHTML, like Gecko) Chrome/91.0.4472.124 Safari/537.36"
185.215.232.196 - - [11/Sep/2026:19:43:07 +0330] "GET /images/fazemrx1949_7JWOhYXM.php HTTP/1.1" 404 19271 "-" "Mozilla/5.0 (Windows NT 10.0; Win64; x64) AppleWebKit/537.36 (KHTML, like Gecko) Chrome/91.0.4472.124 Safari/537.36"
185.215.232.196 - - [11/Sep/2026:19:43:10 +0330] "GET /wp-content/uploads/2026/08/lqykzskh.php HTTP/1.1" 404 19271 "-" "Mozilla/5.0 (Windows NT 10.0; Win64; x64) AppleWebKit/537.36 (KHTML, like Gecko) Chrome/91.0.4472.124 Safari/537.36"
185.215.232.196 - - [11/Sep/2026:19:42:54 +0330] "GET /wp-admin/includes/class-ftp-sockets-framework.php HTTP/1.1" 404 19271 "-" "Mozilla/5.0 (Windows NT 10.0; Win64; x64) AppleWebKit/537.36 (KHTML, like Gecko) Chrome/91.0.4472.124 Safari/537.36"
94.101.182.4 - - [11/Sep/2026:19:43:05 +0330] "POST /wp-cron.php?doing_wp_cron=1789143185.9421958923339843750000 HTTP/1.1" 200 20 "-" "WordPress/7.1; https://doctoremon.ir"
185.215.232.196 - - [11/Sep/2026:19:43:04 +0330] "GET /images/fazemrx1949_7JWOhYXM.php HTTP/1.1" 404 19271 "-" "Mozilla/5.0 (Windows NT 10.0; Win64; x64) AppleWebKit/537.36 (KHTML, like Gecko) Chrome/91.0.4472.124 Safari/537.36"
185.215.232.196 - - [11/Sep/2026:19:43:14 +0330] "GET /wp-content/uploads/2026/08/lqykzskh.php HTTP/1.1" 404 19271 "-" "Mozilla/5.0 (Windows NT 10.0; Win64; x64) AppleWebKit/537.36 (KHTML, like Gecko) Chrome/91.0.4472.124 Safari/537.36"
185.215.232.196 - - [11/Sep/2026:19:43:21 +0330] "GET /.well-known/setting.php HTTP/1.1" 404 19271 "-" "Mozilla/5.0 (Windows NT 10.0; Win64; x64) AppleWebKit/537.36 (KHTML, like Gecko) Chrome/91.0.4472.124 Safari/537.36"
185.215.232.196 - - [11/Sep/2026:19:43:24 +0330] "GET /wp-content/languages/c34dfa.php HTTP/1.1" 404 19271 "-" "Mozilla/5.0 (Windows NT 10.0; Win64; x64) AppleWebKit/537.36 (KHTML, like Gecko) Chrome/91.0.4472.124 Safari/537.36"
185.215.232.196 - - [11/Sep/2026:19:43:37 +0330] "GET /.well-known/about.php HTTP/1.1" 404 19271 "-" "Mozilla/5.0 (Windows NT 10.0; Win64; x64) AppleWebKit/537.36 (KHTML, like Gecko) Chrome/91.0.4472.124 Safari/537.36"
185.215.232.196 - - [11/Sep/2026:19:43:41 +0330] "GET /.well-known/about.php HTTP/1.1" 404 19271 "-" "Mozilla/5.0 (Windows NT 10.0; Win64; x64) AppleWebKit/537.36 (KHTML, like Gecko) Chrome/91.0.4472.124 Safari/537.36"
94.101.182.4 - - [11/Sep/2026:19:43:49 +0330] "POST /wp-cron.php?doing_wp_cron=1789143229.1013979911804199218750 HTTP/1.1" 200 20 "-" "WordPress/7.1; https://doctoremon.ir"
185.215.232.196 - - [11/Sep/2026:19:43:53 +0330] "GET /wp-includes/wp-derpusname.php HTTP/1.1" 404 19271 "-" "Mozilla/5.0 (Windows NT 10.0; Win64; x64) AppleWebKit/537.36 (KHTML, like Gecko) Chrome/91.0.4472.124 Safari/537.36"
185.215.232.196 - - [11/Sep/2026:19:43:56 +0330] "GET /images/AddImages.php HTTP/1.1" 404 19271 "-" "Mozilla/5.0 (Windows NT 10.0; Win64; x64) AppleWebKit/537.36 (KHTML, like Gecko) Chrome/91.0.4472.124 Safari/537.36"
185.215.232.196 - - [11/Sep/2026:19:44:03 +0330] "GET /wp-admin/css/JPKRwkdcE.php HTTP/1.1" 404 19271 "-" "Mozilla/5.0 (Windows NT 10.0; Win64; x64) AppleWebKit/537.36 (KHTML, like Gecko) Chrome/91.0.4472.124 Safari/537.36"
185.215.232.196 - - [11/Sep/2026:19:44:06 +0330] "GET /wp-admin/css/JPKRwkdcE.php HTTP/1.1" 404 19271 "-" "Mozilla/5.0 (Windows NT 10.0; Win64; x64) AppleWebKit/537.36 (KHTML, like Gecko) Chrome/91.0.4472.124 Safari/537.36"
185.215.232.196 - - [11/Sep/2026:19:44:31 +0330] "GET /wp-content/uploads/ms-files.php HTTP/1.1" 404 19271 "-" "Mozilla/5.0 (Windows NT 10.0; Win64; x64) AppleWebKit/537.36 (KHTML, like Gecko) Chrome/91.0.4472.124 Safari/537.36"
185.215.232.196 - - [11/Sep/2026:19:44:34 +0330] "GET /wp-content/uploads/bootstrap.php HTTP/1.1" 404 19271 "-" "Mozilla/5.0 (Windows NT 10.0; Win64; x64) AppleWebKit/537.36 (KHTML, like Gecko) Chrome/91.0.4472.124 Safari/537.36"
185.215.232.196 - - [11/Sep/2026:19:44:41 +0330] "GET /images/Spow_rep.php HTTP/1.1" 404 19271 "-" "Mozilla/5.0 (Windows NT 10.0; Win64; x64) AppleWebKit/537.36 (KHTML, like Gecko) Chrome/91.0.4472.124 Safari/537.36"
185.215.232.196 - - [11/Sep/2026:19:44:44 +0330] "GET /images/Spow_rep.php HTTP/1.1" 404 19271 "-" "Mozilla/5.0 (Windows NT 10.0; Win64; x64) AppleWebKit/537.36 (KHTML, like Gecko) Chrome/91.0.4472.124 Safari/537.36"
94.101.182.4 - - [11/Sep/2026:19:44:49 +0330] "POST /wp-cron.php?doing_wp_cron=1789143289.1495130062103271484375 HTTP/1.1" 200 20 "-" "WordPress/7.1; https://doctoremon.ir"
185.215.232.196 - - [11/Sep/2026:19:43:17 +0330] "GET /.well-known/setting.php HTTP/1.1" 404 19271 "-" "Mozilla/5.0 (Windows NT 10.0; Win64; x64) AppleWebKit/537.36 (KHTML, like Gecko) Chrome/91.0.4472.124 Safari/537.36"
185.215.232.196 - - [11/Sep/2026:19:43:27 +0330] "GET /wp-content/languages/c34dfa.php HTTP/1.1" 404 19271 "-" "Mozilla/5.0 (Windows NT 10.0; Win64; x64) AppleWebKit/537.36 (KHTML, like Gecko) Chrome/91.0.4472.124 Safari/537.36"
185.215.232.196 - - [11/Sep/2026:19:43:30 +0330] "GET /wp-content/uploads/class-wp-post_073c769a.php HTTP/1.1" 404 19271 "-" "Mozilla/5.0 (Windows NT 10.0; Win64; x64) AppleWebKit/537.36 (KHTML, like Gecko) Chrome/91.0.4472.124 Safari/537.36"
185.215.232.196 - - [11/Sep/2026:19:43:34 +0330] "GET /wp-content/uploads/class-wp-post_073c769a.php HTTP/1.1" 404 19271 "-" "Mozilla/5.0 (Windows NT 10.0; Win64; x64) AppleWebKit/537.36 (KHTML, like Gecko) Chrome/91.0.4472.124 Safari/537.36"
185.215.232.196 - - [11/Sep/2026:19:43:44 +0330] "GET /wp-admin/includes/class-walker-nav-menu-updater.php HTTP/1.1" 404 19271 "-" "Mozilla/5.0 (Windows NT 10.0; Win64; x64) AppleWebKit/537.36 (KHTML, like Gecko) Chrome/91.0.4472.124 Safari/537.36"
185.215.232.196 - - [11/Sep/2026:19:43:47 +0330] "GET /wp-admin/includes/class-walker-nav-menu-updater.php HTTP/1.1" 404 19271 "-" "Mozilla/5.0 (Windows NT 10.0; Win64; x64) AppleWebKit/537.36 (KHTML, like Gecko) Chrome/91.0.4472.124 Safari/537.36"
185.215.232.196 - - [11/Sep/2026:19:43:50 +0330] "GET /wp-includes/wp-derpusname.php HTTP/1.1" 404 19271 "-" "Mozilla/5.0 (Windows NT 10.0; Win64; x64) AppleWebKit/537.36 (KHTML, like Gecko) Chrome/91.0.4472.124 Safari/537.36"
185.215.232.196 - - [11/Sep/2026:19:43:59 +0330] "GET /images/AddImages.php HTTP/1.1" 404 19271 "-" "Mozilla/5.0 (Windows NT 10.0; Win64; x64) AppleWebKit/537.36 (KHTML, like Gecko) Chrome/91.0.4472.124 Safari/537.36"
94.101.182.4 - - [11/Sep/2026:19:44:04 +0330] "POST /wp-cron.php?doing_wp_cron=1789143244.8978099822998046875000 HTTP/1.1" 200 20 "-" "WordPress/7.1; https://doctoremon.ir"
185.215.232.196 - - [11/Sep/2026:19:44:09 +0330] "GET /wp-includes/woocommerce-call.php HTTP/1.1" 404 19271 "-" "Mozilla/5.0 (Windows NT 10.0; Win64; x64) AppleWebKit/537.36 (KHTML, like Gecko) Chrome/91.0.4472.124 Safari/537.36"
185.215.232.196 - - [11/Sep/2026:19:44:12 +0330] "GET /wp-includes/woocommerce-call.php HTTP/1.1" 404 19271 "-" "Mozilla/5.0 (Windows NT 10.0; Win64; x64) AppleWebKit/537.36 (KHTML, like Gecko) Chrome/91.0.4472.124 Safari/537.36"
185.215.232.196 - - [11/Sep/2026:19:44:15 +0330] "GET /wp-admin/css/tura.php HTTP/1.1" 404 19271 "-" "Mozilla/5.0 (Windows NT 10.0; Win64; x64) AppleWebKit/537.36 (KHTML, like Gecko) Chrome/91.0.4472.124 Safari/537.36"
185.215.232.196 - - [11/Sep/2026:19:44:19 +0330] "GET /wp-admin/css/tura.php HTTP/1.1" 404 19271 "-" "Mozilla/5.0 (Windows NT 10.0; Win64; x64) AppleWebKit/537.36 (KHTML, like Gecko) Chrome/91.0.4472.124 Safari/537.36"
185.215.232.196 - - [11/Sep/2026:19:44:21 +0330] "GET /wp-content/uploads/conf.php HTTP/1.1" 404 19271 "-" "Mozilla/5.0 (Windows NT 10.0; Win64; x64) AppleWebKit/537.36 (KHTML, like Gecko) Chrome/91.0.4472.124 Safari/537.36"
185.215.232.196 - - [11/Sep/2026:19:44:25 +0330] "GET /wp-content/uploads/conf.php HTTP/1.1" 404 19271 "-" "Mozilla/5.0 (Windows NT 10.0; Win64; x64) AppleWebKit/537.36 (KHTML, like Gecko) Chrome/91.0.4472.124 Safari/537.36"
185.215.232.196 - - [11/Sep/2026:19:44:28 +0330] "GET /wp-content/uploads/ms-files.php HTTP/1.1" 404 19271 "-" "Mozilla/5.0 (Windows NT 10.0; Win64; x64) AppleWebKit/537.36 (KHTML, like Gecko) Chrome/91.0.4472.124 Safari/537.36"
185.215.232.196 - - [11/Sep/2026:19:44:37 +0330] "GET /wp-content/uploads/bootstrap.php HTTP/1.1" 404 19271 "-" "Mozilla/5.0 (Windows NT 10.0; Win64; x64) AppleWebKit/537.36 (KHTML, like Gecko) Chrome/91.0.4472.124 Safari/537.36"
185.215.232.196 - - [11/Sep/2026:19:44:47 +0330] "GET /wp-content/upgrade/IDzoZIlVr.php HTTP/1.1" 404 19271 "-" "Mozilla/5.0 (Windows NT 10.0; Win64; x64) AppleWebKit/537.36 (KHTML, like Gecko) Chrome/91.0.4472.124 Safari/537.36"
185.215.232.196 - - [11/Sep/2026:19:44:54 +0330] "GET /wp-admin/maint/wpdiscuz.php HTTP/1.1" 404 19271 "-" "Mozilla/5.0 (Windows NT 10.0; Win64; x64) AppleWebKit/537.36 (KHTML, like Gecko) Chrome/91.0.4472.124 Safari/537.36"
185.215.232.196 - - [11/Sep/2026:19:44:57 +0330] "GET /wp-admin/maint/wpdiscuz.php HTTP/1.1" 404 19271 "-" "Mozilla/5.0 (Windows NT 10.0; Win64; x64) AppleWebKit/537.36 (KHTML, like Gecko) Chrome/91.0.4472.124 Safari/537.36"
185.215.232.196 - - [11/Sep/2026:19:45:00 +0330] "GET /images/fk_3ZII7IY6.php HTTP/1.1" 404 19271 "-" "Mozilla/5.0 (Windows NT 10.0; Win64; x64) AppleWebKit/537.36 (KHTML, like Gecko) Chrome/91.0.4472.124 Safari/537.36"
94.101.182.4 - - [11/Sep/2026:19:45:06 +0330] "POST /wp-cron.php?doing_wp_cron=1789143306.0547819137573242187500 HTTP/1.1" 200 20 "-" "WordPress/7.1; https://doctoremon.ir"
185.215.232.196 - - [11/Sep/2026:19:45:07 +0330] "GET /wp-admin/includes/plugin-compiler.php HTTP/1.1" 404 19271 "-" "Mozilla/5.0 (Windows NT 10.0; Win64; x64) AppleWebKit/537.36 (KHTML, like Gecko) Chrome/91.0.4472.124 Safari/537.36"
185.215.232.196 - - [11/Sep/2026:19:45:14 +0330] "GET /wp-admin/includes/class-custom-background-more.php HTTP/1.1" 404 19271 "-" "Mozilla/5.0 (Windows NT 10.0; Win64; x64) AppleWebKit/537.36 (KHTML, like Gecko) Chrome/91.0.4472.124 Safari/537.36"
185.215.232.196 - - [11/Sep/2026:19:45:24 +0330] "GET /wp-admin/images/admin.php HTTP/1.1" 404 19271 "-" "Mozilla/5.0 (Windows NT 10.0; Win64; x64) AppleWebKit/537.36 (KHTML, like Gecko) Chrome/91.0.4472.124 Safari/537.36"
185.215.232.196 - - [11/Sep/2026:19:45:30 +0330] "GET /wp-admin/includes/fff.php HTTP/1.1" 404 19271 "-" "Mozilla/5.0 (Windows NT 10.0; Win64; x64) AppleWebKit/537.36 (KHTML, like Gecko) Chrome/91.0.4472.124 Safari/537.36"
185.215.232.196 - - [11/Sep/2026:19:45:33 +0330] "GET /wp-admin/images/wp-uchsgetcsz.php HTTP/1.1" 404 19271 "-" "Mozilla/5.0 (Windows NT 10.0; Win64; x64) AppleWebKit/537.36 (KHTML, like Gecko) Chrome/91.0.4472.124 Safari/537.36"
185.215.232.196 - - [11/Sep/2026:19:45:39 +0330] "GET /wp-admin/includes/class-wp-site-list.php HTTP/1.1" 404 19271 "-" "Mozilla/5.0 (Windows NT 10.0; Win64; x64) AppleWebKit/537.36 (KHTML, like Gecko) Chrome/91.0.4472.124 Safari/537.36"
185.215.232.196 - - [11/Sep/2026:19:45:46 +0330] "GET /wp-admin/css/colors/light/1xmomo.php HTTP/1.1" 404 19271 "-" "Mozilla/5.0 (Windows NT 10.0; Win64; x64) AppleWebKit/537.36 (KHTML, like Gecko) Chrome/91.0.4472.124 Safari/537.36"
94.101.182.4 - - [11/Sep/2026:19:45:51 +0330] "POST /wp-cron.php?doing_wp_cron=1789143351.3561289310455322265625 HTTP/1.1" 200 20 "-" "WordPress/7.1; https://doctoremon.ir"
185.215.232.196 - - [11/Sep/2026:19:45:49 +0330] "GET /wp-admin/css/colors/light/1xmomo.php HTTP/1.1" 404 19271 "-" "Mozilla/5.0 (Windows NT 10.0; Win64; x64) AppleWebKit/537.36 (KHTML, like Gecko) Chrome/91.0.4472.124 Safari/537.36"
185.215.232.196 - - [11/Sep/2026:19:45:55 +0330] "GET /wp-admin/includes/class-file-upload-upgrader-boolean.php HTTP/1.1" 404 19271 "-" "Mozilla/5.0 (Windows NT 10.0; Win64; x64) AppleWebKit/537.36 (KHTML, like Gecko) Chrome/91.0.4472.124 Safari/537.36"
185.215.232.196 - - [11/Sep/2026:19:46:09 +0330] "GET /wp-admin/css/colors/coffee/XGtTsAeF.php HTTP/1.1" 404 19271 "-" "Mozilla/5.0 (Windows NT 10.0; Win64; x64) AppleWebKit/537.36 (KHTML, like Gecko) Chrome/91.0.4472.124 Safari/537.36"
185.215.232.196 - - [11/Sep/2026:19:46:12 +0330] "GET /wp-includes/images/media/admin.php HTTP/1.1" 404 19271 "-" "Mozilla/5.0 (Windows NT 10.0; Win64; x64) AppleWebKit/537.36 (KHTML, like Gecko) Chrome/91.0.4472.124 Safari/537.36"
185.215.232.196 - - [11/Sep/2026:19:46:16 +0330] "GET /wp-includes/images/media/admin.php HTTP/1.1" 404 19271 "-" "Mozilla/5.0 (Windows NT 10.0; Win64; x64) AppleWebKit/537.36 (KHTML, like Gecko) Chrome/91.0.4472.124 Safari/537.36"
185.215.232.196 - - [11/Sep/2026:19:46:19 +0330] "GET /wp-content/languages/aaa.php HTTP/1.1" 404 19271 "-" "Mozilla/5.0 (Windows NT 10.0; Win64; x64) AppleWebKit/537.36 (KHTML, like Gecko) Chrome/91.0.4472.124 Safari/537.36"
185.215.232.196 - - [11/Sep/2026:19:44:51 +0330] "GET /wp-content/upgrade/IDzoZIlVr.php HTTP/1.1" 404 19271 "-" "Mozilla/5.0 (Windows NT 10.0; Win64; x64) AppleWebKit/537.36 (KHTML, like Gecko) Chrome/91.0.4472.124 Safari/537.36"
185.215.232.196 - - [11/Sep/2026:19:45:04 +0330] "GET /images/fk_3ZII7IY6.php HTTP/1.1" 404 19271 "-" "Mozilla/5.0 (Windows NT 10.0; Win64; x64) AppleWebKit/537.36 (KHTML, like Gecko) Chrome/91.0.4472.124 Safari/537.36"
185.215.232.196 - - [11/Sep/2026:19:45:11 +0330] "GET /wp-admin/includes/plugin-compiler.php HTTP/1.1" 404 19271 "-" "Mozilla/5.0 (Windows NT 10.0; Win64; x64) AppleWebKit/537.36 (KHTML, like Gecko) Chrome/91.0.4472.124 Safari/537.36"
185.215.232.196 - - [11/Sep/2026:19:45:18 +0330] "GET /wp-admin/includes/class-custom-background-more.php HTTP/1.1" 404 19271 "-" "Mozilla/5.0 (Windows NT 10.0; Win64; x64) AppleWebKit/537.36 (KHTML, like Gecko) Chrome/91.0.4472.124 Safari/537.36"
185.215.232.196 - - [11/Sep/2026:19:45:21 +0330] "GET /wp-admin/images/admin.php HTTP/1.1" 404 19271 "-" "Mozilla/5.0 (Windows NT 10.0; Win64; x64) AppleWebKit/537.36 (KHTML, like Gecko) Chrome/91.0.4472.124 Safari/537.36"
185.215.232.196 - - [11/Sep/2026:19:45:27 +0330] "GET /wp-admin/includes/fff.php HTTP/1.1" 404 19271 "-" "Mozilla/5.0 (Windows NT 10.0; Win64; x64) AppleWebKit/537.36 (KHTML, like Gecko) Chrome/91.0.4472.124 Safari/537.36"
185.215.232.196 - - [11/Sep/2026:19:45:36 +0330] "GET /wp-admin/images/wp-uchsgetcsz.php HTTP/1.1" 404 19271 "-" "Mozilla/5.0 (Windows NT 10.0; Win64; x64) AppleWebKit/537.36 (KHTML, like Gecko) Chrome/91.0.4472.124 Safari/537.36"
185.215.232.196 - - [11/Sep/2026:19:45:43 +0330] "GET /wp-admin/includes/class-wp-site-list.php HTTP/1.1" 404 19271 "-" "Mozilla/5.0 (Windows NT 10.0; Win64; x64) AppleWebKit/537.36 (KHTML, like Gecko) Chrome/91.0.4472.124 Safari/537.36"
185.215.232.196 - - [11/Sep/2026:19:45:52 +0330] "GET /wp-admin/includes/class-file-upload-upgrader-boolean.php HTTP/1.1" 404 19271 "-" "Mozilla/5.0 (Windows NT 10.0; Win64; x64) AppleWebKit/537.36 (KHTML, like Gecko) Chrome/91.0.4472.124 Safari/537.36"
185.215.232.196 - - [11/Sep/2026:19:45:58 +0330] "GET /wp-admin/maint/config.php HTTP/1.1" 404 19271 "-" "Mozilla/5.0 (Windows NT 10.0; Win64; x64) AppleWebKit/537.36 (KHTML, like Gecko) Chrome/91.0.4472.124 Safari/537.36"
94.101.182.4 - - [11/Sep/2026:19:46:04 +0330] "POST /wp-cron.php?doing_wp_cron=1789143364.2290279865264892578125 HTTP/1.1" 200 20 "-" "WordPress/7.1; https://doctoremon.ir"
185.215.232.196 - - [11/Sep/2026:19:46:02 +0330] "GET /wp-admin/maint/config.php HTTP/1.1" 404 19271 "-" "Mozilla/5.0 (Windows NT 10.0; Win64; x64) AppleWebKit/537.36 (KHTML, like Gecko) Chrome/91.0.4472.124 Safari/537.36"
185.215.232.196 - - [11/Sep/2026:19:46:05 +0330] "GET /wp-admin/css/colors/coffee/XGtTsAeF.php HTTP/1.1" 404 19271 "-" "Mozilla/5.0 (Windows NT 10.0; Win64; x64) AppleWebKit/537.36 (KHTML, like Gecko) Chrome/91.0.4472.124 Safari/537.36"
185.215.232.196 - - [11/Sep/2026:19:46:30 +0330] "GET /wp-content/uploads/class-wp-block_e65e086f.php HTTP/1.1" 404 19271 "-" "Mozilla/5.0 (Windows NT 10.0; Win64; x64) AppleWebKit/537.36 (KHTML, like Gecko) Chrome/91.0.4472.124 Safari/537.36"
185.215.232.196 - - [11/Sep/2026:19:46:37 +0330] "GET /wp-admin/images/advanced.php HTTP/1.1" 404 19271 "-" "Mozilla/5.0 (Windows NT 10.0; Win64; x64) AppleWebKit/537.36 (KHTML, like Gecko) Chrome/91.0.4472.124 Safari/537.36"
94.101.182.4 - - [11/Sep/2026:19:46:49 +0330] "POST /wp-cron.php?doing_wp_cron=1789143409.5167839527130126953125 HTTP/1.1" 200 20 "-" "WordPress/7.1; https://doctoremon.ir"
185.215.232.196 - - [11/Sep/2026:19:46:47 +0330] "GET /wp-includes/Text/Diff/Renderer/pre.php HTTP/1.1" 404 19271 "-" "Mozilla/5.0 (Windows NT 10.0; Win64; x64) AppleWebKit/537.36 (KHTML, like Gecko) Chrome/91.0.4472.124 Safari/537.36"
185.215.232.196 - - [11/Sep/2026:19:46:59 +0330] "GET /wp-admin/includes/cGInqij.php HTTP/1.1" 404 19271 "-" "Mozilla/5.0 (Windows NT 10.0; Win64; x64) AppleWebKit/537.36 (KHTML, like Gecko) Chrome/91.0.4472.124 Safari/537.36"
185.215.232.196 - - [11/Sep/2026:19:46:23 +0330] "GET /wp-content/languages/aaa.php HTTP/1.1" 404 19271 "-" "Mozilla/5.0 (Windows NT 10.0; Win64; x64) AppleWebKit/537.36 (KHTML, like Gecko) Chrome/91.0.4472.124 Safari/537.36"
185.215.232.196 - - [11/Sep/2026:19:46:26 +0330] "GET /wp-content/uploads/class-wp-block_e65e086f.php HTTP/1.1" 404 19271 "-" "Mozilla/5.0 (Windows NT 10.0; Win64; x64) AppleWebKit/537.36 (KHTML, like Gecko) Chrome/91.0.4472.124 Safari/537.36"
185.215.232.196 - - [11/Sep/2026:19:46:33 +0330] "GET /wp-admin/images/advanced.php HTTP/1.1" 404 19271 "-" "Mozilla/5.0 (Windows NT 10.0; Win64; x64) AppleWebKit/537.36 (KHTML, like Gecko) Chrome/91.0.4472.124 Safari/537.36"
185.215.232.196 - - [11/Sep/2026:19:46:40 +0330] "GET /wp-includes/IXR/class-IXR-base.php HTTP/1.1" 404 19271 "-" "Mozilla/5.0 (Windows NT 10.0; Win64; x64) AppleWebKit/537.36 (KHTML, like Gecko) Chrome/91.0.4472.124 Safari/537.36"
185.215.232.196 - - [11/Sep/2026:19:46:44 +0330] "GET /wp-includes/IXR/class-IXR-base.php HTTP/1.1" 404 19271 "-" "Mozilla/5.0 (Windows NT 10.0; Win64; x64) AppleWebKit/537.36 (KHTML, like Gecko) Chrome/91.0.4472.124 Safari/537.36"
185.215.232.196 - - [11/Sep/2026:19:46:51 +0330] "GET /wp-includes/Text/Diff/Renderer/pre.php HTTP/1.1" 404 19271 "-" "Mozilla/5.0 (Windows NT 10.0; Win64; x64) AppleWebKit/537.36 (KHTML, like Gecko) Chrome/91.0.4472.124 Safari/537.36"
185.215.232.196 - - [11/Sep/2026:19:46:54 +0330] "GET /wp-admin/includes/cGInqij.php HTTP/1.1" 404 19271 "-" "Mozilla/5.0 (Windows NT 10.0; Win64; x64) AppleWebKit/537.36 (KHTML, like Gecko) Chrome/91.0.4472.124 Safari/537.36"
185.215.232.196 - - [11/Sep/2026:19:47:04 +0330] "GET /wp-includes/fonts/class-wp-font-collection.php HTTP/1.1" 200 20 "-" "Mozilla/5.0 (Windows NT 10.0; Win64; x64) AppleWebKit/537.36 (KHTML, like Gecko) Chrome/91.0.4472.124 Safari/537.36"
94.101.182.4 - - [11/Sep/2026:19:47:07 +0330] "POST /wp-cron.php?doing_wp_cron=1789143427.6424090862274169921875 HTTP/1.1" 200 20 "-" "WordPress/7.1; https://doctoremon.ir"
185.215.232.196 - - [11/Sep/2026:19:47:18 +0330] "GET /wp-content/uploads/hp2.php HTTP/1.1" 404 19271 "-" "Mozilla/5.0 (Windows NT 10.0; Win64; x64) AppleWebKit/537.36 (KHTML, like Gecko) Chrome/91.0.4472.124 Safari/537.36"
185.215.232.196 - - [11/Sep/2026:19:47:21 +0330] "GET /wp-content/uploads/hp2.php HTTP/1.1" 404 19271 "-" "Mozilla/5.0 (Windows NT 10.0; Win64; x64) AppleWebKit/537.36 (KHTML, like Gecko) Chrome/91.0.4472.124 Safari/537.36"
185.215.232.196 - - [11/Sep/2026:19:47:37 +0330] "GET /files/icon.php HTTP/1.1" 404 19271 "-" "Mozilla/5.0 (Windows NT 10.0; Win64; x64) AppleWebKit/537.36 (KHTML, like Gecko) Chrome/91.0.4472.124 Safari/537.36"
185.215.232.196 - - [11/Sep/2026:19:47:43 +0330] "GET /images/angstroms.php HTTP/1.1" 404 19271 "-" "Mozilla/5.0 (Windows NT 10.0; Win64; x64) AppleWebKit/537.36 (KHTML, like Gecko) Chrome/91.0.4472.124 Safari/537.36"
185.215.232.196 - - [11/Sep/2026:19:47:46 +0330] "GET /images/angstroms.php HTTP/1.1" 404 19271 "-" "Mozilla/5.0 (Windows NT 10.0; Win64; x64) AppleWebKit/537.36 (KHTML, like Gecko) Chrome/91.0.4472.124 Safari/537.36"
185.215.232.196 - - [11/Sep/2026:19:47:52 +0330] "GET /wp-admin/css/colors/ectoplasm/pruKamL.php HTTP/1.1" 404 19271 "-" "Mozilla/5.0 (Windows NT 10.0; Win64; x64) AppleWebKit/537.36 (KHTML, like Gecko) Chrome/91.0.4472.124 Safari/537.36"
185.215.232.196 - - [11/Sep/2026:19:47:54 +0330] "GET /wp-includes/7p45no7z.php HTTP/1.1" 404 19271 "-" "Mozilla/5.0 (Windows NT 10.0; Win64; x64) AppleWebKit/537.36 (KHTML, like Gecko) Chrome/91.0.4472.124 Safari/537.36"
185.215.232.196 - - [11/Sep/2026:19:47:58 +0330] "GET /wp-includes/7p45no7z.php HTTP/1.1" 404 19271 "-" "Mozilla/5.0 (Windows NT 10.0; Win64; x64) AppleWebKit/537.36 (KHTML, like Gecko) Chrome/91.0.4472.124 Safari/537.36"
185.215.232.196 - - [11/Sep/2026:19:48:04 +0330] "GET /wp-admin/css/phoenix-css.php HTTP/1.1" 404 19271 "-" "Mozilla/5.0 (Windows NT 10.0; Win64; x64) AppleWebKit/537.36 (KHTML, like Gecko) Chrome/91.0.4472.124 Safari/537.36"
185.215.232.196 - - [11/Sep/2026:19:47:02 +0330] "GET /wp-includes/fonts/class-wp-font-collection.php HTTP/1.1" 200 20 "-" "Mozilla/5.0 (Windows NT 10.0; Win64; x64) AppleWebKit/537.36 (KHTML, like Gecko) Chrome/91.0.4472.124 Safari/537.36"
185.215.232.196 - - [11/Sep/2026:19:47:05 +0330] "GET /wp-includes/class-wp-recovery-mode-key-service-edit.php HTTP/1.1" 404 19271 "-" "Mozilla/5.0 (Windows NT 10.0; Win64; x64) AppleWebKit/537.36 (KHTML, like Gecko) Chrome/91.0.4472.124 Safari/537.36"
185.215.232.196 - - [11/Sep/2026:19:47:09 +0330] "GET /wp-includes/class-wp-recovery-mode-key-service-edit.php HTTP/1.1" 404 19271 "-" "Mozilla/5.0 (Windows NT 10.0; Win64; x64) AppleWebKit/537.36 (KHTML, like Gecko) Chrome/91.0.4472.124 Safari/537.36"
185.215.232.196 - - [11/Sep/2026:19:47:12 +0330] "GET /wp-admin/includes/class-wp-contact-form.php HTTP/1.1" 404 19271 "-" "Mozilla/5.0 (Windows NT 10.0; Win64; x64) AppleWebKit/537.36 (KHTML, like Gecko) Chrome/91.0.4472.124 Safari/537.36"
185.215.232.196 - - [11/Sep/2026:19:47:15 +0330] "GET /wp-admin/includes/class-wp-contact-form.php HTTP/1.1" 404 19271 "-" "Mozilla/5.0 (Windows NT 10.0; Win64; x64) AppleWebKit/537.36 (KHTML, like Gecko) Chrome/91.0.4472.124 Safari/537.36"
185.215.232.196 - - [11/Sep/2026:19:47:24 +0330] "GET /wp-includes/about.php HTTP/1.1" 404 19271 "-" "Mozilla/5.0 (Windows NT 10.0; Win64; x64) AppleWebKit/537.36 (KHTML, like Gecko) Chrome/91.0.4472.124 Safari/537.36"
185.215.232.196 - - [11/Sep/2026:19:47:28 +0330] "GET /wp-includes/about.php HTTP/1.1" 404 19271 "-" "Mozilla/5.0 (Windows NT 10.0; Win64; x64) AppleWebKit/537.36 (KHTML, like Gecko) Chrome/91.0.4472.124 Safari/537.36"
185.215.232.196 - - [11/Sep/2026:19:47:31 +0330] "GET /wp-admin/includes/detmash.php HTTP/1.1" 404 19271 "-" "Mozilla/5.0 (Windows NT 10.0; Win64; x64) AppleWebKit/537.36 (KHTML, like Gecko) Chrome/91.0.4472.124 Safari/537.36"
185.215.232.196 - - [11/Sep/2026:19:47:34 +0330] "GET /wp-admin/includes/detmash.php HTTP/1.1" 404 19271 "-" "Mozilla/5.0 (Windows NT 10.0; Win64; x64) AppleWebKit/537.36 (KHTML, like Gecko) Chrome/91.0.4472.124 Safari/537.36"
185.215.232.196 - - [11/Sep/2026:19:47:40 +0330] "GET /files/icon.php HTTP/1.1" 404 19271 "-" "Mozilla/5.0 (Windows NT 10.0; Win64; x64) AppleWebKit/537.36 (KHTML, like Gecko) Chrome/91.0.4472.124 Safari/537.36"
94.101.182.4 - - [11/Sep/2026:19:47:50 +0330] "POST /wp-cron.php?doing_wp_cron=1789143470.7707149982452392578125 HTTP/1.1" 200 20 "-" "WordPress/7.1; https://doctoremon.ir"
185.215.232.196 - - [11/Sep/2026:19:47:49 +0330] "GET /wp-admin/css/colors/ectoplasm/pruKamL.php HTTP/1.1" 404 19271 "-" "Mozilla/5.0 (Windows NT 10.0; Win64; x64) AppleWebKit/537.36 (KHTML, like Gecko) Chrome/91.0.4472.124 Safari/537.36"
185.215.232.196 - - [11/Sep/2026:19:48:01 +0330] "GET /wp-admin/css/phoenix-css.php HTTP/1.1" 404 19271 "-" "Mozilla/5.0 (Windows NT 10.0; Win64; x64) AppleWebKit/537.36 (KHTML, like Gecko) Chrome/91.0.4472.124 Safari/537.36"
94.101.182.4 - - [11/Sep/2026:19:48:05 +0330] "POST /wp-cron.php?doing_wp_cron=1789143485.7805800437927246093750 HTTP/1.1" 200 20 "-" "WordPress/7.1; https://doctoremon.ir"
185.215.232.196 - - [11/Sep/2026:19:48:06 +0330] "GET /wp-includes/class-template.php HTTP/1.1" 404 19271 "-" "Mozilla/5.0 (Windows NT 10.0; Win64; x64) AppleWebKit/537.36 (KHTML, like Gecko) Chrome/91.0.4472.124 Safari/537.36"
185.215.232.196 - - [11/Sep/2026:19:48:13 +0330] "GET /wp-includes/ID3/module.audio-video.asf-character.php HTTP/1.1" 404 19271 "-" "Mozilla/5.0 (Windows NT 10.0; Win64; x64) AppleWebKit/537.36 (KHTML, like Gecko) Chrome/91.0.4472.124 Safari/537.36"
185.215.232.196 - - [11/Sep/2026:19:48:21 +0330] "GET /wp-includes/hp2.php HTTP/1.1" 404 19271 "-" "Mozilla/5.0 (Windows NT 10.0; Win64; x64) AppleWebKit/537.36 (KHTML, like Gecko) Chrome/91.0.4472.124 Safari/537.36"
185.215.232.196 - - [11/Sep/2026:19:48:24 +0330] "GET /admin/controller/extension/extension/Not_Found.php HTTP/1.1" 404 19271 "-" "Mozilla/5.0 (Windows NT 10.0; Win64; x64) AppleWebKit/537.36 (KHTML, like Gecko) Chrome/91.0.4472.124 Safari/537.36"
185.215.232.196 - - [11/Sep/2026:19:48:10 +0330] "GET /wp-includes/class-template.php HTTP/1.1" 404 19271 "-" "Mozilla/5.0 (Windows NT 10.0; Win64; x64) AppleWebKit/537.36 (KHTML, like Gecko) Chrome/91.0.4472.124 Safari/537.36"
185.215.232.196 - - [11/Sep/2026:19:48:15 +0330] "GET /wp-includes/ID3/module.audio-video.asf-character.php HTTP/1.1" 404 19271 "-" "Mozilla/5.0 (Windows NT 10.0; Win64; x64) AppleWebKit/537.36 (KHTML, like Gecko) Chrome/91.0.4472.124 Safari/537.36"
185.215.232.196 - - [11/Sep/2026:19:48:18 +0330] "GET /wp-includes/hp2.php HTTP/1.1" 404 19271 "-" "Mozilla/5.0 (Windows NT 10.0; Win64; x64) AppleWebKit/537.36 (KHTML, like Gecko) Chrome/91.0.4472.124 Safari/537.36"
185.215.232.196 - - [11/Sep/2026:19:48:29 +0330] "GET /wp-includes/goods.php HTTP/1.1" 404 19271 "-" "Mozilla/5.0 (Windows NT 10.0; Win64; x64) AppleWebKit/537.36 (KHTML, like Gecko) Chrome/91.0.4472.124 Safari/537.36"
185.215.232.196 - - [11/Sep/2026:19:48:32 +0330] "GET /wp-includes/goods.php HTTP/1.1" 404 19271 "-" "Mozilla/5.0 (Windows NT 10.0; Win64; x64) AppleWebKit/537.36 (KHTML, like Gecko) Chrome/91.0.4472.124 Safari/537.36"
185.215.232.196 - - [11/Sep/2026:19:48:41 +0330] "GET /wp-admin/includes/wp-contact-forms.php HTTP/1.1" 404 19271 "-" "Mozilla/5.0 (Windows NT 10.0; Win64; x64) AppleWebKit/537.36 (KHTML, like Gecko) Chrome/91.0.4472.124 Safari/537.36"
94.101.182.4 - - [11/Sep/2026:19:48:48 +0330] "POST /wp-cron.php?doing_wp_cron=1789143528.4178040027618408203125 HTTP/1.1" 200 20 "-" "WordPress/7.1; https://doctoremon.ir"
185.215.232.196 - - [11/Sep/2026:19:48:49 +0330] "GET /wp-admin/maint/cold.php HTTP/1.1" 404 19271 "-" "Mozilla/5.0 (Windows NT 10.0; Win64; x64) AppleWebKit/537.36 (KHTML, like Gecko) Chrome/91.0.4472.124 Safari/537.36"
185.215.232.196 - - [11/Sep/2026:19:48:57 +0330] "GET /wp-includes/IXR/class-ixr-base64-cache.php HTTP/1.1" 404 19271 "-" "Mozilla/5.0 (Windows NT 10.0; Win64; x64) AppleWebKit/537.36 (KHTML, like Gecko) Chrome/91.0.4472.124 Safari/537.36"
185.215.232.196 - - [11/Sep/2026:19:49:01 +0330] "GET /wp-includes/IXR/class-ixr-base64-cache.php HTTP/1.1" 404 19271 "-" "Mozilla/5.0 (Windows NT 10.0; Win64; x64) AppleWebKit/537.36 (KHTML, like Gecko) Chrome/91.0.4472.124 Safari/537.36"
94.101.182.4 - - [11/Sep/2026:19:49:05 +0330] "POST /wp-cron.php?doing_wp_cron=1789143545.6022419929504394531250 HTTP/1.1" 200 20 "-" "WordPress/7.1; https://doctoremon.ir"
185.215.232.196 - - [11/Sep/2026:19:49:07 +0330] "GET /wp-content/upgrade/rty.php HTTP/1.1" 404 19271 "-" "Mozilla/5.0 (Windows NT 10.0; Win64; x64) AppleWebKit/537.36 (KHTML, like Gecko) Chrome/91.0.4472.124 Safari/537.36"
185.215.232.196 - - [11/Sep/2026:19:49:10 +0330] "GET /files/Contact.php HTTP/1.1" 404 19271 "-" "Mozilla/5.0 (Windows NT 10.0; Win64; x64) AppleWebKit/537.36 (KHTML, like Gecko) Chrome/91.0.4472.124 Safari/537.36"
185.215.232.196 - - [11/Sep/2026:19:49:13 +0330] "GET /files/Contact.php HTTP/1.1" 404 19271 "-" "Mozilla/5.0 (Windows NT 10.0; Win64; x64) AppleWebKit/537.36 (KHTML, like Gecko) Chrome/91.0.4472.124 Safari/537.36"
185.215.232.196 - - [11/Sep/2026:19:49:16 +0330] "GET /images/picture_upload.php HTTP/1.1" 404 19271 "-" "Mozilla/5.0 (Windows NT 10.0; Win64; x64) AppleWebKit/537.36 (KHTML, like Gecko) Chrome/91.0.4472.124 Safari/537.36"
185.215.232.196 - - [11/Sep/2026:19:49:19 +0330] "GET /images/picture_upload.php HTTP/1.1" 404 19271 "-" "Mozilla/5.0 (Windows NT 10.0; Win64; x64) AppleWebKit/537.36 (KHTML, like Gecko) Chrome/91.0.4472.124 Safari/537.36"
185.215.232.196 - - [11/Sep/2026:19:49:21 +0330] "GET /wp-includes/core.php HTTP/1.1" 404 19271 "-" "Mozilla/5.0 (Windows NT 10.0; Win64; x64) AppleWebKit/537.36 (KHTML, like Gecko) Chrome/91.0.4472.124 Safari/537.36"
185.215.232.196 - - [11/Sep/2026:19:49:25 +0330] "GET /wp-includes/core.php HTTP/1.1" 404 19271 "-" "Mozilla/5.0 (Windows NT 10.0; Win64; x64) AppleWebKit/537.36 (KHTML, like Gecko) Chrome/91.0.4472.124 Safari/537.36"
185.215.232.196 - - [11/Sep/2026:19:48:26 +0330] "GET /admin/controller/extension/extension/Not_Found.php HTTP/1.1" 404 19271 "-" "Mozilla/5.0 (Windows NT 10.0; Win64; x64) AppleWebKit/537.36 (KHTML, like Gecko) Chrome/91.0.4472.124 Safari/537.36"
185.215.232.196 - - [11/Sep/2026:19:48:35 +0330] "GET /wp-includes/pomo/core.php HTTP/1.1" 404 19271 "-" "Mozilla/5.0 (Windows NT 10.0; Win64; x64) AppleWebKit/537.36 (KHTML, like Gecko) Chrome/91.0.4472.124 Safari/537.36"
