185.215.232.196 - - [11/Sep/2026:19:48:38 +0330] "GET /wp-includes/pomo/core.php HTTP/1.1" 404 19271 "-" "Mozilla/5.0 (Windows NT 10.0; Win64; x64) AppleWebKit/537.36 (KHTML, like Gecko) Chrome/91.0.4472.124 Safari/537.36"
185.215.232.196 - - [11/Sep/2026:19:48:44 +0330] "GET /wp-admin/includes/wp-contact-forms.php HTTP/1.1" 404 19271 "-" "Mozilla/5.0 (Windows NT 10.0; Win64; x64) AppleWebKit/537.36 (KHTML, like Gecko) Chrome/91.0.4472.124 Safari/537.36"
185.215.232.196 - - [11/Sep/2026:19:48:47 +0330] "GET /wp-admin/maint/cold.php HTTP/1.1" 404 19271 "-" "Mozilla/5.0 (Windows NT 10.0; Win64; x64) AppleWebKit/537.36 (KHTML, like Gecko) Chrome/91.0.4472.124 Safari/537.36"
185.215.232.196 - - [11/Sep/2026:19:48:52 +0330] "GET /wp-includes/-gchits.php HTTP/1.1" 404 19271 "-" "Mozilla/5.0 (Windows NT 10.0; Win64; x64) AppleWebKit/537.36 (KHTML, like Gecko) Chrome/91.0.4472.124 Safari/537.36"
185.215.232.196 - - [11/Sep/2026:19:48:55 +0330] "GET /wp-includes/-gchits.php HTTP/1.1" 404 19271 "-" "Mozilla/5.0 (Windows NT 10.0; Win64; x64) AppleWebKit/537.36 (KHTML, like Gecko) Chrome/91.0.4472.124 Safari/537.36"
185.215.232.196 - - [11/Sep/2026:19:49:04 +0330] "GET /wp-content/upgrade/rty.php HTTP/1.1" 404 19271 "-" "Mozilla/5.0 (Windows NT 10.0; Win64; x64) AppleWebKit/537.36 (KHTML, like Gecko) Chrome/91.0.4472.124 Safari/537.36"
185.215.232.196 - - [11/Sep/2026:19:49:27 +0330] "GET /uploads/header309743.php HTTP/1.1" 404 19271 "-" "Mozilla/5.0 (Windows NT 10.0; Win64; x64) AppleWebKit/537.36 (KHTML, like Gecko) Chrome/91.0.4472.124 Safari/537.36"
185.215.232.196 - - [11/Sep/2026:19:49:33 +0330] "GET /images/slide99.php HTTP/1.1" 404 19271 "-" "Mozilla/5.0 (Windows NT 10.0; Win64; x64) AppleWebKit/537.36 (KHTML, like Gecko) Chrome/91.0.4472.124 Safari/537.36"
185.215.232.196 - - [11/Sep/2026:19:49:36 +0330] "GET /images/slide99.php HTTP/1.1" 404 19271 "-" "Mozilla/5.0 (Windows NT 10.0; Win64; x64) AppleWebKit/537.36 (KHTML, like Gecko) Chrome/91.0.4472.124 Safari/537.36"
185.215.232.196 - - [11/Sep/2026:19:49:46 +0330] "GET /wp-includes/vzvwkvui.php HTTP/1.1" 404 19271 "-" "Mozilla/5.0 (Windows NT 10.0; Win64; x64) AppleWebKit/537.36 (KHTML, like Gecko) Chrome/91.0.4472.124 Safari/537.36"
185.215.232.196 - - [11/Sep/2026:19:49:49 +0330] "GET /wp-includes/vzvwkvui.php HTTP/1.1" 404 19271 "-" "Mozilla/5.0 (Windows NT 10.0; Win64; x64) AppleWebKit/537.36 (KHTML, like Gecko) Chrome/91.0.4472.124 Safari/537.36"
185.215.232.196 - - [11/Sep/2026:19:49:51 +0330] "GET /wp-includes/class-wp-block-type-registry-time.php HTTP/1.1" 404 19271 "-" "Mozilla/5.0 (Windows NT 10.0; Win64; x64) AppleWebKit/537.36 (KHTML, like Gecko) Chrome/91.0.4472.124 Safari/537.36"
185.215.232.196 - - [11/Sep/2026:19:49:55 +0330] "GET /wp-includes/class-wp-block-type-registry-time.php HTTP/1.1" 404 19271 "-" "Mozilla/5.0 (Windows NT 10.0; Win64; x64) AppleWebKit/537.36 (KHTML, like Gecko) Chrome/91.0.4472.124 Safari/537.36"
185.215.232.196 - - [11/Sep/2026:19:49:58 +0330] "GET /wp-includes/class-snoopy-condition.php HTTP/1.1" 404 19271 "-" "Mozilla/5.0 (Windows NT 10.0; Win64; x64) AppleWebKit/537.36 (KHTML, like Gecko) Chrome/91.0.4472.124 Safari/537.36"
185.215.232.196 - - [11/Sep/2026:19:50:01 +0330] "GET /wp-includes/class-snoopy-condition.php HTTP/1.1" 404 19271 "-" "Mozilla/5.0 (Windows NT 10.0; Win64; x64) AppleWebKit/537.36 (KHTML, like Gecko) Chrome/91.0.4472.124 Safari/537.36"
94.101.182.4 - - [11/Sep/2026:19:50:06 +0330] "POST /wp-cron.php?doing_wp_cron=1789143606.5077040195465087890625 HTTP/1.1" 200 20 "-" "WordPress/7.1; https://doctoremon.ir"
185.215.232.196 - - [11/Sep/2026:19:50:10 +0330] "GET /wp-admin/includes/class-wp-community-events-security.php HTTP/1.1" 404 19271 "-" "Mozilla/5.0 (Windows NT 10.0; Win64; x64) AppleWebKit/537.36 (KHTML, like Gecko) Chrome/91.0.4472.124 Safari/537.36"
185.215.232.196 - - [11/Sep/2026:19:50:19 +0330] "GET /wp-includes/class-oembed-client.php HTTP/1.1" 404 19271 "-" "Mozilla/5.0 (Windows NT 10.0; Win64; x64) AppleWebKit/537.36 (KHTML, like Gecko) Chrome/91.0.4472.124 Safari/537.36"
185.215.232.196 - - [11/Sep/2026:19:50:25 +0330] "GET /images/zerox.php HTTP/1.1" 404 19271 "-" "Mozilla/5.0 (Windows NT 10.0; Win64; x64) AppleWebKit/537.36 (KHTML, like Gecko) Chrome/91.0.4472.124 Safari/537.36"
185.215.232.196 - - [11/Sep/2026:19:49:30 +0330] "GET /uploads/header309743.php HTTP/1.1" 404 19271 "-" "Mozilla/5.0 (Windows NT 10.0; Win64; x64) AppleWebKit/537.36 (KHTML, like Gecko) Chrome/91.0.4472.124 Safari/537.36"
185.215.232.196 - - [11/Sep/2026:19:49:39 +0330] "GET /wp-includes/widgets/aaa.php HTTP/1.1" 404 19271 "-" "Mozilla/5.0 (Windows NT 10.0; Win64; x64) AppleWebKit/537.36 (KHTML, like Gecko) Chrome/91.0.4472.124 Safari/537.36"
185.215.232.196 - - [11/Sep/2026:19:49:43 +0330] "GET /wp-includes/widgets/aaa.php HTTP/1.1" 404 19271 "-" "Mozilla/5.0 (Windows NT 10.0; Win64; x64) AppleWebKit/537.36 (KHTML, like Gecko) Chrome/91.0.4472.124 Safari/537.36"
94.101.182.4 - - [11/Sep/2026:19:49:50 +0330] "POST /wp-cron.php?doing_wp_cron=1789143590.7952039241790771484375 HTTP/1.1" 200 20 "-" "WordPress/7.1; https://doctoremon.ir"
185.215.232.196 - - [11/Sep/2026:19:50:04 +0330] "GET /wp-admin/includes/class-wp-pagebuilders-uHByK9.php HTTP/1.1" 404 19271 "-" "Mozilla/5.0 (Windows NT 10.0; Win64; x64) AppleWebKit/537.36 (KHTML, like Gecko) Chrome/91.0.4472.124 Safari/537.36"
185.215.232.196 - - [11/Sep/2026:19:50:07 +0330] "GET /wp-admin/includes/class-wp-pagebuilders-uHByK9.php HTTP/1.1" 404 19271 "-" "Mozilla/5.0 (Windows NT 10.0; Win64; x64) AppleWebKit/537.36 (KHTML, like Gecko) Chrome/91.0.4472.124 Safari/537.36"
185.215.232.196 - - [11/Sep/2026:19:50:13 +0330] "GET /wp-admin/includes/class-wp-community-events-security.php HTTP/1.1" 404 19271 "-" "Mozilla/5.0 (Windows NT 10.0; Win64; x64) AppleWebKit/537.36 (KHTML, like Gecko) Chrome/91.0.4472.124 Safari/537.36"
185.215.232.196 - - [11/Sep/2026:19:50:16 +0330] "GET /wp-includes/class-oembed-client.php HTTP/1.1" 404 19271 "-" "Mozilla/5.0 (Windows NT 10.0; Win64; x64) AppleWebKit/537.36 (KHTML, like Gecko) Chrome/91.0.4472.124 Safari/537.36"
185.215.232.196 - - [11/Sep/2026:19:50:22 +0330] "GET /images/zerox.php HTTP/1.1" 404 19271 "-" "Mozilla/5.0 (Windows NT 10.0; Win64; x64) AppleWebKit/537.36 (KHTML, like Gecko) Chrome/91.0.4472.124 Safari/537.36"
185.215.232.196 - - [11/Sep/2026:19:50:32 +0330] "GET /.well-known/iczxujjyvw.php HTTP/1.1" 404 19271 "-" "Mozilla/5.0 (Windows NT 10.0; Win64; x64) AppleWebKit/537.36 (KHTML, like Gecko) Chrome/91.0.4472.124 Safari/537.36"
185.215.232.196 - - [11/Sep/2026:19:50:34 +0330] "GET /wp-content/uploads/class-wp-cache_00211035.php HTTP/1.1" 404 19271 "-" "Mozilla/5.0 (Windows NT 10.0; Win64; x64) AppleWebKit/537.36 (KHTML, like Gecko) Chrome/91.0.4472.124 Safari/537.36"
185.215.232.196 - - [11/Sep/2026:19:50:38 +0330] "GET /wp-content/uploads/class-wp-cache_00211035.php HTTP/1.1" 404 19271 "-" "Mozilla/5.0 (Windows NT 10.0; Win64; x64) AppleWebKit/537.36 (KHTML, like Gecko) Chrome/91.0.4472.124 Safari/537.36"
185.215.232.196 - - [11/Sep/2026:19:50:40 +0330] "GET /uploads/5_n.php HTTP/1.1" 404 19271 "-" "Mozilla/5.0 (Windows NT 10.0; Win64; x64) AppleWebKit/537.36 (KHTML, like Gecko) Chrome/91.0.4472.124 Safari/537.36"
185.215.232.196 - - [11/Sep/2026:19:50:44 +0330] "GET /uploads/5_n.php HTTP/1.1" 404 19271 "-" "Mozilla/5.0 (Windows NT 10.0; Win64; x64) AppleWebKit/537.36 (KHTML, like Gecko) Chrome/91.0.4472.124 Safari/537.36"
185.215.232.196 - - [11/Sep/2026:19:50:46 +0330] "GET /wp-content/languages/fTgnKUi.php HTTP/1.1" 404 19271 "-" "Mozilla/5.0 (Windows NT 10.0; Win64; x64) AppleWebKit/537.36 (KHTML, like Gecko) Chrome/91.0.4472.124 Safari/537.36"
185.215.232.196 - - [11/Sep/2026:19:50:52 +0330] "GET /wp-includes/ID3/Auth.php HTTP/1.1" 404 19271 "-" "Mozilla/5.0 (Windows NT 10.0; Win64; x64) AppleWebKit/537.36 (KHTML, like Gecko) Chrome/91.0.4472.124 Safari/537.36"
185.215.232.196 - - [11/Sep/2026:19:51:07 +0330] "GET /wp-content/uploads/class-wp-block_5757e640.php HTTP/1.1" 404 19271 "-" "Mozilla/5.0 (Windows NT 10.0; Win64; x64) AppleWebKit/537.36 (KHTML, like Gecko) Chrome/91.0.4472.124 Safari/537.36"
185.215.232.196 - - [11/Sep/2026:19:51:14 +0330] "GET /images/setting.php HTTP/1.1" 404 19271 "-" "Mozilla/5.0 (Windows NT 10.0; Win64; x64) AppleWebKit/537.36 (KHTML, like Gecko) Chrome/91.0.4472.124 Safari/537.36"
185.215.232.196 - - [11/Sep/2026:19:51:19 +0330] "GET /wp-content/uploads/class-wp-block_3c989dcd.php HTTP/1.1" 404 19271 "-" "Mozilla/5.0 (Windows NT 10.0; Win64; x64) AppleWebKit/537.36 (KHTML, like Gecko) Chrome/91.0.4472.124 Safari/537.36"
185.215.232.196 - - [11/Sep/2026:19:51:23 +0330] "GET /wp-content/upgrade/wp-links-opml.php HTTP/1.1" 404 19271 "-" "Mozilla/5.0 (Windows NT 10.0; Win64; x64) AppleWebKit/537.36 (KHTML, like Gecko) Chrome/91.0.4472.124 Safari/537.36"
185.215.232.196 - - [11/Sep/2026:19:51:26 +0330] "GET /wp-content/upgrade/wp-links-opml.php HTTP/1.1" 404 19271 "-" "Mozilla/5.0 (Windows NT 10.0; Win64; x64) AppleWebKit/537.36 (KHTML, like Gecko) Chrome/91.0.4472.124 Safari/537.36"
185.215.232.196 - - [11/Sep/2026:19:51:32 +0330] "GET /wp-content/upgrade/buy.php HTTP/1.1" 404 19271 "-" "Mozilla/5.0 (Windows NT 10.0; Win64; x64) AppleWebKit/537.36 (KHTML, like Gecko) Chrome/91.0.4472.124 Safari/537.36"
185.215.232.196 - - [11/Sep/2026:19:51:35 +0330] "GET /wp-content/uploads/class-wp-block_9233a301.php HTTP/1.1" 404 19271 "-" "Mozilla/5.0 (Windows NT 10.0; Win64; x64) AppleWebKit/537.36 (KHTML, like Gecko) Chrome/91.0.4472.124 Safari/537.36"
185.215.232.196 - - [11/Sep/2026:19:51:38 +0330] "GET /wp-content/uploads/class-wp-block_9233a301.php HTTP/1.1" 404 19271 "-" "Mozilla/5.0 (Windows NT 10.0; Win64; x64) AppleWebKit/537.36 (KHTML, like Gecko) Chrome/91.0.4472.124 Safari/537.36"
185.215.232.196 - - [11/Sep/2026:19:51:41 +0330] "GET /wp-content/uploads/media-y7ux9h.php HTTP/1.1" 404 19271 "-" "Mozilla/5.0 (Windows NT 10.0; Win64; x64) AppleWebKit/537.36 (KHTML, like Gecko) Chrome/91.0.4472.124 Safari/537.36"
185.215.232.196 - - [11/Sep/2026:19:51:47 +0330] "GET /wp-admin/css/aAXtoJohc.php HTTP/1.1" 404 19271 "-" "Mozilla/5.0 (Windows NT 10.0; Win64; x64) AppleWebKit/537.36 (KHTML, like Gecko) Chrome/91.0.4472.124 Safari/537.36"
185.215.232.196 - - [11/Sep/2026:19:50:28 +0330] "GET /.well-known/iczxujjyvw.php HTTP/1.1" 404 19271 "-" "Mozilla/5.0 (Windows NT 10.0; Win64; x64) AppleWebKit/537.36 (KHTML, like Gecko) Chrome/91.0.4472.124 Safari/537.36"
94.101.182.4 - - [11/Sep/2026:19:50:51 +0330] "POST /wp-cron.php?doing_wp_cron=1789143651.2547481060028076171875 HTTP/1.1" 200 20 "-" "WordPress/7.1; https://doctoremon.ir"
185.215.232.196 - - [11/Sep/2026:19:50:49 +0330] "GET /wp-content/languages/fTgnKUi.php HTTP/1.1" 404 19271 "-" "Mozilla/5.0 (Windows NT 10.0; Win64; x64) AppleWebKit/537.36 (KHTML, like Gecko) Chrome/91.0.4472.124 Safari/537.36"
185.215.232.196 - - [11/Sep/2026:19:50:55 +0330] "GET /wp-includes/ID3/Auth.php HTTP/1.1" 404 19271 "-" "Mozilla/5.0 (Windows NT 10.0; Win64; x64) AppleWebKit/537.36 (KHTML, like Gecko) Chrome/91.0.4472.124 Safari/537.36"
185.215.232.196 - - [11/Sep/2026:19:50:58 +0330] "GET /.well-known/empuutra.php HTTP/1.1" 404 19271 "-" "Mozilla/5.0 (Windows NT 10.0; Win64; x64) AppleWebKit/537.36 (KHTML, like Gecko) Chrome/91.0.4472.124 Safari/537.36"
185.215.232.196 - - [11/Sep/2026:19:51:01 +0330] "GET /.well-known/empuutra.php HTTP/1.1" 404 19271 "-" "Mozilla/5.0 (Windows NT 10.0; Win64; x64) AppleWebKit/537.36 (KHTML, like Gecko) Chrome/91.0.4472.124 Safari/537.36"
94.101.182.4 - - [11/Sep/2026:19:51:06 +0330] "POST /wp-cron.php?doing_wp_cron=1789143666.6170799732208251953125 HTTP/1.1" 200 20 "-" "WordPress/7.1; https://doctoremon.ir"
185.215.232.196 - - [11/Sep/2026:19:51:04 +0330] "GET /wp-content/uploads/class-wp-block_5757e640.php HTTP/1.1" 404 19271 "-" "Mozilla/5.0 (Windows NT 10.0; Win64; x64) AppleWebKit/537.36 (KHTML, like Gecko) Chrome/91.0.4472.124 Safari/537.36"
185.215.232.196 - - [11/Sep/2026:19:51:10 +0330] "GET /images/setting.php HTTP/1.1" 404 19271 "-" "Mozilla/5.0 (Windows NT 10.0; Win64; x64) AppleWebKit/537.36 (KHTML, like Gecko) Chrome/91.0.4472.124 Safari/537.36"
185.215.232.196 - - [11/Sep/2026:19:51:16 +0330] "GET /wp-content/uploads/class-wp-block_3c989dcd.php HTTP/1.1" 404 19271 "-" "Mozilla/5.0 (Windows NT 10.0; Win64; x64) AppleWebKit/537.36 (KHTML, like Gecko) Chrome/91.0.4472.124 Safari/537.36"
185.215.232.196 - - [11/Sep/2026:19:51:29 +0330] "GET /wp-content/upgrade/buy.php HTTP/1.1" 404 19271 "-" "Mozilla/5.0 (Windows NT 10.0; Win64; x64) AppleWebKit/537.36 (KHTML, like Gecko) Chrome/91.0.4472.124 Safari/537.36"
185.215.232.196 - - [11/Sep/2026:19:51:44 +0330] "GET /wp-content/uploads/media-y7ux9h.php HTTP/1.1" 404 19271 "-" "Mozilla/5.0 (Windows NT 10.0; Win64; x64) AppleWebKit/537.36 (KHTML, like Gecko) Chrome/91.0.4472.124 Safari/537.36"
185.215.232.196 - - [11/Sep/2026:19:51:50 +0330] "GET /wp-admin/css/aAXtoJohc.php HTTP/1.1" 404 19271 "-" "Mozilla/5.0 (Windows NT 10.0; Win64; x64) AppleWebKit/537.36 (KHTML, like Gecko) Chrome/91.0.4472.124 Safari/537.36"
185.215.232.196 - - [11/Sep/2026:19:51:56 +0330] "GET /wp-admin/css/1.php HTTP/1.1" 404 19271 "-" "Mozilla/5.0 (Windows NT 10.0; Win64; x64) AppleWebKit/537.36 (KHTML, like Gecko) Chrome/91.0.4472.124 Safari/537.36"
185.215.232.196 - - [11/Sep/2026:19:52:01 +0330] "GET /wp-admin/js/blue.php HTTP/1.1" 404 19271 "-" "Mozilla/5.0 (Windows NT 10.0; Win64; x64) AppleWebKit/537.36 (KHTML, like Gecko) Chrome/91.0.4472.124 Safari/537.36"
94.101.182.4 - - [11/Sep/2026:19:52:06 +0330] "POST /wp-cron.php?doing_wp_cron=1789143726.2606539726257324218750 HTTP/1.1" 200 20 "-" "WordPress/7.1; https://doctoremon.ir"
185.215.232.196 - - [11/Sep/2026:19:52:07 +0330] "GET /wp-includes/wp-sclouds.php HTTP/1.1" 404 19271 "-" "Mozilla/5.0 (Windows NT 10.0; Win64; x64) AppleWebKit/537.36 (KHTML, like Gecko) Chrome/91.0.4472.124 Safari/537.36"
185.215.232.196 - - [11/Sep/2026:19:52:10 +0330] "GET /wp-admin/images/azssfcmn.php HTTP/1.1" 404 19271 "-" "Mozilla/5.0 (Windows NT 10.0; Win64; x64) AppleWebKit/537.36 (KHTML, like Gecko) Chrome/91.0.4472.124 Safari/537.36"
185.215.232.196 - - [11/Sep/2026:19:52:13 +0330] "GET /wp-admin/images/azssfcmn.php HTTP/1.1" 404 19271 "-" "Mozilla/5.0 (Windows NT 10.0; Win64; x64) AppleWebKit/537.36 (KHTML, like Gecko) Chrome/91.0.4472.124 Safari/537.36"
185.215.232.196 - - [11/Sep/2026:19:52:20 +0330] "GET /wp-admin/css/rSdIMN.php HTTP/1.1" 404 19271 "-" "Mozilla/5.0 (Windows NT 10.0; Win64; x64) AppleWebKit/537.36 (KHTML, like Gecko) Chrome/91.0.4472.124 Safari/537.36"
185.215.232.196 - - [11/Sep/2026:19:52:22 +0330] "GET /wp-content/uploads/class-wp-cache_46250f4e.php HTTP/1.1" 404 19271 "-" "Mozilla/5.0 (Windows NT 10.0; Win64; x64) AppleWebKit/537.36 (KHTML, like Gecko) Chrome/91.0.4472.124 Safari/537.36"
185.215.232.196 - - [11/Sep/2026:19:52:28 +0330] "GET /images/pembayaranpimp.php HTTP/1.1" 404 19271 "-" "Mozilla/5.0 (Windows NT 10.0; Win64; x64) AppleWebKit/537.36 (KHTML, like Gecko) Chrome/91.0.4472.124 Safari/537.36"
185.215.232.196 - - [11/Sep/2026:19:52:31 +0330] "GET /images/pembayaranpimp.php HTTP/1.1" 404 19271 "-" "Mozilla/5.0 (Windows NT 10.0; Win64; x64) AppleWebKit/537.36 (KHTML, like Gecko) Chrome/91.0.4472.124 Safari/537.36"
185.215.232.196 - - [11/Sep/2026:19:52:35 +0330] "GET /wp-content/uploads/wp-settings.php HTTP/1.1" 404 19271 "-" "Mozilla/5.0 (Windows NT 10.0; Win64; x64) AppleWebKit/537.36 (KHTML, like Gecko) Chrome/91.0.4472.124 Safari/537.36"
185.215.232.196 - - [11/Sep/2026:19:52:40 +0330] "GET /wp-includes/images/media/archive.php HTTP/1.1" 404 19271 "-" "Mozilla/5.0 (Windows NT 10.0; Win64; x64) AppleWebKit/537.36 (KHTML, like Gecko) Chrome/91.0.4472.124 Safari/537.36"
185.215.232.196 - - [11/Sep/2026:19:52:47 +0330] "GET /wp-includes/IXR/hy.php HTTP/1.1" 404 19271 "-" "Mozilla/5.0 (Windows NT 10.0; Win64; x64) AppleWebKit/537.36 (KHTML, like Gecko) Chrome/91.0.4472.124 Safari/537.36"
94.101.182.4 - - [11/Sep/2026:19:52:51 +0330] "POST /wp-cron.php?doing_wp_cron=1789143771.6927320957183837890625 HTTP/1.1" 200 20 "-" "WordPress/7.1; https://doctoremon.ir"
185.215.232.196 - - [11/Sep/2026:19:52:52 +0330] "GET /wp-content/languages/lf.php HTTP/1.1" 404 19271 "-" "Mozilla/5.0 (Windows NT 10.0; Win64; x64) AppleWebKit/537.36 (KHTML, like Gecko) Chrome/91.0.4472.124 Safari/537.36"
185.215.232.196 - - [11/Sep/2026:19:52:58 +0330] "GET /images/img.php HTTP/1.1" 404 19271 "-" "Mozilla/5.0 (Windows NT 10.0; Win64; x64) AppleWebKit/537.36 (KHTML, like Gecko) Chrome/91.0.4472.124 Safari/537.36"
94.101.182.4 - - [11/Sep/2026:19:53:04 +0330] "POST /wp-cron.php?doing_wp_cron=1789143784.0075829029083251953125 HTTP/1.1" 200 20 "-" "WordPress/7.1; https://doctoremon.ir"
185.215.232.196 - - [11/Sep/2026:19:53:08 +0330] "GET /wp-includes/images/crystal/b40953.php HTTP/1.1" 404 19271 "-" "Mozilla/5.0 (Windows NT 10.0; Win64; x64) AppleWebKit/537.36 (KHTML, like Gecko) Chrome/91.0.4472.124 Safari/537.36"
185.215.232.196 - - [11/Sep/2026:19:53:11 +0330] "GET /wp-content/uploads/class-wp-cache_2afaa9d8.php HTTP/1.1" 404 19271 "-" "Mozilla/5.0 (Windows NT 10.0; Win64; x64) AppleWebKit/537.36 (KHTML, like Gecko) Chrome/91.0.4472.124 Safari/537.36"
185.215.232.196 - - [11/Sep/2026:19:53:23 +0330] "GET /wp-admin/maint/vWCDOwJx.php HTTP/1.1" 404 19271 "-" "Mozilla/5.0 (Windows NT 10.0; Win64; x64) AppleWebKit/537.36 (KHTML, like Gecko) Chrome/91.0.4472.124 Safari/537.36"
185.215.232.196 - - [11/Sep/2026:19:53:32 +0330] "GET /wp-includes/fonts/class-wp-font-metrics-cache.php HTTP/1.1" 404 19271 "-" "Mozilla/5.0 (Windows NT 10.0; Win64; x64) AppleWebKit/537.36 (KHTML, like Gecko) Chrome/91.0.4472.124 Safari/537.36"
185.215.232.196 - - [11/Sep/2026:19:53:34 +0330] "GET /wp-content/uploads/class-wp-block_8a9c1993.php HTTP/1.1" 404 19271 "-" "Mozilla/5.0 (Windows NT 10.0; Win64; x64) AppleWebKit/537.36 (KHTML, like Gecko) Chrome/91.0.4472.124 Safari/537.36"
185.215.232.196 - - [11/Sep/2026:19:53:40 +0330] "GET /uploads/upload.php HTTP/1.1" 404 19271 "-" "Mozilla/5.0 (Windows NT 10.0; Win64; x64) AppleWebKit/537.36 (KHTML, like Gecko) Chrome/91.0.4472.124 Safari/537.36"
94.101.182.4 - - [11/Sep/2026:19:51:51 +0330] "POST /wp-cron.php?doing_wp_cron=1789143711.9036691188812255859375 HTTP/1.1" 200 20 "-" "WordPress/7.1; https://doctoremon.ir"
185.215.232.196 - - [11/Sep/2026:19:51:52 +0330] "GET /wp-admin/css/1.php HTTP/1.1" 404 19271 "-" "Mozilla/5.0 (Windows NT 10.0; Win64; x64) AppleWebKit/537.36 (KHTML, like Gecko) Chrome/91.0.4472.124 Safari/537.36"
185.215.232.196 - - [11/Sep/2026:19:51:58 +0330] "GET /wp-admin/js/blue.php HTTP/1.1" 404 19271 "-" "Mozilla/5.0 (Windows NT 10.0; Win64; x64) AppleWebKit/537.36 (KHTML, like Gecko) Chrome/91.0.4472.124 Safari/537.36"
185.215.232.196 - - [11/Sep/2026:19:52:04 +0330] "GET /wp-includes/wp-sclouds.php HTTP/1.1" 404 19271 "-" "Mozilla/5.0 (Windows NT 10.0; Win64; x64) AppleWebKit/537.36 (KHTML, like Gecko) Chrome/91.0.4472.124 Safari/537.36"
185.215.232.196 - - [11/Sep/2026:19:52:16 +0330] "GET /wp-admin/css/rSdIMN.php HTTP/1.1" 404 19271 "-" "Mozilla/5.0 (Windows NT 10.0; Win64; x64) AppleWebKit/537.36 (KHTML, like Gecko) Chrome/91.0.4472.124 Safari/537.36"
185.215.232.196 - - [11/Sep/2026:19:52:25 +0330] "GET /wp-content/uploads/class-wp-cache_46250f4e.php HTTP/1.1" 404 19271 "-" "Mozilla/5.0 (Windows NT 10.0; Win64; x64) AppleWebKit/537.36 (KHTML, like Gecko) Chrome/91.0.4472.124 Safari/537.36"
185.215.232.196 - - [11/Sep/2026:19:52:38 +0330] "GET /wp-content/uploads/wp-settings.php HTTP/1.1" 404 19271 "-" "Mozilla/5.0 (Windows NT 10.0; Win64; x64) AppleWebKit/537.36 (KHTML, like Gecko) Chrome/91.0.4472.124 Safari/537.36"
185.215.232.196 - - [11/Sep/2026:19:52:44 +0330] "GET /wp-includes/images/media/archive.php HTTP/1.1" 404 19271 "-" "Mozilla/5.0 (Windows NT 10.0; Win64; x64) AppleWebKit/537.36 (KHTML, like Gecko) Chrome/91.0.4472.124 Safari/537.36"
185.215.232.196 - - [11/Sep/2026:19:52:50 +0330] "GET /wp-includes/IXR/hy.php HTTP/1.1" 404 19271 "-" "Mozilla/5.0 (Windows NT 10.0; Win64; x64) AppleWebKit/537.36 (KHTML, like Gecko) Chrome/91.0.4472.124 Safari/537.36"
185.215.232.196 - - [11/Sep/2026:19:52:56 +0330] "GET /wp-content/languages/lf.php HTTP/1.1" 404 19271 "-" "Mozilla/5.0 (Windows NT 10.0; Win64; x64) AppleWebKit/537.36 (KHTML, like Gecko) Chrome/91.0.4472.124 Safari/537.36"
185.215.232.196 - - [11/Sep/2026:19:53:02 +0330] "GET /images/img.php HTTP/1.1" 404 19271 "-" "Mozilla/5.0 (Windows NT 10.0; Win64; x64) AppleWebKit/537.36 (KHTML, like Gecko) Chrome/91.0.4472.124 Safari/537.36"
185.215.232.196 - - [11/Sep/2026:19:53:05 +0330] "GET /wp-includes/images/crystal/b40953.php HTTP/1.1" 404 19271 "-" "Mozilla/5.0 (Windows NT 10.0; Win64; x64) AppleWebKit/537.36 (KHTML, like Gecko) Chrome/91.0.4472.124 Safari/537.36"
185.215.232.196 - - [11/Sep/2026:19:53:15 +0330] "GET /wp-content/uploads/class-wp-cache_2afaa9d8.php HTTP/1.1" 404 19271 "-" "Mozilla/5.0 (Windows NT 10.0; Win64; x64) AppleWebKit/537.36 (KHTML, like Gecko) Chrome/91.0.4472.124 Safari/537.36"
185.215.232.196 - - [11/Sep/2026:19:53:17 +0330] "GET /wp-admin/includes/media.php.INFECTED.php HTTP/1.1" 404 19271 "-" "Mozilla/5.0 (Windows NT 10.0; Win64; x64) AppleWebKit/537.36 (KHTML, like Gecko) Chrome/91.0.4472.124 Safari/537.36"
185.215.232.196 - - [11/Sep/2026:19:53:21 +0330] "GET /wp-admin/includes/media.php.INFECTED.php HTTP/1.1" 404 19271 "-" "Mozilla/5.0 (Windows NT 10.0; Win64; x64) AppleWebKit/537.36 (KHTML, like Gecko) Chrome/91.0.4472.124 Safari/537.36"
185.215.232.196 - - [11/Sep/2026:19:53:26 +0330] "GET /wp-admin/maint/vWCDOwJx.php HTTP/1.1" 404 19271 "-" "Mozilla/5.0 (Windows NT 10.0; Win64; x64) AppleWebKit/537.36 (KHTML, like Gecko) Chrome/91.0.4472.124 Safari/537.36"
185.215.232.196 - - [11/Sep/2026:19:53:29 +0330] "GET /wp-includes/fonts/class-wp-font-metrics-cache.php HTTP/1.1" 404 19271 "-" "Mozilla/5.0 (Windows NT 10.0; Win64; x64) AppleWebKit/537.36 (KHTML, like Gecko) Chrome/91.0.4472.124 Safari/537.36"
185.215.232.196 - - [11/Sep/2026:19:53:37 +0330] "GET /wp-content/uploads/class-wp-block_8a9c1993.php HTTP/1.1" 404 19271 "-" "Mozilla/5.0 (Windows NT 10.0; Win64; x64) AppleWebKit/537.36 (KHTML, like Gecko) Chrome/91.0.4472.124 Safari/537.36"
185.215.232.196 - - [11/Sep/2026:19:53:43 +0330] "GET /uploads/upload.php HTTP/1.1" 404 19271 "-" "Mozilla/5.0 (Windows NT 10.0; Win64; x64) AppleWebKit/537.36 (KHTML, like Gecko) Chrome/91.0.4472.124 Safari/537.36"
185.215.232.196 - - [11/Sep/2026:19:53:49 +0330] "GET /wp-content/uploads/BDKR28_0bxv2mb7.php HTTP/1.1" 404 19271 "-" "Mozilla/5.0 (Windows NT 10.0; Win64; x64) AppleWebKit/537.36 (KHTML, like Gecko) Chrome/91.0.4472.124 Safari/537.36"
94.101.182.4 - - [11/Sep/2026:19:53:56 +0330] "POST /wp-cron.php?doing_wp_cron=1789143836.6914730072021484375000 HTTP/1.1" 200 20 "-" "WordPress/7.1; https://doctoremon.ir"
185.215.232.196 - - [11/Sep/2026:19:54:09 +0330] "GET /wp-content/uploads/class-wp-block_1d556a31.php HTTP/1.1" 404 19271 "-" "Mozilla/5.0 (Windows NT 10.0; Win64; x64) AppleWebKit/537.36 (KHTML, like Gecko) Chrome/91.0.4472.124 Safari/537.36"
185.215.232.196 - - [11/Sep/2026:19:54:12 +0330] "GET /wp-content/uploads/class-wp-block_1d556a31.php HTTP/1.1" 404 19271 "-" "Mozilla/5.0 (Windows NT 10.0; Win64; x64) AppleWebKit/537.36 (KHTML, like Gecko) Chrome/91.0.4472.124 Safari/537.36"
185.215.232.196 - - [11/Sep/2026:19:54:21 +0330] "GET /wp-content/uploads/class-wp-block_7c212b19.php HTTP/1.1" 404 19271 "-" "Mozilla/5.0 (Windows NT 10.0; Win64; x64) AppleWebKit/537.36 (KHTML, like Gecko) Chrome/91.0.4472.124 Safari/537.36"
185.215.232.196 - - [11/Sep/2026:19:54:24 +0330] "GET /wp-content/uploads/class-wp-block_7c212b19.php HTTP/1.1" 404 19271 "-" "Mozilla/5.0 (Windows NT 10.0; Win64; x64) AppleWebKit/537.36 (KHTML, like Gecko) Chrome/91.0.4472.124 Safari/537.36"
185.215.232.196 - - [11/Sep/2026:19:54:30 +0330] "GET /wp-admin/css/colors/eTGPVcXfef.php HTTP/1.1" 404 19271 "-" "Mozilla/5.0 (Windows NT 10.0; Win64; x64) AppleWebKit/537.36 (KHTML, like Gecko) Chrome/91.0.4472.124 Safari/537.36"
185.215.232.196 - - [11/Sep/2026:19:54:39 +0330] "GET /wp-admin/css/colors/midnight/vinzz-class.php HTTP/1.1" 404 19271 "-" "Mozilla/5.0 (Windows NT 10.0; Win64; x64) AppleWebKit/537.36 (KHTML, like Gecko) Chrome/91.0.4472.124 Safari/537.36"
185.215.232.196 - - [11/Sep/2026:19:54:42 +0330] "GET /wp-admin/css/colors/midnight/vinzz-class.php HTTP/1.1" 404 19271 "-" "Mozilla/5.0 (Windows NT 10.0; Win64; x64) AppleWebKit/537.36 (KHTML, like Gecko) Chrome/91.0.4472.124 Safari/537.36"
185.215.232.196 - - [11/Sep/2026:19:54:45 +0330] "GET /wp-content/languages/admin-id_ID.l10n.php HTTP/1.1" 404 19271 "-" "Mozilla/5.0 (Windows NT 10.0; Win64; x64) AppleWebKit/537.36 (KHTML, like Gecko) Chrome/91.0.4472.124 Safari/537.36"
94.101.182.4 - - [11/Sep/2026:19:54:49 +0330] "POST /wp-cron.php?doing_wp_cron=1789143889.8886580467224121093750 HTTP/1.1" 200 20 "-" "WordPress/7.1; https://doctoremon.ir"
185.215.232.196 - - [11/Sep/2026:19:54:48 +0330] "GET /wp-content/languages/admin-id_ID.l10n.php HTTP/1.1" 404 19271 "-" "Mozilla/5.0 (Windows NT 10.0; Win64; x64) AppleWebKit/537.36 (KHTML, like Gecko) Chrome/91.0.4472.124 Safari/537.36"
185.215.232.196 - - [11/Sep/2026:19:54:51 +0330] "GET /wp-content/languages/continents-cities-id_ID.php HTTP/1.1" 404 19271 "-" "Mozilla/5.0 (Windows NT 10.0; Win64; x64) AppleWebKit/537.36 (KHTML, like Gecko) Chrome/91.0.4472.124 Safari/537.36"
185.215.232.196 - - [11/Sep/2026:19:54:53 +0330] "GET /wp-content/languages/continents-cities-id_ID.php HTTP/1.1" 404 19271 "-" "Mozilla/5.0 (Windows NT 10.0; Win64; x64) AppleWebKit/537.36 (KHTML, like Gecko) Chrome/91.0.4472.124 Safari/537.36"
185.215.232.196 - - [11/Sep/2026:19:54:59 +0330] "GET /uploads/test_upload.php HTTP/1.1" 404 19271 "-" "Mozilla/5.0 (Windows NT 10.0; Win64; x64) AppleWebKit/537.36 (KHTML, like Gecko) Chrome/91.0.4472.124 Safari/537.36"
185.215.232.196 - - [11/Sep/2026:19:55:06 +0330] "GET /images/css_9d9nLKEY.php HTTP/1.1" 404 19271 "-" "Mozilla/5.0 (Windows NT 10.0; Win64; x64) AppleWebKit/537.36 (KHTML, like Gecko) Chrome/91.0.4472.124 Safari/537.36"
94.101.182.4 - - [11/Sep/2026:19:53:48 +0330] "POST /wp-cron.php?doing_wp_cron=1789143828.0186040401458740234375 HTTP/1.1" 200 20 "-" "WordPress/7.1; https://doctoremon.ir"
185.215.232.196 - - [11/Sep/2026:19:53:46 +0330] "GET /wp-content/uploads/BDKR28_0bxv2mb7.php HTTP/1.1" 404 19271 "-" "Mozilla/5.0 (Windows NT 10.0; Win64; x64) AppleWebKit/537.36 (KHTML, like Gecko) Chrome/91.0.4472.124 Safari/537.36"
185.215.232.196 - - [11/Sep/2026:19:53:52 +0330] "GET /images/77.php HTTP/1.1" 404 19271 "-" "Mozilla/5.0 (Windows NT 10.0; Win64; x64) AppleWebKit/537.36 (KHTML, like Gecko) Chrome/91.0.4472.124 Safari/537.36"
185.215.232.196 - - [11/Sep/2026:19:53:54 +0330] "GET /images/77.php HTTP/1.1" 404 19271 "-" "Mozilla/5.0 (Windows NT 10.0; Win64; x64) AppleWebKit/537.36 (KHTML, like Gecko) Chrome/91.0.4472.124 Safari/537.36"
185.215.232.196 - - [11/Sep/2026:19:53:57 +0330] "GET /images/product_image_5d938daaa3cd2.php HTTP/1.1" 404 19271 "-" "Mozilla/5.0 (Windows NT 10.0; Win64; x64) AppleWebKit/537.36 (KHTML, like Gecko) Chrome/91.0.4472.124 Safari/537.36"
185.215.232.196 - - [11/Sep/2026:19:54:00 +0330] "GET /images/product_image_5d938daaa3cd2.php HTTP/1.1" 404 19271 "-" "Mozilla/5.0 (Windows NT 10.0; Win64; x64) AppleWebKit/537.36 (KHTML, like Gecko) Chrome/91.0.4472.124 Safari/537.36"
94.101.182.4 - - [11/Sep/2026:19:54:05 +0330] "POST /wp-cron.php?doing_wp_cron=1789143844.9973390102386474609375 HTTP/1.1" 200 20 "-" "WordPress/7.1; https://doctoremon.ir"
185.215.232.196 - - [11/Sep/2026:19:54:03 +0330] "GET /wp-admin/maint/wp_pl6ucq.php HTTP/1.1" 404 19271 "-" "Mozilla/5.0 (Windows NT 10.0; Win64; x64) AppleWebKit/537.36 (KHTML, like Gecko) Chrome/91.0.4472.124 Safari/537.36"
185.215.232.196 - - [11/Sep/2026:19:54:06 +0330] "GET /wp-admin/maint/wp_pl6ucq.php HTTP/1.1" 404 19271 "-" "Mozilla/5.0 (Windows NT 10.0; Win64; x64) AppleWebKit/537.36 (KHTML, like Gecko) Chrome/91.0.4472.124 Safari/537.36"
185.215.232.196 - - [11/Sep/2026:19:54:15 +0330] "GET /wp-content/uploads/2019-branch.php HTTP/1.1" 404 19271 "-" "Mozilla/5.0 (Windows NT 10.0; Win64; x64) AppleWebKit/537.36 (KHTML, like Gecko) Chrome/91.0.4472.124 Safari/537.36"
185.215.232.196 - - [11/Sep/2026:19:54:18 +0330] "GET /wp-content/uploads/2019-branch.php HTTP/1.1" 404 19271 "-" "Mozilla/5.0 (Windows NT 10.0; Win64; x64) AppleWebKit/537.36 (KHTML, like Gecko) Chrome/91.0.4472.124 Safari/537.36"
185.215.232.196 - - [11/Sep/2026:19:54:27 +0330] "GET /wp-admin/css/colors/eTGPVcXfef.php HTTP/1.1" 404 19271 "-" "Mozilla/5.0 (Windows NT 10.0; Win64; x64) AppleWebKit/537.36 (KHTML, like Gecko) Chrome/91.0.4472.124 Safari/537.36"
185.215.232.196 - - [11/Sep/2026:19:54:33 +0330] "GET /wp-includes/c.php HTTP/1.1" 404 19271 "-" "Mozilla/5.0 (Windows NT 10.0; Win64; x64) AppleWebKit/537.36 (KHTML, like Gecko) Chrome/91.0.4472.124 Safari/537.36"
185.215.232.196 - - [11/Sep/2026:19:54:36 +0330] "GET /wp-includes/c.php HTTP/1.1" 404 19271 "-" "Mozilla/5.0 (Windows NT 10.0; Win64; x64) AppleWebKit/537.36 (KHTML, like Gecko) Chrome/91.0.4472.124 Safari/537.36"
185.215.232.196 - - [11/Sep/2026:19:54:56 +0330] "GET /uploads/test_upload.php HTTP/1.1" 404 19271 "-" "Mozilla/5.0 (Windows NT 10.0; Win64; x64) AppleWebKit/537.36 (KHTML, like Gecko) Chrome/91.0.4472.124 Safari/537.36"
94.101.182.4 - - [11/Sep/2026:19:55:04 +0330] "POST /wp-cron.php?doing_wp_cron=1789143904.5547850131988525390625 HTTP/1.1" 200 20 "-" "WordPress/7.1; https://doctoremon.ir"
185.215.232.196 - - [11/Sep/2026:19:55:02 +0330] "GET /images/css_9d9nLKEY.php HTTP/1.1" 404 19271 "-" "Mozilla/5.0 (Windows NT 10.0; Win64; x64) AppleWebKit/537.36 (KHTML, like Gecko) Chrome/91.0.4472.124 Safari/537.36"
185.215.232.195 - - [11/Sep/2026:20:08:17 +0330] "GET /robots.txt HTTP/1.1" 200 28 "https://www.doctoremon.ir/robots.txt" "Mozilla/5.0 AppleWebKit/537.36 (KHTML, like Gecko; compatible; ClaudeBot/1.0; +claudebot@anthropic.com)"
185.215.232.194 - - [11/Sep/2026:20:55:29 +0330] "GET /robots.txt HTTP/1.1" 200 28 "-" "Mozilla/5.0 (Macintosh; Intel Mac OS X 10_15_7) AppleWebKit/537.36 (KHTML, like Gecko) Chrome/131.0.0.0 Safari/537.36; compatible; OAI-SearchBot/1.0; +https://openai.com/searchbot"
185.215.232.196 - - [11/Sep/2026:20:57:49 +0330] "GET / HTTP/1.1" 200 44584 "-" "Mozilla/5.0 (Windows NT 10.0; Win64; x64) AppleWebKit/537.36"
94.101.182.4 - - [11/Sep/2026:21:09:06 +0330] "GET /.well-known/acme-challenge/XNUO64706P764J1WHWWM49H2PCH8Q06Z HTTP/1.1" 200 64 "-" "Cpanel-HTTP-Client/1.0"
94.101.182.4 - - [11/Sep/2026:21:09:13 +0330] "GET /.well-known/acme-challenge/3_P2G4YFLP4XOZ9VWH5U75B2C781KLXX HTTP/1.1" 200 64 "-" "Cpanel-HTTP-Client/1.0"
185.215.232.195 - - [11/Sep/2026:21:15:05 +0330] "GET /robots.txt HTTP/1.1" 200 28 "-" "Mozilla/5.0 AppleWebKit/537.36 (KHTML, like Gecko; compatible; ClaudeBot/1.0; +claudebot@anthropic.com)"
185.215.232.195 - - [11/Sep/2026:21:55:40 +0330] "GET /robots.txt HTTP/1.1" 200 28 "https://www.doctoremon.ir/robots.txt" "Mozilla/5.0 AppleWebKit/537.36 (KHTML, like Gecko; compatible; ClaudeBot/1.0; +claudebot@anthropic.com)"
185.215.232.193 - - [11/Sep/2026:22:38:29 +0330] "GET / HTTP/1.1" 200 44584 "http://doctoremon.ir/" "Mozilla/5.0 (Macintosh; Intel Mac OS X 10_15_7) AppleWebKit/537.36 (KHTML, like Gecko) Chrome/125.0.0.0 Safari/537.36"
94.101.182.5 - - [11/Sep/2026:22:45:15 +0330] "GET / HTTP/1.1" 200 44584 "-" "Mozilla/5.0 (Macintosh; Intel Mac OS X 10_15_7) AppleWebKit/605.1.15 (KHTML, like Gecko) Version/18.0.1 Safari/605.1.15"
185.215.232.195 - - [11/Sep/2026:22:57:59 +0330] "GET /robots.txt HTTP/1.1" 200 28 "-" "Mozilla/5.0 AppleWebKit/537.36 (KHTML, like Gecko; compatible; ClaudeBot/1.0; +claudebot@anthropic.com)"
185.215.232.195 - - [11/Sep/2026:23:52:31 +0330] "GET /robots.txt HTTP/1.1" 200 28 "https://www.doctoremon.ir/robots.txt" "Mozilla/5.0 AppleWebKit/537.36 (KHTML, like Gecko; compatible; ClaudeBot/1.0; +claudebot@anthropic.com)"
94.101.182.4 - - [12/Sep/2026:00:09:32 +0330] "GET /.well-known/acme-challenge/3X_PH_FA_35B-D0PF05HO7EEFAXQM_7P HTTP/1.1" 200 64 "-" "Cpanel-HTTP-Client/1.0"
94.101.182.4 - - [12/Sep/2026:00:09:43 +0330] "GET /.well-known/acme-challenge/9N5GZ-J3OAYIU2N0LDID4WYZF4NR-VP9 HTTP/1.1" 200 64 "-" "Cpanel-HTTP-Client/1.0"
185.215.232.195 - - [12/Sep/2026:00:26:39 +0330] "GET /robots.txt HTTP/1.1" 200 28 "-" "Mozilla/5.0 AppleWebKit/537.36 (KHTML, like Gecko; compatible; ClaudeBot/1.0; +claudebot@anthropic.com)"
185.215.232.194 - - [12/Sep/2026:00:53:05 +0330] "GET / HTTP/1.1" 200 262144 "-" "Mozilla/5.0 (X11; Ubuntu; Linux x86_64; rv:121.0) Gecko/20100101 Firefox/121.0"
185.215.232.194 - - [12/Sep/2026:01:00:31 +0330] "GET /feed/ HTTP/1.1" 200 529 "-" "Mozilla/5.0 (Windows NT 10.0; Win64; x64) AppleWebKit/537.36 (KHTML, like Gecko) Chrome/131.0.0.0 Safari/537.36"
185.215.232.194 - - [12/Sep/2026:01:00:33 +0330] "GET /wp-login.php HTTP/1.1" 200 3696 "-" "Mozilla/5.0 (Windows NT 10.0; Win64; x64) AppleWebKit/537.36 (KHTML, like Gecko) Chrome/131.0.0.0 Safari/537.36"
185.215.232.194 - - [12/Sep/2026:01:00:40 +0330] "GET /xmlrpc.php HTTP/1.1" 405 60 "-" "Mozilla/5.0 (Windows NT 10.0; Win64; x64) AppleWebKit/537.36 (KHTML, like Gecko) Chrome/131.0.0.0 Safari/537.36"
185.215.232.194 - - [12/Sep/2026:01:00:43 +0330] "GET /robots.txt HTTP/1.1" 200 28 "-" "Mozilla/5.0 (Windows NT 10.0; Win64; x64) AppleWebKit/537.36 (KHTML, like Gecko) Chrome/131.0.0.0 Safari/537.36"
94.101.182.4 - - [12/Sep/2026:01:00:42 +0330] "GET /wp-admin/admin-ajax.php?action=wordfence_doScan&isFork=0&scanMode=quick&cronKey=a33758dcd1d9846b40fe36eedfb959ed&signature=1182093e1ad92d07f1a40a95d5169fa2ee75556c6a6017bfd0c195c8acff212c HTTP/1.1" 200 20 "-" "WordPress/7.1; https://doctoremon.ir"
185.215.232.194 - - [12/Sep/2026:00:53:05 +0330] "GET / HTTP/1.1" 200 262144 "-" "Mozilla/5.0 (Windows NT 10.0; Win64; x64) AppleWebKit/537.36 (KHTML, like Gecko) Chrome/119.0.0.0 Safari/537.36"
185.215.232.194 - - [12/Sep/2026:01:00:30 +0330] "GET / HTTP/1.1" 200 44584 "-" "Mozilla/5.0 (Windows NT 10.0; Win64; x64) AppleWebKit/537.36 (KHTML, like Gecko) Chrome/131.0.0.0 Safari/537.36"
94.101.182.4 - - [12/Sep/2026:01:00:37 +0330] "POST /wp-cron.php?doing_wp_cron=1789162236.8403069972991943359375 HTTP/1.1" 200 20 "-" "WordPress/7.1; https://doctoremon.ir"
185.215.232.194 - - [12/Sep/2026:01:00:37 +0330] "GET /wp-json/ HTTP/1.1" 200 141086 "-" "Mozilla/5.0 (Windows NT 10.0; Win64; x64) AppleWebKit/537.36 (KHTML, like Gecko) Chrome/131.0.0.0 Safari/537.36"
94.101.182.4 - - [12/Sep/2026:01:00:39 +0330] "POST /wp-admin/admin-ajax.php?action=wordfence_testAjax HTTP/1.1" 200 32 "-" "WordPress/7.1; https://doctoremon.ir"
185.215.232.195 - - [12/Sep/2026:01:34:50 +0330] "GET / HTTP/1.1" 200 397174 "-" "wp2shell"
185.215.232.195 - - [12/Sep/2026:01:34:53 +0330] "GET /wp-json/ HTTP/1.1" 200 2622016 "-" "wp2shell"
185.215.232.195 - - [12/Sep/2026:01:34:59 +0330] "GET /?rest_route=/ HTTP/1.1" 200 2620813 "-" "wp2shell"
94.101.182.4 - - [12/Sep/2026:01:35:10 +0330] "POST /wp-cron.php?doing_wp_cron=1789164310.1618421077728271484375 HTTP/1.1" 200 20 "-" "WordPress/7.1; https://doctoremon.ir"
185.215.232.195 - - [12/Sep/2026:01:35:17 +0330] "GET / HTTP/1.1" 200 397174 "-" "wp2shell"
94.101.182.4 - - [12/Sep/2026:01:34:58 +0330] "POST /wp-cron.php?doing_wp_cron=1789164298.4793629646301269531250 HTTP/1.1" 200 20 "-" "WordPress/7.1; https://doctoremon.ir"
185.215.232.195 - - [12/Sep/2026:01:35:05 +0330] "GET /wp-json/ HTTP/1.1" 200 2622016 "-" "wp2shell"
185.215.232.195 - - [12/Sep/2026:01:35:11 +0330] "GET /?rest_route=/ HTTP/1.1" 200 2620813 "-" "wp2shell"
185.215.232.195 - - [12/Sep/2026:01:52:03 +0330] "GET /robots.txt HTTP/1.1" 200 28 "https://www.doctoremon.ir/robots.txt" "Mozilla/5.0 AppleWebKit/537.36 (KHTML, like Gecko; compatible; ClaudeBot/1.0; +claudebot@anthropic.com)"
94.101.182.3 - - [12/Sep/2026:01:52:50 +0330] "GET / HTTP/1.1" 200 44584 "-" "Mozilla/5.0 (Windows NT 10.0; Win64; x64; rv:125.0) Gecko/20100101 Firefox/125.0"
185.215.232.195 - - [12/Sep/2026:01:56:02 +0330] "GET /robots.txt HTTP/1.1" 200 28 "-" "Mozilla/5.0 AppleWebKit/537.36 (KHTML, like Gecko; compatible; ClaudeBot/1.0; +claudebot@anthropic.com)"
185.215.232.195 - - [12/Sep/2026:02:26:11 +0330] "GET /actuator HTTP/1.1" 404 131236 "-" "Mozilla/5.0 (compatible; SecurityResearch/1.0)"
185.215.232.195 - - [12/Sep/2026:02:26:15 +0330] "GET /manage/env HTTP/1.1" 404 131236 "-" "Mozilla/5.0 (compatible; SecurityResearch/1.0)"
185.215.232.195 - - [12/Sep/2026:02:26:31 +0330] "GET /config.yml HTTP/1.1" 404 131236 "-" "Mozilla/5.0 (compatible; SecurityResearch/1.0)"
185.215.232.196 - - [12/Sep/2026:02:28:39 +0330] "GET /new/wp-admin/install.php HTTP/1.1" 403 6691 "-" "Mozilla/5.0 (Macintosh; Intel Mac OS X 10_10_1) AppleWebKit/537.36 (KHTML, like Gecko) Chrome/39.0.2171.95 Safari/537.36"
185.215.232.196 - - [12/Sep/2026:02:28:52 +0330] "GET /old/wp-admin/install.php HTTP/1.1" 403 6691 "-" "Mozilla/5.0 (Macintosh; Intel Mac OS X 10_10_1) AppleWebKit/537.36 (KHTML, like Gecko) Chrome/39.0.2171.95 Safari/537.36"
185.215.232.196 - - [12/Sep/2026:02:29:09 +0330] "GET /wordpress/wp-admin/install.php HTTP/1.1" 403 6691 "-" "Mozilla/5.0 (Macintosh; Intel Mac OS X 10_10_1) AppleWebKit/537.36 (KHTML, like Gecko) Chrome/39.0.2171.95 Safari/537.36"
185.215.232.196 - - [12/Sep/2026:02:29:21 +0330] "GET /test/wp-admin/install.php HTTP/1.1" 403 6691 "-" "Mozilla/5.0 (Macintosh; Intel Mac OS X 10_10_1) AppleWebKit/537.36 (KHTML, like Gecko) Chrome/39.0.2171.95 Safari/537.36"
185.215.232.196 - - [12/Sep/2026:02:29:25 +0330] "GET /blog/wp-admin/install.php HTTP/1.1" 403 6690 "-" "Mozilla/5.0 (Macintosh; Intel Mac OS X 10_10_1) AppleWebKit/537.36 (KHTML, like Gecko) Chrome/39.0.2171.95 Safari/537.36"
185.215.232.196 - - [12/Sep/2026:02:29:49 +0330] "GET /web/wp-admin/install.php HTTP/1.1" 403 6691 "-" "Mozilla/5.0 (Macintosh; Intel Mac OS X 10_10_1) AppleWebKit/537.36 (KHTML, like Gecko) Chrome/39.0.2171.95 Safari/537.36"
94.101.182.4 - - [12/Sep/2026:02:26:04 +0330] "POST /wp-cron.php?doing_wp_cron=1789167364.7415750026702880859375 HTTP/1.1" 200 20 "-" "WordPress/7.1; https://doctoremon.ir"
185.215.232.195 - - [12/Sep/2026:02:25:57 +0330] "GET /actuator/env HTTP/1.1" 404 131236 "-" "Mozilla/5.0 (compatible; SecurityResearch/1.0)"
185.215.232.195 - - [12/Sep/2026:02:26:02 +0330] "GET /actuator/configprops HTTP/1.1" 404 131236 "-" "Mozilla/5.0 (compatible; SecurityResearch/1.0)"
185.215.232.195 - - [12/Sep/2026:02:26:07 +0330] "GET /env HTTP/1.1" 404 131236 "-" "Mozilla/5.0 (compatible; SecurityResearch/1.0)"
185.215.232.195 - - [12/Sep/2026:02:26:19 +0330] "GET /actuator/logfile HTTP/1.1" 404 131236 "-" "Mozilla/5.0 (compatible; SecurityResearch/1.0)"
185.215.232.195 - - [12/Sep/2026:02:26:23 +0330] "GET /actuator/heapdump HTTP/1.1" 404 131236 "-" "Mozilla/5.0 (compatible; SecurityResearch/1.0)"
185.215.232.195 - - [12/Sep/2026:02:26:27 +0330] "GET /.env HTTP/1.1" 404 131236 "-" "Mozilla/5.0 (compatible; SecurityResearch/1.0)"
185.215.232.195 - - [12/Sep/2026:02:26:35 +0330] "GET /application.yml HTTP/1.1" 404 131236 "-" "Mozilla/5.0 (compatible; SecurityResearch/1.0)"
94.101.182.4 - - [12/Sep/2026:02:28:25 +0330] "POST /wp-cron.php?doing_wp_cron=1789167505.3788919448852539062500 HTTP/1.1" 200 20 "-" "WordPress/7.1; https://doctoremon.ir"
185.215.232.196 - - [12/Sep/2026:02:28:24 +0330] "GET /wp-admin/install.php HTTP/1.1" 200 646 "-" "Mozilla/5.0 (Macintosh; Intel Mac OS X 10_10_1) AppleWebKit/537.36 (KHTML, like Gecko) Chrome/39.0.2171.95 Safari/537.36"
185.215.232.196 - - [12/Sep/2026:02:28:31 +0330] "GET /wp/wp-admin/install.php HTTP/1.1" 403 6691 "-" "Mozilla/5.0 (Macintosh; Intel Mac OS X 10_10_1) AppleWebKit/537.36 (KHTML, like Gecko) Chrome/39.0.2171.95 Safari/537.36"
185.215.232.196 - - [12/Sep/2026:02:29:38 +0330] "GET /cms/wp-admin/install.php HTTP/1.1" 403 6691 "-" "Mozilla/5.0 (Macintosh; Intel Mac OS X 10_10_1) AppleWebKit/537.36 (KHTML, like Gecko) Chrome/39.0.2171.95 Safari/537.36"
185.215.232.196 - - [12/Sep/2026:02:30:04 +0330] "GET /backup/wp-admin/install.php HTTP/1.1" 403 6691 "-" "Mozilla/5.0 (Macintosh; Intel Mac OS X 10_10_1) AppleWebKit/537.36 (KHTML, like Gecko) Chrome/39.0.2171.95 Safari/537.36"
185.215.232.196 - - [12/Sep/2026:02:30:17 +0330] "GET /site/wp-admin/install.php HTTP/1.1" 403 6691 "-" "Mozilla/5.0 (Macintosh; Intel Mac OS X 10_10_1) AppleWebKit/537.36 (KHTML, like Gecko) Chrome/39.0.2171.95 Safari/537.36"
185.215.232.196 - - [12/Sep/2026:02:30:29 +0330] "GET /oldsite/wp-admin/install.php HTTP/1.1" 403 6691 "-" "Mozilla/5.0 (Macintosh; Intel Mac OS X 10_10_1) AppleWebKit/537.36 (KHTML, like Gecko) Chrome/39.0.2171.95 Safari/537.36"
185.215.232.195 - - [12/Sep/2026:02:49:23 +0330] "GET /wp-login.php HTTP/1.1" 200 3696 "-" "Mozilla/5.0 (Macintosh; Intel Mac OS X 10_15_7) AppleWebKit/605.1.15 Version/17.0 Safari/605.1.15"
185.215.232.195 - - [12/Sep/2026:02:49:39 +0330] "GET /feed HTTP/1.1" 301 20 "-" "Mozilla/5.0 (Windows NT 10.0; Win64; rv:143.0) Gecko/20100101 Firefox/143.0"
94.101.182.4 - - [12/Sep/2026:02:55:26 +0330] "POST /wp-cron.php?doing_wp_cron=1789169125.9914491176605224609375 HTTP/1.1" 200 20 "-" "WordPress/7.1; https://doctoremon.ir"
94.101.182.4 - - [12/Sep/2026:02:55:49 +0330] "POST /wp-cron.php?doing_wp_cron=1789169149.6124689579010009765625 HTTP/1.1" 200 20 "-" "WordPress/7.1; https://doctoremon.ir"
94.101.182.4 - - [12/Sep/2026:03:04:40 +0330] "POST /wp-cron.php?doing_wp_cron=1789169680.5032889842987060546875 HTTP/1.1" 200 20 "-" "WordPress/7.1; https://doctoremon.ir"
94.101.182.4 - - [12/Sep/2026:02:49:28 +0330] "POST /wp-cron.php?doing_wp_cron=1789168768.3320100307464599609375 HTTP/1.1" 200 20 "-" "WordPress/7.1; https://doctoremon.ir"
94.101.182.4 - - [12/Sep/2026:02:49:25 +0330] "POST /?wordfence_syncAttackData=1789168765.4698 HTTP/1.1" 200 20 "-" "WordPress/7.1; https://doctoremon.ir"
185.215.232.195 - - [12/Sep/2026:02:49:31 +0330] "GET /?author=1 HTTP/1.1" 404 17580 "-" "Mozilla/5.0 (Macintosh; Intel Mac OS X 10_15_7) AppleWebKit/605.1.15 Version/17.0 Safari/605.1.15"
185.215.232.195 - - [12/Sep/2026:02:49:36 +0330] "GET /?rest_route=/wp/v2/users HTTP/1.1" 401 166 "-" "Mozilla/5.0 (Windows NT 10.0; Win64; x64) AppleWebKit/537.36 Chrome/129.0.0.0 Safari/537.36"
185.215.232.195 - - [12/Sep/2026:02:49:43 +0330] "GET /feed/ HTTP/1.1" 200 529 "-" "Mozilla/5.0 (Windows NT 10.0; Win64; rv:143.0) Gecko/20100101 Firefox/143.0"
94.101.182.4 - - [12/Sep/2026:02:56:08 +0330] "POST /wp-cron.php?doing_wp_cron=1789169168.4603381156921386718750 HTTP/1.1" 200 20 "-" "WordPress/7.1; https://doctoremon.ir"
94.101.182.3 - - [12/Sep/2026:03:04:14 +0330] "GET / HTTP/1.1" 200 44584 "-" "Mozilla/5.0 (Windows NT 10.0; Win64; x64; rv:125.0) Gecko/20100101 Firefox/125.0"
94.101.182.4 - - [12/Sep/2026:03:09:26 +0330] "GET /.well-known/acme-challenge/D2_92K5QAL1IW4NE5YR1ZCEWIF-P5WCD HTTP/1.1" 200 64 "-" "Cpanel-HTTP-Client/1.0"
94.101.182.4 - - [12/Sep/2026:03:09:31 +0330] "GET /.well-known/acme-challenge/LDRBU39BTA-YBQ_OO49ZZ5P3--HODODA HTTP/1.1" 200 64 "-" "Cpanel-HTTP-Client/1.0"
94.101.182.4 - - [12/Sep/2026:04:02:00 +0330] "POST /wp-cron.php?doing_wp_cron=1789173120.0535359382629394531250 HTTP/1.1" 200 20 "-" "WordPress/7.1; https://doctoremon.ir"
185.215.232.195 - - [12/Sep/2026:04:02:02 +0330] "GET /robots.txt HTTP/1.1" 200 28 "-" "Mozilla/5.0 AppleWebKit/537.36 (KHTML, like Gecko; compatible; ClaudeBot/1.0; +claudebot@anthropic.com)"
185.215.232.195 - - [12/Sep/2026:04:02:05 +0330] "GET /robots.txt HTTP/1.1" 200 28 "https://www.doctoremon.ir/robots.txt" "Mozilla/5.0 AppleWebKit/537.36 (KHTML, like Gecko; compatible; ClaudeBot/1.0; +claudebot@anthropic.com)"
185.215.232.196 - - [12/Sep/2026:04:01:55 +0330] "GET /wp-login.php HTTP/1.1" 200 3697 "-" "Mozilla/5.0 (Windows NT 11.0; Win64; x64) AppleWebKit/537.36 (KHTML, like Gecko) Chrome/119.0.0.0 Safari/537.36"
94.101.182.4 - - [12/Sep/2026:04:02:06 +0330] "POST /wp-cron.php?doing_wp_cron=1789173126.9314010143280029296875 HTTP/1.1" 200 20 "-" "WordPress/7.1; https://doctoremon.ir"
185.215.232.196 - - [12/Sep/2026:04:02:04 +0330] "GET /wp-admin/ HTTP/1.1" 302 20 "https://wordpress.org/" "Mozilla/5.0 (Macintosh; Intel Mac OS X 10_15_7) AppleWebKit/537.36 (KHTML, like Gecko) Chrome/121.0.0.0 Safari/537.36"
185.215.232.195 - - [12/Sep/2026:04:30:06 +0330] "GET /.env HTTP/1.1" 404 131236 "-" "Mozilla/5.0 (Windows NT 10.0; Win64; x64) AppleWebKit/537.36 (KHTML, like Gecko) Chrome/137.0.0.0 Safari/537.36"
94.101.182.4 - - [12/Sep/2026:04:30:11 +0330] "POST /wp-cron.php?doing_wp_cron=1789174811.2329409122467041015625 HTTP/1.1" 200 20 "-" "WordPress/7.1; https://doctoremon.ir"
185.215.232.196 - - [12/Sep/2026:04:41:49 +0330] "GET /wp-login.php HTTP/1.1" 200 3697 "-" "Mozilla/5.0 (X11; Linux x86_64) AppleWebKit/537.36 (KHTML, like Gecko) Chrome/121.0.0.0 Safari/537.36"
185.215.232.196 - - [12/Sep/2026:04:41:52 +0330] "GET /?author=1 HTTP/1.1" 404 17616 "https://duckduckgo.com/" "Mozilla/5.0 (X11; Linux x86_64) AppleWebKit/537.36 (KHTML, like Gecko) Chrome/121.0.0.0 Safari/537.36"
185.215.232.196 - - [12/Sep/2026:04:41:58 +0330] "POST /wp-login.php HTTP/1.1" 503 7466 "https://doctoremon.ir/wp-login.php" "Mozilla/5.0 (Macintosh; Intel Mac OS X 13_6_1) AppleWebKit/537.36 (KHTML, like Gecko) Chrome/119.0.0.0 Safari/537.36"
185.215.232.196 - - [12/Sep/2026:04:42:02 +0330] "GET /wp-admin/index.php HTTP/1.1" 503 7466 "https://doctoremon.ir/wp-login.php" "Mozilla/5.0 (Macintosh; Intel Mac OS X 13_6_1) AppleWebKit/605.1.15 (KHTML, like Gecko) Version/17.1 Safari/605.1.15"
185.215.232.196 - - [12/Sep/2026:04:42:04 +0330] "GET /wp-admin/profile.php HTTP/1.1" 503 7466 "https://doctoremon.ir/wp-login.php" "Mozilla/5.0 (Macintosh; Intel Mac OS X 13_6_1) AppleWebKit/605.1.15 (KHTML, like Gecko) Version/17.1 Safari/605.1.15"
185.215.232.196 - - [12/Sep/2026:04:42:07 +0330] "GET /wp-admin/plugins.php HTTP/1.1" 503 7467 "https://doctoremon.ir/wp-login.php" "Mozilla/5.0 (Macintosh; Intel Mac OS X 13_6_1) AppleWebKit/605.1.15 (KHTML, like Gecko) Version/17.1 Safari/605.1.15"
185.215.232.196 - - [12/Sep/2026:04:42:09 +0330] "POST /wp-login.php HTTP/1.1" 503 7208 "https://doctoremon.ir/wp-login.php" "Mozilla/5.0 (Macintosh; Intel Mac OS X 10_15_7) AppleWebKit/605.1.15 (KHTML, like Gecko) Version/16.6 Safari/605.1.15"
94.101.182.4 - - [12/Sep/2026:04:42:14 +0330] "POST /wp-cron.php?doing_wp_cron=1789175534.2720220088958740234375 HTTP/1.1" 200 20 "-" "WordPress/7.1; https://doctoremon.ir"
185.215.232.196 - - [12/Sep/2026:04:42:17 +0330] "GET /wp-admin/plugins.php HTTP/1.1" 503 7466 "https://doctoremon.ir/wp-login.php" "Mozilla/5.0 (Windows NT 11.0; Win64; x64) AppleWebKit/537.36 (KHTML, like Gecko) Chrome/121.0.0.0 Safari/537.36"
185.215.232.196 - - [12/Sep/2026:04:42:19 +0330] "POST /wp-login.php HTTP/1.1" 503 7208 "https://doctoremon.ir/wp-login.php" "Mozilla/5.0 (Macintosh; Intel Mac OS X 13_6_1) AppleWebKit/605.1.15 (KHTML, like Gecko) Version/17.1 Safari/605.1.15"
185.215.232.196 - - [12/Sep/2026:04:42:22 +0330] "GET /wp-admin/profile.php HTTP/1.1" 503 7466 "https://doctoremon.ir/wp-login.php" "Mozilla/5.0 (Windows NT 11.0; Win64; x64) AppleWebKit/537.36 (KHTML, like Gecko) Chrome/119.0.0.0 Safari/537.36"
185.215.232.196 - - [12/Sep/2026:04:42:28 +0330] "POST /wp-login.php HTTP/1.1" 503 7208 "https://doctoremon.ir/wp-login.php" "Mozilla/5.0 (Windows NT 10.0; Win64; x64) AppleWebKit/537.36 (KHTML, like Gecko) Chrome/119.0.0.0 Safari/537.36"
185.215.232.196 - - [12/Sep/2026:04:42:29 +0330] "GET /wp-admin/index.php HTTP/1.1" 503 7466 "https://doctoremon.ir/wp-login.php" "Mozilla/5.0 (Macintosh; Intel Mac OS X 10_15_7; rv:121.0) Gecko/20100101 Firefox/121.0"
185.215.232.196 - - [12/Sep/2026:04:42:31 +0330] "GET /wp-admin/profile.php HTTP/1.1" 503 7466 "https://doctoremon.ir/wp-login.php" "Mozilla/5.0 (Macintosh; Intel Mac OS X 10_15_7; rv:121.0) Gecko/20100101 Firefox/121.0"
185.215.232.196 - - [12/Sep/2026:04:42:33 +0330] "GET /wp-admin/edit.php HTTP/1.1" 503 7466 "https://doctoremon.ir/wp-login.php" "Mozilla/5.0 (Macintosh; Intel Mac OS X 10_15_7; rv:121.0) Gecko/20100101 Firefox/121.0"
94.101.182.4 - - [12/Sep/2026:04:42:36 +0330] "POST /wp-cron.php?doing_wp_cron=1789175556.3657000064849853515625 HTTP/1.1" 200 20 "-" "WordPress/7.1; https://doctoremon.ir"
185.215.232.196 - - [12/Sep/2026:04:42:35 +0330] "GET /wp-admin/plugins.php HTTP/1.1" 503 7466 "https://doctoremon.ir/wp-login.php" "Mozilla/5.0 (Macintosh; Intel Mac OS X 10_15_7; rv:121.0) Gecko/20100101 Firefox/121.0"
185.215.232.196 - - [12/Sep/2026:04:42:39 +0330] "GET /wp-admin/index.php HTTP/1.1" 503 7466 "https://doctoremon.ir/wp-login.php" "Mozilla/5.0 (Windows NT 10.0; Win64; x64) AppleWebKit/537.36 (KHTML, like Gecko) Chrome/120.0.0.0 Safari/537.36"
94.101.182.4 - - [12/Sep/2026:04:41:51 +0330] "POST /wp-cron.php?doing_wp_cron=1789175511.4429709911346435546875 HTTP/1.1" 200 20 "-" "WordPress/7.1; https://doctoremon.ir"
185.215.232.196 - - [12/Sep/2026:04:41:55 +0330] "GET /wp-json/wp/v2/users HTTP/1.1" 401 166 "https://duckduckgo.com/" "Mozilla/5.0 (Macintosh; Intel Mac OS X 13_6_1) AppleWebKit/537.36 (KHTML, like Gecko) Chrome/118.0.0.0 Safari/537.36"
185.215.232.196 - - [12/Sep/2026:04:42:05 +0330] "GET /wp-admin/edit.php HTTP/1.1" 503 7466 "https://doctoremon.ir/wp-login.php" "Mozilla/5.0 (Macintosh; Intel Mac OS X 13_6_1) AppleWebKit/605.1.15 (KHTML, like Gecko) Version/17.1 Safari/605.1.15"
185.215.232.196 - - [12/Sep/2026:04:42:11 +0330] "GET /wp-admin/index.php HTTP/1.1" 503 7466 "https://doctoremon.ir/wp-login.php" "Mozilla/5.0 (Windows NT 11.0; Win64; x64) AppleWebKit/537.36 (KHTML, like Gecko) Chrome/121.0.0.0 Safari/537.36"
94.101.182.4 - - [12/Sep/2026:04:42:12 +0330] "POST /?wordfence_syncAttackData=1789175532.1299 HTTP/1.1" 200 20 "-" "WordPress/7.1; https://doctoremon.ir"
