185.215.232.195 - - [11/Sep/2026:22:47:02 +0330] "GET /wp-content/uploads/2025/11/Rayatex-logo-po2-768x266.webp HTTP/1.1" 200 9330 "https://rayatex.ir/portfolio/dlpure/" "Mozilla/5.0 (Windows NT 10.0; Win64; x64) AppleWebKit/537.36 (KHTML, like Gecko) Chrome/145.0.0.0 Safari/537.36 (compatible; meta-externalagent/1.1 (+https://developers.facebook.com/docs/sharing/webmasters/crawler))"
185.215.232.195 - - [11/Sep/2026:22:47:02 +0330] "GET /wp-content/plugins/resume-core/assets/fonts/yekan-bakh/YekanBakhFaNum06Bold.woff HTTP/1.1" 200 60024 "https://rayatex.ir/wp-content/cache/wpfc-minified/6jc7y0g1/h8rm5.css" "Mozilla/5.0 (Windows NT 10.0; Win64; x64) AppleWebKit/537.36 (KHTML, like Gecko) Chrome/145.0.0.0 Safari/537.36 (compatible; meta-externalagent/1.1 (+https://developers.facebook.com/docs/sharing/webmasters/crawler))"
185.215.232.195 - - [11/Sep/2026:22:47:12 +0330] "GET /wp-content/uploads/2026/04/website-digikeyland-main-406x406.webp HTTP/1.1" 200 25552 "https://rayatex.ir/portfolio/dlpure/" "Mozilla/5.0 (Windows NT 10.0; Win64; x64) AppleWebKit/537.36 (KHTML, like Gecko) Chrome/145.0.0.0 Safari/537.36 (compatible; meta-externalagent/1.1 (+https://developers.facebook.com/docs/sharing/webmasters/crawler))"
185.215.232.195 - - [11/Sep/2026:22:47:12 +0330] "GET /wp-content/uploads/2026/03/Nitroshimi-icon.webp HTTP/1.1" 200 1174 "https://rayatex.ir/portfolio/dlpure/" "Mozilla/5.0 (Windows NT 10.0; Win64; x64) AppleWebKit/537.36 (KHTML, like Gecko) Chrome/145.0.0.0 Safari/537.36 (compatible; meta-externalagent/1.1 (+https://developers.facebook.com/docs/sharing/webmasters/crawler))"
185.215.232.195 - - [11/Sep/2026:22:47:13 +0330] "GET /wp-content/uploads/2026/04/hamtatel-web-main-276x276.webp HTTP/1.1" 200 12254 "https://rayatex.ir/portfolio/dlpure/" "Mozilla/5.0 (Windows NT 10.0; Win64; x64) AppleWebKit/537.36 (KHTML, like Gecko) Chrome/145.0.0.0 Safari/537.36 (compatible; meta-externalagent/1.1 (+https://developers.facebook.com/docs/sharing/webmasters/crawler))"
185.215.232.195 - - [11/Sep/2026:22:47:13 +0330] "GET /wp-content/uploads/2024/02/Dlpure-Logo.webp HTTP/1.1" 200 223384 "https://rayatex.ir/portfolio/dlpure/" "Mozilla/5.0 (Windows NT 10.0; Win64; x64) AppleWebKit/537.36 (KHTML, like Gecko) Chrome/145.0.0.0 Safari/537.36 (compatible; meta-externalagent/1.1 (+https://developers.facebook.com/docs/sharing/webmasters/crawler))"
185.215.232.193 - - [11/Sep/2026:22:47:44 +0330] "GET /wp-content/uploads/2025/11/cropped-Flaticon-270x270.webp HTTP/1.1" 200 4524 "-" "Mozilla/5.0 (iPhone; CPU iPhone OS 13_2_3 like Mac OS X) AppleWebKit/605.1.15 (KHTML, like Gecko) Version/13.0.3 Mobile/15E148 Safari/604.1"
185.215.232.194 - - [11/Sep/2026:22:49:54 +0330] "HEAD / HTTP/1.1" 200 0 "https://rayatex.ir/" "Mozilla/5.0+(compatible; UptimeRobot/2.0; http://www.uptimerobot.com/)"
185.215.232.194 - - [11/Sep/2026:22:54:59 +0330] "HEAD / HTTP/1.1" 200 0 "https://rayatex.ir/" "Mozilla/5.0+(compatible; UptimeRobot/2.0; http://www.uptimerobot.com/)"
94.101.182.4 - - [11/Sep/2026:23:00:14 +0330] "POST /wp-cron.php?doing_wp_cron=1789155013.6260190010070800781250 HTTP/1.1" 200 20 "-" "WordPress/7.1; https://rayatex.ir"
185.215.232.195 - - [11/Sep/2026:23:00:37 +0330] "GET /portfolio/hatamkhani/ HTTP/1.1" 200 33565 "-" "Mozilla/5.0 (Windows NT 10.0; Win64; x64) AppleWebKit/537.36 (KHTML, like Gecko) Chrome/145.0.0.0 Safari/537.36 (compatible; meta-externalagent/1.1 (+https://developers.facebook.com/docs/sharing/webmasters/crawler))"
185.215.232.195 - - [11/Sep/2026:23:00:38 +0330] "GET /wp-includes/js/dist/hooks.min.js?ver=7496969728ca0f95732d HTTP/1.1" 200 1854 "https://rayatex.ir/portfolio/hatamkhani/" "Mozilla/5.0 (Windows NT 10.0; Win64; x64) AppleWebKit/537.36 (KHTML, like Gecko) Chrome/145.0.0.0 Safari/537.36 (compatible; meta-externalagent/1.1 (+https://developers.facebook.com/docs/sharing/webmasters/crawler))"
185.215.232.195 - - [11/Sep/2026:23:00:39 +0330] "GET /wp-content/uploads/2025/11/HatamKhani_stori-2-406x406.webp HTTP/1.1" 200 24110 "https://rayatex.ir/portfolio/hatamkhani/" "Mozilla/5.0 (Windows NT 10.0; Win64; x64) AppleWebKit/537.36 (KHTML, like Gecko) Chrome/145.0.0.0 Safari/537.36 (compatible; meta-externalagent/1.1 (+https://developers.facebook.com/docs/sharing/webmasters/crawler))"
185.215.232.195 - - [11/Sep/2026:23:00:39 +0330] "GET /wp-content/plugins/resume-core/assets/fonts/yekan-bakh/YekanBakhFaNum06Bold.woff HTTP/1.1" 200 60024 "https://rayatex.ir/wp-content/cache/wpfc-minified/6jc7y0g1/h8rm5.css" "Mozilla/5.0 (Windows NT 10.0; Win64; x64) AppleWebKit/537.36 (KHTML, like Gecko) Chrome/145.0.0.0 Safari/537.36 (compatible; meta-externalagent/1.1 (+https://developers.facebook.com/docs/sharing/webmasters/crawler))"
185.215.232.195 - - [11/Sep/2026:23:00:39 +0330] "GET /wp-content/plugins/resume-core/assets/fonts/yekan-bakh/YekanBakhFaNum07Heavy.woff HTTP/1.1" 200 60096 "https://rayatex.ir/wp-content/cache/wpfc-minified/6jc7y0g1/h8rm5.css" "Mozilla/5.0 (Windows NT 10.0; Win64; x64) AppleWebKit/537.36 (KHTML, like Gecko) Chrome/145.0.0.0 Safari/537.36 (compatible; meta-externalagent/1.1 (+https://developers.facebook.com/docs/sharing/webmasters/crawler))"
185.215.232.195 - - [11/Sep/2026:23:00:39 +0330] "GET /wp-content/plugins/resume-core/assets/fonts/yekan-bakh/YekanBakhFaNum08Fat.woff HTTP/1.1" 200 60300 "https://rayatex.ir/wp-content/cache/wpfc-minified/6jc7y0g1/h8rm5.css" "Mozilla/5.0 (Windows NT 10.0; Win64; x64) AppleWebKit/537.36 (KHTML, like Gecko) Chrome/145.0.0.0 Safari/537.36 (compatible; meta-externalagent/1.1 (+https://developers.facebook.com/docs/sharing/webmasters/crawler))"
94.101.182.4 - - [11/Sep/2026:23:00:42 +0330] "POST /wp-cron.php?doing_wp_cron=1789155042.0077850818634033203125 HTTP/1.1" 200 20 "-" "WordPress/7.1; https://rayatex.ir"
185.215.232.195 - - [11/Sep/2026:23:00:40 +0330] "POST /?wc-ajax=get_refreshed_fragments HTTP/1.1" 200 633 "https://rayatex.ir/portfolio/hatamkhani/" "Mozilla/5.0 (Windows NT 10.0; Win64; x64) AppleWebKit/537.36 (KHTML, like Gecko) Chrome/145.0.0.0 Safari/537.36 (compatible; meta-externalagent/1.1 (+https://developers.facebook.com/docs/sharing/webmasters/crawler))"
185.215.232.195 - - [11/Sep/2026:23:00:45 +0330] "GET /wp-content/uploads/2025/11/hamdaria-icon-2.webp HTTP/1.1" 200 4934 "https://rayatex.ir/portfolio/hatamkhani/" "Mozilla/5.0 (Windows NT 10.0; Win64; x64) AppleWebKit/537.36 (KHTML, like Gecko) Chrome/145.0.0.0 Safari/537.36 (compatible; meta-externalagent/1.1 (+https://developers.facebook.com/docs/sharing/webmasters/crawler))"
185.215.232.195 - - [11/Sep/2026:23:00:45 +0330] "GET /wp-content/uploads/2024/11/Hamdaria-406x406.jpg HTTP/1.1" 200 43194 "https://rayatex.ir/portfolio/hatamkhani/" "Mozilla/5.0 (Windows NT 10.0; Win64; x64) AppleWebKit/537.36 (KHTML, like Gecko) Chrome/145.0.0.0 Safari/537.36 (compatible; meta-externalagent/1.1 (+https://developers.facebook.com/docs/sharing/webmasters/crawler))"
185.215.232.193 - - [11/Sep/2026:23:00:05 +0330] "HEAD / HTTP/1.1" 200 0 "https://rayatex.ir/" "Mozilla/5.0+(compatible; UptimeRobot/2.0; http://www.uptimerobot.com/)"
185.215.232.196 - - [11/Sep/2026:23:00:11 +0330] "GET /?p=1112 HTTP/1.1" 301 20 "-" "Mozilla/5.0 (iPhone; CPU iPhone OS 13_2_3 like Mac OS X) AppleWebKit/605.1.15 (KHTML, like Gecko) Version/13.0.3 Mobile/15E148 Safari/604.1"
185.215.232.196 - - [11/Sep/2026:23:00:16 +0330] "GET /contact/ HTTP/1.1" 200 29168 "https://rayatex.ir/?p=1112" "Mozilla/5.0 (iPhone; CPU iPhone OS 13_2_3 like Mac OS X) AppleWebKit/605.1.15 (KHTML, like Gecko) Version/13.0.3 Mobile/15E148 Safari/604.1"
185.215.232.195 - - [11/Sep/2026:23:00:39 +0330] "GET /wp-content/plugins/elementor-pro/assets/js/elements-handlers.min.js?ver=3.33.2 HTTP/1.1" 200 10603 "https://rayatex.ir/portfolio/hatamkhani/" "Mozilla/5.0 (Windows NT 10.0; Win64; x64) AppleWebKit/537.36 (KHTML, like Gecko) Chrome/145.0.0.0 Safari/537.36 (compatible; meta-externalagent/1.1 (+https://developers.facebook.com/docs/sharing/webmasters/crawler))"
185.215.232.195 - - [11/Sep/2026:23:00:39 +0330] "GET /wp-content/plugins/resume-core/assets/fonts/yekan-bakh/YekanBakhFaNum04Regular.woff HTTP/1.1" 200 60576 "https://rayatex.ir/wp-content/cache/wpfc-minified/6jc7y0g1/h8rm5.css" "Mozilla/5.0 (Windows NT 10.0; Win64; x64) AppleWebKit/537.36 (KHTML, like Gecko) Chrome/145.0.0.0 Safari/537.36 (compatible; meta-externalagent/1.1 (+https://developers.facebook.com/docs/sharing/webmasters/crawler))"
185.215.232.195 - - [11/Sep/2026:23:00:39 +0330] "GET /wp-content/plugins/resume-core/assets/fonts/yekan-bakh/YekanBakhFaNum05Medium.woff HTTP/1.1" 200 60364 "https://rayatex.ir/wp-content/cache/wpfc-minified/6jc7y0g1/h8rm5.css" "Mozilla/5.0 (Windows NT 10.0; Win64; x64) AppleWebKit/537.36 (KHTML, like Gecko) Chrome/145.0.0.0 Safari/537.36 (compatible; meta-externalagent/1.1 (+https://developers.facebook.com/docs/sharing/webmasters/crawler))"
185.215.232.195 - - [11/Sep/2026:23:00:45 +0330] "GET /wp-content/uploads/2025/11/story-khademnzhad-2-406x406.webp HTTP/1.1" 200 23148 "https://rayatex.ir/portfolio/hatamkhani/" "Mozilla/5.0 (Windows NT 10.0; Win64; x64) AppleWebKit/537.36 (KHTML, like Gecko) Chrome/145.0.0.0 Safari/537.36 (compatible; meta-externalagent/1.1 (+https://developers.facebook.com/docs/sharing/webmasters/crawler))"
185.215.232.195 - - [11/Sep/2026:23:00:47 +0330] "GET /wp-content/uploads/2025/11/story-khademnzhad-2-276x276.webp HTTP/1.1" 200 13188 "https://rayatex.ir/portfolio/hatamkhani/" "Mozilla/5.0 (Windows NT 10.0; Win64; x64) AppleWebKit/537.36 (KHTML, like Gecko) Chrome/145.0.0.0 Safari/537.36 (compatible; meta-externalagent/1.1 (+https://developers.facebook.com/docs/sharing/webmasters/crawler))"
185.215.232.195 - - [11/Sep/2026:23:02:45 +0330] "GET /robots.txt HTTP/1.1" 200 114 "-" "Mozilla/5.0 AppleWebKit/537.36 (KHTML, like Gecko; compatible; ClaudeBot/1.0; +claudebot@anthropic.com)"
185.215.232.195 - - [11/Sep/2026:23:02:48 +0330] "GET /sitemap_index.xml HTTP/1.1" 200 370 "-" "Mozilla/5.0 AppleWebKit/537.36 (KHTML, like Gecko; compatible; ClaudeBot/1.0; +claudebot@anthropic.com)"
185.215.232.195 - - [11/Sep/2026:23:02:55 +0330] "GET /wp-content/plugins/resume-core/assets/fonts/yekan-bakh/YekanBakhFaNum04Regular.woff HTTP/1.1" 200 60576 "https://rayatex.ir/wp-content/cache/wpfc-minified/6jc7y0g1/h8rm5.css" "Mozilla/5.0 (Windows NT 10.0; Win64; x64) AppleWebKit/537.36 (KHTML, like Gecko) Chrome/145.0.0.0 Safari/537.36 (compatible; meta-externalagent/1.1 (+https://developers.facebook.com/docs/sharing/webmasters/crawler))"
185.215.232.195 - - [11/Sep/2026:23:02:55 +0330] "GET /wp-content/plugins/resume-core/assets/fonts/yekan-bakh/YekanBakhFaNum06Bold.woff HTTP/1.1" 200 60024 "https://rayatex.ir/wp-content/cache/wpfc-minified/6jc7y0g1/h8rm5.css" "Mozilla/5.0 (Windows NT 10.0; Win64; x64) AppleWebKit/537.36 (KHTML, like Gecko) Chrome/145.0.0.0 Safari/537.36 (compatible; meta-externalagent/1.1 (+https://developers.facebook.com/docs/sharing/webmasters/crawler))"
185.215.232.195 - - [11/Sep/2026:23:00:45 +0330] "GET /wp-content/uploads/2025/11/khademnejad-icon.webp HTTP/1.1" 200 4334 "https://rayatex.ir/portfolio/hatamkhani/" "Mozilla/5.0 (Windows NT 10.0; Win64; x64) AppleWebKit/537.36 (KHTML, like Gecko) Chrome/145.0.0.0 Safari/537.36 (compatible; meta-externalagent/1.1 (+https://developers.facebook.com/docs/sharing/webmasters/crawler))"
185.215.232.195 - - [11/Sep/2026:23:00:47 +0330] "GET /wp-content/uploads/2024/11/Hamdaria-276x276.jpg HTTP/1.1" 200 22199 "https://rayatex.ir/portfolio/hatamkhani/" "Mozilla/5.0 (Windows NT 10.0; Win64; x64) AppleWebKit/537.36 (KHTML, like Gecko) Chrome/145.0.0.0 Safari/537.36 (compatible; meta-externalagent/1.1 (+https://developers.facebook.com/docs/sharing/webmasters/crawler))"
185.215.232.195 - - [11/Sep/2026:23:00:46 +0330] "GET /wp-content/uploads/2025/11/HatamKhani_stori-2.webp HTTP/1.1" 200 103864 "https://rayatex.ir/portfolio/hatamkhani/" "Mozilla/5.0 (Windows NT 10.0; Win64; x64) AppleWebKit/537.36 (KHTML, like Gecko) Chrome/145.0.0.0 Safari/537.36 (compatible; meta-externalagent/1.1 (+https://developers.facebook.com/docs/sharing/webmasters/crawler))"
185.215.232.195 - - [11/Sep/2026:23:00:47 +0330] "GET /wp-content/uploads/2024/12/HatamKhani_stori.webp HTTP/1.1" 200 134352 "https://rayatex.ir/portfolio/hatamkhani/" "Mozilla/5.0 (Windows NT 10.0; Win64; x64) AppleWebKit/537.36 (KHTML, like Gecko) Chrome/145.0.0.0 Safari/537.36 (compatible; meta-externalagent/1.1 (+https://developers.facebook.com/docs/sharing/webmasters/crawler))"
185.215.232.195 - - [11/Sep/2026:23:02:54 +0330] "GET /portfolio/hatamkhani/ HTTP/1.1" 200 33565 "-" "Mozilla/5.0 (Windows NT 10.0; Win64; x64) AppleWebKit/537.36 (KHTML, like Gecko) Chrome/145.0.0.0 Safari/537.36 (compatible; meta-externalagent/1.1 (+https://developers.facebook.com/docs/sharing/webmasters/crawler))"
185.215.232.195 - - [11/Sep/2026:23:02:55 +0330] "GET /wp-content/plugins/resume-core/assets/fonts/yekan-bakh/YekanBakhFaNum05Medium.woff HTTP/1.1" 200 60364 "https://rayatex.ir/wp-content/cache/wpfc-minified/6jc7y0g1/h8rm5.css" "Mozilla/5.0 (Windows NT 10.0; Win64; x64) AppleWebKit/537.36 (KHTML, like Gecko) Chrome/145.0.0.0 Safari/537.36 (compatible; meta-externalagent/1.1 (+https://developers.facebook.com/docs/sharing/webmasters/crawler))"
185.215.232.195 - - [11/Sep/2026:23:02:55 +0330] "GET /wp-content/plugins/resume-core/assets/fonts/yekan-bakh/YekanBakhFaNum08Fat.woff HTTP/1.1" 200 60300 "https://rayatex.ir/wp-content/cache/wpfc-minified/6jc7y0g1/h8rm5.css" "Mozilla/5.0 (Windows NT 10.0; Win64; x64) AppleWebKit/537.36 (KHTML, like Gecko) Chrome/145.0.0.0 Safari/537.36 (compatible; meta-externalagent/1.1 (+https://developers.facebook.com/docs/sharing/webmasters/crawler))"
185.215.232.195 - - [11/Sep/2026:23:02:55 +0330] "GET /wp-content/plugins/resume-core/assets/fonts/yekan-bakh/YekanBakhFaNum07Heavy.woff HTTP/1.1" 200 60096 "https://rayatex.ir/wp-content/cache/wpfc-minified/6jc7y0g1/h8rm5.css" "Mozilla/5.0 (Windows NT 10.0; Win64; x64) AppleWebKit/537.36 (KHTML, like Gecko) Chrome/145.0.0.0 Safari/537.36 (compatible; meta-externalagent/1.1 (+https://developers.facebook.com/docs/sharing/webmasters/crawler))"
94.101.182.4 - - [11/Sep/2026:23:02:58 +0330] "POST /wp-cron.php?doing_wp_cron=1789155178.1313810348510742187500 HTTP/1.1" 200 20 "-" "WordPress/7.1; https://rayatex.ir"
185.215.232.195 - - [11/Sep/2026:23:02:56 +0330] "POST /?wc-ajax=get_refreshed_fragments HTTP/1.1" 200 633 "https://rayatex.ir/portfolio/hatamkhani/" "Mozilla/5.0 (Windows NT 10.0; Win64; x64) AppleWebKit/537.36 (KHTML, like Gecko) Chrome/145.0.0.0 Safari/537.36 (compatible; meta-externalagent/1.1 (+https://developers.facebook.com/docs/sharing/webmasters/crawler))"
185.215.232.193 - - [11/Sep/2026:23:05:10 +0330] "HEAD / HTTP/1.1" 200 0 "https://rayatex.ir/" "Mozilla/5.0+(compatible; UptimeRobot/2.0; http://www.uptimerobot.com/)"
94.101.182.4 - - [11/Sep/2026:23:09:38 +0330] "POST /wp-cron.php?doing_wp_cron=1789155577.6977140903472900390625 HTTP/1.1" 200 20 "-" "WordPress/7.1; https://rayatex.ir"
185.215.232.193 - - [11/Sep/2026:23:09:35 +0330] "GET /wp-json/oembed/1.0/embed?url=https%3A%2F%2Frayatex.ir%2Fcontact%2F HTTP/1.1" 200 1136 "-" "Mozilla/5.0 (iPhone; CPU iPhone OS 13_2_3 like Mac OS X) AppleWebKit/605.1.15 (KHTML, like Gecko) Version/13.0.3 Mobile/15E148 Safari/604.1"
185.215.232.194 - - [11/Sep/2026:23:10:16 +0330] "HEAD / HTTP/1.1" 200 0 "https://rayatex.ir/" "Mozilla/5.0+(compatible; UptimeRobot/2.0; http://www.uptimerobot.com/)"
185.215.232.194 - - [11/Sep/2026:23:15:20 +0330] "HEAD / HTTP/1.1" 200 0 "https://rayatex.ir/" "Mozilla/5.0+(compatible; UptimeRobot/2.0; http://www.uptimerobot.com/)"
94.101.182.4 - - [11/Sep/2026:23:20:14 +0330] "POST /wp-cron.php?doing_wp_cron=1789156214.3986520767211914062500 HTTP/1.1" 200 20 "-" "WordPress/7.1; https://rayatex.ir"
185.215.232.195 - - [11/Sep/2026:23:20:11 +0330] "GET /wp-json/wp/v2/pages/1112 HTTP/1.1" 200 2224 "-" "Mozilla/5.0 (iPhone; CPU iPhone OS 13_2_3 like Mac OS X) AppleWebKit/605.1.15 (KHTML, like Gecko) Version/13.0.3 Mobile/15E148 Safari/604.1"
185.215.232.194 - - [11/Sep/2026:23:20:26 +0330] "HEAD / HTTP/1.1" 200 0 "https://rayatex.ir/" "Mozilla/5.0+(compatible; UptimeRobot/2.0; http://www.uptimerobot.com/)"
185.215.232.194 - - [11/Sep/2026:23:25:31 +0330] "HEAD / HTTP/1.1" 200 0 "https://rayatex.ir/" "Mozilla/5.0+(compatible; UptimeRobot/2.0; http://www.uptimerobot.com/)"
94.101.182.4 - - [11/Sep/2026:23:30:22 +0330] "POST /wp-cron.php?doing_wp_cron=1789156822.4021170139312744140625 HTTP/1.1" 200 20 "-" "WordPress/7.1; https://rayatex.ir"
185.215.232.194 - - [11/Sep/2026:23:30:20 +0330] "GET /?post_type=post&p=10949 HTTP/1.1" 301 20 "-" "Mozilla/5.0 (iPhone; CPU iPhone OS 13_2_3 like Mac OS X) AppleWebKit/605.1.15 (KHTML, like Gecko) Version/13.0.3 Mobile/15E148 Safari/604.1"
185.215.232.194 - - [11/Sep/2026:23:30:25 +0330] "GET /ai-content-cons/ HTTP/1.1" 200 43659 "https://rayatex.ir/?post_type=post&p=10949" "Mozilla/5.0 (iPhone; CPU iPhone OS 13_2_3 like Mac OS X) AppleWebKit/605.1.15 (KHTML, like Gecko) Version/13.0.3 Mobile/15E148 Safari/604.1"
185.215.232.193 - - [11/Sep/2026:23:30:35 +0330] "HEAD / HTTP/1.1" 200 0 "https://rayatex.ir/" "Mozilla/5.0+(compatible; UptimeRobot/2.0; http://www.uptimerobot.com/)"
185.215.232.193 - - [11/Sep/2026:23:35:39 +0330] "HEAD / HTTP/1.1" 200 0 "https://rayatex.ir/" "Mozilla/5.0+(compatible; UptimeRobot/2.0; http://www.uptimerobot.com/)"
185.215.232.194 - - [11/Sep/2026:23:38:57 +0330] "GET /portfolio-cat/custom-print/ HTTP/1.1" 404 30429 "-" "Mozilla/5.0 AppleWebKit/537.36 (KHTML, like Gecko; compatible; bingbot/2.0; +http://www.bing.com/bingbot.htm) Chrome/116.0.1938.76 Safari/537.36"
185.215.232.194 - - [11/Sep/2026:23:40:43 +0330] "HEAD / HTTP/1.1" 200 0 "https://rayatex.ir/" "Mozilla/5.0+(compatible; UptimeRobot/2.0; http://www.uptimerobot.com/)"
185.215.232.196 - - [11/Sep/2026:23:43:43 +0330] "GET /ai-content-cons/ HTTP/1.1" 200 43659 "-" "Mozilla/5.0 (iPhone; CPU iPhone OS 13_2_3 like Mac OS X) AppleWebKit/605.1.15 (KHTML, like Gecko) Version/13.0.3 Mobile/15E148 Safari/604.1"
94.101.182.4 - - [11/Sep/2026:23:50:07 +0330] "POST /wp-cron.php?doing_wp_cron=1789158007.3611791133880615234375 HTTP/1.1" 200 20 "-" "WordPress/7.1; https://rayatex.ir"
185.215.232.195 - - [11/Sep/2026:23:53:45 +0330] "GET /.svn/wc.db HTTP/1.1" 403 787 "-" "Opera/9.80 (J2ME/MIDP; Opera Mini/5.0.16823/1428; U; en) Presto/2.2.0"
185.215.232.215 - - [11/Sep/2026:23:55:16 +0330] "GET /portfolio-cat/website-design/page/2/ HTTP/1.1" 304 0 "-" "Mozilla/5.0 (Linux; Android 6.0.1; Nexus 5X Build/MMB29P) AppleWebKit/537.36 (KHTML, like Gecko) Chrome/153.0.8010.36 Mobile Safari/537.36 (compatible; Googlebot/2.1; +http://www.google.com/bot.html)"
185.215.232.193 - - [11/Sep/2026:23:55:58 +0330] "HEAD / HTTP/1.1" 200 0 "https://rayatex.ir/" "Mozilla/5.0+(compatible; UptimeRobot/2.0; http://www.uptimerobot.com/)"
94.101.182.4 - - [11/Sep/2026:23:59:47 +0330] "POST /wp-cron.php?doing_wp_cron=1789158586.7190999984741210937500 HTTP/1.1" 200 20 "-" "WordPress/7.1; https://rayatex.ir"
185.215.232.193 - - [11/Sep/2026:23:45:49 +0330] "HEAD / HTTP/1.1" 200 0 "https://rayatex.ir/" "Mozilla/5.0+(compatible; UptimeRobot/2.0; http://www.uptimerobot.com/)"
185.215.232.195 - - [11/Sep/2026:23:50:04 +0330] "GET /wp-json/oembed/1.0/embed?url=https%3A%2F%2Frayatex.ir%2Fcontact%2F&format=xml HTTP/1.1" 200 1181 "-" "Mozilla/5.0 (iPhone; CPU iPhone OS 13_2_3 like Mac OS X) AppleWebKit/605.1.15 (KHTML, like Gecko) Version/13.0.3 Mobile/15E148 Safari/604.1"
185.215.232.194 - - [11/Sep/2026:23:50:54 +0330] "HEAD / HTTP/1.1" 200 0 "https://rayatex.ir/" "Mozilla/5.0+(compatible; UptimeRobot/2.0; http://www.uptimerobot.com/)"
185.215.232.195 - - [11/Sep/2026:23:51:41 +0330] "GET / HTTP/1.1" 200 45410 "-" "Mozilla/5.0 (Windows NT 10.0; Win64; x64) AppleWebKit/537.36 (KHTML, like Gecko) Chrome/120.0.0.0 Safari/537.36"
185.215.232.194 - - [11/Sep/2026:23:51:53 +0330] "GET / HTTP/1.1" 200 45410 "https://www.google.com/" "Mozilla/5.0 (Windows NT 10.0; Win64; x64) AppleWebKit/537.36 (KHTML, like Gecko) Chrome/131.0.0.0 Safari/537.36"
185.215.232.193 - - [11/Sep/2026:23:59:44 +0330] "GET /wp-json/wp/v2/posts/10949 HTTP/1.1" 200 6411 "-" "Mozilla/5.0 (iPhone; CPU iPhone OS 13_2_3 like Mac OS X) AppleWebKit/605.1.15 (KHTML, like Gecko) Version/13.0.3 Mobile/15E148 Safari/604.1"
185.215.232.193 - - [12/Sep/2026:00:01:04 +0330] "HEAD / HTTP/1.1" 200 0 "https://rayatex.ir/" "Mozilla/5.0+(compatible; UptimeRobot/2.0; http://www.uptimerobot.com/)"
94.101.182.4 - - [12/Sep/2026:00:08:52 +0330] "POST /wp-cron.php?doing_wp_cron=1789159131.5964460372924804687500 HTTP/1.1" 200 20 "-" "WordPress/7.1; https://rayatex.ir"
185.215.232.196 - - [12/Sep/2026:00:08:49 +0330] "GET /wp-json/oembed/1.0/embed?url=https%3A%2F%2Frayatex.ir%2Fai-content-cons%2F HTTP/1.1" 200 1246 "-" "Mozilla/5.0 (iPhone; CPU iPhone OS 13_2_3 like Mac OS X) AppleWebKit/605.1.15 (KHTML, like Gecko) Version/13.0.3 Mobile/15E148 Safari/604.1"
185.215.232.193 - - [12/Sep/2026:00:06:09 +0330] "HEAD / HTTP/1.1" 200 0 "https://rayatex.ir/" "Mozilla/5.0+(compatible; UptimeRobot/2.0; http://www.uptimerobot.com/)"
94.101.182.4 - - [12/Sep/2026:00:09:32 +0330] "GET /.well-known/acme-challenge/5Q1MSK9T7FL5P37P0OBUKPFPB-GNXAM- HTTP/1.1" 200 64 "-" "Cpanel-HTTP-Client/1.0"
94.101.182.4 - - [12/Sep/2026:00:09:38 +0330] "GET /.well-known/acme-challenge/TY5QN-HA67R70YS37D6W046A7QZY5Z4G HTTP/1.1" 200 64 "-" "Cpanel-HTTP-Client/1.0"
185.215.232.193 - - [12/Sep/2026:00:11:14 +0330] "HEAD / HTTP/1.1" 200 0 "https://rayatex.ir/" "Mozilla/5.0+(compatible; UptimeRobot/2.0; http://www.uptimerobot.com/)"
185.215.232.193 - - [12/Sep/2026:00:16:18 +0330] "HEAD / HTTP/1.1" 200 0 "https://rayatex.ir/" "Mozilla/5.0+(compatible; UptimeRobot/2.0; http://www.uptimerobot.com/)"
185.215.232.193 - - [12/Sep/2026:00:18:37 +0330] "GET /category/seo-articles/ HTTP/1.1" 200 32936 "-" "Mozilla/5.0 (iPhone; CPU iPhone OS 13_2_3 like Mac OS X) AppleWebKit/605.1.15 (KHTML, like Gecko) Version/13.0.3 Mobile/15E148 Safari/604.1"
185.215.232.195 - - [12/Sep/2026:00:18:46 +0330] "GET /wp-content/plugins/resume-core/assets/fonts/yekan-bakh/YekanBakhFaNum07Heavy.woff HTTP/1.1" 200 60096 "https://rayatex.ir/wp-content/cache/wpfc-minified/6jc7y0g1/h8rm5.css" "Mozilla/5.0 (Windows NT 10.0; Win64; x64) AppleWebKit/537.36 (KHTML, like Gecko) Chrome/145.0.0.0 Safari/537.36 (compatible; meta-externalagent/1.1 (+https://developers.facebook.com/docs/sharing/webmasters/crawler))"
185.215.232.195 - - [12/Sep/2026:00:18:46 +0330] "GET /wp-content/plugins/resume-core/assets/fonts/yekan-bakh/YekanBakhFaNum08Fat.woff HTTP/1.1" 200 60300 "https://rayatex.ir/wp-content/cache/wpfc-minified/6jc7y0g1/h8rm5.css" "Mozilla/5.0 (Windows NT 10.0; Win64; x64) AppleWebKit/537.36 (KHTML, like Gecko) Chrome/145.0.0.0 Safari/537.36 (compatible; meta-externalagent/1.1 (+https://developers.facebook.com/docs/sharing/webmasters/crawler))"
185.215.232.195 - - [12/Sep/2026:00:18:47 +0330] "GET /wp-content/plugins/resume-core/assets/fonts/yekan-bakh/YekanBakhFaNum05Medium.woff HTTP/1.1" 200 60364 "https://rayatex.ir/wp-content/cache/wpfc-minified/6jc7y0g1/h8rm5.css" "Mozilla/5.0 (Windows NT 10.0; Win64; x64) AppleWebKit/537.36 (KHTML, like Gecko) Chrome/145.0.0.0 Safari/537.36 (compatible; meta-externalagent/1.1 (+https://developers.facebook.com/docs/sharing/webmasters/crawler))"
185.215.232.195 - - [12/Sep/2026:00:18:54 +0330] "GET /wp-content/uploads/2026/04/website-digikeyland-main-768x768.webp HTTP/1.1" 200 75856 "https://rayatex.ir/portfolio/digikeyland/" "Mozilla/5.0 (Windows NT 10.0; Win64; x64) AppleWebKit/537.36 (KHTML, like Gecko) Chrome/145.0.0.0 Safari/537.36 (compatible; meta-externalagent/1.1 (+https://developers.facebook.com/docs/sharing/webmasters/crawler))"
185.215.232.195 - - [12/Sep/2026:00:18:54 +0330] "GET /wp-content/uploads/2025/12/bozorg-omid-406x406.webp HTTP/1.1" 200 7608 "https://rayatex.ir/portfolio/digikeyland/" "Mozilla/5.0 (Windows NT 10.0; Win64; x64) AppleWebKit/537.36 (KHTML, like Gecko) Chrome/145.0.0.0 Safari/537.36 (compatible; meta-externalagent/1.1 (+https://developers.facebook.com/docs/sharing/webmasters/crawler))"
185.215.232.195 - - [12/Sep/2026:00:18:54 +0330] "GET /wp-content/uploads/2026/04/website-digikeyland-main.webp HTTP/1.1" 200 229554 "https://rayatex.ir/portfolio/digikeyland/" "Mozilla/5.0 (Windows NT 10.0; Win64; x64) AppleWebKit/537.36 (KHTML, like Gecko) Chrome/145.0.0.0 Safari/537.36 (compatible; meta-externalagent/1.1 (+https://developers.facebook.com/docs/sharing/webmasters/crawler))"
185.215.232.194 - - [12/Sep/2026:00:21:24 +0330] "HEAD / HTTP/1.1" 200 0 "https://rayatex.ir/" "Mozilla/5.0+(compatible; UptimeRobot/2.0; http://www.uptimerobot.com/)"
185.215.232.195 - - [12/Sep/2026:00:23:29 +0330] "GET / HTTP/1.1" 200 48822 "http://www.rayatex.ir" "Mozilla/5.0 (iPhone; CPU iPhone OS 13_2_3 like Mac OS X) AppleWebKit/605.1.15 (KHTML, like Gecko) Version/13.0.3 Mobile/15E148 Safari/604.1"
94.101.182.5 - - [12/Sep/2026:00:23:41 +0330] "GET / HTTP/1.1" 200 45410 "-" "Mozilla/5.0 (Windows NT 10.0; Win64; x64) AppleWebKit/537.36 (KHTML, like Gecko) Chrome/120.0.0.0 Safari/537.36"
185.215.232.195 - - [12/Sep/2026:00:26:16 +0330] "GET /sitemap_index.xml HTTP/1.1" 200 370 "-" "Mozilla/5.0 AppleWebKit/537.36 (KHTML, like Gecko; compatible; ClaudeBot/1.0; +claudebot@anthropic.com)"
185.215.232.193 - - [12/Sep/2026:00:26:28 +0330] "HEAD / HTTP/1.1" 200 0 "https://rayatex.ir/" "Mozilla/5.0+(compatible; UptimeRobot/2.0; http://www.uptimerobot.com/)"
185.215.232.195 - - [12/Sep/2026:00:18:45 +0330] "GET /portfolio/digikeyland/ HTTP/1.1" 200 34655 "-" "Mozilla/5.0 (Windows NT 10.0; Win64; x64) AppleWebKit/537.36 (KHTML, like Gecko) Chrome/145.0.0.0 Safari/537.36 (compatible; meta-externalagent/1.1 (+https://developers.facebook.com/docs/sharing/webmasters/crawler))"
185.215.232.195 - - [12/Sep/2026:00:18:46 +0330] "GET /wp-content/plugins/resume-core/assets/fonts/yekan-bakh/YekanBakhFaNum06Bold.woff HTTP/1.1" 200 60024 "https://rayatex.ir/wp-content/cache/wpfc-minified/6jc7y0g1/h8rm5.css" "Mozilla/5.0 (Windows NT 10.0; Win64; x64) AppleWebKit/537.36 (KHTML, like Gecko) Chrome/145.0.0.0 Safari/537.36 (compatible; meta-externalagent/1.1 (+https://developers.facebook.com/docs/sharing/webmasters/crawler))"
185.215.232.195 - - [12/Sep/2026:00:18:46 +0330] "GET /wp-content/plugins/resume-core/assets/fonts/yekan-bakh/YekanBakhFaNum04Regular.woff HTTP/1.1" 200 60576 "https://rayatex.ir/wp-content/cache/wpfc-minified/6jc7y0g1/h8rm5.css" "Mozilla/5.0 (Windows NT 10.0; Win64; x64) AppleWebKit/537.36 (KHTML, like Gecko) Chrome/145.0.0.0 Safari/537.36 (compatible; meta-externalagent/1.1 (+https://developers.facebook.com/docs/sharing/webmasters/crawler))"
185.215.232.195 - - [12/Sep/2026:00:18:46 +0330] "GET /wp-content/uploads/2026/04/website-digikeyland-screen01.webp HTTP/1.1" 200 262198 "https://rayatex.ir/portfolio/digikeyland/" "Mozilla/5.0 (Windows NT 10.0; Win64; x64) AppleWebKit/537.36 (KHTML, like Gecko) Chrome/145.0.0.0 Safari/537.36 (compatible; meta-externalagent/1.1 (+https://developers.facebook.com/docs/sharing/webmasters/crawler))"
94.101.182.4 - - [12/Sep/2026:00:18:49 +0330] "POST /wp-cron.php?doing_wp_cron=1789159728.7134029865264892578125 HTTP/1.1" 200 20 "-" "WordPress/7.1; https://rayatex.ir"
185.215.232.195 - - [12/Sep/2026:00:18:46 +0330] "POST /?wc-ajax=get_refreshed_fragments HTTP/1.1" 200 633 "https://rayatex.ir/portfolio/digikeyland/" "Mozilla/5.0 (Windows NT 10.0; Win64; x64) AppleWebKit/537.36 (KHTML, like Gecko) Chrome/145.0.0.0 Safari/537.36 (compatible; meta-externalagent/1.1 (+https://developers.facebook.com/docs/sharing/webmasters/crawler))"
185.215.232.195 - - [12/Sep/2026:00:18:54 +0330] "GET /wp-content/uploads/2025/12/logo-bozoromid.webp HTTP/1.1" 200 19966 "https://rayatex.ir/portfolio/digikeyland/" "Mozilla/5.0 (Windows NT 10.0; Win64; x64) AppleWebKit/537.36 (KHTML, like Gecko) Chrome/145.0.0.0 Safari/537.36 (compatible; meta-externalagent/1.1 (+https://developers.facebook.com/docs/sharing/webmasters/crawler))"
185.215.232.195 - - [12/Sep/2026:00:18:55 +0330] "GET /wp-content/uploads/2026/04/website-digikeyland-screen02.webp HTTP/1.1" 200 122112 "https://rayatex.ir/portfolio/digikeyland/" "Mozilla/5.0 (Windows NT 10.0; Win64; x64) AppleWebKit/537.36 (KHTML, like Gecko) Chrome/145.0.0.0 Safari/537.36 (compatible; meta-externalagent/1.1 (+https://developers.facebook.com/docs/sharing/webmasters/crawler))"
185.215.232.195 - - [12/Sep/2026:00:18:55 +0330] "GET /wp-content/uploads/2025/12/bozorg-omid-276x276.webp HTTP/1.1" 200 4788 "https://rayatex.ir/portfolio/digikeyland/" "Mozilla/5.0 (Windows NT 10.0; Win64; x64) AppleWebKit/537.36 (KHTML, like Gecko) Chrome/145.0.0.0 Safari/537.36 (compatible; meta-externalagent/1.1 (+https://developers.facebook.com/docs/sharing/webmasters/crawler))"
185.215.232.195 - - [12/Sep/2026:00:26:15 +0330] "GET /robots.txt HTTP/1.1" 200 114 "-" "Mozilla/5.0 AppleWebKit/537.36 (KHTML, like Gecko; compatible; ClaudeBot/1.0; +claudebot@anthropic.com)"
185.215.232.195 - - [12/Sep/2026:00:29:40 +0330] "GET /ai-content-cons/ HTTP/1.1" 200 43659 "-" "Mozilla/5.0 (iPhone; CPU iPhone OS 13_2_3 like Mac OS X) AppleWebKit/605.1.15 (KHTML, like Gecko) Version/13.0.3 Mobile/15E148 Safari/604.1"
185.215.232.194 - - [12/Sep/2026:00:31:34 +0330] "HEAD / HTTP/1.1" 200 0 "https://rayatex.ir/" "Mozilla/5.0+(compatible; UptimeRobot/2.0; http://www.uptimerobot.com/)"
185.215.232.194 - - [12/Sep/2026:00:36:39 +0330] "HEAD / HTTP/1.1" 200 0 "https://rayatex.ir/" "Mozilla/5.0+(compatible; UptimeRobot/2.0; http://www.uptimerobot.com/)"
185.215.232.193 - - [12/Sep/2026:00:38:45 +0330] "GET /wp-json/oembed/1.0/embed?url=https%3A%2F%2Frayatex.ir%2Fai-content-cons%2F&format=xml HTTP/1.1" 200 1295 "-" "Mozilla/5.0 (iPhone; CPU iPhone OS 13_2_3 like Mac OS X) AppleWebKit/605.1.15 (KHTML, like Gecko) Version/13.0.3 Mobile/15E148 Safari/604.1"
185.215.232.193 - - [12/Sep/2026:00:41:43 +0330] "HEAD / HTTP/1.1" 200 0 "https://rayatex.ir/" "Mozilla/5.0+(compatible; UptimeRobot/2.0; http://www.uptimerobot.com/)"
185.215.232.215 - - [12/Sep/2026:00:48:13 +0330] "GET /robots.txt HTTP/1.1" 200 114 "-" "Mozilla/5.0 (X11; Linux x86_64) AppleWebKit/537.36 (KHTML, like Gecko; GeedoShopProductFinder) Chrome/142.0.0.0 Safari/537.36"
185.215.232.215 - - [12/Sep/2026:00:48:13 +0330] "GET / HTTP/1.1" 200 45410 "-" "Mozilla/5.0 (X11; Linux x86_64) AppleWebKit/537.36 (KHTML, like Gecko; GeedoShopProductFinder) Chrome/142.0.0.0 Safari/537.36"
185.215.232.195 - - [12/Sep/2026:00:49:00 +0330] "GET /contact/embed/ HTTP/1.1" 200 6300 "-" "Mozilla/5.0 (iPhone; CPU iPhone OS 13_2_3 like Mac OS X) AppleWebKit/605.1.15 (KHTML, like Gecko) Version/13.0.3 Mobile/15E148 Safari/604.1"
185.215.232.215 - - [12/Sep/2026:00:49:38 +0330] "GET /product-sitemap.xml HTTP/1.1" 200 520 "-" "Mozilla/5.0 (X11; Linux x86_64) AppleWebKit/537.36 (KHTML, like Gecko; GeedoShopProductFinder) Chrome/142.0.0.0 Safari/537.36"
185.215.232.215 - - [12/Sep/2026:00:50:20 +0330] "GET /category-sitemap.xml HTTP/1.1" 200 397 "-" "Mozilla/5.0 (X11; Linux x86_64) AppleWebKit/537.36 (KHTML, like Gecko; GeedoShopProductFinder) Chrome/142.0.0.0 Safari/537.36"
185.215.232.193 - - [12/Sep/2026:00:46:47 +0330] "HEAD / HTTP/1.1" 200 0 "https://rayatex.ir/" "Mozilla/5.0+(compatible; UptimeRobot/2.0; http://www.uptimerobot.com/)"
185.215.232.215 - - [12/Sep/2026:00:48:33 +0330] "GET /sitemap_index.xml HTTP/1.1" 200 370 "-" "Mozilla/5.0 (X11; Linux x86_64) AppleWebKit/537.36 (KHTML, like Gecko; GeedoShopProductFinder) Chrome/142.0.0.0 Safari/537.36"
185.215.232.215 - - [12/Sep/2026:00:48:55 +0330] "GET /post-sitemap.xml HTTP/1.1" 200 531 "-" "Mozilla/5.0 (X11; Linux x86_64) AppleWebKit/537.36 (KHTML, like Gecko; GeedoShopProductFinder) Chrome/142.0.0.0 Safari/537.36"
185.215.232.215 - - [12/Sep/2026:00:49:16 +0330] "GET /page-sitemap.xml HTTP/1.1" 200 1302 "-" "Mozilla/5.0 (X11; Linux x86_64) AppleWebKit/537.36 (KHTML, like Gecko; GeedoShopProductFinder) Chrome/142.0.0.0 Safari/537.36"
185.215.232.215 - - [12/Sep/2026:00:49:59 +0330] "GET /resume_portfolio-sitemap.xml HTTP/1.1" 200 1338 "-" "Mozilla/5.0 (X11; Linux x86_64) AppleWebKit/537.36 (KHTML, like Gecko; GeedoShopProductFinder) Chrome/142.0.0.0 Safari/537.36"
185.215.232.193 - - [12/Sep/2026:00:51:52 +0330] "HEAD / HTTP/1.1" 200 0 "https://rayatex.ir/" "Mozilla/5.0+(compatible; UptimeRobot/2.0; http://www.uptimerobot.com/)"
185.215.232.215 - - [12/Sep/2026:00:53:59 +0330] "GET /portfolio/bonyan-hamdaria/ HTTP/1.1" 200 30742 "-" "Mozilla/5.0 (X11; Linux x86_64) AppleWebKit/537.36 (KHTML, like Gecko; GeedoShopProductFinder) Chrome/142.0.0.0 Safari/537.36"
185.215.232.215 - - [12/Sep/2026:00:54:20 +0330] "GET /product/seo-backlinks-alpha-package/ HTTP/1.1" 200 34895 "-" "Mozilla/5.0 (X11; Linux x86_64) AppleWebKit/537.36 (KHTML, like Gecko; GeedoShopProductFinder) Chrome/142.0.0.0 Safari/537.36"
185.215.232.215 - - [12/Sep/2026:00:56:40 +0330] "GET /portfolio/mahanmziranian/ HTTP/1.1" 200 32301 "-" "Mozilla/5.0 (X11; Linux x86_64) AppleWebKit/537.36 (KHTML, like Gecko; GeedoShopProductFinder) Chrome/142.0.0.0 Safari/537.36"
185.215.232.193 - - [12/Sep/2026:00:56:57 +0330] "HEAD / HTTP/1.1" 200 0 "https://rayatex.ir/" "Mozilla/5.0+(compatible; UptimeRobot/2.0; http://www.uptimerobot.com/)"
185.215.232.215 - - [12/Sep/2026:00:57:40 +0330] "GET /website-design-in-mashhad/ HTTP/1.1" 200 37506 "-" "Mozilla/5.0 (X11; Linux x86_64) AppleWebKit/537.36 (KHTML, like Gecko; GeedoShopProductFinder) Chrome/142.0.0.0 Safari/537.36"
185.215.232.215 - - [12/Sep/2026:00:58:00 +0330] "GET /internet-disruption-and-seo/ HTTP/1.1" 200 38455 "-" "Mozilla/5.0 (X11; Linux x86_64) AppleWebKit/537.36 (KHTML, like Gecko; GeedoShopProductFinder) Chrome/142.0.0.0 Safari/537.36"
185.215.232.215 - - [12/Sep/2026:00:58:20 +0330] "GET /portfolio-cat/website-design/ HTTP/1.1" 200 29083 "-" "Mozilla/5.0 (X11; Linux x86_64) AppleWebKit/537.36 (KHTML, like Gecko; GeedoShopProductFinder) Chrome/142.0.0.0 Safari/537.36"
185.215.232.196 - - [12/Sep/2026:00:59:59 +0330] "GET /category/seo-articles/feed/ HTTP/1.1" 200 15556 "-" "Mozilla/5.0 (iPhone; CPU iPhone OS 13_2_3 like Mac OS X) AppleWebKit/605.1.15 (KHTML, like Gecko) Version/13.0.3 Mobile/15E148 Safari/604.1"
185.215.232.215 - - [12/Sep/2026:01:00:19 +0330] "GET /portfolio/mekarto/ HTTP/1.1" 200 31102 "-" "Mozilla/5.0 (X11; Linux x86_64) AppleWebKit/537.36 (KHTML, like Gecko; GeedoShopProductFinder) Chrome/142.0.0.0 Safari/537.36"
94.101.182.4 - - [12/Sep/2026:01:01:41 +0330] "POST /wp-cron.php?doing_wp_cron=1789162301.1818549633026123046875 HTTP/1.1" 200 20 "-" "WordPress/7.1; https://rayatex.ir"
185.215.232.215 - - [12/Sep/2026:01:01:38 +0330] "GET /?post_type=post&p=11185 HTTP/1.1" 301 20 "-" "Mozilla/5.0 (X11; Linux x86_64) AppleWebKit/537.36 (KHTML, like Gecko; GeedoShopProductFinder) Chrome/142.0.0.0 Safari/537.36"
185.215.232.215 - - [12/Sep/2026:01:01:42 +0330] "GET /internet-disruption-and-seo/ HTTP/1.1" 200 38455 "-" "Mozilla/5.0 (X11; Linux x86_64) AppleWebKit/537.36 (KHTML, like Gecko; GeedoShopProductFinder) Chrome/142.0.0.0 Safari/537.36"
185.215.232.193 - - [12/Sep/2026:01:02:01 +0330] "HEAD / HTTP/1.1" 200 0 "https://rayatex.ir/" "Mozilla/5.0+(compatible; UptimeRobot/2.0; http://www.uptimerobot.com/)"
94.101.182.10 - - [12/Sep/2026:01:03:11 +0330] "GET /sitemap_index.xml HTTP/1.1" 200 370 "-" "Mozilla/5.0 (Windows NT 10.0; Win64; x64) AppleWebKit/537.36 (KHTML, like Gecko) Chrome/120.0.0.0 Safari/537.36"
185.215.232.215 - - [12/Sep/2026:01:04:02 +0330] "GET /portfolio-cat/catalog-design/ HTTP/1.1" 200 27672 "-" "Mozilla/5.0 (X11; Linux x86_64) AppleWebKit/537.36 (KHTML, like Gecko; GeedoShopProductFinder) Chrome/142.0.0.0 Safari/537.36"
185.215.232.215 - - [12/Sep/2026:01:04:42 +0330] "GET /portfolio/hamtatel/ HTTP/1.1" 200 31476 "-" "Mozilla/5.0 (X11; Linux x86_64) AppleWebKit/537.36 (KHTML, like Gecko; GeedoShopProductFinder) Chrome/142.0.0.0 Safari/537.36"
185.215.232.215 - - [12/Sep/2026:01:05:02 +0330] "GET /ai-content-cons/ HTTP/1.1" 200 39847 "-" "Mozilla/5.0 (X11; Linux x86_64) AppleWebKit/537.36 (KHTML, like Gecko; GeedoShopProductFinder) Chrome/142.0.0.0 Safari/537.36"
185.215.232.215 - - [12/Sep/2026:00:52:59 +0330] "GET /portfolio/khadembiology/ HTTP/1.1" 200 31279 "-" "Mozilla/5.0 (X11; Linux x86_64) AppleWebKit/537.36 (KHTML, like Gecko; GeedoShopProductFinder) Chrome/142.0.0.0 Safari/537.36"
185.215.232.215 - - [12/Sep/2026:00:53:19 +0330] "GET /category/seo-articles/ HTTP/1.1" 200 29668 "-" "Mozilla/5.0 (X11; Linux x86_64) AppleWebKit/537.36 (KHTML, like Gecko; GeedoShopProductFinder) Chrome/142.0.0.0 Safari/537.36"
185.215.232.215 - - [12/Sep/2026:00:53:40 +0330] "GET /about/ HTTP/1.1" 200 32019 "-" "Mozilla/5.0 (X11; Linux x86_64) AppleWebKit/537.36 (KHTML, like Gecko; GeedoShopProductFinder) Chrome/142.0.0.0 Safari/537.36"
185.215.232.215 - - [12/Sep/2026:00:54:39 +0330] "GET /portfolio/hamdaria/ HTTP/1.1" 200 33884 "-" "Mozilla/5.0 (X11; Linux x86_64) AppleWebKit/537.36 (KHTML, like Gecko; GeedoShopProductFinder) Chrome/142.0.0.0 Safari/537.36"
185.215.232.215 - - [12/Sep/2026:00:57:00 +0330] "GET /product/logo-design/ HTTP/1.1" 200 33498 "-" "Mozilla/5.0 (X11; Linux x86_64) AppleWebKit/537.36 (KHTML, like Gecko; GeedoShopProductFinder) Chrome/142.0.0.0 Safari/537.36"
185.215.232.215 - - [12/Sep/2026:00:57:20 +0330] "GET /backlink-and-branding/ HTTP/1.1" 200 37662 "-" "Mozilla/5.0 (X11; Linux x86_64) AppleWebKit/537.36 (KHTML, like Gecko; GeedoShopProductFinder) Chrome/142.0.0.0 Safari/537.36"
185.215.232.215 - - [12/Sep/2026:01:00:38 +0330] "GET /portfolio-cat/banner-design/ HTTP/1.1" 200 28264 "-" "Mozilla/5.0 (X11; Linux x86_64) AppleWebKit/537.36 (KHTML, like Gecko; GeedoShopProductFinder) Chrome/142.0.0.0 Safari/537.36"
185.215.232.215 - - [12/Sep/2026:01:00:58 +0330] "GET /portfolio/afra/ HTTP/1.1" 200 31242 "-" "Mozilla/5.0 (X11; Linux x86_64) AppleWebKit/537.36 (KHTML, like Gecko; GeedoShopProductFinder) Chrome/142.0.0.0 Safari/537.36"
185.215.232.215 - - [12/Sep/2026:01:01:19 +0330] "GET /product-category/wordpress-seo/ HTTP/1.1" 200 29580 "-" "Mozilla/5.0 (X11; Linux x86_64) AppleWebKit/537.36 (KHTML, like Gecko; GeedoShopProductFinder) Chrome/142.0.0.0 Safari/537.36"
185.215.232.215 - - [12/Sep/2026:01:01:58 +0330] "GET /what-is-backlink/ HTTP/1.1" 200 41913 "-" "Mozilla/5.0 (X11; Linux x86_64) AppleWebKit/537.36 (KHTML, like Gecko; GeedoShopProductFinder) Chrome/142.0.0.0 Safari/537.36"
94.101.182.5 - - [12/Sep/2026:01:03:16 +0330] "GET /product-sitemap.xml HTTP/1.1" 200 520 "-" "Mozilla/5.0 (Windows NT 10.0; Win64; x64) AppleWebKit/537.36 (KHTML, like Gecko) Chrome/120.0.0.0 Safari/537.36"
185.215.232.215 - - [12/Sep/2026:01:04:22 +0330] "GET /portfolio-cat/website-design/page/2/ HTTP/1.1" 200 27951 "-" "Mozilla/5.0 (X11; Linux x86_64) AppleWebKit/537.36 (KHTML, like Gecko; GeedoShopProductFinder) Chrome/142.0.0.0 Safari/537.36"
185.215.232.195 - - [12/Sep/2026:01:06:58 +0330] "GET /.svn/wc.db HTTP/1.1" 403 787 "-" "Mozilla/5.0 (X11; U; Linux i686; en-US; rv:1.9.0.11) Gecko/2009060309 Ubuntu/9.10 (karmic) Firefox/3.0.11"
185.215.232.215 - - [12/Sep/2026:01:07:49 +0330] "GET /portfolio-cat/product-photography/ HTTP/1.1" 200 27524 "-" "Mozilla/5.0 (X11; Linux x86_64) AppleWebKit/537.36 (KHTML, like Gecko; GeedoShopProductFinder) Chrome/142.0.0.0 Safari/537.36"
185.215.232.215 - - [12/Sep/2026:01:05:22 +0330] "GET /portfolio-cat/environmental-graphics/ HTTP/1.1" 200 27204 "-" "Mozilla/5.0 (X11; Linux x86_64) AppleWebKit/537.36 (KHTML, like Gecko; GeedoShopProductFinder) Chrome/142.0.0.0 Safari/537.36"
185.215.232.215 - - [12/Sep/2026:01:05:43 +0330] "GET /portfolio/hatamkhani/ HTTP/1.1" 200 30481 "-" "Mozilla/5.0 (X11; Linux x86_64) AppleWebKit/537.36 (KHTML, like Gecko; GeedoShopProductFinder) Chrome/142.0.0.0 Safari/537.36"
185.215.232.194 - - [12/Sep/2026:01:07:08 +0330] "HEAD / HTTP/1.1" 200 0 "https://rayatex.ir/" "Mozilla/5.0+(compatible; UptimeRobot/2.0; http://www.uptimerobot.com/)"
94.101.182.4 - - [12/Sep/2026:01:08:12 +0330] "POST /wp-cron.php?doing_wp_cron=1789162691.6386508941650390625000 HTTP/1.1" 200 20 "-" "WordPress/7.1; https://rayatex.ir"
185.215.232.215 - - [12/Sep/2026:01:08:12 +0330] "GET /backlink-and-branding/ HTTP/1.1" 200 37662 "-" "Mozilla/5.0 (X11; Linux x86_64) AppleWebKit/537.36 (KHTML, like Gecko; GeedoShopProductFinder) Chrome/142.0.0.0 Safari/537.36"
94.101.182.4 - - [12/Sep/2026:01:09:11 +0330] "POST /wp-cron.php?doing_wp_cron=1789162751.3635489940643310546875 HTTP/1.1" 200 20 "-" "WordPress/7.1; https://rayatex.ir"
185.215.232.215 - - [12/Sep/2026:01:09:29 +0330] "GET /author/nadmin/ HTTP/1.1" 200 29824 "-" "Mozilla/5.0 (X11; Linux x86_64) AppleWebKit/537.36 (KHTML, like Gecko; GeedoShopProductFinder) Chrome/142.0.0.0 Safari/537.36"
94.101.182.4 - - [12/Sep/2026:01:10:53 +0330] "POST /wp-cron.php?doing_wp_cron=1789162853.2554130554199218750000 HTTP/1.1" 200 20 "-" "WordPress/7.1; https://rayatex.ir"
159.223.131.184 - - [12/Sep/2026:01:10:51 +0330] "GET /@fs//@fs/var/www/strapi-backend/.env?raw???raw?? HTTP/1.1" 301 0 "-" "Mozilla/5.0 (X11; Linux x86_64) AppleWebKit/537.36 (KHTML, like Gecko) Chrome/81.0.4044.129 Safari/537.36"
159.223.131.184 - - [12/Sep/2026:01:10:53 +0330] "GET /@fs/@fs/var/www/strapi-backend/.env?raw???raw?? HTTP/1.1" 404 143215 "-" "Mozilla/5.0 (X11; Linux x86_64) AppleWebKit/537.36 (KHTML, like Gecko) Chrome/81.0.4044.129 Safari/537.36"
159.223.131.184 - - [12/Sep/2026:01:10:57 +0330] "GET /.env?raw???raw?? HTTP/1.1" 404 143215 "-" "Mozilla/5.0 (X11; Linux x86_64) AppleWebKit/537.36 (KHTML, like Gecko) Chrome/81.0.4044.129 Safari/537.36"
159.223.131.184 - - [12/Sep/2026:01:11:00 +0330] "GET /@fs//etc/passwd?raw???raw?? HTTP/1.1" 301 0 "-" "Mozilla/5.0 (X11; Linux x86_64) AppleWebKit/537.36 (KHTML, like Gecko) Chrome/81.0.4044.129 Safari/537.36"
159.223.131.184 - - [12/Sep/2026:01:11:02 +0330] "GET /@fs/etc/passwd?raw???raw?? HTTP/1.1" 404 143215 "-" "Mozilla/5.0 (X11; Linux x86_64) AppleWebKit/537.36 (KHTML, like Gecko) Chrome/81.0.4044.129 Safari/537.36"
159.223.131.184 - - [12/Sep/2026:01:11:05 +0330] "GET /@fs//etc/passwd?import&raw???raw?? HTTP/1.1" 301 0 "-" "Mozilla/5.0 (X11; Linux x86_64) AppleWebKit/537.36 (KHTML, like Gecko) Chrome/81.0.4044.129 Safari/537.36"
159.223.131.184 - - [12/Sep/2026:01:11:07 +0330] "GET /@fs/etc/passwd?import&raw???raw?? HTTP/1.1" 404 143215 "-" "Mozilla/5.0 (X11; Linux x86_64) AppleWebKit/537.36 (KHTML, like Gecko) Chrome/81.0.4044.129 Safari/537.36"
159.223.131.184 - - [12/Sep/2026:01:11:10 +0330] "GET /@fs//C:/Windows/System32/drivers/etc/hosts?raw?raw?? HTTP/1.1" 301 0 "-" "Mozilla/5.0 (X11; Linux x86_64) AppleWebKit/537.36 (KHTML, like Gecko) Chrome/81.0.4044.129 Safari/537.36"
159.223.131.184 - - [12/Sep/2026:01:11:12 +0330] "GET /@fs/C:/Windows/System32/drivers/etc/hosts?raw?raw?? HTTP/1.1" 404 143215 "-" "Mozilla/5.0 (X11; Linux x86_64) AppleWebKit/537.36 (KHTML, like Gecko) Chrome/81.0.4044.129 Safari/537.36"
159.223.131.184 - - [12/Sep/2026:01:11:15 +0330] "GET /@fs//C:/Windows/win.ini?raw???raw?? HTTP/1.1" 301 0 "-" "Mozilla/5.0 (X11; Linux x86_64) AppleWebKit/537.36 (KHTML, like Gecko) Chrome/81.0.4044.129 Safari/537.36"
159.223.131.184 - - [12/Sep/2026:01:11:18 +0330] "GET /@fs/C:/Windows/win.ini?raw???raw?? HTTP/1.1" 404 143215 "-" "Mozilla/5.0 (X11; Linux x86_64) AppleWebKit/537.36 (KHTML, like Gecko) Chrome/81.0.4044.129 Safari/537.36"
159.223.131.184 - - [12/Sep/2026:01:11:20 +0330] "GET /@fs//.env?raw?raw?? HTTP/1.1" 301 0 "-" "Mozilla/5.0 (X11; Linux x86_64) AppleWebKit/537.36 (KHTML, like Gecko) Chrome/81.0.4044.129 Safari/537.36"
159.223.131.184 - - [12/Sep/2026:01:11:22 +0330] "GET /@fs/.env?raw?raw?? HTTP/1.1" 404 143215 "-" "Mozilla/5.0 (X11; Linux x86_64) AppleWebKit/537.36 (KHTML, like Gecko) Chrome/81.0.4044.129 Safari/537.36"
159.223.131.184 - - [12/Sep/2026:01:11:25 +0330] "GET /@fs//.env?raw???raw?? HTTP/1.1" 301 0 "-" "Mozilla/5.0 (X11; Linux x86_64) AppleWebKit/537.36 (KHTML, like Gecko) Chrome/81.0.4044.129 Safari/537.36"
159.223.131.184 - - [12/Sep/2026:01:11:27 +0330] "GET /@fs/.env?raw???raw?? HTTP/1.1" 404 143215 "-" "Mozilla/5.0 (X11; Linux x86_64) AppleWebKit/537.36 (KHTML, like Gecko) Chrome/81.0.4044.129 Safari/537.36"
159.223.131.184 - - [12/Sep/2026:01:11:30 +0330] "GET /@fs//.env.production?raw???raw?? HTTP/1.1" 301 0 "-" "Mozilla/5.0 (X11; Linux x86_64) AppleWebKit/537.36 (KHTML, like Gecko) Chrome/81.0.4044.129 Safari/537.36"
159.223.131.184 - - [12/Sep/2026:01:11:32 +0330] "GET /@fs/.env.production?raw???raw?? HTTP/1.1" 404 143215 "-" "Mozilla/5.0 (X11; Linux x86_64) AppleWebKit/537.36 (KHTML, like Gecko) Chrome/81.0.4044.129 Safari/537.36"
159.223.131.184 - - [12/Sep/2026:01:11:35 +0330] "GET /@fs//.env.local?raw???raw?? HTTP/1.1" 301 0 "-" "Mozilla/5.0 (X11; Linux x86_64) AppleWebKit/537.36 (KHTML, like Gecko) Chrome/81.0.4044.129 Safari/537.36"
159.223.131.184 - - [12/Sep/2026:01:11:37 +0330] "GET /@fs/.env.local?raw???raw?? HTTP/1.1" 404 143215 "-" "Mozilla/5.0 (X11; Linux x86_64) AppleWebKit/537.36 (KHTML, like Gecko) Chrome/81.0.4044.129 Safari/537.36"
94.101.182.4 - - [12/Sep/2026:01:11:42 +0330] "POST /wp-cron.php?doing_wp_cron=1789162902.3886809349060058593750 HTTP/1.1" 200 20 "-" "WordPress/7.1; https://rayatex.ir"
159.223.131.184 - - [12/Sep/2026:01:11:40 +0330] "GET /@fs//.env.development?raw???raw?? HTTP/1.1" 301 0 "-" "Mozilla/5.0 (X11; Linux x86_64) AppleWebKit/537.36 (KHTML, like Gecko) Chrome/81.0.4044.129 Safari/537.36"
185.215.232.215 - - [12/Sep/2026:01:11:44 +0330] "GET /portfolio/shoniz/ HTTP/1.1" 200 31656 "-" "Mozilla/5.0 (X11; Linux x86_64) AppleWebKit/537.36 (KHTML, like Gecko; GeedoShopProductFinder) Chrome/142.0.0.0 Safari/537.36"
159.223.131.184 - - [12/Sep/2026:01:11:42 +0330] "GET /@fs/.env.development?raw???raw?? HTTP/1.1" 404 143215 "-" "Mozilla/5.0 (X11; Linux x86_64) AppleWebKit/537.36 (KHTML, like Gecko) Chrome/81.0.4044.129 Safari/537.36"
159.223.131.184 - - [12/Sep/2026:01:11:46 +0330] "GET /@fs//@fs/var/www/.env?raw???raw?? HTTP/1.1" 301 0 "-" "Mozilla/5.0 (X11; Linux x86_64) AppleWebKit/537.36 (KHTML, like Gecko) Chrome/81.0.4044.129 Safari/537.36"
159.223.131.184 - - [12/Sep/2026:01:11:48 +0330] "GET /@fs/@fs/var/www/.env?raw???raw?? HTTP/1.1" 404 143215 "-" "Mozilla/5.0 (X11; Linux x86_64) AppleWebKit/537.36 (KHTML, like Gecko) Chrome/81.0.4044.129 Safari/537.36"
159.223.131.184 - - [12/Sep/2026:01:11:51 +0330] "GET /@fs//@fs/var/www/.env.production?raw???raw?? HTTP/1.1" 301 0 "-" "Mozilla/5.0 (X11; Linux x86_64) AppleWebKit/537.36 (KHTML, like Gecko) Chrome/81.0.4044.129 Safari/537.36"
159.223.131.184 - - [12/Sep/2026:01:11:53 +0330] "GET /@fs/@fs/var/www/.env.production?raw???raw?? HTTP/1.1" 404 143215 "-" "Mozilla/5.0 (X11; Linux x86_64) AppleWebKit/537.36 (KHTML, like Gecko) Chrome/81.0.4044.129 Safari/537.36"
159.223.131.184 - - [12/Sep/2026:01:11:55 +0330] "GET /@fs//@fs/app/.env?raw???raw?? HTTP/1.1" 301 0 "-" "Mozilla/5.0 (X11; Linux x86_64) AppleWebKit/537.36 (KHTML, like Gecko) Chrome/81.0.4044.129 Safari/537.36"
159.223.131.184 - - [12/Sep/2026:01:11:58 +0330] "GET /@fs/@fs/app/.env?raw???raw?? HTTP/1.1" 404 143215 "-" "Mozilla/5.0 (X11; Linux x86_64) AppleWebKit/537.36 (KHTML, like Gecko) Chrome/81.0.4044.129 Safari/537.36"
159.223.131.184 - - [12/Sep/2026:01:12:01 +0330] "GET /@fs//@fs/home/user/.env?raw???raw?? HTTP/1.1" 301 0 "-" "Mozilla/5.0 (X11; Linux x86_64) AppleWebKit/537.36 (KHTML, like Gecko) Chrome/81.0.4044.129 Safari/537.36"
185.215.232.215 - - [12/Sep/2026:01:12:04 +0330] "GET /product/pr-plan2/ HTTP/1.1" 200 34598 "-" "Mozilla/5.0 (X11; Linux x86_64) AppleWebKit/537.36 (KHTML, like Gecko; GeedoShopProductFinder) Chrome/142.0.0.0 Safari/537.36"
159.223.131.184 - - [12/Sep/2026:01:12:03 +0330] "GET /@fs/@fs/home/user/.env?raw???raw?? HTTP/1.1" 404 143215 "-" "Mozilla/5.0 (X11; Linux x86_64) AppleWebKit/537.36 (KHTML, like Gecko) Chrome/81.0.4044.129 Safari/537.36"
185.215.232.194 - - [12/Sep/2026:01:12:14 +0330] "HEAD / HTTP/1.1" 200 0 "https://rayatex.ir/" "Mozilla/5.0+(compatible; UptimeRobot/2.0; http://www.uptimerobot.com/)"
185.215.232.215 - - [12/Sep/2026:01:08:09 +0330] "GET /?post_type=post&p=11038 HTTP/1.1" 301 20 "-" "Mozilla/5.0 (X11; Linux x86_64) AppleWebKit/537.36 (KHTML, like Gecko; GeedoShopProductFinder) Chrome/142.0.0.0 Safari/537.36"
185.215.232.215 - - [12/Sep/2026:01:08:29 +0330] "GET /portfolio/digikeyland/ HTTP/1.1" 200 31409 "-" "Mozilla/5.0 (X11; Linux x86_64) AppleWebKit/537.36 (KHTML, like Gecko; GeedoShopProductFinder) Chrome/142.0.0.0 Safari/537.36"
185.215.232.215 - - [12/Sep/2026:01:08:49 +0330] "GET /category/website-design/ HTTP/1.1" 200 29199 "-" "Mozilla/5.0 (X11; Linux x86_64) AppleWebKit/537.36 (KHTML, like Gecko; GeedoShopProductFinder) Chrome/142.0.0.0 Safari/537.36"
185.215.232.215 - - [12/Sep/2026:01:09:09 +0330] "GET /?post_type=post&p=10949 HTTP/1.1" 301 20 "-" "Mozilla/5.0 (X11; Linux x86_64) AppleWebKit/537.36 (KHTML, like Gecko; GeedoShopProductFinder) Chrome/142.0.0.0 Safari/537.36"
185.215.232.215 - - [12/Sep/2026:01:09:11 +0330] "GET /ai-content-cons/ HTTP/1.1" 200 39847 "-" "Mozilla/5.0 (X11; Linux x86_64) AppleWebKit/537.36 (KHTML, like Gecko; GeedoShopProductFinder) Chrome/142.0.0.0 Safari/537.36"
185.215.232.196 - - [12/Sep/2026:01:09:11 +0330] "GET /wp-json/wp/v2/categories/1 HTTP/1.1" 200 340 "-" "Mozilla/5.0 (iPhone; CPU iPhone OS 13_2_3 like Mac OS X) AppleWebKit/605.1.15 (KHTML, like Gecko) Version/13.0.3 Mobile/15E148 Safari/604.1"
185.215.232.215 - - [12/Sep/2026:01:12:25 +0330] "GET /licenses/ HTTP/1.1" 200 28147 "-" "Mozilla/5.0 (X11; Linux x86_64) AppleWebKit/537.36 (KHTML, like Gecko; GeedoShopProductFinder) Chrome/142.0.0.0 Safari/537.36"
185.215.232.215 - - [12/Sep/2026:01:12:44 +0330] "GET /portfolio/teb-gostar-sahand/ HTTP/1.1" 200 31352 "-" "Mozilla/5.0 (X11; Linux x86_64) AppleWebKit/537.36 (KHTML, like Gecko; GeedoShopProductFinder) Chrome/142.0.0.0 Safari/537.36"
