| Server IP : 185.143.233.238 / Your IP : 185.215.232.195 Web Server : LiteSpeed System : Linux saman.shetabanhost.com 4.18.0-553.121.1.lve.el8.x86_64 #1 SMP Thu Apr 30 16:40:41 UTC 2026 x86_64 User : behrakir ( 1361) PHP Version : 8.1.34 Disable Function : symlink,shell_exec,show_source,exec,popen,system,passthru,proc_open,proc_close,pcntl_exec,mail MySQL : OFF | cURL : ON | WGET : ON | Perl : ON | Python : ON | Sudo : OFF | Pkexec : OFF Directory : /home/behrakir/access-logs/ |
Upload File : |
185.215.232.193 - - [11/Sep/2026:15:47:40 +0330] "HEAD / HTTP/1.1" 200 0 "https://rayatex.ir/" "Mozilla/5.0+(compatible; UptimeRobot/2.0; http://www.uptimerobot.com/)"
185.215.232.193 - - [11/Sep/2026:15:48:47 +0330] "GET / HTTP/1.1" 200 45410 "-" "Mozilla/5.0 AppleWebKit/537.36 (KHTML, like Gecko; compatible; bingbot/2.0; +http://www.bing.com/bingbot.htm) Chrome/116.0.1938.76 Safari/537.36"
185.215.232.193 - - [11/Sep/2026:15:57:49 +0330] "HEAD / HTTP/1.1" 200 0 "https://rayatex.ir/" "Mozilla/5.0+(compatible; UptimeRobot/2.0; http://www.uptimerobot.com/)"
185.215.232.195 - - [11/Sep/2026:16:07:47 +0330] "GET /wp-json/wp/v2/product_cat/15 HTTP/1.1" 200 317 "-" "Mozilla/5.0 AppleWebKit/537.36 (KHTML, like Gecko; compatible; Amazonbot/0.1; +https://developer.amazon.com/support/amazonbot) Chrome/119.0.6045.214 Safari/537.36"
185.215.232.194 - - [11/Sep/2026:16:13:02 +0330] "HEAD / HTTP/1.1" 200 0 "https://rayatex.ir/" "Mozilla/5.0+(compatible; UptimeRobot/2.0; http://www.uptimerobot.com/)"
185.215.232.215 - - [11/Sep/2026:16:25:15 +0330] "GET /portfolio/hamtatel/ HTTP/1.1" 304 0 "-" "Mozilla/5.0 (Linux; Android 6.0.1; Nexus 5X Build/MMB29P) AppleWebKit/537.36 (KHTML, like Gecko) Chrome/153.0.8010.36 Mobile Safari/537.36 (compatible; Googlebot/2.1; +http://www.google.com/bot.html)"
185.215.232.193 - - [11/Sep/2026:16:31:06 +0330] "GET /robots.txt HTTP/1.1" 200 114 "-" "Mozilla/5.0 (compatible; AhrefsBot/7.0; +http://ahrefs.com/robot/)"
185.215.232.194 - - [11/Sep/2026:16:33:22 +0330] "HEAD / HTTP/1.1" 200 0 "https://rayatex.ir/" "Mozilla/5.0+(compatible; UptimeRobot/2.0; http://www.uptimerobot.com/)"
185.215.232.194 - - [11/Sep/2026:16:35:21 +0330] "GET /wp-content/plugins/background-image-cropper/background-image-cropper.js HTTP/1.1" 404 146944 "-" "Mozilla/5.0 (Windows NT 10.0; Win64; x64) AppleWebKit/537.36 (KHTML, like Gecko) Chrome/147.0.0.0 Safari/537.36"
185.215.232.194 - - [11/Sep/2026:16:35:35 +0330] "GET /wp-content/plugins/wp-content-filter/wp-content-filter.php?k=woo2026 HTTP/1.1" 404 143167 "-" "Mozilla/5.0 (Windows NT 10.0; Win64; x64) AppleWebKit/537.36 (KHTML, like Gecko) Chrome/146.0.0.0 Safari/537.36"
185.215.232.193 - - [11/Sep/2026:16:36:57 +0330] "GET /blog/ HTTP/1.1" 304 0 "-" "Mozilla/5.0 (compatible; AhrefsBot/7.0; +http://ahrefs.com/robot/)"
185.215.232.193 - - [11/Sep/2026:15:42:36 +0330] "HEAD / HTTP/1.1" 200 0 "https://rayatex.ir/" "Mozilla/5.0+(compatible; UptimeRobot/2.0; http://www.uptimerobot.com/)"
185.215.232.193 - - [11/Sep/2026:15:52:44 +0330] "HEAD / HTTP/1.1" 200 0 "https://rayatex.ir/" "Mozilla/5.0+(compatible; UptimeRobot/2.0; http://www.uptimerobot.com/)"
185.215.232.194 - - [11/Sep/2026:16:02:54 +0330] "HEAD / HTTP/1.1" 200 0 "https://rayatex.ir/" "Mozilla/5.0+(compatible; UptimeRobot/2.0; http://www.uptimerobot.com/)"
185.215.232.195 - - [11/Sep/2026:16:07:28 +0330] "GET /shop/ HTTP/1.1" 200 32910 "-" "Mozilla/5.0 (Windows NT 10.0; Win64; x64) AppleWebKit/537.36 (KHTML, like Gecko) Chrome/145.0.0.0 Safari/537.36 (compatible; meta-externalagent/1.1 (+https://developers.facebook.com/docs/sharing/webmasters/crawler))"
185.215.232.193 - - [11/Sep/2026:16:07:58 +0330] "HEAD / HTTP/1.1" 200 0 "https://rayatex.ir/" "Mozilla/5.0+(compatible; UptimeRobot/2.0; http://www.uptimerobot.com/)"
185.215.232.194 - - [11/Sep/2026:16:18:07 +0330] "HEAD / HTTP/1.1" 200 0 "https://rayatex.ir/" "Mozilla/5.0+(compatible; UptimeRobot/2.0; http://www.uptimerobot.com/)"
87.58.197.107 - - [11/Sep/2026:16:21:18 +0330] "GET / HTTP/2" 200 48778 "-" "Mozilla/5.0 (Macintosh; Intel Mac OS X 10_15_7) AppleWebKit/537.36 (KHTML, like Gecko) Chrome/124.0.0.0 Safari/537.36"
185.215.232.193 - - [11/Sep/2026:16:23:12 +0330] "HEAD / HTTP/1.1" 200 0 "https://rayatex.ir/" "Mozilla/5.0+(compatible; UptimeRobot/2.0; http://www.uptimerobot.com/)"
185.215.232.194 - - [11/Sep/2026:16:28:18 +0330] "HEAD / HTTP/1.1" 200 0 "https://rayatex.ir/" "Mozilla/5.0+(compatible; UptimeRobot/2.0; http://www.uptimerobot.com/)"
185.215.232.193 - - [11/Sep/2026:16:31:07 +0330] "GET /shop/ HTTP/1.1" 304 0 "-" "Mozilla/5.0 (compatible; AhrefsBot/7.0; +http://ahrefs.com/robot/)"
94.101.182.4 - - [11/Sep/2026:16:35:23 +0330] "POST /wp-cron.php?doing_wp_cron=1789131923.4001080989837646484375 HTTP/1.1" 200 20 "-" "WordPress/7.1; https://rayatex.ir"
185.215.232.194 - - [11/Sep/2026:16:35:20 +0330] "GET /wp-content/plugins/super-forms/assets/css/backend/hints.css HTTP/1.1" 404 146944 "-" "Mozilla/5.0 (Macintosh; Intel Mac OS X 10_15_7) AppleWebKit/537.36 (KHTML, like Gecko) Chrome/146.0.0.0 Safari/537.36"
185.215.232.194 - - [11/Sep/2026:16:38:27 +0330] "HEAD / HTTP/1.1" 200 0 "https://rayatex.ir/" "Mozilla/5.0+(compatible; UptimeRobot/2.0; http://www.uptimerobot.com/)"
185.215.232.193 - - [11/Sep/2026:16:43:33 +0330] "HEAD / HTTP/1.1" 200 0 "https://rayatex.ir/" "Mozilla/5.0+(compatible; UptimeRobot/2.0; http://www.uptimerobot.com/)"
185.215.232.195 - - [11/Sep/2026:16:40:08 +0330] "GET / HTTP/1.1" 200 48822 "https://www.rayatex.ir:443" "Mozilla/5.0 (Macintosh; Intel Mac OS X 10_15_7) AppleWebKit/537.36 (KHTML, like Gecko) Chrome/124.0.0.0 Safari/537.36"
185.215.232.193 - - [11/Sep/2026:16:48:37 +0330] "HEAD / HTTP/1.1" 200 0 "https://rayatex.ir/" "Mozilla/5.0+(compatible; UptimeRobot/2.0; http://www.uptimerobot.com/)"
185.215.232.194 - - [11/Sep/2026:16:53:41 +0330] "HEAD / HTTP/1.1" 200 0 "https://rayatex.ir/" "Mozilla/5.0+(compatible; UptimeRobot/2.0; http://www.uptimerobot.com/)"
74.7.175.189 - - [11/Sep/2026:16:50:31 +0330] "GET /robots.txt HTTP/2" 200 114 "-" "Mozilla/5.0 (Macintosh; Intel Mac OS X 10_15_7) AppleWebKit/537.36 (KHTML, like Gecko) Chrome/131.0.0.0 Safari/537.36; compatible; OAI-SearchBot/1.4; robots.txt; +https://openai.com/searchbot"
74.7.241.53 - - [11/Sep/2026:16:50:31 +0330] "GET / HTTP/2" 200 48778 "-" "Mozilla/5.0 AppleWebKit/537.36 (KHTML, like Gecko; compatible; GPTBot/1.4; +https://openai.com/gptbot)"
185.215.232.195 - - [11/Sep/2026:16:56:19 +0330] "GET /robots.txt HTTP/1.1" 200 114 "-" "Mozilla/5.0 AppleWebKit/537.36 (KHTML, like Gecko; compatible; ClaudeBot/1.0; +claudebot@anthropic.com)"
185.215.232.195 - - [11/Sep/2026:16:56:20 +0330] "GET /sitemap_index.xml HTTP/1.1" 200 370 "-" "Mozilla/5.0 AppleWebKit/537.36 (KHTML, like Gecko; compatible; ClaudeBot/1.0; +claudebot@anthropic.com)"
185.215.232.195 - - [11/Sep/2026:16:57:58 +0330] "GET /robots.txt HTTP/1.1" 206 114 "-" "facebookexternalhit/1.1 (+http://www.facebook.com/externalhit_uatext.php)"
185.215.232.194 - - [11/Sep/2026:16:58:15 +0330] "GET /portfolio/ HTTP/1.1" 304 0 "-" "Mozilla/5.0 (compatible; AhrefsBot/7.0; +http://ahrefs.com/robot/)"
185.215.232.193 - - [11/Sep/2026:16:58:46 +0330] "HEAD / HTTP/1.1" 200 0 "https://rayatex.ir/" "Mozilla/5.0+(compatible; UptimeRobot/2.0; http://www.uptimerobot.com/)"
185.215.232.194 - - [11/Sep/2026:17:01:10 +0330] "GET /about/ HTTP/1.1" 304 0 "-" "Mozilla/5.0 (compatible; AhrefsBot/7.0; +http://ahrefs.com/robot/)"
185.215.232.196 - - [11/Sep/2026:17:01:35 +0330] "GET / HTTP/1.1" 200 48822 "http://rayatex.ir" "Mozilla/5.0 (iPhone; CPU iPhone OS 13_2_3 like Mac OS X) AppleWebKit/605.1.15 (KHTML, like Gecko) Version/13.0.3 Mobile/15E148 Safari/604.1"
185.215.232.193 - - [11/Sep/2026:17:03:33 +0330] "GET /internet-disruption-and-seo/ HTTP/1.1" 304 0 "-" "Mozilla/5.0 (compatible; AhrefsBot/7.0; +http://ahrefs.com/robot/)"
185.215.232.193 - - [11/Sep/2026:17:03:50 +0330] "HEAD / HTTP/1.1" 200 0 "https://rayatex.ir/" "Mozilla/5.0+(compatible; UptimeRobot/2.0; http://www.uptimerobot.com/)"
185.215.232.196 - - [11/Sep/2026:17:03:54 +0330] "POST /wp-comments-post.php HTTP/1.1" 429 1227 "https://rayatex.ir" "Mozilla/5.0 (iPhone; CPU iPhone OS 18_3_2 like Mac OS X) AppleWebKit/605.1.15 (KHTML, like Gecko) Version/18.3.1 Mobile/15E148 Safari/604.1"
185.215.232.194 - - [11/Sep/2026:17:07:07 +0330] "GET /backlink-and-branding/ HTTP/1.1" 304 0 "-" "Mozilla/5.0 (compatible; AhrefsBot/7.0; +http://ahrefs.com/robot/)"
185.215.232.193 - - [11/Sep/2026:17:08:54 +0330] "HEAD / HTTP/1.1" 200 0 "https://rayatex.ir/" "Mozilla/5.0+(compatible; UptimeRobot/2.0; http://www.uptimerobot.com/)"
185.215.232.193 - - [11/Sep/2026:17:08:55 +0330] "GET /contact/ HTTP/1.1" 304 0 "-" "Mozilla/5.0 (compatible; AhrefsBot/7.0; +http://ahrefs.com/robot/)"
185.215.232.196 - - [11/Sep/2026:17:16:00 +0330] "GET /old/wp-admin/install.php HTTP/1.1" 404 30429 "-" "Mozilla/5.0 (Macintosh; Intel Mac OS X 10_10_1) AppleWebKit/537.36 (KHTML, like Gecko) Chrome/39.0.2171.95 Safari/537.36"
185.215.232.196 - - [11/Sep/2026:17:16:18 +0330] "GET /wordpress/wp-admin/install.php HTTP/1.1" 404 30429 "-" "Mozilla/5.0 (Macintosh; Intel Mac OS X 10_10_1) AppleWebKit/537.36 (KHTML, like Gecko) Chrome/39.0.2171.95 Safari/537.36"
185.215.232.196 - - [11/Sep/2026:17:16:40 +0330] "GET /test/wp-admin/install.php HTTP/1.1" 404 30429 "-" "Mozilla/5.0 (Macintosh; Intel Mac OS X 10_10_1) AppleWebKit/537.36 (KHTML, like Gecko) Chrome/39.0.2171.95 Safari/537.36"
94.101.182.4 - - [11/Sep/2026:17:16:56 +0330] "POST /wp-cron.php?doing_wp_cron=1789134416.3065710067749023437500 HTTP/1.1" 200 20 "-" "WordPress/7.1; https://rayatex.ir"
185.215.232.196 - - [11/Sep/2026:17:17:04 +0330] "GET /cms/wp-admin/install.php HTTP/1.1" 404 30429 "-" "Mozilla/5.0 (Macintosh; Intel Mac OS X 10_10_1) AppleWebKit/537.36 (KHTML, like Gecko) Chrome/39.0.2171.95 Safari/537.36"
185.215.232.196 - - [11/Sep/2026:17:17:23 +0330] "GET /web/wp-admin/install.php HTTP/1.1" 404 30429 "-" "Mozilla/5.0 (Macintosh; Intel Mac OS X 10_10_1) AppleWebKit/537.36 (KHTML, like Gecko) Chrome/39.0.2171.95 Safari/537.36"
94.101.182.4 - - [11/Sep/2026:17:17:42 +0330] "POST /wp-cron.php?doing_wp_cron=1789134462.7257161140441894531250 HTTP/1.1" 200 20 "-" "WordPress/7.1; https://rayatex.ir"
185.215.232.196 - - [11/Sep/2026:17:18:19 +0330] "GET /oldsite/wp-admin/install.php HTTP/1.1" 404 30429 "-" "Mozilla/5.0 (Macintosh; Intel Mac OS X 10_10_1) AppleWebKit/537.36 (KHTML, like Gecko) Chrome/39.0.2171.95 Safari/537.36"
185.215.232.193 - - [11/Sep/2026:17:19:41 +0330] "HEAD / HTTP/1.1" 200 0 "https://rayatex.ir/" "Mozilla/5.0+(compatible; UptimeRobot/2.0; http://www.uptimerobot.com/)"
185.215.232.196 - - [11/Sep/2026:17:03:31 +0330] "GET /index.php?rest_route=/wp/v2/posts&per_page=100&_fields=id%2Ccomment_status&page=1 HTTP/1.1" 200 86 "https://rayatex.ir" "Mozilla/5.0 (iPhone; CPU iPhone OS 18_3_2 like Mac OS X) AppleWebKit/605.1.15 (KHTML, like Gecko) Version/18.3.1 Mobile/15E148 Safari/604.1"
185.215.232.196 - - [11/Sep/2026:17:03:38 +0330] "POST /wp-comments-post.php HTTP/1.1" 302 20 "https://rayatex.ir" "Mozilla/5.0 (iPhone; CPU iPhone OS 18_3_2 like Mac OS X) AppleWebKit/605.1.15 (KHTML, like Gecko) Version/18.3.1 Mobile/15E148 Safari/604.1"
185.215.232.196 - - [11/Sep/2026:17:04:07 +0330] "POST /wp-comments-post.php HTTP/1.1" 302 20 "https://rayatex.ir" "Mozilla/5.0 (iPhone; CPU iPhone OS 18_3_2 like Mac OS X) AppleWebKit/605.1.15 (KHTML, like Gecko) Version/18.3.1 Mobile/15E148 Safari/604.1"
185.215.232.193 - - [11/Sep/2026:17:05:34 +0330] "GET /order-new/ HTTP/1.1" 304 0 "-" "Mozilla/5.0 (compatible; AhrefsBot/7.0; +http://ahrefs.com/robot/)"
185.215.232.193 - - [11/Sep/2026:17:08:38 +0330] "GET / HTTP/1.1" 200 48822 "http://www.rayatex.ir" "Mozilla/5.0 (iPhone; CPU iPhone OS 13_2_3 like Mac OS X) AppleWebKit/605.1.15 (KHTML, like Gecko) Version/13.0.3 Mobile/15E148 Safari/604.1"
185.215.232.194 - - [11/Sep/2026:17:11:02 +0330] "GET /robots.txt HTTP/1.1" 200 114 "-" "Mozilla/5.0 (Windows NT 10.0; Win64; x64) AppleWebKit/537.36 (KHTML, like Gecko) Chrome/103.0.5060.134 Safari/537.36"
185.215.232.193 - - [11/Sep/2026:17:11:13 +0330] "GET /what-is-backlink/ HTTP/1.1" 304 0 "-" "Mozilla/5.0 (compatible; AhrefsBot/7.0; +http://ahrefs.com/robot/)"
185.215.232.194 - - [11/Sep/2026:17:14:36 +0330] "HEAD / HTTP/1.1" 200 0 "https://rayatex.ir/" "Mozilla/5.0+(compatible; UptimeRobot/2.0; http://www.uptimerobot.com/)"
94.101.182.4 - - [11/Sep/2026:17:15:20 +0330] "POST /wp-cron.php?doing_wp_cron=1789134319.6761760711669921875000 HTTP/1.1" 200 20 "-" "WordPress/7.1; https://rayatex.ir"
185.215.232.196 - - [11/Sep/2026:17:15:19 +0330] "GET /wp-admin/install.php HTTP/1.1" 200 642 "-" "Mozilla/5.0 (Macintosh; Intel Mac OS X 10_10_1) AppleWebKit/537.36 (KHTML, like Gecko) Chrome/39.0.2171.95 Safari/537.36"
94.101.182.4 - - [11/Sep/2026:17:15:32 +0330] "POST /wp-cron.php?doing_wp_cron=1789134332.8281290531158447265625 HTTP/1.1" 200 20 "-" "WordPress/7.1; https://rayatex.ir"
185.215.232.196 - - [11/Sep/2026:17:15:30 +0330] "GET /wp/wp-admin/install.php HTTP/1.1" 404 30429 "-" "Mozilla/5.0 (Macintosh; Intel Mac OS X 10_10_1) AppleWebKit/537.36 (KHTML, like Gecko) Chrome/39.0.2171.95 Safari/537.36"
185.215.232.196 - - [11/Sep/2026:17:15:47 +0330] "GET /new/wp-admin/install.php HTTP/1.1" 404 30429 "-" "Mozilla/5.0 (Macintosh; Intel Mac OS X 10_10_1) AppleWebKit/537.36 (KHTML, like Gecko) Chrome/39.0.2171.95 Safari/537.36"
185.215.232.196 - - [11/Sep/2026:17:16:53 +0330] "GET /blog/wp-admin/install.php HTTP/1.1" 404 30429 "-" "Mozilla/5.0 (Macintosh; Intel Mac OS X 10_10_1) AppleWebKit/537.36 (KHTML, like Gecko) Chrome/39.0.2171.95 Safari/537.36"
185.215.232.196 - - [11/Sep/2026:17:17:40 +0330] "GET /backup/wp-admin/install.php HTTP/1.1" 404 30429 "-" "Mozilla/5.0 (Macintosh; Intel Mac OS X 10_10_1) AppleWebKit/537.36 (KHTML, like Gecko) Chrome/39.0.2171.95 Safari/537.36"
185.215.232.196 - - [11/Sep/2026:17:18:00 +0330] "GET /site/wp-admin/install.php HTTP/1.1" 404 30429 "-" "Mozilla/5.0 (Macintosh; Intel Mac OS X 10_10_1) AppleWebKit/537.36 (KHTML, like Gecko) Chrome/39.0.2171.95 Safari/537.36"
185.215.232.194 - - [11/Sep/2026:17:24:46 +0330] "HEAD / HTTP/1.1" 200 0 "https://rayatex.ir/" "Mozilla/5.0+(compatible; UptimeRobot/2.0; http://www.uptimerobot.com/)"
185.215.232.195 - - [11/Sep/2026:17:26:53 +0330] "GET /licenses/ HTTP/1.1" 200 30208 "-" "Mozilla/5.0 (Windows NT 10.0; Win64; x64) AppleWebKit/537.36 (KHTML, like Gecko) Chrome/145.0.0.0 Safari/537.36 (compatible; meta-externalagent/1.1 (+https://developers.facebook.com/docs/sharing/webmasters/crawler))"
185.215.232.194 - - [11/Sep/2026:17:29:52 +0330] "HEAD / HTTP/1.1" 200 0 "https://rayatex.ir/" "Mozilla/5.0+(compatible; UptimeRobot/2.0; http://www.uptimerobot.com/)"
185.215.232.193 - - [11/Sep/2026:17:34:57 +0330] "HEAD / HTTP/1.1" 200 0 "https://rayatex.ir/" "Mozilla/5.0+(compatible; UptimeRobot/2.0; http://www.uptimerobot.com/)"
185.215.232.194 - - [11/Sep/2026:17:35:03 +0330] "GET /ai-content-cons/ HTTP/1.1" 304 0 "-" "Mozilla/5.0 (compatible; AhrefsBot/7.0; +http://ahrefs.com/robot/)"
185.215.232.193 - - [11/Sep/2026:17:40:00 +0330] "HEAD / HTTP/1.1" 200 0 "https://rayatex.ir/" "Mozilla/5.0+(compatible; UptimeRobot/2.0; http://www.uptimerobot.com/)"
185.215.232.194 - - [11/Sep/2026:17:45:05 +0330] "HEAD / HTTP/1.1" 200 0 "https://rayatex.ir/" "Mozilla/5.0+(compatible; UptimeRobot/2.0; http://www.uptimerobot.com/)"
185.215.232.193 - - [11/Sep/2026:17:47:48 +0330] "GET /webdesign/ HTTP/1.1" 304 0 "-" "Mozilla/5.0 (compatible; AhrefsBot/7.0; +http://ahrefs.com/robot/)"
185.215.232.193 - - [11/Sep/2026:17:50:11 +0330] "HEAD / HTTP/1.1" 200 0 "https://rayatex.ir/" "Mozilla/5.0+(compatible; UptimeRobot/2.0; http://www.uptimerobot.com/)"
185.215.232.194 - - [11/Sep/2026:17:40:40 +0330] "GET /seo/ HTTP/1.1" 304 0 "-" "Mozilla/5.0 (compatible; AhrefsBot/7.0; +http://ahrefs.com/robot/)"
185.215.232.194 - - [11/Sep/2026:17:46:18 +0330] "GET / HTTP/1.1" 200 48822 "http://www.rayatex.ir" "Mozilla/5.0 (iPhone; CPU iPhone OS 13_2_3 like Mac OS X) AppleWebKit/605.1.15 (KHTML, like Gecko) Version/13.0.3 Mobile/15E148 Safari/604.1"
185.215.232.193 - - [11/Sep/2026:17:55:16 +0330] "HEAD / HTTP/1.1" 200 0 "https://rayatex.ir/" "Mozilla/5.0+(compatible; UptimeRobot/2.0; http://www.uptimerobot.com/)"
185.215.232.193 - - [11/Sep/2026:18:00:20 +0330] "HEAD / HTTP/1.1" 200 0 "https://rayatex.ir/" "Mozilla/5.0+(compatible; UptimeRobot/2.0; http://www.uptimerobot.com/)"
185.215.232.193 - - [11/Sep/2026:18:05:25 +0330] "HEAD / HTTP/1.1" 200 0 "https://rayatex.ir/" "Mozilla/5.0+(compatible; UptimeRobot/2.0; http://www.uptimerobot.com/)"
94.101.182.4 - - [11/Sep/2026:18:09:06 +0330] "GET /.well-known/acme-challenge/OWNIQHMUYY8AJ7DK77YGMNFX1OXZ89ZL HTTP/1.1" 200 64 "-" "Cpanel-HTTP-Client/1.0"
94.101.182.4 - - [11/Sep/2026:18:09:06 +0330] "GET /.well-known/acme-challenge/4KQQKE0VJNFSKM0F-IBLKG7TYCR0LKVH HTTP/1.1" 200 64 "-" "Cpanel-HTTP-Client/1.0"
185.215.232.194 - - [11/Sep/2026:18:10:30 +0330] "HEAD / HTTP/1.1" 200 0 "https://rayatex.ir/" "Mozilla/5.0+(compatible; UptimeRobot/2.0; http://www.uptimerobot.com/)"
185.215.232.194 - - [11/Sep/2026:18:15:34 +0330] "HEAD / HTTP/1.1" 200 0 "https://rayatex.ir/" "Mozilla/5.0+(compatible; UptimeRobot/2.0; http://www.uptimerobot.com/)"
185.215.232.193 - - [11/Sep/2026:18:20:39 +0330] "HEAD / HTTP/1.1" 200 0 "https://rayatex.ir/" "Mozilla/5.0+(compatible; UptimeRobot/2.0; http://www.uptimerobot.com/)"
87.58.197.138 - - [11/Sep/2026:18:24:02 +0330] "GET / HTTP/2" 200 48778 "-" "Mozilla/5.0 (Macintosh; Intel Mac OS X 10_15_7) AppleWebKit/537.36 (KHTML, like Gecko) Chrome/124.0.0.0 Safari/537.36"
87.58.197.139 - - [11/Sep/2026:18:24:44 +0330] "GET / HTTP/2" 200 48778 "-" "Mozilla/5.0 (Macintosh; Intel Mac OS X 10_15_7) AppleWebKit/537.36 (KHTML, like Gecko) Chrome/124.0.0.0 Safari/537.36"
185.215.232.194 - - [11/Sep/2026:18:25:44 +0330] "HEAD / HTTP/1.1" 200 0 "https://rayatex.ir/" "Mozilla/5.0+(compatible; UptimeRobot/2.0; http://www.uptimerobot.com/)"
185.215.232.194 - - [11/Sep/2026:18:30:50 +0330] "HEAD / HTTP/1.1" 200 0 "https://rayatex.ir/" "Mozilla/5.0+(compatible; UptimeRobot/2.0; http://www.uptimerobot.com/)"
185.215.232.195 - - [11/Sep/2026:18:27:18 +0330] "GET /wp-content/uploads/elementor/thumbs/ataman-icon-rely4uhr4zwvvaeld5yvez56d8a5m2q53672zfa7ls.webp HTTP/1.1" 200 1798 "-" "Mozilla/5.0 (compatible; crawler)"
185.215.232.193 - - [11/Sep/2026:18:35:54 +0330] "HEAD / HTTP/1.1" 200 0 "https://rayatex.ir/" "Mozilla/5.0+(compatible; UptimeRobot/2.0; http://www.uptimerobot.com/)"
185.215.232.193 - - [11/Sep/2026:18:40:59 +0330] "HEAD / HTTP/1.1" 200 0 "https://rayatex.ir/" "Mozilla/5.0+(compatible; UptimeRobot/2.0; http://www.uptimerobot.com/)"
185.215.232.193 - - [11/Sep/2026:18:46:04 +0330] "HEAD / HTTP/1.1" 200 0 "https://rayatex.ir/" "Mozilla/5.0+(compatible; UptimeRobot/2.0; http://www.uptimerobot.com/)"
185.215.232.195 - - [11/Sep/2026:18:58:02 +0330] "GET /robots.txt HTTP/1.1" 200 114 "-" "Mozilla/5.0 AppleWebKit/537.36 (KHTML, like Gecko; compatible; ClaudeBot/1.0; +claudebot@anthropic.com)"
185.215.232.195 - - [11/Sep/2026:18:49:29 +0330] "GET / HTTP/1.1" 200 48822 "https://www.rayatex.ir:443" "Mozilla/5.0 (Macintosh; Intel Mac OS X 10_15_7) AppleWebKit/537.36 (KHTML, like Gecko) Chrome/124.0.0.0 Safari/537.36"
185.215.232.194 - - [11/Sep/2026:18:51:08 +0330] "HEAD / HTTP/1.1" 200 0 "https://rayatex.ir/" "Mozilla/5.0+(compatible; UptimeRobot/2.0; http://www.uptimerobot.com/)"
185.215.232.215 - - [11/Sep/2026:18:55:15 +0330] "GET /portfolio-cat/social-media/ HTTP/1.1" 304 0 "-" "Mozilla/5.0 (Linux; Android 6.0.1; Nexus 5X Build/MMB29P) AppleWebKit/537.36 (KHTML, like Gecko) Chrome/153.0.8010.36 Mobile Safari/537.36 (compatible; Googlebot/2.1; +http://www.google.com/bot.html)"
185.215.232.193 - - [11/Sep/2026:18:56:14 +0330] "HEAD / HTTP/1.1" 200 0 "https://rayatex.ir/" "Mozilla/5.0+(compatible; UptimeRobot/2.0; http://www.uptimerobot.com/)"
185.215.232.195 - - [11/Sep/2026:18:58:02 +0330] "GET /sitemap_index.xml HTTP/1.1" 200 370 "-" "Mozilla/5.0 AppleWebKit/537.36 (KHTML, like Gecko; compatible; ClaudeBot/1.0; +claudebot@anthropic.com)"
185.215.232.195 - - [11/Sep/2026:19:00:15 +0330] "GET /product-category/graphics/feed/ HTTP/1.1" 200 3064 "-" "Mozilla/5.0 AppleWebKit/537.36 (KHTML, like Gecko; compatible; Amazonbot/0.1; +https://developer.amazon.com/support/amazonbot) Chrome/119.0.6045.214 Safari/537.36"
185.215.232.194 - - [11/Sep/2026:19:01:19 +0330] "HEAD / HTTP/1.1" 200 0 "https://rayatex.ir/" "Mozilla/5.0+(compatible; UptimeRobot/2.0; http://www.uptimerobot.com/)"
185.215.232.194 - - [11/Sep/2026:19:11:30 +0330] "HEAD / HTTP/1.1" 200 0 "https://rayatex.ir/" "Mozilla/5.0+(compatible; UptimeRobot/2.0; http://www.uptimerobot.com/)"
185.215.232.194 - - [11/Sep/2026:19:06:24 +0330] "HEAD / HTTP/1.1" 200 0 "https://rayatex.ir/" "Mozilla/5.0+(compatible; UptimeRobot/2.0; http://www.uptimerobot.com/)"
185.215.232.194 - - [11/Sep/2026:19:16:35 +0330] "HEAD / HTTP/1.1" 200 0 "https://rayatex.ir/" "Mozilla/5.0+(compatible; UptimeRobot/2.0; http://www.uptimerobot.com/)"
185.215.232.194 - - [11/Sep/2026:19:21:40 +0330] "HEAD / HTTP/1.1" 200 0 "https://rayatex.ir/" "Mozilla/5.0+(compatible; UptimeRobot/2.0; http://www.uptimerobot.com/)"
185.215.232.194 - - [11/Sep/2026:19:26:45 +0330] "HEAD / HTTP/1.1" 200 0 "https://rayatex.ir/" "Mozilla/5.0+(compatible; UptimeRobot/2.0; http://www.uptimerobot.com/)"
185.215.232.193 - - [11/Sep/2026:19:31:50 +0330] "HEAD / HTTP/1.1" 200 0 "https://rayatex.ir/" "Mozilla/5.0+(compatible; UptimeRobot/2.0; http://www.uptimerobot.com/)"
185.215.232.194 - - [11/Sep/2026:19:47:03 +0330] "HEAD / HTTP/1.1" 200 0 "https://rayatex.ir/" "Mozilla/5.0+(compatible; UptimeRobot/2.0; http://www.uptimerobot.com/)"
185.215.232.194 - - [11/Sep/2026:19:36:54 +0330] "HEAD / HTTP/1.1" 200 0 "https://rayatex.ir/" "Mozilla/5.0+(compatible; UptimeRobot/2.0; http://www.uptimerobot.com/)"
185.215.232.194 - - [11/Sep/2026:19:41:59 +0330] "HEAD / HTTP/1.1" 200 0 "https://rayatex.ir/" "Mozilla/5.0+(compatible; UptimeRobot/2.0; http://www.uptimerobot.com/)"
185.215.232.194 - - [11/Sep/2026:19:52:08 +0330] "HEAD / HTTP/1.1" 200 0 "https://rayatex.ir/" "Mozilla/5.0+(compatible; UptimeRobot/2.0; http://www.uptimerobot.com/)"
185.215.232.194 - - [11/Sep/2026:19:57:11 +0330] "HEAD / HTTP/1.1" 200 0 "https://rayatex.ir/" "Mozilla/5.0+(compatible; UptimeRobot/2.0; http://www.uptimerobot.com/)"
185.215.232.194 - - [11/Sep/2026:20:02:16 +0330] "HEAD / HTTP/1.1" 200 0 "https://rayatex.ir/" "Mozilla/5.0+(compatible; UptimeRobot/2.0; http://www.uptimerobot.com/)"
185.215.232.193 - - [11/Sep/2026:20:07:20 +0330] "HEAD / HTTP/1.1" 200 0 "https://rayatex.ir/" "Mozilla/5.0+(compatible; UptimeRobot/2.0; http://www.uptimerobot.com/)"
185.215.232.193 - - [11/Sep/2026:20:10:24 +0330] "GET /portfolio/live-in-book/ HTTP/1.1" 200 31096 "-" "Mozilla/5.0 AppleWebKit/537.36 (KHTML, like Gecko; compatible; bingbot/2.0; +http://www.bing.com/bingbot.htm) Chrome/116.0.1938.76 Safari/537.36"
185.215.232.194 - - [11/Sep/2026:20:12:24 +0330] "HEAD / HTTP/1.1" 200 0 "https://rayatex.ir/" "Mozilla/5.0+(compatible; UptimeRobot/2.0; http://www.uptimerobot.com/)"
185.215.232.193 - - [11/Sep/2026:20:22:35 +0330] "HEAD / HTTP/1.1" 200 0 "https://rayatex.ir/" "Mozilla/5.0+(compatible; UptimeRobot/2.0; http://www.uptimerobot.com/)"
185.215.232.193 - - [11/Sep/2026:20:10:04 +0330] "GET /portfolio/live-in-book/ HTTP/1.1" 200 31096 "-" "Mozilla/5.0 AppleWebKit/537.36 (KHTML, like Gecko; compatible; bingbot/2.0; +http://www.bing.com/bingbot.htm) Chrome/116.0.1938.76 Safari/537.36"
185.215.232.194 - - [11/Sep/2026:20:17:29 +0330] "HEAD / HTTP/1.1" 200 0 "https://rayatex.ir/" "Mozilla/5.0+(compatible; UptimeRobot/2.0; http://www.uptimerobot.com/)"
185.215.232.194 - - [11/Sep/2026:20:27:41 +0330] "HEAD / HTTP/1.1" 200 0 "https://rayatex.ir/" "Mozilla/5.0+(compatible; UptimeRobot/2.0; http://www.uptimerobot.com/)"
185.215.232.194 - - [11/Sep/2026:20:32:47 +0330] "HEAD / HTTP/1.1" 200 0 "https://rayatex.ir/" "Mozilla/5.0+(compatible; UptimeRobot/2.0; http://www.uptimerobot.com/)"
185.215.232.193 - - [11/Sep/2026:20:34:25 +0330] "GET /?author=9 HTTP/1.1" 404 30404 "-" "Mozilla/5.0 (iPhone; CPU iPhone OS 17_2 like Mac OS X) AppleWebKit/605.1.15 (KHTML, like Gecko) Version/17.2 Mobile/15E148 Safari/604.1"
185.215.232.193 - - [11/Sep/2026:20:34:25 +0330] "GET /?author=3 HTTP/1.1" 404 30404 "-" "Mozilla/5.0 (X11; Linux x86_64) AppleWebKit/537.36 (KHTML, like Gecko) Chrome/120.0.0.0 Safari/537.36"
185.215.232.193 - - [11/Sep/2026:20:34:26 +0330] "GET /?author=2 HTTP/1.1" 404 30404 "-" "Mozilla/5.0 (iPhone; CPU iPhone OS 17_2 like Mac OS X) AppleWebKit/605.1.15 (KHTML, like Gecko) Version/17.2 Mobile/15E148 Safari/604.1"
185.215.232.193 - - [11/Sep/2026:20:34:26 +0330] "GET /?author=8 HTTP/1.1" 404 30404 "-" "Mozilla/5.0 (Windows NT 11.0; Win64; x64) AppleWebKit/537.36 (KHTML, like Gecko) Chrome/121.0.0.0 Safari/537.36"
185.215.232.193 - - [11/Sep/2026:20:34:35 +0330] "GET /?author=6 HTTP/1.1" 404 30404 "-" "Mozilla/5.0 (Windows NT 10.0; Win64; x64; rv:121.0) Gecko/20100101 Firefox/121.0"
185.215.232.193 - - [11/Sep/2026:20:34:35 +0330] "GET /?author=5 HTTP/1.1" 404 30404 "-" "Mozilla/5.0 (X11; Linux x86_64) AppleWebKit/537.36 (KHTML, like Gecko) Chrome/120.0.0.0 Safari/537.36"
185.215.232.193 - - [11/Sep/2026:20:34:35 +0330] "GET /?author=3 HTTP/1.1" 404 30404 "-" "Mozilla/5.0 (Windows NT 10.0; Win64; x64) AppleWebKit/537.36 (KHTML, like Gecko) Chrome/120.0.0.0 Safari/537.36"
185.215.232.193 - - [11/Sep/2026:20:34:36 +0330] "GET /?author=9 HTTP/1.1" 404 30404 "-" "Mozilla/5.0 (Macintosh; Intel Mac OS X 14_2_1) AppleWebKit/537.36 (KHTML, like Gecko) Chrome/120.0.0.0 Safari/537.36"
185.215.232.193 - - [11/Sep/2026:20:34:35 +0330] "GET /?author=2 HTTP/1.1" 404 30404 "-" "Mozilla/5.0 (Windows NT 11.0; Win64; x64) AppleWebKit/537.36 (KHTML, like Gecko) Chrome/121.0.0.0 Safari/537.36"
185.215.232.193 - - [11/Sep/2026:20:34:35 +0330] "GET /?author=8 HTTP/1.1" 404 30404 "-" "Mozilla/5.0 (Linux; Android 14; SM-S918B) AppleWebKit/537.36 (KHTML, like Gecko) Chrome/120.0.0.0 Mobile Safari/537.36"
185.215.232.193 - - [11/Sep/2026:20:34:35 +0330] "GET /?author=7 HTTP/1.1" 404 30404 "-" "Mozilla/5.0 (Windows NT 10.0; Win64; x64) AppleWebKit/537.36 (KHTML, like Gecko) Chrome/120.0.0.0 Safari/537.36"
185.215.232.193 - - [11/Sep/2026:20:34:35 +0330] "GET /?author=4 HTTP/1.1" 404 30404 "-" "Mozilla/5.0 (Windows NT 10.0; Win64; x64) AppleWebKit/537.36 (KHTML, like Gecko) Edge/120.0.2210.91"
185.215.232.193 - - [11/Sep/2026:20:34:25 +0330] "GET /?author=10 HTTP/1.1" 404 30404 "-" "Mozilla/5.0 (iPhone; CPU iPhone OS 17_2 like Mac OS X) AppleWebKit/605.1.15 (KHTML, like Gecko) Version/17.2 Mobile/15E148 Safari/604.1"
185.215.232.193 - - [11/Sep/2026:20:34:46 +0330] "GET /?author=10 HTTP/1.1" 404 30404 "-" "Mozilla/5.0 (Macintosh; Intel Mac OS X 14_2_1) AppleWebKit/605.1.15 (KHTML, like Gecko) Version/17.1 Safari/605.1.15"
185.215.232.193 - - [11/Sep/2026:20:34:46 +0330] "GET /?author=3 HTTP/1.1" 404 30404 "-" "Mozilla/5.0 (iPhone; CPU iPhone OS 17_2 like Mac OS X) AppleWebKit/605.1.15 (KHTML, like Gecko) Version/17.2 Mobile/15E148 Safari/604.1"
185.215.232.193 - - [11/Sep/2026:20:34:46 +0330] "GET /?author=8 HTTP/1.1" 404 30404 "-" "Mozilla/5.0 (Windows NT 10.0; Win64; x64; rv:121.0) Gecko/20100101 Firefox/121.0"
185.215.232.193 - - [11/Sep/2026:20:34:46 +0330] "GET /?author=6 HTTP/1.1" 404 30404 "-" "Mozilla/5.0 (Macintosh; Intel Mac OS X 14_2_1) AppleWebKit/537.36 (KHTML, like Gecko) Chrome/120.0.0.0 Safari/537.36"
185.215.232.193 - - [11/Sep/2026:20:34:46 +0330] "GET /?author=5 HTTP/1.1" 404 30404 "-" "Mozilla/5.0 (X11; Linux x86_64) AppleWebKit/537.36 (KHTML, like Gecko) Chrome/120.0.0.0 Safari/537.36"
185.215.232.193 - - [11/Sep/2026:20:34:21 +0330] "GET /xmlrpc.php HTTP/1.1" 405 60 "http://rayatex.ir/xmlrpc.php" "Mozilla/5.0 (Macintosh; Intel Mac OS X 14_2_1) AppleWebKit/537.36 (KHTML, like Gecko) Chrome/120.0.0.0 Safari/537.36"
185.215.232.193 - - [11/Sep/2026:20:34:25 +0330] "GET /?author=1 HTTP/1.1" 301 20 "-" "Mozilla/5.0 (iPhone; CPU iPhone OS 17_2 like Mac OS X) AppleWebKit/605.1.15 (KHTML, like Gecko) Version/17.2 Mobile/15E148 Safari/604.1"
185.215.232.193 - - [11/Sep/2026:20:34:24 +0330] "GET /?rest_route=/wp/v2/users HTTP/1.1" 200 453 "-" "Mozilla/5.0 (iPhone; CPU iPhone OS 17_2 like Mac OS X) AppleWebKit/605.1.15 (KHTML, like Gecko) Version/17.2 Mobile/15E148 Safari/604.1"
185.215.232.193 - - [11/Sep/2026:20:34:25 +0330] "GET /?author=7 HTTP/1.1" 404 30404 "-" "Mozilla/5.0 (Macintosh; Intel Mac OS X 14_2_1) AppleWebKit/605.1.15 (KHTML, like Gecko) Version/17.1 Safari/605.1.15"
185.215.232.193 - - [11/Sep/2026:20:34:25 +0330] "GET /?author=6 HTTP/1.1" 404 30404 "-" "Mozilla/5.0 (X11; Linux x86_64) AppleWebKit/537.36 (KHTML, like Gecko) Chrome/120.0.0.0 Safari/537.36"
185.215.232.193 - - [11/Sep/2026:20:34:25 +0330] "GET /?author=4 HTTP/1.1" 404 30404 "-" "Mozilla/5.0 (X11; Linux x86_64) AppleWebKit/537.36 (KHTML, like Gecko) Chrome/120.0.0.0 Safari/537.36"
185.215.232.193 - - [11/Sep/2026:20:34:25 +0330] "GET /?author=5 HTTP/1.1" 404 30404 "-" "Mozilla/5.0 (Windows NT 10.0; Win64; x64; rv:121.0) Gecko/20100101 Firefox/121.0"
185.215.232.193 - - [11/Sep/2026:20:34:35 +0330] "GET /?author=1 HTTP/1.1" 301 20 "-" "Mozilla/5.0 (Macintosh; Intel Mac OS X 14_2_1) AppleWebKit/537.36 (KHTML, like Gecko) Chrome/120.0.0.0 Safari/537.36"
185.215.232.193 - - [11/Sep/2026:20:34:35 +0330] "GET /?rest_route=/wp/v2/users HTTP/1.1" 200 453 "-" "Mozilla/5.0 (Windows NT 10.0; Win64; x64) AppleWebKit/537.36 (KHTML, like Gecko) Edge/120.0.2210.91"
185.215.232.193 - - [11/Sep/2026:20:34:46 +0330] "GET /?author=1 HTTP/1.1" 301 20 "-" "Mozilla/5.0 (Macintosh; Intel Mac OS X 14_2_1) AppleWebKit/605.1.15 (KHTML, like Gecko) Version/17.1 Safari/605.1.15"
185.215.232.193 - - [11/Sep/2026:20:34:35 +0330] "GET /?author=10 HTTP/1.1" 404 30404 "-" "Mozilla/5.0 (Windows NT 10.0; Win64; x64; rv:121.0) Gecko/20100101 Firefox/121.0"
185.215.232.193 - - [11/Sep/2026:20:34:46 +0330] "GET /?rest_route=/wp/v2/users HTTP/1.1" 200 453 "-" "Mozilla/5.0 (Macintosh; Intel Mac OS X 14_2_1) AppleWebKit/537.36 (KHTML, like Gecko) Chrome/120.0.0.0 Safari/537.36"
185.215.232.193 - - [11/Sep/2026:20:34:46 +0330] "GET /?author=4 HTTP/1.1" 404 30404 "-" "Mozilla/5.0 (Macintosh; Intel Mac OS X 14_2_1) AppleWebKit/537.36 (KHTML, like Gecko) Chrome/120.0.0.0 Safari/537.36"
185.215.232.193 - - [11/Sep/2026:20:34:46 +0330] "GET /?author=9 HTTP/1.1" 404 30404 "-" "Mozilla/5.0 (Macintosh; Intel Mac OS X 14_2_1) AppleWebKit/605.1.15 (KHTML, like Gecko) Version/17.1 Safari/605.1.15"
185.215.232.193 - - [11/Sep/2026:20:34:46 +0330] "GET /?author=2 HTTP/1.1" 404 30404 "-" "Mozilla/5.0 (Macintosh; Intel Mac OS X 14_2_1) AppleWebKit/537.36 (KHTML, like Gecko) Chrome/120.0.0.0 Safari/537.36"
185.215.232.193 - - [11/Sep/2026:20:34:47 +0330] "GET /?author=7 HTTP/1.1" 404 30404 "-" "Mozilla/5.0 (Windows NT 10.0; Win64; x64) AppleWebKit/537.36 (KHTML, like Gecko) Chrome/120.0.0.0 Safari/537.36"
185.215.232.195 - - [11/Sep/2026:20:37:27 +0330] "GET /portfolio/atenprojector/ HTTP/1.1" 200 34841 "-" "Mozilla/5.0 (Windows NT 10.0; Win64; x64) AppleWebKit/537.36 (KHTML, like Gecko) Chrome/145.0.0.0 Safari/537.36 (compatible; meta-externalagent/1.1 (+https://developers.facebook.com/docs/sharing/webmasters/crawler))"
185.215.232.193 - - [11/Sep/2026:20:37:52 +0330] "HEAD / HTTP/1.1" 200 0 "https://rayatex.ir/" "Mozilla/5.0+(compatible; UptimeRobot/2.0; http://www.uptimerobot.com/)"
185.215.232.194 - - [11/Sep/2026:20:42:56 +0330] "HEAD / HTTP/1.1" 200 0 "https://rayatex.ir/" "Mozilla/5.0+(compatible; UptimeRobot/2.0; http://www.uptimerobot.com/)"
185.215.232.194 - - [11/Sep/2026:20:46:39 +0330] "GET /robots.txt HTTP/1.1" 200 114 "-" "Mozilla/5.0 (compatible; SemrushBot/7~bl; +http://www.semrush.com/bot.html)"
185.215.232.194 - - [11/Sep/2026:20:53:06 +0330] "HEAD / HTTP/1.1" 200 0 "https://rayatex.ir/" "Mozilla/5.0+(compatible; UptimeRobot/2.0; http://www.uptimerobot.com/)"
185.215.232.195 - - [11/Sep/2026:20:56:18 +0330] "GET /sitemap_index.xml HTTP/1.1" 200 370 "-" "Mozilla/5.0 AppleWebKit/537.36 (KHTML, like Gecko; compatible; ClaudeBot/1.0; +claudebot@anthropic.com)"
185.215.232.193 - - [11/Sep/2026:20:46:46 +0330] "GET /what-is-backlink/ HTTP/1.1" 200 45784 "-" "Mozilla/5.0 (compatible; SemrushBot/7~bl; +http://www.semrush.com/bot.html)"
185.215.232.193 - - [11/Sep/2026:20:48:02 +0330] "HEAD / HTTP/1.1" 200 0 "https://rayatex.ir/" "Mozilla/5.0+(compatible; UptimeRobot/2.0; http://www.uptimerobot.com/)"
185.215.232.195 - - [11/Sep/2026:20:56:18 +0330] "GET /robots.txt HTTP/1.1" 200 114 "-" "Mozilla/5.0 AppleWebKit/537.36 (KHTML, like Gecko; compatible; ClaudeBot/1.0; +claudebot@anthropic.com)"
185.215.232.194 - - [11/Sep/2026:20:58:11 +0330] "HEAD / HTTP/1.1" 200 0 "https://rayatex.ir/" "Mozilla/5.0+(compatible; UptimeRobot/2.0; http://www.uptimerobot.com/)"
185.215.232.195 - - [11/Sep/2026:21:01:48 +0330] "GET / HTTP/1.1" 200 278775 "-" "wp2shell"
185.215.232.195 - - [11/Sep/2026:21:01:50 +0330] "GET /wp-json/ HTTP/1.1" 200 2650405 "-" "wp2shell"
185.215.232.195 - - [11/Sep/2026:21:02:03 +0330] "GET /?rest_route=/ HTTP/1.1" 200 2649085 "-" "wp2shell"
185.215.232.195 - - [11/Sep/2026:21:02:07 +0330] "GET / HTTP/1.1" 200 278775 "-" "wp2shell"
94.101.182.4 - - [11/Sep/2026:21:03:18 +0330] "POST /wp-cron.php?doing_wp_cron=1789147997.6702721118927001953125 HTTP/1.1" 200 20 "-" "WordPress/7.1; https://rayatex.ir"
185.215.232.196 - - [11/Sep/2026:21:03:36 +0330] "GET /404/ HTTP/1.1" 404 30429 "https://www.google.com/" "Mozilla/5.0 (Macintosh; Intel Mac OS X 10_15_7) AppleWebKit/537.36 (KHTML, like Gecko) Chrome/118.0.0.0 Safari/537.36"
94.101.182.4 - - [11/Sep/2026:21:09:06 +0330] "GET /.well-known/acme-challenge/DXA1J2BOA38URN2A230ZBL2FQB0FSJ7U HTTP/1.1" 200 64 "-" "Cpanel-HTTP-Client/1.0"
185.215.232.195 - - [11/Sep/2026:21:01:56 +0330] "GET /?rest_route=/ HTTP/1.1" 200 2649085 "-" "wp2shell"
185.215.232.195 - - [11/Sep/2026:21:02:00 +0330] "GET /wp-json/ HTTP/1.1" 200 2650405 "-" "wp2shell"
185.215.232.194 - - [11/Sep/2026:21:03:16 +0330] "HEAD / HTTP/1.1" 200 0 "https://rayatex.ir/" "Mozilla/5.0+(compatible; UptimeRobot/2.0; http://www.uptimerobot.com/)"
185.215.232.196 - - [11/Sep/2026:21:03:15 +0330] "GET /wp-login.php HTTP/1.1" 404 30429 "https://www.bing.com/" "Mozilla/5.0 (Macintosh; Intel Mac OS X 10_15_7) AppleWebKit/537.36 (KHTML, like Gecko) Chrome/120.0.0.0 Safari/537.36"
185.215.232.196 - - [11/Sep/2026:21:03:25 +0330] "GET /wp-login.php HTTP/1.1" 404 30429 "https://www.google.com/search?q=wordpress" "Mozilla/5.0 (Macintosh; Intel Mac OS X 13_6_1; rv:121.0) Gecko/20100101 Firefox/121.0"
185.215.232.196 - - [11/Sep/2026:21:03:30 +0330] "GET /wp-admin/ HTTP/1.1" 302 20 "https://www.google.com/" "Mozilla/5.0 (Macintosh; Intel Mac OS X 10_15_7) AppleWebKit/537.36 (KHTML, like Gecko) Chrome/118.0.0.0 Safari/537.36"
185.215.232.193 - - [11/Sep/2026:21:08:21 +0330] "HEAD / HTTP/1.1" 200 0 "https://rayatex.ir/" "Mozilla/5.0+(compatible; UptimeRobot/2.0; http://www.uptimerobot.com/)"
94.101.182.4 - - [11/Sep/2026:21:09:07 +0330] "GET /.well-known/acme-challenge/47PLFSU07YDZYZWB5MQZELPV4QR0EMVD HTTP/1.1" 200 64 "-" "Cpanel-HTTP-Client/1.0"
185.215.232.215 - - [11/Sep/2026:21:13:18 +0330] "GET /comments/feed/ HTTP/1.1" 200 545 "-" "Mozilla/5.0 (Linux; Android 6.0.1; Nexus 5X Build/MMB29P) AppleWebKit/537.36 (KHTML, like Gecko) Chrome/153.0.8010.36 Mobile Safari/537.36 (compatible; Googlebot/2.1; +http://www.google.com/bot.html)"
185.215.232.194 - - [11/Sep/2026:21:13:26 +0330] "HEAD / HTTP/1.1" 200 0 "https://rayatex.ir/" "Mozilla/5.0+(compatible; UptimeRobot/2.0; http://www.uptimerobot.com/)"
94.101.182.5 - - [11/Sep/2026:21:16:34 +0330] "GET / HTTP/1.1" 200 48822 "-" "Mozilla/5.0 (Macintosh; Intel Mac OS X 10_15_6) AppleWebKit/605.1.15 (KHTML, like Gecko) Version/14.1.2 Safari/605.1.15"
185.215.232.193 - - [11/Sep/2026:21:18:30 +0330] "HEAD / HTTP/1.1" 200 0 "https://rayatex.ir/" "Mozilla/5.0+(compatible; UptimeRobot/2.0; http://www.uptimerobot.com/)"
185.215.232.215 - - [11/Sep/2026:21:24:39 +0330] "GET /robots.txt HTTP/1.1" 200 114 "-" "Mozilla/5.0 (compatible; Googlebot/2.1; +http://www.google.com/bot.html)"
185.215.232.215 - - [11/Sep/2026:21:24:39 +0330] "GET /feed/ HTTP/1.1" 200 19847 "-" "Mozilla/5.0 (Linux; Android 6.0.1; Nexus 5X Build/MMB29P) AppleWebKit/537.36 (KHTML, like Gecko) Chrome/153.0.8010.36 Mobile Safari/537.36 (compatible; Googlebot/2.1; +http://www.google.com/bot.html)"
94.101.182.4 - - [11/Sep/2026:21:26:36 +0330] "POST /wp-cron.php?doing_wp_cron=1789149395.8260569572448730468750 HTTP/1.1" 200 20 "-" "WordPress/7.1; https://rayatex.ir"
185.215.232.194 - - [11/Sep/2026:21:28:18 +0330] "GET / HTTP/1.1" 200 278775 "-" "Mozilla/5.0 (Windows NT 10.0; Win64; x64) AppleWebKit/537.36 (KHTML, like Gecko) Chrome/125.0.6422.112 Safari/537.36"
185.215.232.194 - - [11/Sep/2026:21:28:40 +0330] "HEAD / HTTP/1.1" 200 0 "https://rayatex.ir/" "Mozilla/5.0+(compatible; UptimeRobot/2.0; http://www.uptimerobot.com/)"
185.215.232.193 - - [11/Sep/2026:21:23:36 +0330] "HEAD / HTTP/1.1" 200 0 "https://rayatex.ir/" "Mozilla/5.0+(compatible; UptimeRobot/2.0; http://www.uptimerobot.com/)"
185.215.232.194 - - [11/Sep/2026:21:26:33 +0330] "GET /wp-login.php HTTP/1.1" 404 30429 "-" "Mozilla/5.0 (Windows NT 10.0; Win64; x64) AppleWebKit/537.36 (KHTML, like Gecko) Chrome/124.0.0.0 Safari/537.36"
185.215.232.193 - - [11/Sep/2026:21:33:46 +0330] "HEAD / HTTP/1.1" 200 0 "https://rayatex.ir/" "Mozilla/5.0+(compatible; UptimeRobot/2.0; http://www.uptimerobot.com/)"
185.215.232.193 - - [11/Sep/2026:21:38:50 +0330] "HEAD / HTTP/1.1" 200 0 "https://rayatex.ir/" "Mozilla/5.0+(compatible; UptimeRobot/2.0; http://www.uptimerobot.com/)"
185.215.232.193 - - [11/Sep/2026:21:43:55 +0330] "HEAD / HTTP/1.1" 200 0 "https://rayatex.ir/" "Mozilla/5.0+(compatible; UptimeRobot/2.0; http://www.uptimerobot.com/)"
185.215.232.193 - - [11/Sep/2026:21:48:58 +0330] "HEAD / HTTP/1.1" 200 0 "https://rayatex.ir/" "Mozilla/5.0+(compatible; UptimeRobot/2.0; http://www.uptimerobot.com/)"
185.215.232.194 - - [11/Sep/2026:21:57:16 +0330] "GET /sitemap_index.xml HTTP/1.1" 200 370 "-" "Mozilla/5.0 AppleWebKit/537.36 (KHTML, like Gecko; compatible; bingbot/2.0; +http://www.bing.com/bingbot.htm) Chrome/116.0.1938.76 Safari/537.36"
185.215.232.194 - - [11/Sep/2026:22:03:08 +0330] "GET /robots.txt HTTP/1.1" 200 114 "-" "Mozilla/5.0 (Macintosh; Intel Mac OS X 10_15_7) AppleWebKit/537.36 (KHTML, like Gecko) Chrome/131.0.0.0 Safari/537.36; compatible; OAI-SearchBot/1.0; +https://openai.com/searchbot"
185.215.232.193 - - [11/Sep/2026:21:54:04 +0330] "HEAD / HTTP/1.1" 200 0 "https://rayatex.ir/" "Mozilla/5.0+(compatible; UptimeRobot/2.0; http://www.uptimerobot.com/)"
185.215.232.193 - - [11/Sep/2026:21:59:08 +0330] "HEAD / HTTP/1.1" 200 0 "https://rayatex.ir/" "Mozilla/5.0+(compatible; UptimeRobot/2.0; http://www.uptimerobot.com/)"
185.215.232.194 - - [11/Sep/2026:22:02:57 +0330] "GET /sitemap_index.xml HTTP/1.1" 200 370 "-" "Mozilla/5.0 AppleWebKit/537.36 (KHTML, like Gecko; compatible; bingbot/2.0; +http://www.bing.com/bingbot.htm) Chrome/116.0.1938.76 Safari/537.36"
185.215.232.193 - - [11/Sep/2026:22:04:13 +0330] "HEAD / HTTP/1.1" 200 0 "https://rayatex.ir/" "Mozilla/5.0+(compatible; UptimeRobot/2.0; http://www.uptimerobot.com/)"
185.215.232.195 - - [11/Sep/2026:22:12:34 +0330] "GET /robots.txt HTTP/1.1" 200 114 "-" "Mozilla/5.0 (Macintosh; Intel Mac OS X 10_10_1) AppleWebKit/600.2.5 (KHTML, like Gecko) Version/8.0.2 Safari/600.2.5 (Gort)"
185.215.232.215 - - [11/Sep/2026:22:17:29 +0330] "GET /product/seo-backlinks-alpha-package/ HTTP/1.1" 304 0 "-" "Mozilla/5.0 (Linux; Android 6.0.1; Nexus 5X Build/MMB29P) AppleWebKit/537.36 (KHTML, like Gecko) Chrome/153.0.8010.36 Mobile Safari/537.36 (compatible; Googlebot/2.1; +http://www.google.com/bot.html)"
185.215.232.193 - - [11/Sep/2026:22:20:11 +0330] "GET / HTTP/1.1" 200 48822 "http://rayatex.ir" "Mozilla/5.0 (iPhone; CPU iPhone OS 13_2_3 like Mac OS X) AppleWebKit/605.1.15 (KHTML, like Gecko) Version/13.0.3 Mobile/15E148 Safari/604.1"
185.215.232.193 - - [11/Sep/2026:22:09:17 +0330] "HEAD / HTTP/1.1" 200 0 "https://rayatex.ir/" "Mozilla/5.0+(compatible; UptimeRobot/2.0; http://www.uptimerobot.com/)"
185.215.232.193 - - [11/Sep/2026:22:13:56 +0330] "GET / HTTP/1.1" 200 48822 "http://rayatex.ir" "Mozilla/5.0 (iPhone; CPU iPhone OS 13_2_3 like Mac OS X) AppleWebKit/605.1.15 (KHTML, like Gecko) Version/13.0.3 Mobile/15E148 Safari/604.1"
185.215.232.194 - - [11/Sep/2026:22:14:22 +0330] "HEAD / HTTP/1.1" 200 0 "https://rayatex.ir/" "Mozilla/5.0+(compatible; UptimeRobot/2.0; http://www.uptimerobot.com/)"
185.215.232.193 - - [11/Sep/2026:22:19:27 +0330] "HEAD / HTTP/1.1" 200 0 "https://rayatex.ir/" "Mozilla/5.0+(compatible; UptimeRobot/2.0; http://www.uptimerobot.com/)"
185.215.232.193 - - [11/Sep/2026:22:19:49 +0330] "GET /contact/ HTTP/1.1" 200 29168 "-" "Mozilla/5.0 (iPhone; CPU iPhone OS 13_2_3 like Mac OS X) AppleWebKit/605.1.15 (KHTML, like Gecko) Version/13.0.3 Mobile/15E148 Safari/604.1"
185.215.232.193 - - [11/Sep/2026:22:24:31 +0330] "HEAD / HTTP/1.1" 200 0 "https://rayatex.ir/" "Mozilla/5.0+(compatible; UptimeRobot/2.0; http://www.uptimerobot.com/)"
185.215.232.193 - - [11/Sep/2026:22:29:37 +0330] "HEAD / HTTP/1.1" 200 0 "https://rayatex.ir/" "Mozilla/5.0+(compatible; UptimeRobot/2.0; http://www.uptimerobot.com/)"
185.215.232.194 - - [11/Sep/2026:22:33:54 +0330] "GET /portfolio/bonyan-hamdaria/ HTTP/1.1" 200 30742 "-" "Mozilla/5.0 AppleWebKit/537.36 (KHTML, like Gecko; compatible; bingbot/2.0; +http://www.bing.com/bingbot.htm) Chrome/116.0.1938.76 Safari/537.36"
185.215.232.194 - - [11/Sep/2026:22:34:42 +0330] "HEAD / HTTP/1.1" 200 0 "https://rayatex.ir/" "Mozilla/5.0+(compatible; UptimeRobot/2.0; http://www.uptimerobot.com/)"
185.215.232.193 - - [11/Sep/2026:22:29:48 +0330] "GET /wp-content/uploads/2025/11/cropped-Flaticon-32x32.webp HTTP/1.1" 200 462 "-" "Mozilla/5.0 (iPhone; CPU iPhone OS 13_2_3 like Mac OS X) AppleWebKit/605.1.15 (KHTML, like Gecko) Version/13.0.3 Mobile/15E148 Safari/604.1"
185.215.232.194 - - [11/Sep/2026:22:34:53 +0330] "GET /portfolio/bonyan-hamdaria/ HTTP/1.1" 200 30742 "-" "Mozilla/5.0 AppleWebKit/537.36 (KHTML, like Gecko; compatible; bingbot/2.0; +http://www.bing.com/bingbot.htm) Chrome/116.0.1938.76 Safari/537.36"
185.215.232.194 - - [11/Sep/2026:22:39:46 +0330] "HEAD / HTTP/1.1" 200 0 "https://rayatex.ir/" "Mozilla/5.0+(compatible; UptimeRobot/2.0; http://www.uptimerobot.com/)"
185.215.232.193 - - [11/Sep/2026:22:43:25 +0330] "GET / HTTP/1.1" 200 48822 "http://rayatex.ir/" "Mozilla/5.0 (Macintosh; Intel Mac OS X 10_15_7) AppleWebKit/537.36 (KHTML, like Gecko) Chrome/125.0.0.0 Safari/537.36"
185.215.232.194 - - [11/Sep/2026:22:44:40 +0330] "GET /shop/page/2/?orderby=popularity HTTP/1.1" 404 30404 "-" "Mozilla/5.0 AppleWebKit/537.36 (KHTML, like Gecko; compatible; bingbot/2.0; +http://www.bing.com/bingbot.htm) Chrome/116.0.1938.76 Safari/537.36"
185.215.232.193 - - [11/Sep/2026:22:44:50 +0330] "HEAD / HTTP/1.1" 200 0 "https://rayatex.ir/" "Mozilla/5.0+(compatible; UptimeRobot/2.0; http://www.uptimerobot.com/)"
185.215.232.194 - - [11/Sep/2026:22:41:04 +0330] "GET /blog/ HTTP/1.1" 200 33704 "-" "Mozilla/5.0 (iPhone; CPU iPhone OS 13_2_3 like Mac OS X) AppleWebKit/605.1.15 (KHTML, like Gecko) Version/13.0.3 Mobile/15E148 Safari/604.1"
185.215.232.195 - - [11/Sep/2026:22:47:01 +0330] "GET /wp-content/uploads/2024/02/Dlpure-Logo-406x406.webp HTTP/1.1" 200 28414 "https://rayatex.ir/portfolio/dlpure/" "Mozilla/5.0 (Windows NT 10.0; Win64; x64) AppleWebKit/537.36 (KHTML, like Gecko) Chrome/145.0.0.0 Safari/537.36 (compatible; meta-externalagent/1.1 (+https://developers.facebook.com/docs/sharing/webmasters/crawler))"
185.215.232.195 - - [11/Sep/2026:22:47:01 +0330] "GET /wp-content/cache/wpfc-minified/6jc7y0g1/h8rm5.css HTTP/1.1" 200 27391 "https://rayatex.ir/portfolio/dlpure/" "Mozilla/5.0 (Windows NT 10.0; Win64; x64) AppleWebKit/537.36 (KHTML, like Gecko) Chrome/145.0.0.0 Safari/537.36 (compatible; meta-externalagent/1.1 (+https://developers.facebook.com/docs/sharing/webmasters/crawler))"
185.215.232.195 - - [11/Sep/2026:22:47:02 +0330] "GET /wp-content/plugins/resume-core/assets/fonts/yekan-bakh/YekanBakhFaNum07Heavy.woff HTTP/1.1" 200 60096 "https://rayatex.ir/wp-content/cache/wpfc-minified/6jc7y0g1/h8rm5.css" "Mozilla/5.0 (Windows NT 10.0; Win64; x64) AppleWebKit/537.36 (KHTML, like Gecko) Chrome/145.0.0.0 Safari/537.36 (compatible; meta-externalagent/1.1 (+https://developers.facebook.com/docs/sharing/webmasters/crawler))"
185.215.232.195 - - [11/Sep/2026:22:47:02 +0330] "GET /wp-content/plugins/resume-core/assets/fonts/yekan-bakh/YekanBakhFaNum05Medium.woff HTTP/1.1" 200 60364 "https://rayatex.ir/wp-content/cache/wpfc-minified/6jc7y0g1/h8rm5.css" "Mozilla/5.0 (Windows NT 10.0; Win64; x64) AppleWebKit/537.36 (KHTML, like Gecko) Chrome/145.0.0.0 Safari/537.36 (compatible; meta-externalagent/1.1 (+https://developers.facebook.com/docs/sharing/webmasters/crawler))"
185.215.232.195 - - [11/Sep/2026:22:47:02 +0330] "GET /wp-content/uploads/2025/11/website-Dlpure.webp HTTP/1.1" 200 75920 "https://rayatex.ir/portfolio/dlpure/" "Mozilla/5.0 (Windows NT 10.0; Win64; x64) AppleWebKit/537.36 (KHTML, like Gecko) Chrome/145.0.0.0 Safari/537.36 (compatible; meta-externalagent/1.1 (+https://developers.facebook.com/docs/sharing/webmasters/crawler))"
185.215.232.195 - - [11/Sep/2026:22:47:02 +0330] "GET /wp-content/uploads/2024/02/Dlpure-Logo-768x768.webp HTTP/1.1" 200 102970 "https://rayatex.ir/portfolio/dlpure/" "Mozilla/5.0 (Windows NT 10.0; Win64; x64) AppleWebKit/537.36 (KHTML, like Gecko) Chrome/145.0.0.0 Safari/537.36 (compatible; meta-externalagent/1.1 (+https://developers.facebook.com/docs/sharing/webmasters/crawler))"
185.215.232.195 - - [11/Sep/2026:22:47:03 +0330] "GET /wp-content/plugins/elementor/assets/js/text-editor.45609661e409413f1cef.bundle.min.js HTTP/1.1" 200 647 "https://rayatex.ir/portfolio/dlpure/" "Mozilla/5.0 (Windows NT 10.0; Win64; x64) AppleWebKit/537.36 (KHTML, like Gecko) Chrome/145.0.0.0 Safari/537.36 (compatible; meta-externalagent/1.1 (+https://developers.facebook.com/docs/sharing/webmasters/crawler))"
185.215.232.195 - - [11/Sep/2026:22:47:04 +0330] "GET /wp-content/uploads/2025/11/cropped-Flaticon-32x32.webp HTTP/1.1" 200 462 "https://rayatex.ir/portfolio/dlpure/" "Mozilla/5.0 (Windows NT 10.0; Win64; x64) AppleWebKit/537.36 (KHTML, like Gecko) Chrome/145.0.0.0 Safari/537.36 (compatible; meta-externalagent/1.1 (+https://developers.facebook.com/docs/sharing/webmasters/crawler))"
94.101.182.4 - - [11/Sep/2026:22:47:05 +0330] "POST /wp-cron.php?doing_wp_cron=1789154225.2923450469970703125000 HTTP/1.1" 200 20 "-" "WordPress/7.1; https://rayatex.ir"
185.215.232.195 - - [11/Sep/2026:22:47:03 +0330] "POST /?wc-ajax=get_refreshed_fragments HTTP/1.1" 200 633 "https://rayatex.ir/portfolio/dlpure/" "Mozilla/5.0 (Windows NT 10.0; Win64; x64) AppleWebKit/537.36 (KHTML, like Gecko) Chrome/145.0.0.0 Safari/537.36 (compatible; meta-externalagent/1.1 (+https://developers.facebook.com/docs/sharing/webmasters/crawler))"
185.215.232.195 - - [11/Sep/2026:22:46:59 +0330] "GET /portfolio/dlpure/ HTTP/1.1" 200 33966 "-" "Mozilla/5.0 (Windows NT 10.0; Win64; x64) AppleWebKit/537.36 (KHTML, like Gecko) Chrome/145.0.0.0 Safari/537.36 (compatible; meta-externalagent/1.1 (+https://developers.facebook.com/docs/sharing/webmasters/crawler))"
185.215.232.195 - - [11/Sep/2026:22:47:00 +0330] "GET /wp-content/cache/wpfc-minified/ocidutq/h6ps4.css HTTP/1.1" 200 962 "https://rayatex.ir/portfolio/dlpure/" "Mozilla/5.0 (Windows NT 10.0; Win64; x64) AppleWebKit/537.36 (KHTML, like Gecko) Chrome/145.0.0.0 Safari/537.36 (compatible; meta-externalagent/1.1 (+https://developers.facebook.com/docs/sharing/webmasters/crawler))"
185.215.232.195 - - [11/Sep/2026:22:47:00 +0330] "GET /wp-content/cache/wpfc-minified/6j91cb4v/h6ps4.js HTTP/1.1" 200 2434 "https://rayatex.ir/portfolio/dlpure/" "Mozilla/5.0 (Windows NT 10.0; Win64; x64) AppleWebKit/537.36 (KHTML, like Gecko) Chrome/145.0.0.0 Safari/537.36 (compatible; meta-externalagent/1.1 (+https://developers.facebook.com/docs/sharing/webmasters/crawler))"
185.215.232.195 - - [11/Sep/2026:22:47:01 +0330] "GET /wp-content/cache/wpfc-minified/6vrtp09f/h6ps4.js HTTP/1.1" 200 1795 "https://rayatex.ir/portfolio/dlpure/" "Mozilla/5.0 (Windows NT 10.0; Win64; x64) AppleWebKit/537.36 (KHTML, like Gecko) Chrome/145.0.0.0 Safari/537.36 (compatible; meta-externalagent/1.1 (+https://developers.facebook.com/docs/sharing/webmasters/crawler))"
185.215.232.195 - - [11/Sep/2026:22:47:02 +0330] "GET /wp-content/cache/wpfc-minified/fs3aerc5/h6ps4.js HTTP/1.1" 200 10340 "https://rayatex.ir/portfolio/dlpure/" "Mozilla/5.0 (Windows NT 10.0; Win64; x64) AppleWebKit/537.36 (KHTML, like Gecko) Chrome/145.0.0.0 Safari/537.36 (compatible; meta-externalagent/1.1 (+https://developers.facebook.com/docs/sharing/webmasters/crawler))"
185.215.232.195 - - [11/Sep/2026:22:47:02 +0330] "GET /wp-content/plugins/resume-core/assets/fonts/yekan-bakh/YekanBakhFaNum04Regular.woff HTTP/1.1" 200 60576 "https://rayatex.ir/wp-content/cache/wpfc-minified/6jc7y0g1/h8rm5.css" "Mozilla/5.0 (Windows NT 10.0; Win64; x64) AppleWebKit/537.36 (KHTML, like Gecko) Chrome/145.0.0.0 Safari/537.36 (compatible; meta-externalagent/1.1 (+https://developers.facebook.com/docs/sharing/webmasters/crawler))"
185.215.232.195 - - [11/Sep/2026:22:47:02 +0330] "GET /wp-content/plugins/resume-core/assets/fonts/yekan-bakh/YekanBakhFaNum08Fat.woff HTTP/1.1" 200 60300 "https://rayatex.ir/wp-content/cache/wpfc-minified/6jc7y0g1/h8rm5.css" "Mozilla/5.0 (Windows NT 10.0; Win64; x64) AppleWebKit/537.36 (KHTML, like Gecko) Chrome/145.0.0.0 Safari/537.36 (compatible; meta-externalagent/1.1 (+https://developers.facebook.com/docs/sharing/webmasters/crawler))"
