185.215.232.215 - - [12/Sep/2026:01:13:04 +0330] "GET /portfolio/bozorg-omid/ HTTP/1.1" 200 32562 "-" "Mozilla/5.0 (X11; Linux x86_64) AppleWebKit/537.36 (KHTML, like Gecko; GeedoShopProductFinder) Chrome/142.0.0.0 Safari/537.36"
185.215.232.215 - - [12/Sep/2026:01:14:39 +0330] "GET /wp-content/uploads/2024/01/ai-content-cons.jpg HTTP/1.1" 200 77758 "-" "Googlebot-Image/1.0"
185.215.232.215 - - [12/Sep/2026:01:16:07 +0330] "GET /product/booster-backlinks/ HTTP/1.1" 200 34679 "-" "Mozilla/5.0 (X11; Linux x86_64) AppleWebKit/537.36 (KHTML, like Gecko; GeedoShopProductFinder) Chrome/142.0.0.0 Safari/537.36"
185.215.232.215 - - [12/Sep/2026:01:16:27 +0330] "GET /portfolio-cat/seo-web/ HTTP/1.1" 200 27639 "-" "Mozilla/5.0 (X11; Linux x86_64) AppleWebKit/537.36 (KHTML, like Gecko; GeedoShopProductFinder) Chrome/142.0.0.0 Safari/537.36"
185.215.232.215 - - [12/Sep/2026:01:16:47 +0330] "GET /product/wordpress-seo-ekh/ HTTP/1.1" 200 36238 "-" "Mozilla/5.0 (X11; Linux x86_64) AppleWebKit/537.36 (KHTML, like Gecko; GeedoShopProductFinder) Chrome/142.0.0.0 Safari/537.36"
185.215.232.215 - - [12/Sep/2026:01:17:07 +0330] "GET /portfolio/denizprofile/ HTTP/1.1" 200 31347 "-" "Mozilla/5.0 (X11; Linux x86_64) AppleWebKit/537.36 (KHTML, like Gecko; GeedoShopProductFinder) Chrome/142.0.0.0 Safari/537.36"
185.215.232.215 - - [12/Sep/2026:01:19:08 +0330] "GET /product-category/graphics/ HTTP/1.1" 200 27485 "-" "Mozilla/5.0 (X11; Linux x86_64) AppleWebKit/537.36 (KHTML, like Gecko; GeedoShopProductFinder) Chrome/142.0.0.0 Safari/537.36"
185.215.232.215 - - [12/Sep/2026:01:19:28 +0330] "GET /webdesign/ HTTP/1.1" 200 45022 "-" "Mozilla/5.0 (X11; Linux x86_64) AppleWebKit/537.36 (KHTML, like Gecko; GeedoShopProductFinder) Chrome/142.0.0.0 Safari/537.36"
185.215.232.195 - - [12/Sep/2026:01:19:26 +0330] "GET /ai-content-cons/feed/ HTTP/1.1" 200 558 "-" "Mozilla/5.0 (iPhone; CPU iPhone OS 13_2_3 like Mac OS X) AppleWebKit/605.1.15 (KHTML, like Gecko) Version/13.0.3 Mobile/15E148 Safari/604.1"
185.215.232.215 - - [12/Sep/2026:01:19:48 +0330] "GET /portfolio/propish/ HTTP/1.1" 200 30528 "-" "Mozilla/5.0 (X11; Linux x86_64) AppleWebKit/537.36 (KHTML, like Gecko; GeedoShopProductFinder) Chrome/142.0.0.0 Safari/537.36"
185.215.232.215 - - [12/Sep/2026:01:20:28 +0330] "GET /website-design-in-tehran/ HTTP/1.1" 200 37796 "-" "Mozilla/5.0 (X11; Linux x86_64) AppleWebKit/537.36 (KHTML, like Gecko; GeedoShopProductFinder) Chrome/142.0.0.0 Safari/537.36"
185.215.232.215 - - [12/Sep/2026:01:20:48 +0330] "GET /order-new/ HTTP/1.1" 200 28267 "-" "Mozilla/5.0 (X11; Linux x86_64) AppleWebKit/537.36 (KHTML, like Gecko; GeedoShopProductFinder) Chrome/142.0.0.0 Safari/537.36"
159.223.131.184 - - [12/Sep/2026:01:23:04 +0330] "GET /@fs//config/.env?raw???raw?? HTTP/1.1" 301 0 "-" "Mozilla/5.0 (X11; Linux x86_64) AppleWebKit/537.36 (KHTML, like Gecko) Chrome/81.0.4044.129 Safari/537.36"
159.223.131.184 - - [12/Sep/2026:01:23:07 +0330] "GET /@fs/config/.env?raw???raw?? HTTP/1.1" 404 143215 "-" "Mozilla/5.0 (X11; Linux x86_64) AppleWebKit/537.36 (KHTML, like Gecko) Chrome/81.0.4044.129 Safari/537.36"
185.215.232.215 - - [12/Sep/2026:01:23:31 +0330] "GET /services/banner-design HTTP/1.1" 404 30429 "-" "Mozilla/5.0 (X11; Linux x86_64) AppleWebKit/537.36 (KHTML, like Gecko; GeedoShopProductFinder) Chrome/142.0.0.0 Safari/537.36"
94.101.182.4 - - [12/Sep/2026:01:23:52 +0330] "POST /wp-cron.php?doing_wp_cron=1789163632.1079189777374267578125 HTTP/1.1" 200 20 "-" "WordPress/7.1; https://rayatex.ir"
185.215.232.215 - - [12/Sep/2026:01:24:10 +0330] "GET /shop/ HTTP/1.1" 200 29823 "-" "Mozilla/5.0 (X11; Linux x86_64) AppleWebKit/537.36 (KHTML, like Gecko; GeedoShopProductFinder) Chrome/142.0.0.0 Safari/537.36"
159.223.131.184 - - [12/Sep/2026:01:24:20 +0330] "GET /@fs//config/secrets.yml?raw???raw?? HTTP/1.1" 301 0 "-" "Mozilla/5.0 (X11; Linux x86_64) AppleWebKit/537.36 (KHTML, like Gecko) Chrome/81.0.4044.129 Safari/537.36"
159.223.131.184 - - [12/Sep/2026:01:24:22 +0330] "GET /@fs/config/secrets.yml?raw???raw?? HTTP/1.1" 404 143215 "-" "Mozilla/5.0 (X11; Linux x86_64) AppleWebKit/537.36 (KHTML, like Gecko) Chrome/81.0.4044.129 Safari/537.36"
185.215.232.215 - - [12/Sep/2026:01:24:31 +0330] "GET /services/environmental-graphic HTTP/1.1" 404 30429 "-" "Mozilla/5.0 (X11; Linux x86_64) AppleWebKit/537.36 (KHTML, like Gecko; GeedoShopProductFinder) Chrome/142.0.0.0 Safari/537.36"
185.215.232.215 - - [12/Sep/2026:01:13:25 +0330] "GET /portfolio-cat/logo-design/ HTTP/1.1" 200 29021 "-" "Mozilla/5.0 (X11; Linux x86_64) AppleWebKit/537.36 (KHTML, like Gecko; GeedoShopProductFinder) Chrome/142.0.0.0 Safari/537.36"
185.215.232.215 - - [12/Sep/2026:01:15:27 +0330] "GET /portfolio-cat/logo-design/page/2/ HTTP/1.1" 200 27353 "-" "Mozilla/5.0 (X11; Linux x86_64) AppleWebKit/537.36 (KHTML, like Gecko; GeedoShopProductFinder) Chrome/142.0.0.0 Safari/537.36"
185.215.232.215 - - [12/Sep/2026:01:15:47 +0330] "GET /portfolio/hel/ HTTP/1.1" 200 30850 "-" "Mozilla/5.0 (X11; Linux x86_64) AppleWebKit/537.36 (KHTML, like Gecko; GeedoShopProductFinder) Chrome/142.0.0.0 Safari/537.36"
185.215.232.194 - - [12/Sep/2026:01:17:20 +0330] "HEAD / HTTP/1.1" 200 0 "https://rayatex.ir/" "Mozilla/5.0+(compatible; UptimeRobot/2.0; http://www.uptimerobot.com/)"
185.215.232.215 - - [12/Sep/2026:01:20:08 +0330] "GET /product/pbn-links-plan1/ HTTP/1.1" 200 35450 "-" "Mozilla/5.0 (X11; Linux x86_64) AppleWebKit/537.36 (KHTML, like Gecko; GeedoShopProductFinder) Chrome/142.0.0.0 Safari/537.36"
185.215.232.193 - - [12/Sep/2026:01:22:24 +0330] "HEAD / HTTP/1.1" 200 0 "https://rayatex.ir/" "Mozilla/5.0+(compatible; UptimeRobot/2.0; http://www.uptimerobot.com/)"
185.215.232.215 - - [12/Sep/2026:01:22:50 +0330] "GET /author/negin/ HTTP/1.1" 200 29214 "-" "Mozilla/5.0 (X11; Linux x86_64) AppleWebKit/537.36 (KHTML, like Gecko; GeedoShopProductFinder) Chrome/142.0.0.0 Safari/537.36"
94.101.182.4 - - [12/Sep/2026:01:23:07 +0330] "POST /wp-cron.php?doing_wp_cron=1789163587.0945210456848144531250 HTTP/1.1" 200 20 "-" "WordPress/7.1; https://rayatex.ir"
185.215.232.215 - - [12/Sep/2026:01:23:10 +0330] "GET /portfolio/ataman/ HTTP/1.1" 200 31525 "-" "Mozilla/5.0 (X11; Linux x86_64) AppleWebKit/537.36 (KHTML, like Gecko; GeedoShopProductFinder) Chrome/142.0.0.0 Safari/537.36"
185.215.232.215 - - [12/Sep/2026:01:23:50 +0330] "GET /?post_type=post&p=11048 HTTP/1.1" 301 20 "-" "Mozilla/5.0 (X11; Linux x86_64) AppleWebKit/537.36 (KHTML, like Gecko; GeedoShopProductFinder) Chrome/142.0.0.0 Safari/537.36"
185.215.232.215 - - [12/Sep/2026:01:23:52 +0330] "GET /what-is-backlink/ HTTP/1.1" 200 41913 "-" "Mozilla/5.0 (X11; Linux x86_64) AppleWebKit/537.36 (KHTML, like Gecko; GeedoShopProductFinder) Chrome/142.0.0.0 Safari/537.36"
94.101.182.4 - - [12/Sep/2026:01:24:33 +0330] "POST /wp-cron.php?doing_wp_cron=1789163673.4169349670410156250000 HTTP/1.1" 200 20 "-" "WordPress/7.1; https://rayatex.ir"
185.215.232.195 - - [12/Sep/2026:01:24:36 +0330] "GET /sitemap_index.xml HTTP/1.1" 200 370 "-" "Mozilla/5.0 AppleWebKit/537.36 (KHTML, like Gecko; compatible; ClaudeBot/1.0; +claudebot@anthropic.com)"
159.223.131.184 - - [12/Sep/2026:01:25:36 +0330] "GET /@fs//config/application.yml?raw???raw?? HTTP/1.1" 301 0 "-" "Mozilla/5.0 (X11; Linux x86_64) AppleWebKit/537.36 (KHTML, like Gecko) Chrome/81.0.4044.129 Safari/537.36"
159.223.131.184 - - [12/Sep/2026:01:25:38 +0330] "GET /@fs/config/application.yml?raw???raw?? HTTP/1.1" 404 143215 "-" "Mozilla/5.0 (X11; Linux x86_64) AppleWebKit/537.36 (KHTML, like Gecko) Chrome/81.0.4044.129 Safari/537.36"
159.223.131.184 - - [12/Sep/2026:01:26:11 +0330] "GET /@fs/vite.config.js?raw?? HTTP/1.1" 404 146992 "-" "Mozilla/5.0 (X11; Linux x86_64) AppleWebKit/537.36 (KHTML, like Gecko) Chrome/81.0.4044.129 Safari/537.36"
159.223.131.184 - - [12/Sep/2026:01:26:17 +0330] "GET /@fs/.config/git/config?raw?? HTTP/1.1" 404 143215 "-" "Mozilla/5.0 (X11; Linux x86_64) AppleWebKit/537.36 (KHTML, like Gecko) Chrome/81.0.4044.129 Safari/537.36"
159.223.131.184 - - [12/Sep/2026:01:26:21 +0330] "GET /@fs/package.json?raw?? HTTP/1.1" 404 143215 "-" "Mozilla/5.0 (X11; Linux x86_64) AppleWebKit/537.36 (KHTML, like Gecko) Chrome/81.0.4044.129 Safari/537.36"
159.223.131.184 - - [12/Sep/2026:01:26:24 +0330] "GET /@fs/webpack.config.js?raw?? HTTP/1.1" 404 146992 "-" "Mozilla/5.0 (X11; Linux x86_64) AppleWebKit/537.36 (KHTML, like Gecko) Chrome/81.0.4044.129 Safari/537.36"
159.223.131.184 - - [12/Sep/2026:01:26:26 +0330] "GET /@fs/.git/config?raw?? HTTP/1.1" 403 787 "-" "Mozilla/5.0 (X11; Linux x86_64) AppleWebKit/537.36 (KHTML, like Gecko) Chrome/81.0.4044.129 Safari/537.36"
159.223.131.184 - - [12/Sep/2026:01:26:26 +0330] "GET /@fs/windows/win.ini?raw?? HTTP/1.1" 404 143215 "-" "Mozilla/5.0 (X11; Linux x86_64) AppleWebKit/537.36 (KHTML, like Gecko) Chrome/81.0.4044.129 Safari/537.36"
159.223.131.184 - - [12/Sep/2026:01:26:29 +0330] "GET /@fs/app/.env?raw?? HTTP/1.1" 404 143215 "-" "Mozilla/5.0 (X11; Linux x86_64) AppleWebKit/537.36 (KHTML, like Gecko) Chrome/81.0.4044.129 Safari/537.36"
159.223.131.184 - - [12/Sep/2026:01:26:31 +0330] "GET /@fs/backend/.env?raw?? HTTP/1.1" 404 143215 "-" "Mozilla/5.0 (X11; Linux x86_64) AppleWebKit/537.36 (KHTML, like Gecko) Chrome/81.0.4044.129 Safari/537.36"
185.215.232.215 - - [12/Sep/2026:01:26:34 +0330] "GET /portfolio/dlpure/ HTTP/1.1" 200 30919 "-" "Mozilla/5.0 (X11; Linux x86_64) AppleWebKit/537.36 (KHTML, like Gecko; GeedoShopProductFinder) Chrome/142.0.0.0 Safari/537.36"
159.223.131.184 - - [12/Sep/2026:01:26:34 +0330] "GET /@fs/server/.env?raw?? HTTP/1.1" 404 143215 "-" "Mozilla/5.0 (X11; Linux x86_64) AppleWebKit/537.36 (KHTML, like Gecko) Chrome/81.0.4044.129 Safari/537.36"
159.223.131.184 - - [12/Sep/2026:01:26:36 +0330] "GET /@fs/config/.env?raw?? HTTP/1.1" 404 143215 "-" "Mozilla/5.0 (X11; Linux x86_64) AppleWebKit/537.36 (KHTML, like Gecko) Chrome/81.0.4044.129 Safari/537.36"
159.223.131.184 - - [12/Sep/2026:01:26:38 +0330] "GET /@fs/api/.env?raw?? HTTP/1.1" 404 143215 "-" "Mozilla/5.0 (X11; Linux x86_64) AppleWebKit/537.36 (KHTML, like Gecko) Chrome/81.0.4044.129 Safari/537.36"
159.223.131.184 - - [12/Sep/2026:01:26:41 +0330] "GET /@fs/index.js?raw?? HTTP/1.1" 404 146992 "-" "Mozilla/5.0 (X11; Linux x86_64) AppleWebKit/537.36 (KHTML, like Gecko) Chrome/81.0.4044.129 Safari/537.36"
159.223.131.184 - - [12/Sep/2026:01:26:44 +0330] "GET /@fs/server.js?raw?? HTTP/1.1" 404 146992 "-" "Mozilla/5.0 (X11; Linux x86_64) AppleWebKit/537.36 (KHTML, like Gecko) Chrome/81.0.4044.129 Safari/537.36"
159.223.131.184 - - [12/Sep/2026:01:26:47 +0330] "GET /@fs/app.js?raw?? HTTP/1.1" 404 146992 "-" "Mozilla/5.0 (X11; Linux x86_64) AppleWebKit/537.36 (KHTML, like Gecko) Chrome/81.0.4044.129 Safari/537.36"
159.223.131.184 - - [12/Sep/2026:01:26:49 +0330] "GET /@fs/main.js?raw?? HTTP/1.1" 404 146992 "-" "Mozilla/5.0 (X11; Linux x86_64) AppleWebKit/537.36 (KHTML, like Gecko) Chrome/81.0.4044.129 Safari/537.36"
185.215.232.215 - - [12/Sep/2026:01:26:55 +0330] "GET /portfolio/live-in-book/ HTTP/1.1" 200 31096 "-" "Mozilla/5.0 (X11; Linux x86_64) AppleWebKit/537.36 (KHTML, like Gecko; GeedoShopProductFinder) Chrome/142.0.0.0 Safari/537.36"
159.223.131.184 - - [12/Sep/2026:01:26:52 +0330] "GET /@fs/config.js?raw?? HTTP/1.1" 404 146992 "-" "Mozilla/5.0 (X11; Linux x86_64) AppleWebKit/537.36 (KHTML, like Gecko) Chrome/81.0.4044.129 Safari/537.36"
159.223.131.184 - - [12/Sep/2026:01:26:55 +0330] "GET /@fs/settings.py?raw?? HTTP/1.1" 404 143215 "-" "Mozilla/5.0 (X11; Linux x86_64) AppleWebKit/537.36 (KHTML, like Gecko) Chrome/81.0.4044.129 Safari/537.36"
159.223.131.184 - - [12/Sep/2026:01:26:58 +0330] "GET /@fs/wp-config.php?raw?? HTTP/1.1" 404 143215 "-" "Mozilla/5.0 (X11; Linux x86_64) AppleWebKit/537.36 (KHTML, like Gecko) Chrome/81.0.4044.129 Safari/537.36"
159.223.131.184 - - [12/Sep/2026:01:27:01 +0330] "GET /@fs/configuration.php?raw?? HTTP/1.1" 404 143215 "-" "Mozilla/5.0 (X11; Linux x86_64) AppleWebKit/537.36 (KHTML, like Gecko) Chrome/81.0.4044.129 Safari/537.36"
159.223.131.184 - - [12/Sep/2026:01:27:04 +0330] "GET /@fs/.aws/credentials?raw?? HTTP/1.1" 404 143215 "-" "Mozilla/5.0 (X11; Linux x86_64) AppleWebKit/537.36 (KHTML, like Gecko) Chrome/81.0.4044.129 Safari/537.36"
159.223.131.184 - - [12/Sep/2026:01:27:07 +0330] "GET /@fs/.ssh/id_rsa?raw?? HTTP/1.1" 404 143215 "-" "Mozilla/5.0 (X11; Linux x86_64) AppleWebKit/537.36 (KHTML, like Gecko) Chrome/81.0.4044.129 Safari/537.36"
159.223.131.184 - - [12/Sep/2026:01:27:10 +0330] "GET /@fs/.bash_history?raw?? HTTP/1.1" 404 143215 "-" "Mozilla/5.0 (X11; Linux x86_64) AppleWebKit/537.36 (KHTML, like Gecko) Chrome/81.0.4044.129 Safari/537.36"
185.215.232.215 - - [12/Sep/2026:01:27:14 +0330] "GET /portfolio/mahasam/ HTTP/1.1" 200 31727 "-" "Mozilla/5.0 (X11; Linux x86_64) AppleWebKit/537.36 (KHTML, like Gecko; GeedoShopProductFinder) Chrome/142.0.0.0 Safari/537.36"
159.223.131.184 - - [12/Sep/2026:01:27:12 +0330] "GET /@fs/composer.json?raw?? HTTP/1.1" 404 143215 "-" "Mozilla/5.0 (X11; Linux x86_64) AppleWebKit/537.36 (KHTML, like Gecko) Chrome/81.0.4044.129 Safari/537.36"
94.101.182.4 - - [12/Sep/2026:01:27:18 +0330] "POST /wp-cron.php?doing_wp_cron=1789163838.0815579891204833984375 HTTP/1.1" 200 20 "-" "WordPress/7.1; https://rayatex.ir"
159.223.131.184 - - [12/Sep/2026:01:27:15 +0330] "GET /@fs/Gemfile?raw?? HTTP/1.1" 404 143215 "-" "Mozilla/5.0 (X11; Linux x86_64) AppleWebKit/537.36 (KHTML, like Gecko) Chrome/81.0.4044.129 Safari/537.36"
159.223.131.184 - - [12/Sep/2026:01:27:18 +0330] "GET /@fs/requirements.txt?raw?? HTTP/1.1" 404 143215 "-" "Mozilla/5.0 (X11; Linux x86_64) AppleWebKit/537.36 (KHTML, like Gecko) Chrome/81.0.4044.129 Safari/537.36"
159.223.131.184 - - [12/Sep/2026:01:27:21 +0330] "GET /@fs/Procfile?raw?? HTTP/1.1" 404 143215 "-" "Mozilla/5.0 (X11; Linux x86_64) AppleWebKit/537.36 (KHTML, like Gecko) Chrome/81.0.4044.129 Safari/537.36"
159.223.131.184 - - [12/Sep/2026:01:27:24 +0330] "GET /@fs/Dockerfile?raw?? HTTP/1.1" 404 143215 "-" "Mozilla/5.0 (X11; Linux x86_64) AppleWebKit/537.36 (KHTML, like Gecko) Chrome/81.0.4044.129 Safari/537.36"
185.215.232.193 - - [12/Sep/2026:01:27:29 +0330] "HEAD / HTTP/1.1" 200 0 "https://rayatex.ir/" "Mozilla/5.0+(compatible; UptimeRobot/2.0; http://www.uptimerobot.com/)"
159.223.131.184 - - [12/Sep/2026:01:27:26 +0330] "GET /@fs/docker-compose.yml?raw?? HTTP/1.1" 404 143215 "-" "Mozilla/5.0 (X11; Linux x86_64) AppleWebKit/537.36 (KHTML, like Gecko) Chrome/81.0.4044.129 Safari/537.36"
159.223.131.184 - - [12/Sep/2026:01:27:29 +0330] "GET /@fs/nginx.conf?raw?? HTTP/1.1" 404 143215 "-" "Mozilla/5.0 (X11; Linux x86_64) AppleWebKit/537.36 (KHTML, like Gecko) Chrome/81.0.4044.129 Safari/537.36"
185.215.232.215 - - [12/Sep/2026:01:27:34 +0330] "GET / HTTP/1.1" 200 45410 "-" "Mozilla/5.0 (X11; Linux x86_64) AppleWebKit/537.36 (KHTML, like Gecko; GeedoShopProductFinder) Chrome/142.0.0.0 Safari/537.36"
159.223.131.184 - - [12/Sep/2026:01:27:32 +0330] "GET /@fs/.npmrc?raw?? HTTP/1.1" 404 143215 "-" "Mozilla/5.0 (X11; Linux x86_64) AppleWebKit/537.36 (KHTML, like Gecko) Chrome/81.0.4044.129 Safari/537.36"
94.101.182.4 - - [12/Sep/2026:01:25:38 +0330] "POST /wp-cron.php?doing_wp_cron=1789163738.0591440200805664062500 HTTP/1.1" 200 20 "-" "WordPress/7.1; https://rayatex.ir"
185.215.232.215 - - [12/Sep/2026:01:27:55 +0330] "GET /portfolio/atenprojector/ HTTP/1.1" 200 31594 "-" "Mozilla/5.0 (X11; Linux x86_64) AppleWebKit/537.36 (KHTML, like Gecko; GeedoShopProductFinder) Chrome/142.0.0.0 Safari/537.36"
185.215.232.215 - - [12/Sep/2026:01:28:14 +0330] "GET /services/seo-optimization HTTP/1.1" 404 30429 "-" "Mozilla/5.0 (X11; Linux x86_64) AppleWebKit/537.36 (KHTML, like Gecko; GeedoShopProductFinder) Chrome/142.0.0.0 Safari/537.36"
94.101.182.4 - - [12/Sep/2026:01:29:50 +0330] "POST /wp-cron.php?doing_wp_cron=1789163990.5977571010589599609375 HTTP/1.1" 200 20 "-" "WordPress/7.1; https://rayatex.ir"
185.215.232.195 - - [12/Sep/2026:01:29:55 +0330] "GET /ai-content-cons/ HTTP/1.1" 200 43659 "https://rayatex.ir/?p=10949" "Mozilla/5.0 (iPhone; CPU iPhone OS 13_2_3 like Mac OS X) AppleWebKit/605.1.15 (KHTML, like Gecko) Version/13.0.3 Mobile/15E148 Safari/604.1"
94.101.182.4 - - [12/Sep/2026:01:30:44 +0330] "POST /wp-cron.php?doing_wp_cron=1789164044.0641779899597167968750 HTTP/1.1" 200 20 "-" "WordPress/7.1; https://rayatex.ir"
185.215.232.215 - - [12/Sep/2026:01:31:01 +0330] "GET /portfolio/zyraaccessory/ HTTP/1.1" 200 30679 "-" "Mozilla/5.0 (X11; Linux x86_64) AppleWebKit/537.36 (KHTML, like Gecko; GeedoShopProductFinder) Chrome/142.0.0.0 Safari/537.36"
185.215.232.215 - - [12/Sep/2026:01:32:02 +0330] "GET /?post_type=post&p=12899 HTTP/1.1" 301 20 "-" "Mozilla/5.0 (X11; Linux x86_64) AppleWebKit/537.36 (KHTML, like Gecko; GeedoShopProductFinder) Chrome/142.0.0.0 Safari/537.36"
185.215.232.215 - - [12/Sep/2026:01:32:04 +0330] "GET /website-design-in-tehran/ HTTP/1.1" 200 37796 "-" "Mozilla/5.0 (X11; Linux x86_64) AppleWebKit/537.36 (KHTML, like Gecko; GeedoShopProductFinder) Chrome/142.0.0.0 Safari/537.36"
185.215.232.193 - - [12/Sep/2026:01:32:35 +0330] "HEAD / HTTP/1.1" 200 0 "https://rayatex.ir/" "Mozilla/5.0+(compatible; UptimeRobot/2.0; http://www.uptimerobot.com/)"
185.215.232.215 - - [12/Sep/2026:01:34:48 +0330] "GET /portfolio/nitroshimi/ HTTP/1.1" 200 32033 "-" "Mozilla/5.0 (X11; Linux x86_64) AppleWebKit/537.36 (KHTML, like Gecko; GeedoShopProductFinder) Chrome/142.0.0.0 Safari/537.36"
185.215.232.215 - - [12/Sep/2026:01:35:08 +0330] "GET /%D8%B3%D8%B1%D8%AA%DB%8C%D9%81%DB%8C%DA%A9%DB%8C%D8%AA-%D9%87%D8%A7-%D9%88%D9%84%D8%A7%DB%8C%D8%B3%D9%86%D8%B3-%D9%87%D8%A7%DB%8C-%D8%A7%D8%AE%D8%B0-%D8%B4%D8%AF%D9%87/ HTTP/1.1" 404 30429 "-" "Mozilla/5.0 (X11; Linux x86_64) AppleWebKit/537.36 (KHTML, like Gecko; GeedoShopProductFinder) Chrome/142.0.0.0 Safari/537.36"
185.215.232.215 - - [12/Sep/2026:01:35:28 +0330] "GET /portfolio-cat/office-set-design/ HTTP/1.1" 200 27573 "-" "Mozilla/5.0 (X11; Linux x86_64) AppleWebKit/537.36 (KHTML, like Gecko; GeedoShopProductFinder) Chrome/142.0.0.0 Safari/537.36"
185.215.232.215 - - [12/Sep/2026:01:35:48 +0330] "GET /product/wordpress-load-time/ HTTP/1.1" 200 36057 "-" "Mozilla/5.0 (X11; Linux x86_64) AppleWebKit/537.36 (KHTML, like Gecko; GeedoShopProductFinder) Chrome/142.0.0.0 Safari/537.36"
185.215.232.193 - - [12/Sep/2026:01:37:41 +0330] "HEAD / HTTP/1.1" 200 0 "https://rayatex.ir/" "Mozilla/5.0+(compatible; UptimeRobot/2.0; http://www.uptimerobot.com/)"
185.215.232.193 - - [12/Sep/2026:01:38:01 +0330] "GET /ai-content-cons/embed/ HTTP/1.1" 200 6897 "-" "Mozilla/5.0 (iPhone; CPU iPhone OS 13_2_3 like Mac OS X) AppleWebKit/605.1.15 (KHTML, like Gecko) Version/13.0.3 Mobile/15E148 Safari/604.1"
185.215.232.215 - - [12/Sep/2026:01:37:54 +0330] "GET /services/backlink-buy HTTP/1.1" 404 30429 "-" "Mozilla/5.0 (X11; Linux x86_64) AppleWebKit/537.36 (KHTML, like Gecko; GeedoShopProductFinder) Chrome/142.0.0.0 Safari/537.36"
185.215.232.215 - - [12/Sep/2026:01:38:14 +0330] "GET /seo/ HTTP/1.1" 200 38983 "-" "Mozilla/5.0 (X11; Linux x86_64) AppleWebKit/537.36 (KHTML, like Gecko; GeedoShopProductFinder) Chrome/142.0.0.0 Safari/537.36"
185.215.232.215 - - [12/Sep/2026:01:39:14 +0330] "GET /portfolio/page/2/ HTTP/1.1" 200 28960 "-" "Mozilla/5.0 (X11; Linux x86_64) AppleWebKit/537.36 (KHTML, like Gecko; GeedoShopProductFinder) Chrome/142.0.0.0 Safari/537.36"
185.215.232.215 - - [12/Sep/2026:01:39:33 +0330] "GET /product/seo-backlinks-edu-gov/ HTTP/1.1" 200 36103 "-" "Mozilla/5.0 (X11; Linux x86_64) AppleWebKit/537.36 (KHTML, like Gecko; GeedoShopProductFinder) Chrome/142.0.0.0 Safari/537.36"
185.215.232.215 - - [12/Sep/2026:01:38:33 +0330] "GET /?post_type=post&p=12902 HTTP/1.1" 301 20 "-" "Mozilla/5.0 (X11; Linux x86_64) AppleWebKit/537.36 (KHTML, like Gecko; GeedoShopProductFinder) Chrome/142.0.0.0 Safari/537.36"
185.215.232.215 - - [12/Sep/2026:01:38:42 +0330] "GET /website-design-in-mashhad/ HTTP/1.1" 200 37506 "-" "Mozilla/5.0 (X11; Linux x86_64) AppleWebKit/537.36 (KHTML, like Gecko; GeedoShopProductFinder) Chrome/142.0.0.0 Safari/537.36"
185.215.232.215 - - [12/Sep/2026:01:38:54 +0330] "GET /services/social-media HTTP/1.1" 404 30429 "-" "Mozilla/5.0 (X11; Linux x86_64) AppleWebKit/537.36 (KHTML, like Gecko; GeedoShopProductFinder) Chrome/142.0.0.0 Safari/537.36"
185.215.232.194 - - [12/Sep/2026:01:39:02 +0330] "GET /wp-content/plugins/resume-core/assets/js/main.min.js HTTP/1.1" 200 5994 "-" "Mozilla/5.0 (Windows NT 10.0; Win64; x64) AppleWebKit/537.36 (KHTML, like Gecko) Chrome/147.0.0.0 Safari/537.36"
185.215.232.194 - - [12/Sep/2026:01:39:02 +0330] "GET /wp-content/plugins/contact-form-7/includes/js/index.js HTTP/1.1" 200 13452 "-" "Mozilla/5.0 (Windows NT 10.0; Win64; x64) AppleWebKit/537.36 (KHTML, like Gecko) Chrome/147.0.0.0 Safari/537.36"
159.223.131.184 - - [12/Sep/2026:01:27:35 +0330] "GET /@fs/.yarnrc?raw?? HTTP/1.1" 404 143215 "-" "Mozilla/5.0 (X11; Linux x86_64) AppleWebKit/537.36 (KHTML, like Gecko) Chrome/81.0.4044.129 Safari/537.36"
159.223.131.184 - - [12/Sep/2026:01:27:38 +0330] "GET /@fs/.env.local?raw?? HTTP/1.1" 404 143215 "-" "Mozilla/5.0 (X11; Linux x86_64) AppleWebKit/537.36 (KHTML, like Gecko) Chrome/81.0.4044.129 Safari/537.36"
94.101.182.4 - - [12/Sep/2026:01:27:43 +0330] "POST /wp-cron.php?doing_wp_cron=1789163863.4335939884185791015625 HTTP/1.1" 200 20 "-" "WordPress/7.1; https://rayatex.ir"
159.223.131.184 - - [12/Sep/2026:01:27:40 +0330] "GET /@fs/.env.production?raw?? HTTP/1.1" 404 143215 "-" "Mozilla/5.0 (X11; Linux x86_64) AppleWebKit/537.36 (KHTML, like Gecko) Chrome/81.0.4044.129 Safari/537.36"
159.223.131.184 - - [12/Sep/2026:01:27:43 +0330] "GET /@fs/.env.development?raw?? HTTP/1.1" 404 143215 "-" "Mozilla/5.0 (X11; Linux x86_64) AppleWebKit/537.36 (KHTML, like Gecko) Chrome/81.0.4044.129 Safari/537.36"
159.223.131.184 - - [12/Sep/2026:01:27:46 +0330] "GET /@fs/config/database.yml?raw?? HTTP/1.1" 404 143215 "-" "Mozilla/5.0 (X11; Linux x86_64) AppleWebKit/537.36 (KHTML, like Gecko) Chrome/81.0.4044.129 Safari/537.36"
159.223.131.184 - - [12/Sep/2026:01:27:49 +0330] "GET /@fs/var/www/strapi-backend/.env?raw?? HTTP/1.1" 404 143215 "-" "Mozilla/5.0 (X11; Linux x86_64) AppleWebKit/537.36 (KHTML, like Gecko) Chrome/81.0.4044.129 Safari/537.36"
159.223.131.184 - - [12/Sep/2026:01:27:51 +0330] "GET /@fs//app/package.json?raw?? HTTP/1.1" 301 0 "-" "Mozilla/5.0 (X11; Linux x86_64) AppleWebKit/537.36 (KHTML, like Gecko) Chrome/81.0.4044.129 Safari/537.36"
159.223.131.184 - - [12/Sep/2026:01:27:53 +0330] "GET /@fs/app/package.json?raw?? HTTP/1.1" 404 143215 "-" "Mozilla/5.0 (X11; Linux x86_64) AppleWebKit/537.36 (KHTML, like Gecko) Chrome/81.0.4044.129 Safari/537.36"
185.215.232.195 - - [12/Sep/2026:01:29:48 +0330] "GET /?p=10949 HTTP/1.1" 301 20 "-" "Mozilla/5.0 (iPhone; CPU iPhone OS 13_2_3 like Mac OS X) AppleWebKit/605.1.15 (KHTML, like Gecko) Version/13.0.3 Mobile/15E148 Safari/604.1"
185.215.232.215 - - [12/Sep/2026:01:30:21 +0330] "GET /product/29-seo-perfect-backlinks/ HTTP/1.1" 200 34721 "-" "Mozilla/5.0 (X11; Linux x86_64) AppleWebKit/537.36 (KHTML, like Gecko; GeedoShopProductFinder) Chrome/142.0.0.0 Safari/537.36"
185.215.232.215 - - [12/Sep/2026:01:30:41 +0330] "GET /services/catalog-brochure-design HTTP/1.1" 404 30429 "-" "Mozilla/5.0 (X11; Linux x86_64) AppleWebKit/537.36 (KHTML, like Gecko; GeedoShopProductFinder) Chrome/142.0.0.0 Safari/537.36"
185.215.232.215 - - [12/Sep/2026:01:31:20 +0330] "GET /portfolio-cat/social-media/ HTTP/1.1" 200 27424 "-" "Mozilla/5.0 (X11; Linux x86_64) AppleWebKit/537.36 (KHTML, like Gecko; GeedoShopProductFinder) Chrome/142.0.0.0 Safari/537.36"
185.215.232.215 - - [12/Sep/2026:01:31:41 +0330] "GET /portfolio/ HTTP/1.1" 200 29008 "-" "Mozilla/5.0 (X11; Linux x86_64) AppleWebKit/537.36 (KHTML, like Gecko; GeedoShopProductFinder) Chrome/142.0.0.0 Safari/537.36"
94.101.182.4 - - [12/Sep/2026:01:32:04 +0330] "POST /wp-cron.php?doing_wp_cron=1789164123.9111769199371337890625 HTTP/1.1" 200 20 "-" "WordPress/7.1; https://rayatex.ir"
185.215.232.215 - - [12/Sep/2026:01:34:08 +0330] "GET /services/product-photography HTTP/1.1" 404 30429 "-" "Mozilla/5.0 (X11; Linux x86_64) AppleWebKit/537.36 (KHTML, like Gecko; GeedoShopProductFinder) Chrome/142.0.0.0 Safari/537.36"
185.215.232.215 - - [12/Sep/2026:01:34:28 +0330] "GET /portfolio-cat/business-card/ HTTP/1.1" 200 27561 "-" "Mozilla/5.0 (X11; Linux x86_64) AppleWebKit/537.36 (KHTML, like Gecko; GeedoShopProductFinder) Chrome/142.0.0.0 Safari/537.36"
185.215.232.193 - - [12/Sep/2026:01:39:02 +0330] "GET /wp-content/plugins/contact-form-7/includes/swv/js/index.js HTTP/1.1" 200 12512 "-" "Mozilla/5.0 (Windows NT 10.0; Win64; x64) AppleWebKit/537.36 (KHTML, like Gecko) Chrome/147.0.0.0 Safari/537.36"
185.215.232.193 - - [12/Sep/2026:01:47:52 +0330] "HEAD / HTTP/1.1" 200 0 "https://rayatex.ir/" "Mozilla/5.0+(compatible; UptimeRobot/2.0; http://www.uptimerobot.com/)"
185.215.232.193 - - [12/Sep/2026:01:58:03 +0330] "HEAD / HTTP/1.1" 200 0 "https://rayatex.ir/" "Mozilla/5.0+(compatible; UptimeRobot/2.0; http://www.uptimerobot.com/)"
185.215.232.215 - - [12/Sep/2026:01:41:39 +0330] "GET /portfolio/page/3/ HTTP/1.1" 200 27427 "-" "Mozilla/5.0 (X11; Linux x86_64) AppleWebKit/537.36 (KHTML, like Gecko; GeedoShopProductFinder) Chrome/142.0.0.0 Safari/537.36"
185.215.232.194 - - [12/Sep/2026:01:42:47 +0330] "HEAD / HTTP/1.1" 200 0 "https://rayatex.ir/" "Mozilla/5.0+(compatible; UptimeRobot/2.0; http://www.uptimerobot.com/)"
185.215.232.194 - - [12/Sep/2026:01:48:42 +0330] "GET /wp-content/uploads/2025/11/cropped-Flaticon-100x100.webp HTTP/1.1" 200 1486 "-" "Mozilla/5.0 (iPhone; CPU iPhone OS 13_2_3 like Mac OS X) AppleWebKit/605.1.15 (KHTML, like Gecko) Version/13.0.3 Mobile/15E148 Safari/604.1"
185.215.232.194 - - [12/Sep/2026:01:52:57 +0330] "HEAD / HTTP/1.1" 200 0 "https://rayatex.ir/" "Mozilla/5.0+(compatible; UptimeRobot/2.0; http://www.uptimerobot.com/)"
198.38.94.66 - - [12/Sep/2026:02:04:49 +0330] "POST /?rest_route=/batch/v1 HTTP/1.1" 207 289 "-" "Mozilla/5.0 (Windows NT 10.0; Win64; x64) AppleWebKit/537.36 (KHTML, like Gecko) Chrome/126.0.0.0 Safari/537.36"
185.215.232.193 - - [12/Sep/2026:02:08:12 +0330] "HEAD / HTTP/1.1" 200 0 "https://rayatex.ir/" "Mozilla/5.0+(compatible; UptimeRobot/2.0; http://www.uptimerobot.com/)"
185.215.232.193 - - [12/Sep/2026:02:13:16 +0330] "HEAD / HTTP/1.1" 200 0 "https://rayatex.ir/" "Mozilla/5.0+(compatible; UptimeRobot/2.0; http://www.uptimerobot.com/)"
185.215.232.193 - - [12/Sep/2026:02:03:07 +0330] "HEAD / HTTP/1.1" 200 0 "https://rayatex.ir/" "Mozilla/5.0+(compatible; UptimeRobot/2.0; http://www.uptimerobot.com/)"
198.38.94.66 - - [12/Sep/2026:02:04:46 +0330] "GET / HTTP/1.1" 200 48778 "-" "Mozilla/5.0 (Windows NT 10.0; Win64; x64) AppleWebKit/537.36 (KHTML, like Gecko) Chrome/126.0.0.0 Safari/537.36"
94.101.182.4 - - [12/Sep/2026:02:09:13 +0330] "POST /wp-cron.php?doing_wp_cron=1789166353.2445259094238281250000 HTTP/1.1" 200 20 "-" "WordPress/7.1; https://rayatex.ir"
185.215.232.196 - - [12/Sep/2026:02:09:11 +0330] "GET /xmlrpc.php HTTP/1.1" 405 60 "-" "Mozilla/5.0 (iPhone; CPU iPhone OS 13_2_3 like Mac OS X) AppleWebKit/605.1.15 (KHTML, like Gecko) Version/13.0.3 Mobile/15E148 Safari/604.1"
185.215.232.194 - - [12/Sep/2026:02:23:27 +0330] "HEAD / HTTP/1.1" 200 0 "https://rayatex.ir/" "Mozilla/5.0+(compatible; UptimeRobot/2.0; http://www.uptimerobot.com/)"
185.215.232.193 - - [12/Sep/2026:02:28:31 +0330] "HEAD / HTTP/1.1" 200 0 "https://rayatex.ir/" "Mozilla/5.0+(compatible; UptimeRobot/2.0; http://www.uptimerobot.com/)"
185.215.232.193 - - [12/Sep/2026:02:18:22 +0330] "HEAD / HTTP/1.1" 200 0 "https://rayatex.ir/" "Mozilla/5.0+(compatible; UptimeRobot/2.0; http://www.uptimerobot.com/)"
185.215.232.193 - - [12/Sep/2026:02:18:48 +0330] "GET /wp-comments-post.php HTTP/1.1" 405 20 "-" "Mozilla/5.0 (iPhone; CPU iPhone OS 13_2_3 like Mac OS X) AppleWebKit/605.1.15 (KHTML, like Gecko) Version/13.0.3 Mobile/15E148 Safari/604.1"
94.101.182.11 - - [12/Sep/2026:02:28:07 +0330] "HEAD / HTTP/1.1" 200 0 "-" "BertinaAccessibilityProbe/0.1 (+https://search.bertina.ir)"
185.215.232.194 - - [12/Sep/2026:02:33:35 +0330] "HEAD / HTTP/1.1" 200 0 "https://rayatex.ir/" "Mozilla/5.0+(compatible; UptimeRobot/2.0; http://www.uptimerobot.com/)"
185.215.232.194 - - [12/Sep/2026:02:38:41 +0330] "HEAD / HTTP/1.1" 200 0 "https://rayatex.ir/" "Mozilla/5.0+(compatible; UptimeRobot/2.0; http://www.uptimerobot.com/)"
185.215.232.193 - - [12/Sep/2026:02:43:46 +0330] "HEAD / HTTP/1.1" 200 0 "https://rayatex.ir/" "Mozilla/5.0+(compatible; UptimeRobot/2.0; http://www.uptimerobot.com/)"
185.215.232.196 - - [12/Sep/2026:02:46:41 +0330] "GET /index.php?rest_route=/wp/v2/posts&per_page=100&_fields=id%2Ccomment_status&page=1 HTTP/1.1" 200 86 "https://rayatex.ir" "Mozilla/5.0 (Macintosh; Intel Mac OS X 10_11_6) AppleWebKit/537.36 (KHTML, like Gecko) Chrome/103.0.0.0 Safari/537.36"
185.215.232.196 - - [12/Sep/2026:02:46:48 +0330] "POST /wp-comments-post.php HTTP/1.1" 302 20 "https://rayatex.ir" "Mozilla/5.0 (Macintosh; Intel Mac OS X 10_11_6) AppleWebKit/537.36 (KHTML, like Gecko) Chrome/103.0.0.0 Safari/537.36"
185.215.232.194 - - [12/Sep/2026:02:48:50 +0330] "HEAD / HTTP/1.1" 200 0 "https://rayatex.ir/" "Mozilla/5.0+(compatible; UptimeRobot/2.0; http://www.uptimerobot.com/)"
94.101.182.4 - - [12/Sep/2026:03:04:31 +0330] "POST /wp-cron.php?doing_wp_cron=1789169671.4264669418334960937500 HTTP/1.1" 200 20 "-" "WordPress/7.1; https://rayatex.ir"
185.215.232.193 - - [12/Sep/2026:02:53:55 +0330] "HEAD / HTTP/1.1" 200 0 "https://rayatex.ir/" "Mozilla/5.0+(compatible; UptimeRobot/2.0; http://www.uptimerobot.com/)"
185.215.232.193 - - [12/Sep/2026:02:59:00 +0330] "HEAD / HTTP/1.1" 200 0 "https://rayatex.ir/" "Mozilla/5.0+(compatible; UptimeRobot/2.0; http://www.uptimerobot.com/)"
185.215.232.193 - - [12/Sep/2026:03:04:04 +0330] "HEAD / HTTP/1.1" 200 0 "https://rayatex.ir/" "Mozilla/5.0+(compatible; UptimeRobot/2.0; http://www.uptimerobot.com/)"
193.32.162.156 - - [12/Sep/2026:03:06:25 +0330] "GET /.svn/wc.db HTTP/1.1" 403 787 "-" "Mozilla/5.0 (Windows NT 10.0; Win64; x64) AppleWebKit/537.36 (KHTML, like Gecko) Chrome/77.0.3865.120 Safari/537.36"
94.101.182.4 - - [12/Sep/2026:03:09:26 +0330] "GET /.well-known/acme-challenge/FQGTW_VR1NEVFJQTSX13DA8TOA0ZR62A HTTP/1.1" 200 64 "-" "Cpanel-HTTP-Client/1.0"
94.101.182.3 - - [12/Sep/2026:03:16:58 +0330] "GET / HTTP/1.1" 200 48822 "-" "Mozilla/5.0 (Windows NT 10.0; Win64; x64; rv:125.0) Gecko/20100101 Firefox/125.0"
185.215.232.194 - - [12/Sep/2026:03:09:09 +0330] "HEAD / HTTP/1.1" 200 0 "https://rayatex.ir/" "Mozilla/5.0+(compatible; UptimeRobot/2.0; http://www.uptimerobot.com/)"
94.101.182.4 - - [12/Sep/2026:03:09:26 +0330] "GET /.well-known/acme-challenge/2CLMW371WVNC-FTQAQW1SXXKPWNM2G8K HTTP/1.1" 200 64 "-" "Cpanel-HTTP-Client/1.0"
185.215.232.194 - - [12/Sep/2026:03:14:13 +0330] "HEAD / HTTP/1.1" 200 0 "https://rayatex.ir/" "Mozilla/5.0+(compatible; UptimeRobot/2.0; http://www.uptimerobot.com/)"
185.215.232.193 - - [12/Sep/2026:03:19:19 +0330] "HEAD / HTTP/1.1" 200 0 "https://rayatex.ir/" "Mozilla/5.0+(compatible; UptimeRobot/2.0; http://www.uptimerobot.com/)"
185.215.232.193 - - [12/Sep/2026:03:24:24 +0330] "HEAD / HTTP/1.1" 200 0 "https://rayatex.ir/" "Mozilla/5.0+(compatible; UptimeRobot/2.0; http://www.uptimerobot.com/)"
185.215.232.193 - - [12/Sep/2026:03:29:30 +0330] "HEAD / HTTP/1.1" 200 0 "https://rayatex.ir/" "Mozilla/5.0+(compatible; UptimeRobot/2.0; http://www.uptimerobot.com/)"
185.215.232.193 - - [12/Sep/2026:03:33:34 +0330] "GET / HTTP/1.1" 200 48822 "http://www.rayatex.ir" "Mozilla/5.0 (iPhone; CPU iPhone OS 13_2_3 like Mac OS X) AppleWebKit/605.1.15 (KHTML, like Gecko) Version/13.0.3 Mobile/15E148 Safari/604.1"
185.215.232.195 - - [12/Sep/2026:03:32:39 +0330] "GET /about/ HTTP/1.1" 200 34531 "-" "Mozilla/5.0 (Macintosh; Intel Mac OS X 10_15_7) AppleWebKit/537.36 (KHTML, like Gecko) Chrome/145.0.0.0 Safari/537.36 (compatible; meta-externalagent/1.1 (+https://developers.facebook.com/docs/sharing/webmasters/crawler))"
185.215.232.194 - - [12/Sep/2026:03:34:35 +0330] "HEAD / HTTP/1.1" 200 0 "https://rayatex.ir/" "Mozilla/5.0+(compatible; UptimeRobot/2.0; http://www.uptimerobot.com/)"
185.215.232.194 - - [12/Sep/2026:03:39:39 +0330] "HEAD / HTTP/1.1" 200 0 "https://rayatex.ir/" "Mozilla/5.0+(compatible; UptimeRobot/2.0; http://www.uptimerobot.com/)"
185.215.232.194 - - [12/Sep/2026:03:39:41 +0330] "GET /readme.html HTTP/1.1" 200 2657 "-" "Mozilla/5.0 (Windows NT 10.0; Win64; x64) AppleWebKit/537.36 (KHTML, like Gecko) Chrome/151.0.0.0 Safari/537.36"
185.215.232.194 - - [12/Sep/2026:03:39:48 +0330] "GET /wp-json/wp/v2/users?_fields=slug&per_page=100&page=1 HTTP/1.1" 200 45 "-" "Mozilla/5.0 (Windows NT 10.0; Win64; x64) AppleWebKit/537.36 (KHTML, like Gecko) Chrome/151.0.0.0 Safari/537.36"
185.215.232.194 - - [12/Sep/2026:03:39:51 +0330] "GET /?rest_route=/wp/v2/users&_fields=slug&per_page=100&page=1 HTTP/1.1" 200 45 "-" "Mozilla/5.0 (Windows NT 10.0; Win64; x64) AppleWebKit/537.36 (KHTML, like Gecko) Chrome/151.0.0.0 Safari/537.36"
185.215.232.194 - - [12/Sep/2026:03:39:53 +0330] "GET /feed/ HTTP/1.1" 200 19848 "-" "Mozilla/5.0 (Windows NT 10.0; Win64; x64) AppleWebKit/537.36 (KHTML, like Gecko) Chrome/151.0.0.0 Safari/537.36"
185.215.232.194 - - [12/Sep/2026:03:39:55 +0330] "GET /feed/atom/ HTTP/1.1" 200 19752 "-" "Mozilla/5.0 (Windows NT 10.0; Win64; x64) AppleWebKit/537.36 (KHTML, like Gecko) Chrome/151.0.0.0 Safari/537.36"
185.215.232.194 - - [12/Sep/2026:03:39:57 +0330] "GET /rss/ HTTP/1.1" 301 20 "-" "Mozilla/5.0 (Windows NT 10.0; Win64; x64) AppleWebKit/537.36 (KHTML, like Gecko) Chrome/151.0.0.0 Safari/537.36"
185.215.232.194 - - [12/Sep/2026:03:39:59 +0330] "GET /feed/ HTTP/1.1" 200 19848 "-" "Mozilla/5.0 (Windows NT 10.0; Win64; x64) AppleWebKit/537.36 (KHTML, like Gecko) Chrome/151.0.0.0 Safari/537.36"
185.215.232.194 - - [12/Sep/2026:03:40:02 +0330] "GET /wp-sitemap-users-1.xml HTTP/1.1" 301 20 "-" "Mozilla/5.0 (Windows NT 10.0; Win64; x64) AppleWebKit/537.36 (KHTML, like Gecko) Chrome/151.0.0.0 Safari/537.36"
185.215.232.194 - - [12/Sep/2026:03:40:04 +0330] "GET /author-sitemap.xml HTTP/1.1" 404 30020 "-" "Mozilla/5.0 (Windows NT 10.0; Win64; x64) AppleWebKit/537.36 (KHTML, like Gecko) Chrome/151.0.0.0 Safari/537.36"
185.215.232.194 - - [12/Sep/2026:03:40:14 +0330] "GET /sitemap_index.xml HTTP/1.1" 200 370 "-" "Mozilla/5.0 (Windows NT 10.0; Win64; x64) AppleWebKit/537.36 (KHTML, like Gecko) Chrome/151.0.0.0 Safari/537.36"
185.215.232.194 - - [12/Sep/2026:03:40:18 +0330] "GET /wp-json/oembed/1.0/embed?url=https%3A%2F%2Frayatex.ir&format=json HTTP/1.1" 200 1139 "-" "Mozilla/5.0 (Windows NT 10.0; Win64; x64) AppleWebKit/537.36 (KHTML, like Gecko) Chrome/151.0.0.0 Safari/537.36"
185.215.232.194 - - [12/Sep/2026:03:40:21 +0330] "POST /graphql HTTP/1.1" 404 30184 "-" "Mozilla/5.0 (Windows NT 10.0; Win64; x64) AppleWebKit/537.36 (KHTML, like Gecko) Chrome/151.0.0.0 Safari/537.36"
185.215.232.194 - - [12/Sep/2026:03:40:24 +0330] "POST /api/graphql HTTP/1.1" 404 30184 "-" "Mozilla/5.0 (Windows NT 10.0; Win64; x64) AppleWebKit/537.36 (KHTML, like Gecko) Chrome/151.0.0.0 Safari/537.36"
185.215.232.194 - - [12/Sep/2026:03:40:28 +0330] "GET /?rest_route=/wp/v2/users&_jsonp=callback&per_page=100&_fields=id,slug HTTP/1.1" 200 70 "-" "Mozilla/5.0 (Windows NT 10.0; Win64; x64) AppleWebKit/537.36 (KHTML, like Gecko) Chrome/151.0.0.0 Safari/537.36"
193.32.162.157 - - [12/Sep/2026:03:43:41 +0330] "GET /.svn/wc.db HTTP/1.1" 403 787 "-" "Mozilla/5.0 (Windows NT 10.0; WOW64) AppleWebKit/537.36 (KHTML, like Gecko) Chrome/99.0.4844.51 Safari/537.36"
185.215.232.194 - - [12/Sep/2026:03:44:43 +0330] "HEAD / HTTP/1.1" 200 0 "https://rayatex.ir/" "Mozilla/5.0+(compatible; UptimeRobot/2.0; http://www.uptimerobot.com/)"
185.215.232.193 - - [12/Sep/2026:03:49:47 +0330] "HEAD / HTTP/1.1" 200 0 "https://rayatex.ir/" "Mozilla/5.0+(compatible; UptimeRobot/2.0; http://www.uptimerobot.com/)"
139.99.145.110 - - [12/Sep/2026:03:53:26 +0330] "GET /wp-login.php HTTP/1.1" 404 30451 "https://t.co/" "Mozilla/5.0 (Windows NT 10.0; Win64; x64; rv:119.0) Gecko/20100101 Firefox/119.0"
139.99.145.110 - - [12/Sep/2026:03:53:32 +0330] "GET /wp-admin/ HTTP/1.1" 302 20 "-" "Mozilla/5.0 (Windows NT 11.0; Win64; x64) AppleWebKit/537.36 (KHTML, like Gecko) Chrome/121.0.0.0 Safari/537.36"
185.215.232.195 - - [12/Sep/2026:03:53:57 +0330] "GET /wp-login.php HTTP/1.1" 404 30435 "https://www.google.com/search?q=wordpress" "Mozilla/5.0 (Macintosh; Intel Mac OS X 13_6_1; rv:119.0) Gecko/20100101 Firefox/119.0"
185.215.232.195 - - [12/Sep/2026:03:54:03 +0330] "GET /404/ HTTP/1.1" 404 30435 "https://www.google.com/" "Mozilla/5.0 (Macintosh; Intel Mac OS X 13_6_1) AppleWebKit/537.36 (KHTML, like Gecko) Chrome/119.0.0.0 Safari/537.36"
185.215.232.193 - - [12/Sep/2026:03:54:51 +0330] "HEAD / HTTP/1.1" 200 0 "https://rayatex.ir/" "Mozilla/5.0+(compatible; UptimeRobot/2.0; http://www.uptimerobot.com/)"
185.215.232.194 - - [12/Sep/2026:03:39:42 +0330] "GET /wp-json/ HTTP/1.1" 200 140741 "-" "Mozilla/5.0 (Windows NT 10.0; Win64; x64) AppleWebKit/537.36 (KHTML, like Gecko) Chrome/151.0.0.0 Safari/537.36"
185.215.232.194 - - [12/Sep/2026:03:39:47 +0330] "GET / HTTP/1.1" 200 45410 "-" "Mozilla/5.0 (Windows NT 10.0; Win64; x64) AppleWebKit/537.36 (KHTML, like Gecko) Chrome/151.0.0.0 Safari/537.36"
185.215.232.194 - - [12/Sep/2026:03:40:08 +0330] "GET /author-sitemap.xml HTTP/1.1" 404 30020 "-" "Mozilla/5.0 (Windows NT 10.0; Win64; x64) AppleWebKit/537.36 (KHTML, like Gecko) Chrome/151.0.0.0 Safari/537.36"
185.215.232.194 - - [12/Sep/2026:03:40:12 +0330] "GET /sitemap.xml HTTP/1.1" 301 20 "-" "Mozilla/5.0 (Windows NT 10.0; Win64; x64) AppleWebKit/537.36 (KHTML, like Gecko) Chrome/151.0.0.0 Safari/537.36"
185.215.232.194 - - [12/Sep/2026:03:40:16 +0330] "GET /wp-json/wp/v2/posts?per_page=20&_embed=author&_fields=_embedded HTTP/1.1" 200 26 "-" "Mozilla/5.0 (Windows NT 10.0; Win64; x64) AppleWebKit/537.36 (KHTML, like Gecko) Chrome/151.0.0.0 Safari/537.36"
94.101.182.4 - - [12/Sep/2026:03:53:28 +0330] "POST /wp-cron.php?doing_wp_cron=1789172608.6661760807037353515625 HTTP/1.1" 200 20 "-" "WordPress/7.1; https://rayatex.ir"
185.215.232.195 - - [12/Sep/2026:03:53:37 +0330] "GET /404/ HTTP/1.1" 404 30435 "-" "Mozilla/5.0 (Windows NT 11.0; Win64; x64) AppleWebKit/537.36 (KHTML, like Gecko) Chrome/121.0.0.0 Safari/537.36"
94.101.182.4 - - [12/Sep/2026:03:53:55 +0330] "POST /wp-cron.php?doing_wp_cron=1789172635.3570649623870849609375 HTTP/1.1" 200 20 "-" "WordPress/7.1; https://rayatex.ir"
185.215.232.195 - - [12/Sep/2026:03:53:52 +0330] "GET /wp-login.php HTTP/1.1" 404 30435 "https://wordpress.org/" "Mozilla/5.0 (Windows NT 11.0; Win64; x64; rv:119.0) Gecko/20100101 Firefox/119.0"
185.215.232.195 - - [12/Sep/2026:03:54:00 +0330] "GET /wp-admin/ HTTP/1.1" 302 20 "https://www.google.com/" "Mozilla/5.0 (Macintosh; Intel Mac OS X 13_6_1) AppleWebKit/537.36 (KHTML, like Gecko) Chrome/119.0.0.0 Safari/537.36"
185.215.232.194 - - [12/Sep/2026:03:59:57 +0330] "HEAD / HTTP/1.1" 200 0 "https://rayatex.ir/" "Mozilla/5.0+(compatible; UptimeRobot/2.0; http://www.uptimerobot.com/)"
185.215.232.193 - - [12/Sep/2026:04:05:01 +0330] "HEAD / HTTP/1.1" 200 0 "https://rayatex.ir/" "Mozilla/5.0+(compatible; UptimeRobot/2.0; http://www.uptimerobot.com/)"
185.215.232.193 - - [12/Sep/2026:04:10:06 +0330] "HEAD / HTTP/1.1" 200 0 "https://rayatex.ir/" "Mozilla/5.0+(compatible; UptimeRobot/2.0; http://www.uptimerobot.com/)"
94.101.182.4 - - [12/Sep/2026:04:14:48 +0330] "POST /wp-cron.php?doing_wp_cron=1789173888.0311388969421386718750 HTTP/1.1" 200 20 "-" "WordPress/7.1; https://rayatex.ir"
185.215.232.194 - - [12/Sep/2026:04:14:45 +0330] "POST /wp-json/batch/v1 HTTP/1.1" 207 380 "-" "Mozilla/5.0 (Ubuntu; Linux x86_64) AppleWebKit/537.36 (KHTML, like Gecko) Chrome/137.0.0.0 Safari/537.36"
185.215.232.194 - - [12/Sep/2026:04:14:45 +0330] "POST /?rest_route=/batch/v1 HTTP/1.1" 207 380 "-" "Mozilla/5.0 (Macintosh; Intel Mac OS X 10_15_7) AppleWebKit/605.1.15 (KHTML, like Gecko) Version/16.3 Mobile/15E148 Safari/604.1"
185.215.232.194 - - [12/Sep/2026:04:14:48 +0330] "GET /?rest_route=/batch/v1 HTTP/1.1" 404 160 "http://rayatex.ir/?rest_route=/batch/v1" "Mozilla/5.0 (Windows NT 10.0; Win64; x64; rv:126.0) Gecko/20100101 Firefox/126.0"
185.215.232.193 - - [12/Sep/2026:04:25:21 +0330] "HEAD / HTTP/1.1" 200 0 "https://rayatex.ir/" "Mozilla/5.0+(compatible; UptimeRobot/2.0; http://www.uptimerobot.com/)"
94.101.182.4 - - [12/Sep/2026:04:25:42 +0330] "POST /wp-cron.php?doing_wp_cron=1789174540.7386538982391357421875 HTTP/1.1" 200 20 "-" "WordPress/7.1; https://rayatex.ir"
185.215.232.195 - - [12/Sep/2026:04:25:54 +0330] "GET /404/ HTTP/1.1" 404 30435 "https://www.google.com/search?q=wordpress" "Mozilla/5.0 (Macintosh; Intel Mac OS X 13_6_1) AppleWebKit/537.36 (KHTML, like Gecko) Chrome/119.0.0.0 Safari/537.36"
185.215.232.195 - - [12/Sep/2026:04:26:15 +0330] "GET /wp-login.php HTTP/1.1" 404 30435 "-" "Mozilla/5.0 (X11; Ubuntu; Linux x86_64) AppleWebKit/537.36 (KHTML, like Gecko) Chrome/120.0.0.0 Safari/537.36"
185.215.232.195 - - [12/Sep/2026:04:26:22 +0330] "GET /404/ HTTP/1.1" 404 30435 "-" "Mozilla/5.0 (Macintosh; Intel Mac OS X 10_15_7) AppleWebKit/605.1.15 (KHTML, like Gecko) Version/17.0 Safari/605.1.15"
185.215.232.194 - - [12/Sep/2026:04:15:11 +0330] "HEAD / HTTP/1.1" 200 0 "https://rayatex.ir/" "Mozilla/5.0+(compatible; UptimeRobot/2.0; http://www.uptimerobot.com/)"
185.215.232.193 - - [12/Sep/2026:04:20:16 +0330] "HEAD / HTTP/1.1" 200 0 "https://rayatex.ir/" "Mozilla/5.0+(compatible; UptimeRobot/2.0; http://www.uptimerobot.com/)"
139.99.145.64 - - [12/Sep/2026:04:25:38 +0330] "GET /wp-login.php HTTP/1.1" 404 30451 "-" "Mozilla/5.0 (Windows NT 10.0; Win64; x64) AppleWebKit/537.36 (KHTML, like Gecko) Chrome/118.0.0.0 Safari/537.36"
139.99.145.64 - - [12/Sep/2026:04:25:47 +0330] "GET /wp-admin/ HTTP/1.1" 302 20 "https://www.google.com/search?q=wordpress" "Mozilla/5.0 (Macintosh; Intel Mac OS X 13_6_1) AppleWebKit/537.36 (KHTML, like Gecko) Chrome/119.0.0.0 Safari/537.36"
185.215.232.195 - - [12/Sep/2026:04:26:10 +0330] "GET /wp-login.php HTTP/1.1" 404 30435 "-" "Mozilla/5.0 (Macintosh; Intel Mac OS X 13_6_1) AppleWebKit/537.36 (KHTML, like Gecko) Chrome/119.0.0.0 Safari/537.36"
185.215.232.195 - - [12/Sep/2026:04:26:19 +0330] "GET /wp-admin/ HTTP/1.1" 302 20 "-" "Mozilla/5.0 (Macintosh; Intel Mac OS X 10_15_7) AppleWebKit/605.1.15 (KHTML, like Gecko) Version/17.0 Safari/605.1.15"
185.215.232.194 - - [12/Sep/2026:04:30:26 +0330] "HEAD / HTTP/1.1" 200 0 "https://rayatex.ir/" "Mozilla/5.0+(compatible; UptimeRobot/2.0; http://www.uptimerobot.com/)"
185.215.232.193 - - [12/Sep/2026:04:35:31 +0330] "HEAD / HTTP/1.1" 200 0 "https://rayatex.ir/" "Mozilla/5.0+(compatible; UptimeRobot/2.0; http://www.uptimerobot.com/)"
185.215.232.195 - - [12/Sep/2026:04:40:34 +0330] "GET /robots.txt HTTP/1.1" 206 114 "-" "facebookexternalhit/1.1 (+http://www.facebook.com/externalhit_uatext.php)"
185.215.232.195 - - [12/Sep/2026:04:43:00 +0330] "GET /robots.txt HTTP/1.1" 200 114 "-" "Mozilla/5.0 (compatible; SemrushBot/7~bl; +http://www.semrush.com/bot.html)"
185.215.232.195 - - [12/Sep/2026:04:37:34 +0330] "GET /robots.txt HTTP/1.1" 206 114 "-" "facebookexternalhit/1.1 (+http://www.facebook.com/externalhit_uatext.php)"
185.215.232.195 - - [12/Sep/2026:04:40:29 +0330] "GET /robots.txt HTTP/1.1" 206 114 "-" "facebookexternalhit/1.1 (+http://www.facebook.com/externalhit_uatext.php)"
185.215.232.193 - - [12/Sep/2026:04:40:35 +0330] "HEAD / HTTP/1.1" 200 0 "https://rayatex.ir/" "Mozilla/5.0+(compatible; UptimeRobot/2.0; http://www.uptimerobot.com/)"
185.215.232.195 - - [12/Sep/2026:04:40:35 +0330] "GET /portfolio/ataman/ HTTP/1.1" 200 34815 "-" "Mozilla/5.0 (Windows NT 10.0; Win64; x64) AppleWebKit/537.36 (KHTML, like Gecko) Chrome/145.0.0.0 Safari/537.36 (compatible; meta-externalagent/1.1 (+https://developers.facebook.com/docs/sharing/webmasters/crawler))"
185.215.232.195 - - [12/Sep/2026:04:43:05 +0330] "GET /contact/ HTTP/1.1" 200 29168 "-" "Mozilla/5.0 (compatible; SemrushBot/7~bl; +http://www.semrush.com/bot.html)"
185.215.232.195 - - [12/Sep/2026:04:52:21 +0330] "GET /wp-content/cache/wpfc-minified/klkbm5z2/h6ps4.css HTTP/1.1" 200 10474 "https://rayatex.ir/what-is-backlink/" "Mozilla/5.0 (Macintosh; Intel Mac OS X 10_15_7) AppleWebKit/537.36 (KHTML, like Gecko) Chrome/145.0.0.0 Safari/537.36 (compatible; meta-externalagent/1.1 (+https://developers.facebook.com/docs/sharing/webmasters/crawler))"
185.215.232.195 - - [12/Sep/2026:04:52:22 +0330] "GET /wp-content/cache/wpfc-minified/fcu2jil9/h6ps4.js HTTP/1.1" 200 4234 "https://rayatex.ir/what-is-backlink/" "Mozilla/5.0 (Macintosh; Intel Mac OS X 10_15_7) AppleWebKit/537.36 (KHTML, like Gecko) Chrome/145.0.0.0 Safari/537.36 (compatible; meta-externalagent/1.1 (+https://developers.facebook.com/docs/sharing/webmasters/crawler))"
185.215.232.195 - - [12/Sep/2026:04:52:22 +0330] "GET /wp-content/plugins/resume-core/assets/fonts/yekan-bakh/YekanBakhFaNum04Regular.woff HTTP/1.1" 200 60576 "https://rayatex.ir/wp-content/cache/wpfc-minified/6jc7y0g1/h8rm5.css" "Mozilla/5.0 (Macintosh; Intel Mac OS X 10_15_7) AppleWebKit/537.36 (KHTML, like Gecko) Chrome/145.0.0.0 Safari/537.36 (compatible; meta-externalagent/1.1 (+https://developers.facebook.com/docs/sharing/webmasters/crawler))"
185.215.232.195 - - [12/Sep/2026:04:52:22 +0330] "GET /wp-content/plugins/resume-core/assets/fonts/yekan-bakh/YekanBakhFaNum06Bold.woff HTTP/1.1" 200 60024 "https://rayatex.ir/wp-content/cache/wpfc-minified/6jc7y0g1/h8rm5.css" "Mozilla/5.0 (Macintosh; Intel Mac OS X 10_15_7) AppleWebKit/537.36 (KHTML, like Gecko) Chrome/145.0.0.0 Safari/537.36 (compatible; meta-externalagent/1.1 (+https://developers.facebook.com/docs/sharing/webmasters/crawler))"
185.215.232.195 - - [12/Sep/2026:04:52:21 +0330] "GET /wp-content/uploads/2024/02/pic-3.jpg HTTP/1.1" 404 30435 "https://rayatex.ir/what-is-backlink/" "Mozilla/5.0 (Macintosh; Intel Mac OS X 10_15_7) AppleWebKit/537.36 (KHTML, like Gecko) Chrome/145.0.0.0 Safari/537.36 (compatible; meta-externalagent/1.1 (+https://developers.facebook.com/docs/sharing/webmasters/crawler))"
185.215.232.195 - - [12/Sep/2026:04:52:23 +0330] "POST /?wc-ajax=get_refreshed_fragments HTTP/1.1" 200 633 "https://rayatex.ir/what-is-backlink/" "Mozilla/5.0 (Macintosh; Intel Mac OS X 10_15_7) AppleWebKit/537.36 (KHTML, like Gecko) Chrome/145.0.0.0 Safari/537.36 (compatible; meta-externalagent/1.1 (+https://developers.facebook.com/docs/sharing/webmasters/crawler))"
185.215.232.195 - - [12/Sep/2026:04:52:43 +0330] "GET /wp-content/uploads/2024/02/pic-3.jpg HTTP/1.1" 404 30435 "https://rayatex.ir/what-is-backlink/" "Mozilla/5.0 (Macintosh; Intel Mac OS X 10_15_7) AppleWebKit/537.36 (KHTML, like Gecko) Chrome/145.0.0.0 Safari/537.36 (compatible; meta-externalagent/1.1 (+https://developers.facebook.com/docs/sharing/webmasters/crawler))"
185.215.232.195 - - [12/Sep/2026:04:52:43 +0330] "GET /wp-content/uploads/2024/02/pic-3.jpg HTTP/1.1" 404 30435 "https://rayatex.ir/what-is-backlink/" "Mozilla/5.0 (Macintosh; Intel Mac OS X 10_15_7) AppleWebKit/537.36 (KHTML, like Gecko) Chrome/145.0.0.0 Safari/537.36 (compatible; meta-externalagent/1.1 (+https://developers.facebook.com/docs/sharing/webmasters/crawler))"
185.215.232.193 - - [12/Sep/2026:04:55:51 +0330] "HEAD / HTTP/1.1" 200 0 "https://rayatex.ir/" "Mozilla/5.0+(compatible; UptimeRobot/2.0; http://www.uptimerobot.com/)"
185.215.232.193 - - [12/Sep/2026:05:00:57 +0330] "HEAD / HTTP/1.1" 200 0 "https://rayatex.ir/" "Mozilla/5.0+(compatible; UptimeRobot/2.0; http://www.uptimerobot.com/)"
185.215.232.193 - - [12/Sep/2026:04:45:40 +0330] "HEAD / HTTP/1.1" 200 0 "https://rayatex.ir/" "Mozilla/5.0+(compatible; UptimeRobot/2.0; http://www.uptimerobot.com/)"
185.215.232.194 - - [12/Sep/2026:04:50:46 +0330] "HEAD / HTTP/1.1" 200 0 "https://rayatex.ir/" "Mozilla/5.0+(compatible; UptimeRobot/2.0; http://www.uptimerobot.com/)"
185.215.232.195 - - [12/Sep/2026:04:52:20 +0330] "GET /what-is-backlink/ HTTP/1.1" 200 45784 "-" "Mozilla/5.0 (Macintosh; Intel Mac OS X 10_15_7) AppleWebKit/537.36 (KHTML, like Gecko) Chrome/145.0.0.0 Safari/537.36 (compatible; meta-externalagent/1.1 (+https://developers.facebook.com/docs/sharing/webmasters/crawler))"
185.215.232.195 - - [12/Sep/2026:04:52:21 +0330] "GET /wp-content/cache/wpfc-minified/6jc7y0g1/h8rm5.css HTTP/1.1" 200 27391 "https://rayatex.ir/what-is-backlink/" "Mozilla/5.0 (Macintosh; Intel Mac OS X 10_15_7) AppleWebKit/537.36 (KHTML, like Gecko) Chrome/145.0.0.0 Safari/537.36 (compatible; meta-externalagent/1.1 (+https://developers.facebook.com/docs/sharing/webmasters/crawler))"
185.215.232.195 - - [12/Sep/2026:04:52:21 +0330] "GET /wp-content/cache/wpfc-minified/fcuz46wp/ha32s.css HTTP/1.1" 200 2793 "https://rayatex.ir/what-is-backlink/" "Mozilla/5.0 (Macintosh; Intel Mac OS X 10_15_7) AppleWebKit/537.36 (KHTML, like Gecko) Chrome/145.0.0.0 Safari/537.36 (compatible; meta-externalagent/1.1 (+https://developers.facebook.com/docs/sharing/webmasters/crawler))"
185.215.232.195 - - [12/Sep/2026:04:52:21 +0330] "GET /wp-content/uploads/2024/02/what-is-Backlinks.jpg HTTP/1.1" 200 78129 "https://rayatex.ir/what-is-backlink/" "Mozilla/5.0 (Macintosh; Intel Mac OS X 10_15_7) AppleWebKit/537.36 (KHTML, like Gecko) Chrome/145.0.0.0 Safari/537.36 (compatible; meta-externalagent/1.1 (+https://developers.facebook.com/docs/sharing/webmasters/crawler))"
185.215.232.195 - - [12/Sep/2026:04:52:22 +0330] "GET /wp-content/cache/wpfc-minified/99naak9o/h6ps4.js HTTP/1.1" 200 3110 "https://rayatex.ir/what-is-backlink/" "Mozilla/5.0 (Macintosh; Intel Mac OS X 10_15_7) AppleWebKit/537.36 (KHTML, like Gecko) Chrome/145.0.0.0 Safari/537.36 (compatible; meta-externalagent/1.1 (+https://developers.facebook.com/docs/sharing/webmasters/crawler))"
