5.52.118.231 - - [11/Sep/2026:17:05:25 +0330] "GET /wp-content/plugins/elementor/assets/js/frontend.min.js?ver=4.2.4 HTTP/2" 200 10124 "https://digikeyland.ir/product/ps-plus-account/?attribute_pa_plan=%D9%BE%D9%84%D8%A7%D8%B3-%D8%A7%DA%A9%D8%B3%D8%AA%D8%B1%D8%A7-3-%D9%85%D8%A7%D9%87%D9%87-90-%D9%84%DB%8C%D8%B1-%D9%81%D8%A7%D9%86%D8%AF-%D8%B8%D8%B1%D9%81%DB%8C%D8%AA-%DA%A9%D8%A7%D9%85%D9%84&utm_source=EmallsCompairingPrice&utm_medium=EmallsPPC&utm_campaign=Emalls%E2%80%8C" "Mozilla/5.0 (Linux; Android 10; K) AppleWebKit/537.36 (KHTML, like Gecko) Chrome/152.0.0.0 Mobile Safari/537.36"
5.52.118.231 - - [11/Sep/2026:17:05:25 +0330] "GET /wp-content/plugins/elementor-pro/assets/lib/smartmenus/jquery.smartmenus.min.js?ver=1.2.1 HTTP/2" 200 6867 "https://digikeyland.ir/product/ps-plus-account/?attribute_pa_plan=%D9%BE%D9%84%D8%A7%D8%B3-%D8%A7%DA%A9%D8%B3%D8%AA%D8%B1%D8%A7-3-%D9%85%D8%A7%D9%87%D9%87-90-%D9%84%DB%8C%D8%B1-%D9%81%D8%A7%D9%86%D8%AF-%D8%B8%D8%B1%D9%81%DB%8C%D8%AA-%DA%A9%D8%A7%D9%85%D9%84&utm_source=EmallsCompairingPrice&utm_medium=EmallsPPC&utm_campaign=Emalls%E2%80%8C" "Mozilla/5.0 (Linux; Android 10; K) AppleWebKit/537.36 (KHTML, like Gecko) Chrome/152.0.0.0 Mobile Safari/537.36"
5.52.118.231 - - [11/Sep/2026:17:05:25 +0330] "GET /wp-content/plugins/elementor-pro/assets/lib/sticky/jquery.sticky.min.js?ver=3.33.2 HTTP/2" 200 1442 "https://digikeyland.ir/product/ps-plus-account/?attribute_pa_plan=%D9%BE%D9%84%D8%A7%D8%B3-%D8%A7%DA%A9%D8%B3%D8%AA%D8%B1%D8%A7-3-%D9%85%D8%A7%D9%87%D9%87-90-%D9%84%DB%8C%D8%B1-%D9%81%D8%A7%D9%86%D8%AF-%D8%B8%D8%B1%D9%81%DB%8C%D8%AA-%DA%A9%D8%A7%D9%85%D9%84&utm_source=EmallsCompairingPrice&utm_medium=EmallsPPC&utm_campaign=Emalls%E2%80%8C" "Mozilla/5.0 (Linux; Android 10; K) AppleWebKit/537.36 (KHTML, like Gecko) Chrome/152.0.0.0 Mobile Safari/537.36"
5.52.118.231 - - [11/Sep/2026:17:05:25 +0330] "GET /wp-content/plugins/sheyda-hamarz/panel/assets/js/sheyda.min.js?ver=2.3.0.0 HTTP/2" 200 624 "https://digikeyland.ir/product/ps-plus-account/?attribute_pa_plan=%D9%BE%D9%84%D8%A7%D8%B3-%D8%A7%DA%A9%D8%B3%D8%AA%D8%B1%D8%A7-3-%D9%85%D8%A7%D9%87%D9%87-90-%D9%84%DB%8C%D8%B1-%D9%81%D8%A7%D9%86%D8%AF-%D8%B8%D8%B1%D9%81%DB%8C%D8%AA-%DA%A9%D8%A7%D9%85%D9%84&utm_source=EmallsCompairingPrice&utm_medium=EmallsPPC&utm_campaign=Emalls%E2%80%8C" "Mozilla/5.0 (Linux; Android 10; K) AppleWebKit/537.36 (KHTML, like Gecko) Chrome/152.0.0.0 Mobile Safari/537.36"
5.52.118.231 - - [11/Sep/2026:17:05:25 +0330] "GET /wp-content/plugins/sheyda-hamarz/assets/js/frontend/wc.min.js?ver=3.5.0.0 HTTP/2" 200 246 "https://digikeyland.ir/product/ps-plus-account/?attribute_pa_plan=%D9%BE%D9%84%D8%A7%D8%B3-%D8%A7%DA%A9%D8%B3%D8%AA%D8%B1%D8%A7-3-%D9%85%D8%A7%D9%87%D9%87-90-%D9%84%DB%8C%D8%B1-%D9%81%D8%A7%D9%86%D8%AF-%D8%B8%D8%B1%D9%81%DB%8C%D8%AA-%DA%A9%D8%A7%D9%85%D9%84&utm_source=EmallsCompairingPrice&utm_medium=EmallsPPC&utm_campaign=Emalls%E2%80%8C" "Mozilla/5.0 (Linux; Android 10; K) AppleWebKit/537.36 (KHTML, like Gecko) Chrome/152.0.0.0 Mobile Safari/537.36"
5.52.118.231 - - [11/Sep/2026:17:05:25 +0330] "GET /wp-content/themes/shopi/assets/js/glightbox.min.js?ver=2.0.0 HTTP/2" 200 14895 "https://digikeyland.ir/product/ps-plus-account/?attribute_pa_plan=%D9%BE%D9%84%D8%A7%D8%B3-%D8%A7%DA%A9%D8%B3%D8%AA%D8%B1%D8%A7-3-%D9%85%D8%A7%D9%87%D9%87-90-%D9%84%DB%8C%D8%B1-%D9%81%D8%A7%D9%86%D8%AF-%D8%B8%D8%B1%D9%81%DB%8C%D8%AA-%DA%A9%D8%A7%D9%85%D9%84&utm_source=EmallsCompairingPrice&utm_medium=EmallsPPC&utm_campaign=Emalls%E2%80%8C" "Mozilla/5.0 (Linux; Android 10; K) AppleWebKit/537.36 (KHTML, like Gecko) Chrome/152.0.0.0 Mobile Safari/537.36"
5.52.118.231 - - [11/Sep/2026:17:05:25 +0330] "GET /wp-content/themes/shopi/assets/js/jquery-ui.js?ver=2.0.0 HTTP/2" 200 119743 "https://digikeyland.ir/product/ps-plus-account/?attribute_pa_plan=%D9%BE%D9%84%D8%A7%D8%B3-%D8%A7%DA%A9%D8%B3%D8%AA%D8%B1%D8%A7-3-%D9%85%D8%A7%D9%87%D9%87-90-%D9%84%DB%8C%D8%B1-%D9%81%D8%A7%D9%86%D8%AF-%D8%B8%D8%B1%D9%81%DB%8C%D8%AA-%DA%A9%D8%A7%D9%85%D9%84&utm_source=EmallsCompairingPrice&utm_medium=EmallsPPC&utm_campaign=Emalls%E2%80%8C" "Mozilla/5.0 (Linux; Android 10; K) AppleWebKit/537.36 (KHTML, like Gecko) Chrome/152.0.0.0 Mobile Safari/537.36"
5.52.118.231 - - [11/Sep/2026:17:05:25 +0330] "GET /wp-content/themes/shopi/assets/fonts/Yekan%20Bakh%20FaNum%2006%20Bold.woff HTTP/2" 200 60024 "https://digikeyland.ir/wp-content/themes/shopi/style.css?ver=2.0.0" "Mozilla/5.0 (Linux; Android 10; K) AppleWebKit/537.36 (KHTML, like Gecko) Chrome/152.0.0.0 Mobile Safari/537.36"
5.52.118.231 - - [11/Sep/2026:17:05:25 +0330] "GET /wp-content/themes/shopi/assets/fonts/Yekan%20Bakh%20FaNum%2004%20Regular.woff HTTP/2" 200 60576 "https://digikeyland.ir/wp-content/themes/shopi/style.css?ver=2.0.0" "Mozilla/5.0 (Linux; Android 10; K) AppleWebKit/537.36 (KHTML, like Gecko) Chrome/152.0.0.0 Mobile Safari/537.36"
5.52.118.231 - - [11/Sep/2026:17:05:25 +0330] "GET /wp-content/themes/shopi/assets/js/plugins.js?ver=2.0.0 HTTP/2" 200 87387 "https://digikeyland.ir/product/ps-plus-account/?attribute_pa_plan=%D9%BE%D9%84%D8%A7%D8%B3-%D8%A7%DA%A9%D8%B3%D8%AA%D8%B1%D8%A7-3-%D9%85%D8%A7%D9%87%D9%87-90-%D9%84%DB%8C%D8%B1-%D9%81%D8%A7%D9%86%D8%AF-%D8%B8%D8%B1%D9%81%DB%8C%D8%AA-%DA%A9%D8%A7%D9%85%D9%84&utm_source=EmallsCompairingPrice&utm_medium=EmallsPPC&utm_campaign=Emalls%E2%80%8C" "Mozilla/5.0 (Linux; Android 10; K) AppleWebKit/537.36 (KHTML, like Gecko) Chrome/152.0.0.0 Mobile Safari/537.36"
5.52.118.231 - - [11/Sep/2026:17:05:25 +0330] "GET /wp-content/plugins/woocommerce/assets/js/selectWoo/selectWoo.full.min.js?ver=1.0.9-wc.11.1.0 HTTP/2" 200 20246 "https://digikeyland.ir/product/ps-plus-account/?attribute_pa_plan=%D9%BE%D9%84%D8%A7%D8%B3-%D8%A7%DA%A9%D8%B3%D8%AA%D8%B1%D8%A7-3-%D9%85%D8%A7%D9%87%D9%87-90-%D9%84%DB%8C%D8%B1-%D9%81%D8%A7%D9%86%D8%AF-%D8%B8%D8%B1%D9%81%DB%8C%D8%AA-%DA%A9%D8%A7%D9%85%D9%84&utm_source=EmallsCompairingPrice&utm_medium=EmallsPPC&utm_campaign=Emalls%E2%80%8C" "Mozilla/5.0 (Linux; Android 10; K) AppleWebKit/537.36 (KHTML, like Gecko) Chrome/152.0.0.0 Mobile Safari/537.36"
5.52.118.231 - - [11/Sep/2026:17:05:25 +0330] "GET /wp-content/themes/shopi/assets/js/main.js?ver=2.0.0 HTTP/2" 200 12132 "https://digikeyland.ir/product/ps-plus-account/?attribute_pa_plan=%D9%BE%D9%84%D8%A7%D8%B3-%D8%A7%DA%A9%D8%B3%D8%AA%D8%B1%D8%A7-3-%D9%85%D8%A7%D9%87%D9%87-90-%D9%84%DB%8C%D8%B1-%D9%81%D8%A7%D9%86%D8%AF-%D8%B8%D8%B1%D9%81%DB%8C%D8%AA-%DA%A9%D8%A7%D9%85%D9%84&utm_source=EmallsCompairingPrice&utm_medium=EmallsPPC&utm_campaign=Emalls%E2%80%8C" "Mozilla/5.0 (Linux; Android 10; K) AppleWebKit/537.36 (KHTML, like Gecko) Chrome/152.0.0.0 Mobile Safari/537.36"
5.52.118.231 - - [11/Sep/2026:17:05:25 +0330] "GET /wp-content/plugins/elementor-pro/assets/js/webpack-pro.runtime.min.js?ver=3.33.2 HTTP/2" 200 2622 "https://digikeyland.ir/product/ps-plus-account/?attribute_pa_plan=%D9%BE%D9%84%D8%A7%D8%B3-%D8%A7%DA%A9%D8%B3%D8%AA%D8%B1%D8%A7-3-%D9%85%D8%A7%D9%87%D9%87-90-%D9%84%DB%8C%D8%B1-%D9%81%D8%A7%D9%86%D8%AF-%D8%B8%D8%B1%D9%81%DB%8C%D8%AA-%DA%A9%D8%A7%D9%85%D9%84&utm_source=EmallsCompairingPrice&utm_medium=EmallsPPC&utm_campaign=Emalls%E2%80%8C" "Mozilla/5.0 (Linux; Android 10; K) AppleWebKit/537.36 (KHTML, like Gecko) Chrome/152.0.0.0 Mobile Safari/537.36"
5.52.118.231 - - [11/Sep/2026:17:05:25 +0330] "GET /wp-content/plugins/elementor-pro/assets/js/frontend.min.js?ver=3.33.2 HTTP/2" 200 6202 "https://digikeyland.ir/product/ps-plus-account/?attribute_pa_plan=%D9%BE%D9%84%D8%A7%D8%B3-%D8%A7%DA%A9%D8%B3%D8%AA%D8%B1%D8%A7-3-%D9%85%D8%A7%D9%87%D9%87-90-%D9%84%DB%8C%D8%B1-%D9%81%D8%A7%D9%86%D8%AF-%D8%B8%D8%B1%D9%81%DB%8C%D8%AA-%DA%A9%D8%A7%D9%85%D9%84&utm_source=EmallsCompairingPrice&utm_medium=EmallsPPC&utm_campaign=Emalls%E2%80%8C" "Mozilla/5.0 (Linux; Android 10; K) AppleWebKit/537.36 (KHTML, like Gecko) Chrome/152.0.0.0 Mobile Safari/537.36"
5.52.118.231 - - [11/Sep/2026:17:05:25 +0330] "GET /wp-content/uploads/2026/07/PSPlus-Account-Turkey-sc2-150x150.webp HTTP/2" 200 4192 "https://digikeyland.ir/product/ps-plus-account/?attribute_pa_plan=%D9%BE%D9%84%D8%A7%D8%B3-%D8%A7%DA%A9%D8%B3%D8%AA%D8%B1%D8%A7-3-%D9%85%D8%A7%D9%87%D9%87-90-%D9%84%DB%8C%D8%B1-%D9%81%D8%A7%D9%86%D8%AF-%D8%B8%D8%B1%D9%81%DB%8C%D8%AA-%DA%A9%D8%A7%D9%85%D9%84&utm_source=EmallsCompairingPrice&utm_medium=EmallsPPC&utm_campaign=Emalls%E2%80%8C" "Mozilla/5.0 (Linux; Android 10; K) AppleWebKit/537.36 (KHTML, like Gecko) Chrome/152.0.0.0 Mobile Safari/537.36"
5.52.118.231 - - [11/Sep/2026:17:05:25 +0330] "GET /wp-content/uploads/2026/07/PSPlus-Account-Turkey-sc1.webp HTTP/2" 200 62476 "https://digikeyland.ir/product/ps-plus-account/?attribute_pa_plan=%D9%BE%D9%84%D8%A7%D8%B3-%D8%A7%DA%A9%D8%B3%D8%AA%D8%B1%D8%A7-3-%D9%85%D8%A7%D9%87%D9%87-90-%D9%84%DB%8C%D8%B1-%D9%81%D8%A7%D9%86%D8%AF-%D8%B8%D8%B1%D9%81%DB%8C%D8%AA-%DA%A9%D8%A7%D9%85%D9%84&utm_source=EmallsCompairingPrice&utm_medium=EmallsPPC&utm_campaign=Emalls%E2%80%8C" "Mozilla/5.0 (Linux; Android 10; K) AppleWebKit/537.36 (KHTML, like Gecko) Chrome/152.0.0.0 Mobile Safari/537.36"
5.52.118.231 - - [11/Sep/2026:17:05:25 +0330] "GET /wp-content/uploads/2026/07/PSPlus-Account-Turkey-sc1-150x150.webp HTTP/2" 200 6324 "https://digikeyland.ir/product/ps-plus-account/?attribute_pa_plan=%D9%BE%D9%84%D8%A7%D8%B3-%D8%A7%DA%A9%D8%B3%D8%AA%D8%B1%D8%A7-3-%D9%85%D8%A7%D9%87%D9%87-90-%D9%84%DB%8C%D8%B1-%D9%81%D8%A7%D9%86%D8%AF-%D8%B8%D8%B1%D9%81%DB%8C%D8%AA-%DA%A9%D8%A7%D9%85%D9%84&utm_source=EmallsCompairingPrice&utm_medium=EmallsPPC&utm_campaign=Emalls%E2%80%8C" "Mozilla/5.0 (Linux; Android 10; K) AppleWebKit/537.36 (KHTML, like Gecko) Chrome/152.0.0.0 Mobile Safari/537.36"
5.52.118.231 - - [11/Sep/2026:17:05:25 +0330] "GET /wp-content/uploads/2025/12/digikeyland-logo.webp HTTP/2" 200 5490 "https://digikeyland.ir/product/ps-plus-account/?attribute_pa_plan=%D9%BE%D9%84%D8%A7%D8%B3-%D8%A7%DA%A9%D8%B3%D8%AA%D8%B1%D8%A7-3-%D9%85%D8%A7%D9%87%D9%87-90-%D9%84%DB%8C%D8%B1-%D9%81%D8%A7%D9%86%D8%AF-%D8%B8%D8%B1%D9%81%DB%8C%D8%AA-%DA%A9%D8%A7%D9%85%D9%84&utm_source=EmallsCompairingPrice&utm_medium=EmallsPPC&utm_campaign=Emalls%E2%80%8C" "Mozilla/5.0 (Linux; Android 10; K) AppleWebKit/537.36 (KHTML, like Gecko) Chrome/152.0.0.0 Mobile Safari/537.36"
5.52.118.231 - - [11/Sep/2026:17:05:25 +0330] "GET /wp-content/uploads/2026/07/PSPlus-Account-Turkey-sc2.webp HTTP/2" 200 35632 "https://digikeyland.ir/product/ps-plus-account/?attribute_pa_plan=%D9%BE%D9%84%D8%A7%D8%B3-%D8%A7%DA%A9%D8%B3%D8%AA%D8%B1%D8%A7-3-%D9%85%D8%A7%D9%87%D9%87-90-%D9%84%DB%8C%D8%B1-%D9%81%D8%A7%D9%86%D8%AF-%D8%B8%D8%B1%D9%81%DB%8C%D8%AA-%DA%A9%D8%A7%D9%85%D9%84&utm_source=EmallsCompairingPrice&utm_medium=EmallsPPC&utm_campaign=Emalls%E2%80%8C" "Mozilla/5.0 (Linux; Android 10; K) AppleWebKit/537.36 (KHTML, like Gecko) Chrome/152.0.0.0 Mobile Safari/537.36"
5.52.118.231 - - [11/Sep/2026:17:05:25 +0330] "GET /wp-content/plugins/elementor-pro/assets/js/elements-handlers.min.js?ver=3.33.2 HTTP/2" 200 10101 "https://digikeyland.ir/product/ps-plus-account/?attribute_pa_plan=%D9%BE%D9%84%D8%A7%D8%B3-%D8%A7%DA%A9%D8%B3%D8%AA%D8%B1%D8%A7-3-%D9%85%D8%A7%D9%87%D9%87-90-%D9%84%DB%8C%D8%B1-%D9%81%D8%A7%D9%86%D8%AF-%D8%B8%D8%B1%D9%81%DB%8C%D8%AA-%DA%A9%D8%A7%D9%85%D9%84&utm_source=EmallsCompairingPrice&utm_medium=EmallsPPC&utm_campaign=Emalls%E2%80%8C" "Mozilla/5.0 (Linux; Android 10; K) AppleWebKit/537.36 (KHTML, like Gecko) Chrome/152.0.0.0 Mobile Safari/537.36"
5.52.118.231 - - [11/Sep/2026:17:05:25 +0330] "GET /wp-content/plugins/woocommerce/assets/js/frontend/add-to-cart.min.js?ver=11.1.0 HTTP/2" 200 1296 "https://digikeyland.ir/product/ps-plus-account/?attribute_pa_plan=%D9%BE%D9%84%D8%A7%D8%B3-%D8%A7%DA%A9%D8%B3%D8%AA%D8%B1%D8%A7-3-%D9%85%D8%A7%D9%87%D9%87-90-%D9%84%DB%8C%D8%B1-%D9%81%D8%A7%D9%86%D8%AF-%D8%B8%D8%B1%D9%81%DB%8C%D8%AA-%DA%A9%D8%A7%D9%85%D9%84&utm_source=EmallsCompairingPrice&utm_medium=EmallsPPC&utm_campaign=Emalls%E2%80%8C" "Mozilla/5.0 (Linux; Android 10; K) AppleWebKit/537.36 (KHTML, like Gecko) Chrome/152.0.0.0 Mobile Safari/537.36"
5.52.118.231 - - [11/Sep/2026:17:05:25 +0330] "GET /wp-content/plugins/woocommerce/assets/js/frontend/single-product.min.js?ver=11.1.0 HTTP/2" 200 3558 "https://digikeyland.ir/product/ps-plus-account/?attribute_pa_plan=%D9%BE%D9%84%D8%A7%D8%B3-%D8%A7%DA%A9%D8%B3%D8%AA%D8%B1%D8%A7-3-%D9%85%D8%A7%D9%87%D9%87-90-%D9%84%DB%8C%D8%B1-%D9%81%D8%A7%D9%86%D8%AF-%D8%B8%D8%B1%D9%81%DB%8C%D8%AA-%DA%A9%D8%A7%D9%85%D9%84&utm_source=EmallsCompairingPrice&utm_medium=EmallsPPC&utm_campaign=Emalls%E2%80%8C" "Mozilla/5.0 (Linux; Android 10; K) AppleWebKit/537.36 (KHTML, like Gecko) Chrome/152.0.0.0 Mobile Safari/537.36"
5.52.118.231 - - [11/Sep/2026:17:05:25 +0330] "GET /wp-content/plugins/woocommerce/assets/js/js-cookie/js.cookie.min.js?ver=2.1.4-wc.11.1.0 HTTP/2" 200 760 "https://digikeyland.ir/product/ps-plus-account/?attribute_pa_plan=%D9%BE%D9%84%D8%A7%D8%B3-%D8%A7%DA%A9%D8%B3%D8%AA%D8%B1%D8%A7-3-%D9%85%D8%A7%D9%87%D9%87-90-%D9%84%DB%8C%D8%B1-%D9%81%D8%A7%D9%86%D8%AF-%D8%B8%D8%B1%D9%81%DB%8C%D8%AA-%DA%A9%D8%A7%D9%85%D9%84&utm_source=EmallsCompairingPrice&utm_medium=EmallsPPC&utm_campaign=Emalls%E2%80%8C" "Mozilla/5.0 (Linux; Android 10; K) AppleWebKit/537.36 (KHTML, like Gecko) Chrome/152.0.0.0 Mobile Safari/537.36"
5.52.118.231 - - [11/Sep/2026:17:05:25 +0330] "GET /wp-content/plugins/woocommerce/assets/js/frontend/woocommerce.min.js?ver=11.1.0 HTTP/2" 200 1385 "https://digikeyland.ir/product/ps-plus-account/?attribute_pa_plan=%D9%BE%D9%84%D8%A7%D8%B3-%D8%A7%DA%A9%D8%B3%D8%AA%D8%B1%D8%A7-3-%D9%85%D8%A7%D9%87%D9%87-90-%D9%84%DB%8C%D8%B1-%D9%81%D8%A7%D9%86%D8%AF-%D8%B8%D8%B1%D9%81%DB%8C%D8%AA-%DA%A9%D8%A7%D9%85%D9%84&utm_source=EmallsCompairingPrice&utm_medium=EmallsPPC&utm_campaign=Emalls%E2%80%8C" "Mozilla/5.0 (Linux; Android 10; K) AppleWebKit/537.36 (KHTML, like Gecko) Chrome/152.0.0.0 Mobile Safari/537.36"
5.52.118.231 - - [11/Sep/2026:17:05:25 +0330] "GET /wp-content/uploads/2024/11/1-2.png HTTP/2" 200 1635 "https://digikeyland.ir/product/ps-plus-account/?attribute_pa_plan=%D9%BE%D9%84%D8%A7%D8%B3-%D8%A7%DA%A9%D8%B3%D8%AA%D8%B1%D8%A7-3-%D9%85%D8%A7%D9%87%D9%87-90-%D9%84%DB%8C%D8%B1-%D9%81%D8%A7%D9%86%D8%AF-%D8%B8%D8%B1%D9%81%DB%8C%D8%AA-%DA%A9%D8%A7%D9%85%D9%84&utm_source=EmallsCompairingPrice&utm_medium=EmallsPPC&utm_campaign=Emalls%E2%80%8C" "Mozilla/5.0 (Linux; Android 10; K) AppleWebKit/537.36 (KHTML, like Gecko) Chrome/152.0.0.0 Mobile Safari/537.36"
5.52.118.231 - - [11/Sep/2026:17:05:25 +0330] "GET /wp-includes/js/comment-reply.min.js?ver=7.1 HTTP/2" 200 1224 "https://digikeyland.ir/product/ps-plus-account/?attribute_pa_plan=%D9%BE%D9%84%D8%A7%D8%B3-%D8%A7%DA%A9%D8%B3%D8%AA%D8%B1%D8%A7-3-%D9%85%D8%A7%D9%87%D9%87-90-%D9%84%DB%8C%D8%B1-%D9%81%D8%A7%D9%86%D8%AF-%D8%B8%D8%B1%D9%81%DB%8C%D8%AA-%DA%A9%D8%A7%D9%85%D9%84&utm_source=EmallsCompairingPrice&utm_medium=EmallsPPC&utm_campaign=Emalls%E2%80%8C" "Mozilla/5.0 (Linux; Android 10; K) AppleWebKit/537.36 (KHTML, like Gecko) Chrome/152.0.0.0 Mobile Safari/537.36"
5.52.118.231 - - [11/Sep/2026:17:05:25 +0330] "GET /wp-content/plugins/woocommerce/assets/js/frontend/add-to-cart-variation.min.js?ver=11.1.0 HTTP/2" 200 4131 "https://digikeyland.ir/product/ps-plus-account/?attribute_pa_plan=%D9%BE%D9%84%D8%A7%D8%B3-%D8%A7%DA%A9%D8%B3%D8%AA%D8%B1%D8%A7-3-%D9%85%D8%A7%D9%87%D9%87-90-%D9%84%DB%8C%D8%B1-%D9%81%D8%A7%D9%86%D8%AF-%D8%B8%D8%B1%D9%81%DB%8C%D8%AA-%DA%A9%D8%A7%D9%85%D9%84&utm_source=EmallsCompairingPrice&utm_medium=EmallsPPC&utm_campaign=Emalls%E2%80%8C" "Mozilla/5.0 (Linux; Android 10; K) AppleWebKit/537.36 (KHTML, like Gecko) Chrome/152.0.0.0 Mobile Safari/537.36"
5.52.118.231 - - [11/Sep/2026:17:05:25 +0330] "GET /wp-content/uploads/2025/12/game.webp HTTP/2" 200 4030 "https://digikeyland.ir/product/ps-plus-account/?attribute_pa_plan=%D9%BE%D9%84%D8%A7%D8%B3-%D8%A7%DA%A9%D8%B3%D8%AA%D8%B1%D8%A7-3-%D9%85%D8%A7%D9%87%D9%87-90-%D9%84%DB%8C%D8%B1-%D9%81%D8%A7%D9%86%D8%AF-%D8%B8%D8%B1%D9%81%DB%8C%D8%AA-%DA%A9%D8%A7%D9%85%D9%84&utm_source=EmallsCompairingPrice&utm_medium=EmallsPPC&utm_campaign=Emalls%E2%80%8C" "Mozilla/5.0 (Linux; Android 10; K) AppleWebKit/537.36 (KHTML, like Gecko) Chrome/152.0.0.0 Mobile Safari/537.36"
5.52.118.231 - - [11/Sep/2026:17:05:25 +0330] "GET /wp-content/uploads/2024/11/4.png HTTP/2" 200 2750 "https://digikeyland.ir/product/ps-plus-account/?attribute_pa_plan=%D9%BE%D9%84%D8%A7%D8%B3-%D8%A7%DA%A9%D8%B3%D8%AA%D8%B1%D8%A7-3-%D9%85%D8%A7%D9%87%D9%87-90-%D9%84%DB%8C%D8%B1-%D9%81%D8%A7%D9%86%D8%AF-%D8%B8%D8%B1%D9%81%DB%8C%D8%AA-%DA%A9%D8%A7%D9%85%D9%84&utm_source=EmallsCompairingPrice&utm_medium=EmallsPPC&utm_campaign=Emalls%E2%80%8C" "Mozilla/5.0 (Linux; Android 10; K) AppleWebKit/537.36 (KHTML, like Gecko) Chrome/152.0.0.0 Mobile Safari/537.36"
5.52.118.231 - - [11/Sep/2026:17:05:25 +0330] "GET /wp-content/uploads/2024/11/1-3.png HTTP/2" 200 1717 "https://digikeyland.ir/product/ps-plus-account/?attribute_pa_plan=%D9%BE%D9%84%D8%A7%D8%B3-%D8%A7%DA%A9%D8%B3%D8%AA%D8%B1%D8%A7-3-%D9%85%D8%A7%D9%87%D9%87-90-%D9%84%DB%8C%D8%B1-%D9%81%D8%A7%D9%86%D8%AF-%D8%B8%D8%B1%D9%81%DB%8C%D8%AA-%DA%A9%D8%A7%D9%85%D9%84&utm_source=EmallsCompairingPrice&utm_medium=EmallsPPC&utm_campaign=Emalls%E2%80%8C" "Mozilla/5.0 (Linux; Android 10; K) AppleWebKit/537.36 (KHTML, like Gecko) Chrome/152.0.0.0 Mobile Safari/537.36"
5.52.118.231 - - [11/Sep/2026:17:05:25 +0330] "GET /wp-content/uploads/2024/11/2-1.png HTTP/2" 200 2545 "https://digikeyland.ir/product/ps-plus-account/?attribute_pa_plan=%D9%BE%D9%84%D8%A7%D8%B3-%D8%A7%DA%A9%D8%B3%D8%AA%D8%B1%D8%A7-3-%D9%85%D8%A7%D9%87%D9%87-90-%D9%84%DB%8C%D8%B1-%D9%81%D8%A7%D9%86%D8%AF-%D8%B8%D8%B1%D9%81%DB%8C%D8%AA-%DA%A9%D8%A7%D9%85%D9%84&utm_source=EmallsCompairingPrice&utm_medium=EmallsPPC&utm_campaign=Emalls%E2%80%8C" "Mozilla/5.0 (Linux; Android 10; K) AppleWebKit/537.36 (KHTML, like Gecko) Chrome/152.0.0.0 Mobile Safari/537.36"
5.52.118.231 - - [11/Sep/2026:17:05:25 +0330] "GET /wp-content/uploads/2025/02/svgviewer-png-output2.png HTTP/2" 200 1281 "https://digikeyland.ir/product/ps-plus-account/?attribute_pa_plan=%D9%BE%D9%84%D8%A7%D8%B3-%D8%A7%DA%A9%D8%B3%D8%AA%D8%B1%D8%A7-3-%D9%85%D8%A7%D9%87%D9%87-90-%D9%84%DB%8C%D8%B1-%D9%81%D8%A7%D9%86%D8%AF-%D8%B8%D8%B1%D9%81%DB%8C%D8%AA-%DA%A9%D8%A7%D9%85%D9%84&utm_source=EmallsCompairingPrice&utm_medium=EmallsPPC&utm_campaign=Emalls%E2%80%8C" "Mozilla/5.0 (Linux; Android 10; K) AppleWebKit/537.36 (KHTML, like Gecko) Chrome/152.0.0.0 Mobile Safari/537.36"
5.52.118.231 - - [11/Sep/2026:17:05:25 +0330] "GET /wp-content/uploads/2025/02/svgviewer-png-output3.png HTTP/2" 200 1602 "https://digikeyland.ir/product/ps-plus-account/?attribute_pa_plan=%D9%BE%D9%84%D8%A7%D8%B3-%D8%A7%DA%A9%D8%B3%D8%AA%D8%B1%D8%A7-3-%D9%85%D8%A7%D9%87%D9%87-90-%D9%84%DB%8C%D8%B1-%D9%81%D8%A7%D9%86%D8%AF-%D8%B8%D8%B1%D9%81%DB%8C%D8%AA-%DA%A9%D8%A7%D9%85%D9%84&utm_source=EmallsCompairingPrice&utm_medium=EmallsPPC&utm_campaign=Emalls%E2%80%8C" "Mozilla/5.0 (Linux; Android 10; K) AppleWebKit/537.36 (KHTML, like Gecko) Chrome/152.0.0.0 Mobile Safari/537.36"
5.52.118.231 - - [11/Sep/2026:17:05:25 +0330] "GET /wp-content/uploads/2025/02/svgviewer-png-output1.png HTTP/2" 200 1442 "https://digikeyland.ir/product/ps-plus-account/?attribute_pa_plan=%D9%BE%D9%84%D8%A7%D8%B3-%D8%A7%DA%A9%D8%B3%D8%AA%D8%B1%D8%A7-3-%D9%85%D8%A7%D9%87%D9%87-90-%D9%84%DB%8C%D8%B1-%D9%81%D8%A7%D9%86%D8%AF-%D8%B8%D8%B1%D9%81%DB%8C%D8%AA-%DA%A9%D8%A7%D9%85%D9%84&utm_source=EmallsCompairingPrice&utm_medium=EmallsPPC&utm_campaign=Emalls%E2%80%8C" "Mozilla/5.0 (Linux; Android 10; K) AppleWebKit/537.36 (KHTML, like Gecko) Chrome/152.0.0.0 Mobile Safari/537.36"
5.52.118.231 - - [11/Sep/2026:17:05:25 +0330] "GET /wp-content/uploads/2025/02/svgviewer-png-output.png HTTP/2" 200 943 "https://digikeyland.ir/product/ps-plus-account/?attribute_pa_plan=%D9%BE%D9%84%D8%A7%D8%B3-%D8%A7%DA%A9%D8%B3%D8%AA%D8%B1%D8%A7-3-%D9%85%D8%A7%D9%87%D9%87-90-%D9%84%DB%8C%D8%B1-%D9%81%D8%A7%D9%86%D8%AF-%D8%B8%D8%B1%D9%81%DB%8C%D8%AA-%DA%A9%D8%A7%D9%85%D9%84&utm_source=EmallsCompairingPrice&utm_medium=EmallsPPC&utm_campaign=Emalls%E2%80%8C" "Mozilla/5.0 (Linux; Android 10; K) AppleWebKit/537.36 (KHTML, like Gecko) Chrome/152.0.0.0 Mobile Safari/537.36"
5.52.118.231 - - [11/Sep/2026:17:05:25 +0330] "GET /wp-content/plugins/elementor/assets/js/397f2d183c19202777d6.bundle.min.js HTTP/2" 200 8468 "https://digikeyland.ir/product/ps-plus-account/?attribute_pa_plan=%D9%BE%D9%84%D8%A7%D8%B3-%D8%A7%DA%A9%D8%B3%D8%AA%D8%B1%D8%A7-3-%D9%85%D8%A7%D9%87%D9%87-90-%D9%84%DB%8C%D8%B1-%D9%81%D8%A7%D9%86%D8%AF-%D8%B8%D8%B1%D9%81%DB%8C%D8%AA-%DA%A9%D8%A7%D9%85%D9%84&utm_source=EmallsCompairingPrice&utm_medium=EmallsPPC&utm_campaign=Emalls%E2%80%8C" "Mozilla/5.0 (Linux; Android 10; K) AppleWebKit/537.36 (KHTML, like Gecko) Chrome/152.0.0.0 Mobile Safari/537.36"
5.52.118.231 - - [11/Sep/2026:17:05:25 +0330] "GET /wp-content/plugins/elementor/assets/css/conditionals/dialog.min.css?ver=4.2.4 HTTP/2" 200 1428 "https://digikeyland.ir/product/ps-plus-account/?attribute_pa_plan=%D9%BE%D9%84%D8%A7%D8%B3-%D8%A7%DA%A9%D8%B3%D8%AA%D8%B1%D8%A7-3-%D9%85%D8%A7%D9%87%D9%87-90-%D9%84%DB%8C%D8%B1-%D9%81%D8%A7%D9%86%D8%AF-%D8%B8%D8%B1%D9%81%DB%8C%D8%AA-%DA%A9%D8%A7%D9%85%D9%84&utm_source=EmallsCompairingPrice&utm_medium=EmallsPPC&utm_campaign=Emalls%E2%80%8C" "Mozilla/5.0 (Linux; Android 10; K) AppleWebKit/537.36 (KHTML, like Gecko) Chrome/152.0.0.0 Mobile Safari/537.36"
5.52.118.231 - - [11/Sep/2026:17:05:25 +0330] "GET /wp-content/plugins/elementor/assets/lib/swiper/v8/css/swiper.min.css?ver=8.4.5 HTTP/2" 200 4248 "https://digikeyland.ir/product/ps-plus-account/?attribute_pa_plan=%D9%BE%D9%84%D8%A7%D8%B3-%D8%A7%DA%A9%D8%B3%D8%AA%D8%B1%D8%A7-3-%D9%85%D8%A7%D9%87%D9%87-90-%D9%84%DB%8C%D8%B1-%D9%81%D8%A7%D9%86%D8%AF-%D8%B8%D8%B1%D9%81%DB%8C%D8%AA-%DA%A9%D8%A7%D9%85%D9%84&utm_source=EmallsCompairingPrice&utm_medium=EmallsPPC&utm_campaign=Emalls%E2%80%8C" "Mozilla/5.0 (Linux; Android 10; K) AppleWebKit/537.36 (KHTML, like Gecko) Chrome/152.0.0.0 Mobile Safari/537.36"
5.52.118.231 - - [11/Sep/2026:17:05:25 +0330] "GET /wp-content/uploads/elementor/css/custom-lightbox.min.css?ver=4.2.4 HTTP/2" 200 1757 "https://digikeyland.ir/product/ps-plus-account/?attribute_pa_plan=%D9%BE%D9%84%D8%A7%D8%B3-%D8%A7%DA%A9%D8%B3%D8%AA%D8%B1%D8%A7-3-%D9%85%D8%A7%D9%87%D9%87-90-%D9%84%DB%8C%D8%B1-%D9%81%D8%A7%D9%86%D8%AF-%D8%B8%D8%B1%D9%81%DB%8C%D8%AA-%DA%A9%D8%A7%D9%85%D9%84&utm_source=EmallsCompairingPrice&utm_medium=EmallsPPC&utm_campaign=Emalls%E2%80%8C" "Mozilla/5.0 (Linux; Android 10; K) AppleWebKit/537.36 (KHTML, like Gecko) Chrome/152.0.0.0 Mobile Safari/537.36"
5.52.118.231 - - [11/Sep/2026:17:05:25 +0330] "GET /wp-content/plugins/elementor/assets/js/lightbox.3f9b3a051b2336dd5372.bundle.min.js HTTP/2" 200 9252 "https://digikeyland.ir/product/ps-plus-account/?attribute_pa_plan=%D9%BE%D9%84%D8%A7%D8%B3-%D8%A7%DA%A9%D8%B3%D8%AA%D8%B1%D8%A7-3-%D9%85%D8%A7%D9%87%D9%87-90-%D9%84%DB%8C%D8%B1-%D9%81%D8%A7%D9%86%D8%AF-%D8%B8%D8%B1%D9%81%DB%8C%D8%AA-%DA%A9%D8%A7%D9%85%D9%84&utm_source=EmallsCompairingPrice&utm_medium=EmallsPPC&utm_campaign=Emalls%E2%80%8C" "Mozilla/5.0 (Linux; Android 10; K) AppleWebKit/537.36 (KHTML, like Gecko) Chrome/152.0.0.0 Mobile Safari/537.36"
5.52.118.231 - - [11/Sep/2026:17:05:25 +0330] "GET /wp-content/plugins/elementor/assets/lib/dialog/dialog.min.js?ver=4.9.3 HTTP/2" 200 3593 "https://digikeyland.ir/product/ps-plus-account/?attribute_pa_plan=%D9%BE%D9%84%D8%A7%D8%B3-%D8%A7%DA%A9%D8%B3%D8%AA%D8%B1%D8%A7-3-%D9%85%D8%A7%D9%87%D9%87-90-%D9%84%DB%8C%D8%B1-%D9%81%D8%A7%D9%86%D8%AF-%D8%B8%D8%B1%D9%81%DB%8C%D8%AA-%DA%A9%D8%A7%D9%85%D9%84&utm_source=EmallsCompairingPrice&utm_medium=EmallsPPC&utm_campaign=Emalls%E2%80%8C" "Mozilla/5.0 (Linux; Android 10; K) AppleWebKit/537.36 (KHTML, like Gecko) Chrome/152.0.0.0 Mobile Safari/537.36"
5.52.118.231 - - [11/Sep/2026:17:05:25 +0330] "GET /wp-content/plugins/elementor/assets/lib/share-link/share-link.min.js?ver=4.2.4 HTTP/2" 200 1072 "https://digikeyland.ir/product/ps-plus-account/?attribute_pa_plan=%D9%BE%D9%84%D8%A7%D8%B3-%D8%A7%DA%A9%D8%B3%D8%AA%D8%B1%D8%A7-3-%D9%85%D8%A7%D9%87%D9%87-90-%D9%84%DB%8C%D8%B1-%D9%81%D8%A7%D9%86%D8%AF-%D8%B8%D8%B1%D9%81%DB%8C%D8%AA-%DA%A9%D8%A7%D9%85%D9%84&utm_source=EmallsCompairingPrice&utm_medium=EmallsPPC&utm_campaign=Emalls%E2%80%8C" "Mozilla/5.0 (Linux; Android 10; K) AppleWebKit/537.36 (KHTML, like Gecko) Chrome/152.0.0.0 Mobile Safari/537.36"
5.52.118.231 - - [11/Sep/2026:17:05:25 +0330] "GET /wp-content/plugins/elementor/assets/js/shared-frontend-handlers.03caa53373b56d3bab67.bundle.min.js HTTP/2" 200 2511 "https://digikeyland.ir/product/ps-plus-account/?attribute_pa_plan=%D9%BE%D9%84%D8%A7%D8%B3-%D8%A7%DA%A9%D8%B3%D8%AA%D8%B1%D8%A7-3-%D9%85%D8%A7%D9%87%D9%87-90-%D9%84%DB%8C%D8%B1-%D9%81%D8%A7%D9%86%D8%AF-%D8%B8%D8%B1%D9%81%DB%8C%D8%AA-%DA%A9%D8%A7%D9%85%D9%84&utm_source=EmallsCompairingPrice&utm_medium=EmallsPPC&utm_campaign=Emalls%E2%80%8C" "Mozilla/5.0 (Linux; Android 10; K) AppleWebKit/537.36 (KHTML, like Gecko) Chrome/152.0.0.0 Mobile Safari/537.36"
5.52.118.231 - - [11/Sep/2026:17:05:25 +0330] "GET /wp-content/plugins/elementor-pro/assets/js/nav-menu.8521a0597c50611efdc6.bundle.min.js HTTP/2" 200 1733 "https://digikeyland.ir/product/ps-plus-account/?attribute_pa_plan=%D9%BE%D9%84%D8%A7%D8%B3-%D8%A7%DA%A9%D8%B3%D8%AA%D8%B1%D8%A7-3-%D9%85%D8%A7%D9%87%D9%87-90-%D9%84%DB%8C%D8%B1-%D9%81%D8%A7%D9%86%D8%AF-%D8%B8%D8%B1%D9%81%DB%8C%D8%AA-%DA%A9%D8%A7%D9%85%D9%84&utm_source=EmallsCompairingPrice&utm_medium=EmallsPPC&utm_campaign=Emalls%E2%80%8C" "Mozilla/5.0 (Linux; Android 10; K) AppleWebKit/537.36 (KHTML, like Gecko) Chrome/152.0.0.0 Mobile Safari/537.36"
5.52.118.231 - - [11/Sep/2026:17:05:25 +0330] "GET /wp-content/plugins/elementor/assets/js/text-editor.45609661e409413f1cef.bundle.min.js HTTP/2" 200 592 "https://digikeyland.ir/product/ps-plus-account/?attribute_pa_plan=%D9%BE%D9%84%D8%A7%D8%B3-%D8%A7%DA%A9%D8%B3%D8%AA%D8%B1%D8%A7-3-%D9%85%D8%A7%D9%87%D9%87-90-%D9%84%DB%8C%D8%B1-%D9%81%D8%A7%D9%86%D8%AF-%D8%B8%D8%B1%D9%81%DB%8C%D8%AA-%DA%A9%D8%A7%D9%85%D9%84&utm_source=EmallsCompairingPrice&utm_medium=EmallsPPC&utm_campaign=Emalls%E2%80%8C" "Mozilla/5.0 (Linux; Android 10; K) AppleWebKit/537.36 (KHTML, like Gecko) Chrome/152.0.0.0 Mobile Safari/537.36"
5.52.118.231 - - [11/Sep/2026:17:05:26 +0330] "GET /wp-content/uploads/2026/07/PSPlus-Account-Turkey-sc1-600x600.webp HTTP/2" 200 34658 "https://digikeyland.ir/product/ps-plus-account/?attribute_pa_plan=%D9%BE%D9%84%D8%A7%D8%B3-%D8%A7%DA%A9%D8%B3%D8%AA%D8%B1%D8%A7-3-%D9%85%D8%A7%D9%87%D9%87-90-%D9%84%DB%8C%D8%B1-%D9%81%D8%A7%D9%86%D8%AF-%D8%B8%D8%B1%D9%81%DB%8C%D8%AA-%DA%A9%D8%A7%D9%85%D9%84&utm_source=EmallsCompairingPrice&utm_medium=EmallsPPC&utm_campaign=Emalls%E2%80%8C" "Mozilla/5.0 (Linux; Android 10; K) AppleWebKit/537.36 (KHTML, like Gecko) Chrome/152.0.0.0 Mobile Safari/537.36"
5.52.118.231 - - [11/Sep/2026:17:05:26 +0330] "GET /wp-content/uploads/2025/12/cropped-digikeyland-flaticon-1-192x192.webp HTTP/2" 200 3776 "https://digikeyland.ir/product/ps-plus-account/?attribute_pa_plan=%D9%BE%D9%84%D8%A7%D8%B3-%D8%A7%DA%A9%D8%B3%D8%AA%D8%B1%D8%A7-3-%D9%85%D8%A7%D9%87%D9%87-90-%D9%84%DB%8C%D8%B1-%D9%81%D8%A7%D9%86%D8%AF-%D8%B8%D8%B1%D9%81%DB%8C%D8%AA-%DA%A9%D8%A7%D9%85%D9%84&utm_source=EmallsCompairingPrice&utm_medium=EmallsPPC&utm_campaign=Emalls%E2%80%8C" "Mozilla/5.0 (Linux; Android 10; K) AppleWebKit/537.36 (KHTML, like Gecko) Chrome/152.0.0.0 Mobile Safari/537.36"
5.52.118.231 - - [11/Sep/2026:17:05:26 +0330] "GET /wp-includes/js/wp-emoji-release.min.js?ver=7.1 HTTP/2" 200 4974 "https://digikeyland.ir/product/ps-plus-account/?attribute_pa_plan=%D9%BE%D9%84%D8%A7%D8%B3-%D8%A7%DA%A9%D8%B3%D8%AA%D8%B1%D8%A7-3-%D9%85%D8%A7%D9%87%D9%87-90-%D9%84%DB%8C%D8%B1-%D9%81%D8%A7%D9%86%D8%AF-%D8%B8%D8%B1%D9%81%DB%8C%D8%AA-%DA%A9%D8%A7%D9%85%D9%84&utm_source=EmallsCompairingPrice&utm_medium=EmallsPPC&utm_campaign=Emalls%E2%80%8C" "Mozilla/5.0 (Linux; Android 10; K) AppleWebKit/537.36 (KHTML, like Gecko) Chrome/152.0.0.0 Mobile Safari/537.36"
46.100.87.66 - - [11/Sep/2026:17:05:05 +0330] "POST /wp-admin/admin-ajax.php HTTP/2" 200 0 "https://digikeyland.ir/wp-admin/edit.php?s&post_status=all&post_type=shop_order&action=-1&m=0&pwp_m=0&_created_via&_customer_user&paged=8&action2=-1" "Mozilla/5.0 (Windows NT 10.0; Win64; x64) AppleWebKit/537.36 (KHTML, like Gecko) Chrome/153.0.0.0 Safari/537.36"
46.100.87.66 - - [11/Sep/2026:17:05:05 +0330] "POST /wp-admin/admin-ajax.php HTTP/2" 200 0 "https://digikeyland.ir/wp-admin/edit.php?s&post_status=all&post_type=shop_order&action=-1&m=0&pwp_m=0&_created_via&_customer_user&paged=8&action2=-1" "Mozilla/5.0 (Windows NT 10.0; Win64; x64) AppleWebKit/537.36 (KHTML, like Gecko) Chrome/153.0.0.0 Safari/537.36"
84.13.153.129 - - [11/Sep/2026:17:05:21 +0330] "GET /wp-login.php?redirect_to=https%3A%2F%2Fdigikeyland.ir%2Fwp-admin%2Findex.php&reauth=1 HTTP/1.1" 200 3804 "https://digikeyland.ir/wp-login.php" "Mozilla/5.0 (Macintosh; Intel Mac OS X 10_15_7; rv:89.0) Gecko/20100101 Firefox/89.0.2"
84.13.153.129 - - [11/Sep/2026:17:05:23 +0330] "GET /wp-admin/index.php HTTP/1.1" 302 20 "https://digikeyland.ir/wp-login.php" "Mozilla/5.0 (Macintosh; Intel Mac OS X 10_15_7; rv:89.0) Gecko/20100101 Firefox/89.0.2"
46.100.87.66 - - [11/Sep/2026:17:05:21 +0330] "GET /wp-content/themes/shopi/includes/redux-core/assets/css/redux.css?ver=7.1 HTTP/2" 404 72048 "https://digikeyland.ir/wp-admin/edit.php?s&post_status=all&post_type=shop_order&action=-1&m=0&pwp_m=0&_created_via&_customer_user&paged=9&action2=-1" "Mozilla/5.0 (Windows NT 10.0; Win64; x64) AppleWebKit/537.36 (KHTML, like Gecko) Chrome/153.0.0.0 Safari/537.36"
84.13.153.129 - - [11/Sep/2026:17:05:24 +0330] "GET /wp-login.php?redirect_to=https%3A%2F%2Fdigikeyland.ir%2Fwp-admin%2Findex.php&reauth=1 HTTP/1.1" 200 3804 "https://digikeyland.ir/wp-login.php" "Mozilla/5.0 (Macintosh; Intel Mac OS X 10_15_7; rv:89.0) Gecko/20100101 Firefox/89.0.2"
46.100.87.66 - - [11/Sep/2026:17:05:24 +0330] "GET /wp-json/wp/v2/users/me?context=edit&_locale=user HTTP/2" 200 1496 "https://digikeyland.ir/wp-admin/edit.php?s&post_status=all&post_type=shop_order&action=-1&m=0&pwp_m=0&_created_via&_customer_user&paged=9&action2=-1" "Mozilla/5.0 (Windows NT 10.0; Win64; x64) AppleWebKit/537.36 (KHTML, like Gecko) Chrome/153.0.0.0 Safari/537.36"
46.100.87.66 - - [11/Sep/2026:17:05:25 +0330] "POST /wp-admin/admin-ajax.php HTTP/2" 200 21 "https://digikeyland.ir/wp-admin/edit.php?s&post_status=all&post_type=shop_order&action=-1&m=0&pwp_m=0&_created_via&_customer_user&paged=9&action2=-1" "Mozilla/5.0 (Windows NT 10.0; Win64; x64) AppleWebKit/537.36 (KHTML, like Gecko) Chrome/153.0.0.0 Safari/537.36"
46.100.87.66 - - [11/Sep/2026:17:05:25 +0330] "GET /wp-json/wc-admin/onboarding/tasks?_locale=user HTTP/2" 200 1843 "https://digikeyland.ir/wp-admin/edit.php?s&post_status=all&post_type=shop_order&action=-1&m=0&pwp_m=0&_created_via&_customer_user&paged=9&action2=-1" "Mozilla/5.0 (Windows NT 10.0; Win64; x64) AppleWebKit/537.36 (KHTML, like Gecko) Chrome/153.0.0.0 Safari/537.36"
46.100.87.66 - - [11/Sep/2026:17:05:25 +0330] "GET /wp-json/wc-admin/options?options=woocommerce_ces_tracks_queue&_locale=user HTTP/2" 200 58 "https://digikeyland.ir/wp-admin/edit.php?s&post_status=all&post_type=shop_order&action=-1&m=0&pwp_m=0&_created_via&_customer_user&paged=9&action2=-1" "Mozilla/5.0 (Windows NT 10.0; Win64; x64) AppleWebKit/537.36 (KHTML, like Gecko) Chrome/153.0.0.0 Safari/537.36"
46.100.87.66 - - [11/Sep/2026:17:05:25 +0330] "POST /wp-admin/admin-ajax.php HTTP/2" 200 67 "https://digikeyland.ir/wp-admin/edit.php?s&post_status=all&post_type=shop_order&action=-1&m=0&pwp_m=0&_created_via&_customer_user&paged=9&action2=-1" "Mozilla/5.0 (Windows NT 10.0; Win64; x64) AppleWebKit/537.36 (KHTML, like Gecko) Chrome/153.0.0.0 Safari/537.36"
84.13.153.129 - - [11/Sep/2026:17:05:29 +0330] "POST /wp-login.php HTTP/1.1" 200 3974 "https://digikeyland.ir/wp-login.php" "Mozilla/5.0 (Macintosh; Intel Mac OS X 10_15_7; rv:89.0) Gecko/20100101 Firefox/89.0.2"
46.100.87.66 - - [11/Sep/2026:17:05:25 +0330] "POST /wp-admin/admin-ajax.php HTTP/2" 200 20 "https://digikeyland.ir/wp-admin/edit.php?s&post_status=all&post_type=shop_order&action=-1&m=0&pwp_m=0&_created_via&_customer_user&paged=9&action2=-1" "Mozilla/5.0 (Windows NT 10.0; Win64; x64) AppleWebKit/537.36 (KHTML, like Gecko) Chrome/153.0.0.0 Safari/537.36"
46.100.87.66 - - [11/Sep/2026:17:05:25 +0330] "GET /wp-json/wc-admin/options?options=woocommerce_admin_transient_notices_queue%2Cwoocommerce_admin_install_timestamp&_locale=user HTTP/2" 200 101 "https://digikeyland.ir/wp-admin/edit.php?s&post_status=all&post_type=shop_order&action=-1&m=0&pwp_m=0&_created_via&_customer_user&paged=9&action2=-1" "Mozilla/5.0 (Windows NT 10.0; Win64; x64) AppleWebKit/537.36 (KHTML, like Gecko) Chrome/153.0.0.0 Safari/537.36"
46.100.87.66 - - [11/Sep/2026:17:05:25 +0330] "GET /wp-json/wc-analytics/activity-panel/counts?_locale=user HTTP/2" 200 94 "https://digikeyland.ir/wp-admin/edit.php?s&post_status=all&post_type=shop_order&action=-1&m=0&pwp_m=0&_created_via&_customer_user&paged=9&action2=-1" "Mozilla/5.0 (Windows NT 10.0; Win64; x64) AppleWebKit/537.36 (KHTML, like Gecko) Chrome/153.0.0.0 Safari/537.36"
46.100.87.66 - - [11/Sep/2026:17:05:25 +0330] "GET /wp-json/wc-analytics/admin/notes?page=1&per_page=25&type=error%2Cupdate&status=unactioned&_locale=user HTTP/2" 200 22 "https://digikeyland.ir/wp-admin/edit.php?s&post_status=all&post_type=shop_order&action=-1&m=0&pwp_m=0&_created_via&_customer_user&paged=9&action2=-1" "Mozilla/5.0 (Windows NT 10.0; Win64; x64) AppleWebKit/537.36 (KHTML, like Gecko) Chrome/153.0.0.0 Safari/537.36"
46.100.87.66 - - [11/Sep/2026:17:05:25 +0330] "POST /wp-admin/admin-ajax.php HTTP/2" 200 20 "https://digikeyland.ir/wp-admin/edit.php?s&post_status=all&post_type=shop_order&action=-1&m=0&pwp_m=0&_created_via&_customer_user&paged=9&action2=-1" "Mozilla/5.0 (Windows NT 10.0; Win64; x64) AppleWebKit/537.36 (KHTML, like Gecko) Chrome/153.0.0.0 Safari/537.36"
46.100.87.66 - - [11/Sep/2026:17:05:33 +0330] "GET /wp-admin/admin-ajax.php?order_id=6073&action=woocommerce_get_order_details&security=4a6a82c7f6 HTTP/2" 200 1156 "https://digikeyland.ir/wp-admin/edit.php?s&post_status=all&post_type=shop_order&action=-1&m=0&pwp_m=0&_created_via&_customer_user&paged=9&action2=-1" "Mozilla/5.0 (Windows NT 10.0; Win64; x64) AppleWebKit/537.36 (KHTML, like Gecko) Chrome/153.0.0.0 Safari/537.36"
46.100.87.66 - - [11/Sep/2026:17:05:36 +0330] "POST /wp-admin/admin-ajax.php HTTP/2" 200 67 "https://digikeyland.ir/wp-admin/edit.php?s&post_status=all&post_type=shop_order&action=-1&m=0&pwp_m=0&_created_via&_customer_user&paged=9&action2=-1" "Mozilla/5.0 (Windows NT 10.0; Win64; x64) AppleWebKit/537.36 (KHTML, like Gecko) Chrome/153.0.0.0 Safari/537.36"
84.13.153.129 - - [11/Sep/2026:17:05:37 +0330] "GET /wp-admin/index.php HTTP/1.1" 302 20 "https://digikeyland.ir/wp-login.php" "Mozilla/5.0 (Macintosh; Intel Mac OS X 10_15_7) AppleWebKit/537.36 (KHTML, like Gecko) Chrome/92.0.4515.131 Safari/537.36"
185.130.50.10 - - [11/Sep/2026:17:05:42 +0330] "POST /wp-cron.php?doing_wp_cron=1789133741.7278449535369873046875 HTTP/1.1" 200 20 "-" "WordPress/7.1; https://digikeyland.ir"
84.13.153.129 - - [11/Sep/2026:17:05:40 +0330] "GET /wp-login.php?redirect_to=https%3A%2F%2Fdigikeyland.ir%2Fwp-admin%2Findex.php&reauth=1 HTTP/1.1" 200 3804 "https://digikeyland.ir/wp-login.php" "Mozilla/5.0 (Macintosh; Intel Mac OS X 10_15_7) AppleWebKit/537.36 (KHTML, like Gecko) Chrome/92.0.4515.131 Safari/537.36"
185.130.50.10 - - [11/Sep/2026:17:05:44 +0330] "POST /wp-cron.php?doing_wp_cron=1789133744.2915499210357666015625 HTTP/1.1" 200 20 "-" "WordPress/7.1; https://digikeyland.ir"
84.13.153.129 - - [11/Sep/2026:17:05:42 +0330] "GET /wp-admin/index.php HTTP/1.1" 302 20 "https://digikeyland.ir/wp-login.php" "Mozilla/5.0 (Macintosh; Intel Mac OS X 10_15_7) AppleWebKit/537.36 (KHTML, like Gecko) Chrome/92.0.4515.131 Safari/537.36"
84.13.153.129 - - [11/Sep/2026:17:05:44 +0330] "GET /wp-login.php?redirect_to=https%3A%2F%2Fdigikeyland.ir%2Fwp-admin%2Findex.php&reauth=1 HTTP/1.1" 200 3804 "https://digikeyland.ir/wp-login.php" "Mozilla/5.0 (Macintosh; Intel Mac OS X 10_15_7) AppleWebKit/537.36 (KHTML, like Gecko) Chrome/92.0.4515.131 Safari/537.36"
84.13.153.129 - - [11/Sep/2026:17:05:46 +0330] "POST /wp-login.php HTTP/1.1" 200 3971 "https://digikeyland.ir/wp-login.php" "Mozilla/5.0 (Macintosh; Intel Mac OS X 10_15_7) AppleWebKit/537.36 (KHTML, like Gecko) Chrome/91.0.4472.124 Safari/537.36"
46.100.87.66 - - [11/Sep/2026:17:05:46 +0330] "POST /wp-admin/admin-ajax.php HTTP/2" 200 67 "https://digikeyland.ir/wp-admin/edit.php?s&post_status=all&post_type=shop_order&action=-1&m=0&pwp_m=0&_created_via&_customer_user&paged=9&action2=-1" "Mozilla/5.0 (Windows NT 10.0; Win64; x64) AppleWebKit/537.36 (KHTML, like Gecko) Chrome/153.0.0.0 Safari/537.36"
84.13.153.129 - - [11/Sep/2026:17:05:47 +0330] "GET /wp-admin/index.php HTTP/1.1" 302 20 "https://digikeyland.ir/wp-login.php" "Mozilla/5.0 (Windows NT 10.0; Win64; x64) AppleWebKit/537.36 (KHTML, like Gecko) Chrome/93.0.4577.63 Safari/537.36"
46.100.87.66 - - [11/Sep/2026:17:05:48 +0330] "GET /wp-admin/admin-ajax.php?order_id=6070&action=woocommerce_get_order_details&security=4a6a82c7f6 HTTP/2" 200 1150 "https://digikeyland.ir/wp-admin/edit.php?s&post_status=all&post_type=shop_order&action=-1&m=0&pwp_m=0&_created_via&_customer_user&paged=9&action2=-1" "Mozilla/5.0 (Windows NT 10.0; Win64; x64) AppleWebKit/537.36 (KHTML, like Gecko) Chrome/153.0.0.0 Safari/537.36"
84.13.153.129 - - [11/Sep/2026:17:05:49 +0330] "GET /wp-login.php?redirect_to=https%3A%2F%2Fdigikeyland.ir%2Fwp-admin%2Findex.php&reauth=1 HTTP/1.1" 200 3804 "https://digikeyland.ir/wp-login.php" "Mozilla/5.0 (Windows NT 10.0; Win64; x64) AppleWebKit/537.36 (KHTML, like Gecko) Chrome/93.0.4577.63 Safari/537.36"
84.13.153.129 - - [11/Sep/2026:17:05:50 +0330] "GET /wp-admin/index.php HTTP/1.1" 302 20 "https://digikeyland.ir/wp-login.php" "Mozilla/5.0 (Windows NT 10.0; Win64; x64) AppleWebKit/537.36 (KHTML, like Gecko) Chrome/93.0.4577.63 Safari/537.36"
84.13.153.129 - - [11/Sep/2026:17:05:52 +0330] "GET /wp-login.php?redirect_to=https%3A%2F%2Fdigikeyland.ir%2Fwp-admin%2Findex.php&reauth=1 HTTP/1.1" 200 3804 "https://digikeyland.ir/wp-login.php" "Mozilla/5.0 (Windows NT 10.0; Win64; x64) AppleWebKit/537.36 (KHTML, like Gecko) Chrome/93.0.4577.63 Safari/537.36"
84.13.153.129 - - [11/Sep/2026:17:05:54 +0330] "POST /wp-login.php HTTP/1.1" 200 3972 "https://digikeyland.ir/wp-login.php" "Mozilla/5.0 (Windows NT 10.0; Win64; x64) AppleWebKit/605.1.15 (KHTML, like Gecko) Version/14.0.3 Safari/605.1.15"
84.13.153.129 - - [11/Sep/2026:17:05:55 +0330] "GET /wp-admin/index.php HTTP/1.1" 302 20 "https://digikeyland.ir/wp-login.php" "Mozilla/5.0 (Windows NT 6.1; Win64; x64) AppleWebKit/537.36 (KHTML, like Gecko) Chrome/93.0.4577.63 Safari/537.36"
46.100.87.66 - - [11/Sep/2026:17:05:56 +0330] "POST /wp-admin/admin-ajax.php HTTP/2" 200 67 "https://digikeyland.ir/wp-admin/edit.php?s&post_status=all&post_type=shop_order&action=-1&m=0&pwp_m=0&_created_via&_customer_user&paged=9&action2=-1" "Mozilla/5.0 (Windows NT 10.0; Win64; x64) AppleWebKit/537.36 (KHTML, like Gecko) Chrome/153.0.0.0 Safari/537.36"
84.13.153.129 - - [11/Sep/2026:17:05:57 +0330] "GET /wp-login.php?redirect_to=https%3A%2F%2Fdigikeyland.ir%2Fwp-admin%2Findex.php&reauth=1 HTTP/1.1" 200 3804 "https://digikeyland.ir/wp-login.php" "Mozilla/5.0 (Windows NT 6.1; Win64; x64) AppleWebKit/537.36 (KHTML, like Gecko) Chrome/93.0.4577.63 Safari/537.36"
84.13.153.129 - - [11/Sep/2026:17:05:58 +0330] "GET /wp-admin/index.php HTTP/1.1" 302 20 "https://digikeyland.ir/wp-login.php" "Mozilla/5.0 (Windows NT 6.1; Win64; x64) AppleWebKit/537.36 (KHTML, like Gecko) Chrome/93.0.4577.63 Safari/537.36"
46.100.87.66 - - [11/Sep/2026:17:05:59 +0330] "GET /wp-admin/admin-ajax.php?order_id=6071&action=woocommerce_get_order_details&security=4a6a82c7f6 HTTP/2" 200 1139 "https://digikeyland.ir/wp-admin/edit.php?s&post_status=all&post_type=shop_order&action=-1&m=0&pwp_m=0&_created_via&_customer_user&paged=9&action2=-1" "Mozilla/5.0 (Windows NT 10.0; Win64; x64) AppleWebKit/537.36 (KHTML, like Gecko) Chrome/153.0.0.0 Safari/537.36"
84.13.153.129 - - [11/Sep/2026:17:06:00 +0330] "GET /wp-login.php?redirect_to=https%3A%2F%2Fdigikeyland.ir%2Fwp-admin%2Findex.php&reauth=1 HTTP/1.1" 200 3804 "https://digikeyland.ir/wp-login.php" "Mozilla/5.0 (Windows NT 6.1; Win64; x64) AppleWebKit/537.36 (KHTML, like Gecko) Chrome/93.0.4577.63 Safari/537.36"
84.13.153.129 - - [11/Sep/2026:17:06:01 +0330] "POST /wp-login.php HTTP/1.1" 200 3967 "https://digikeyland.ir/wp-login.php" "Mozilla/5.0 (Windows NT 10.0; Win64; x64) AppleWebKit/537.36 (KHTML, like Gecko) Chrome/93.0.4577.63 Safari/537.36"
84.13.153.129 - - [11/Sep/2026:17:06:03 +0330] "GET /wp-admin/index.php HTTP/1.1" 302 20 "https://digikeyland.ir/wp-login.php" "Mozilla/5.0 (Windows NT 10.0; Win64; x64) AppleWebKit/605.1.15 (KHTML, like Gecko) Version/14.1 Safari/605.1.15"
84.13.153.129 - - [11/Sep/2026:17:06:05 +0330] "GET /wp-login.php?redirect_to=https%3A%2F%2Fdigikeyland.ir%2Fwp-admin%2Findex.php&reauth=1 HTTP/1.1" 200 3804 "https://digikeyland.ir/wp-login.php" "Mozilla/5.0 (Windows NT 10.0; Win64; x64) AppleWebKit/605.1.15 (KHTML, like Gecko) Version/14.1 Safari/605.1.15"
84.13.153.129 - - [11/Sep/2026:17:06:06 +0330] "GET /wp-admin/index.php HTTP/1.1" 302 20 "https://digikeyland.ir/wp-login.php" "Mozilla/5.0 (Windows NT 10.0; Win64; x64) AppleWebKit/605.1.15 (KHTML, like Gecko) Version/14.1 Safari/605.1.15"
46.100.87.66 - - [11/Sep/2026:17:06:06 +0330] "POST /wp-admin/admin-ajax.php HTTP/2" 200 67 "https://digikeyland.ir/wp-admin/edit.php?s&post_status=all&post_type=shop_order&action=-1&m=0&pwp_m=0&_created_via&_customer_user&paged=9&action2=-1" "Mozilla/5.0 (Windows NT 10.0; Win64; x64) AppleWebKit/537.36 (KHTML, like Gecko) Chrome/153.0.0.0 Safari/537.36"
84.13.153.129 - - [11/Sep/2026:17:06:08 +0330] "GET /wp-login.php?redirect_to=https%3A%2F%2Fdigikeyland.ir%2Fwp-admin%2Findex.php&reauth=1 HTTP/1.1" 200 3804 "https://digikeyland.ir/wp-login.php" "Mozilla/5.0 (Windows NT 10.0; Win64; x64) AppleWebKit/605.1.15 (KHTML, like Gecko) Version/14.1 Safari/605.1.15"
46.100.87.66 - - [11/Sep/2026:17:06:08 +0330] "GET /wp-admin/admin-ajax.php?order_id=6065&action=woocommerce_get_order_details&security=4a6a82c7f6 HTTP/2" 200 1141 "https://digikeyland.ir/wp-admin/edit.php?s&post_status=all&post_type=shop_order&action=-1&m=0&pwp_m=0&_created_via&_customer_user&paged=9&action2=-1" "Mozilla/5.0 (Windows NT 10.0; Win64; x64) AppleWebKit/537.36 (KHTML, like Gecko) Chrome/153.0.0.0 Safari/537.36"
84.13.153.129 - - [11/Sep/2026:17:06:10 +0330] "POST /wp-login.php HTTP/1.1" 200 3969 "https://digikeyland.ir/wp-login.php" "Mozilla/5.0 (Macintosh; Intel Mac OS X 10_15_7; rv:91.0) Gecko/20100101 Firefox/91.0"
84.13.153.129 - - [11/Sep/2026:17:06:11 +0330] "GET /wp-admin/index.php HTTP/1.1" 302 20 "https://digikeyland.ir/wp-login.php" "Mozilla/5.0 (Windows NT 6.1; Win64; x64) AppleWebKit/537.36 (KHTML, like Gecko) Chrome/92.0.4515.131 Safari/537.36"
84.13.153.129 - - [11/Sep/2026:17:06:12 +0330] "GET /wp-login.php?redirect_to=https%3A%2F%2Fdigikeyland.ir%2Fwp-admin%2Findex.php&reauth=1 HTTP/1.1" 200 3804 "https://digikeyland.ir/wp-login.php" "Mozilla/5.0 (Windows NT 6.1; Win64; x64) AppleWebKit/537.36 (KHTML, like Gecko) Chrome/92.0.4515.131 Safari/537.36"
84.13.153.129 - - [11/Sep/2026:17:06:14 +0330] "GET /wp-admin/index.php HTTP/1.1" 302 20 "https://digikeyland.ir/wp-login.php" "Mozilla/5.0 (Windows NT 6.1; Win64; x64) AppleWebKit/537.36 (KHTML, like Gecko) Chrome/92.0.4515.131 Safari/537.36"
46.100.87.66 - - [11/Sep/2026:17:06:15 +0330] "POST /wp-admin/admin-ajax.php HTTP/2" 200 67 "https://digikeyland.ir/wp-admin/edit.php?post_type=shop_order" "Mozilla/5.0 (Windows NT 10.0; Win64; x64) AppleWebKit/537.36 (KHTML, like Gecko) Chrome/153.0.0.0 Safari/537.36"
84.13.153.129 - - [11/Sep/2026:17:06:15 +0330] "GET /wp-login.php?redirect_to=https%3A%2F%2Fdigikeyland.ir%2Fwp-admin%2Findex.php&reauth=1 HTTP/1.1" 200 3804 "https://digikeyland.ir/wp-login.php" "Mozilla/5.0 (Windows NT 6.1; Win64; x64) AppleWebKit/537.36 (KHTML, like Gecko) Chrome/92.0.4515.131 Safari/537.36"
46.100.87.66 - - [11/Sep/2026:17:06:16 +0330] "POST /wp-admin/admin-ajax.php HTTP/2" 200 67 "https://digikeyland.ir/wp-admin/edit.php?s&post_status=all&post_type=shop_order&action=-1&m=0&pwp_m=0&_created_via&_customer_user&paged=9&action2=-1" "Mozilla/5.0 (Windows NT 10.0; Win64; x64) AppleWebKit/537.36 (KHTML, like Gecko) Chrome/153.0.0.0 Safari/537.36"
84.13.153.129 - - [11/Sep/2026:17:06:17 +0330] "POST /wp-login.php HTTP/1.1" 200 3982 "https://digikeyland.ir/wp-login.php" "Mozilla/5.0 (Macintosh; Intel Mac OS X 10_15_7) AppleWebKit/605.1.15 (KHTML, like Gecko) Version/14.1.2 Safari/605.1.15"
84.13.153.129 - - [11/Sep/2026:17:06:18 +0330] "GET /wp-admin/index.php HTTP/1.1" 302 20 "https://digikeyland.ir/wp-login.php" "Mozilla/5.0 (Windows NT 6.1; Win64; x64) AppleWebKit/537.36 (KHTML, like Gecko) Chrome/91.0.4472.124 Safari/537.36"
84.13.153.129 - - [11/Sep/2026:17:06:20 +0330] "GET /wp-login.php?redirect_to=https%3A%2F%2Fdigikeyland.ir%2Fwp-admin%2Findex.php&reauth=1 HTTP/1.1" 200 3804 "https://digikeyland.ir/wp-login.php" "Mozilla/5.0 (Windows NT 6.1; Win64; x64) AppleWebKit/537.36 (KHTML, like Gecko) Chrome/91.0.4472.124 Safari/537.36"
84.13.153.129 - - [11/Sep/2026:17:06:22 +0330] "GET /wp-admin/index.php HTTP/1.1" 302 20 "https://digikeyland.ir/wp-login.php" "Mozilla/5.0 (Windows NT 6.1; Win64; x64) AppleWebKit/537.36 (KHTML, like Gecko) Chrome/91.0.4472.124 Safari/537.36"
84.13.153.129 - - [11/Sep/2026:17:06:24 +0330] "GET /wp-login.php?redirect_to=https%3A%2F%2Fdigikeyland.ir%2Fwp-admin%2Findex.php&reauth=1 HTTP/1.1" 200 3804 "https://digikeyland.ir/wp-login.php" "Mozilla/5.0 (Windows NT 6.1; Win64; x64) AppleWebKit/537.36 (KHTML, like Gecko) Chrome/91.0.4472.124 Safari/537.36"
84.13.153.129 - - [11/Sep/2026:17:06:25 +0330] "POST /wp-login.php HTTP/1.1" 200 3970 "https://digikeyland.ir/wp-login.php" "Mozilla/5.0 (Windows NT 10.0; Win64; x64) AppleWebKit/537.36 (KHTML, like Gecko) Chrome/93.0.4577.63 Safari/537.36"
84.13.153.129 - - [11/Sep/2026:17:06:26 +0330] "GET /wp-admin/index.php HTTP/1.1" 302 20 "https://digikeyland.ir/wp-login.php" "Mozilla/5.0 (Windows NT 10.0; Win64; x64) AppleWebKit/537.36 (KHTML, like Gecko) Chrome/92.0.4515.131 Safari/537.36"
46.100.87.66 - - [11/Sep/2026:17:06:26 +0330] "POST /wp-admin/admin-ajax.php HTTP/2" 200 67 "https://digikeyland.ir/wp-admin/edit.php?s&post_status=all&post_type=shop_order&action=-1&m=0&pwp_m=0&_created_via&_customer_user&paged=9&action2=-1" "Mozilla/5.0 (Windows NT 10.0; Win64; x64) AppleWebKit/537.36 (KHTML, like Gecko) Chrome/153.0.0.0 Safari/537.36"
46.100.87.66 - - [11/Sep/2026:17:06:27 +0330] "GET /wp-admin/admin-ajax.php?order_id=6061&action=woocommerce_get_order_details&security=4a6a82c7f6 HTTP/2" 200 1148 "https://digikeyland.ir/wp-admin/edit.php?s&post_status=all&post_type=shop_order&action=-1&m=0&pwp_m=0&_created_via&_customer_user&paged=9&action2=-1" "Mozilla/5.0 (Windows NT 10.0; Win64; x64) AppleWebKit/537.36 (KHTML, like Gecko) Chrome/153.0.0.0 Safari/537.36"
84.13.153.129 - - [11/Sep/2026:17:06:28 +0330] "GET /wp-login.php?redirect_to=https%3A%2F%2Fdigikeyland.ir%2Fwp-admin%2Findex.php&reauth=1 HTTP/1.1" 200 3804 "https://digikeyland.ir/wp-login.php" "Mozilla/5.0 (Windows NT 10.0; Win64; x64) AppleWebKit/537.36 (KHTML, like Gecko) Chrome/92.0.4515.131 Safari/537.36"
84.13.153.129 - - [11/Sep/2026:17:06:30 +0330] "GET /wp-admin/index.php HTTP/1.1" 302 20 "https://digikeyland.ir/wp-login.php" "Mozilla/5.0 (Windows NT 10.0; Win64; x64) AppleWebKit/537.36 (KHTML, like Gecko) Chrome/92.0.4515.131 Safari/537.36"
84.13.153.129 - - [11/Sep/2026:17:06:31 +0330] "GET /wp-login.php?redirect_to=https%3A%2F%2Fdigikeyland.ir%2Fwp-admin%2Findex.php&reauth=1 HTTP/1.1" 200 3804 "https://digikeyland.ir/wp-login.php" "Mozilla/5.0 (Windows NT 10.0; Win64; x64) AppleWebKit/537.36 (KHTML, like Gecko) Chrome/92.0.4515.131 Safari/537.36"
84.13.153.129 - - [11/Sep/2026:17:06:33 +0330] "POST /wp-login.php HTTP/1.1" 200 3971 "https://digikeyland.ir/wp-login.php" "Mozilla/5.0 (Windows NT 6.1; Win64; x64) AppleWebKit/537.36 (KHTML, like Gecko) Chrome/91.0.4472.124 Safari/537.36"
84.13.153.129 - - [11/Sep/2026:17:06:34 +0330] "GET /wp-admin/index.php HTTP/1.1" 302 20 "https://digikeyland.ir/wp-login.php" "Mozilla/5.0 (Windows NT 10.0; Win64; x64) AppleWebKit/605.1.15 (KHTML, like Gecko) Version/14.1.2 Safari/605.1.15"
84.13.153.129 - - [11/Sep/2026:17:06:36 +0330] "GET /wp-login.php?redirect_to=https%3A%2F%2Fdigikeyland.ir%2Fwp-admin%2Findex.php&reauth=1 HTTP/1.1" 200 3804 "https://digikeyland.ir/wp-login.php" "Mozilla/5.0 (Windows NT 10.0; Win64; x64) AppleWebKit/605.1.15 (KHTML, like Gecko) Version/14.1.2 Safari/605.1.15"
46.100.87.66 - - [11/Sep/2026:17:06:36 +0330] "POST /wp-admin/admin-ajax.php HTTP/2" 200 67 "https://digikeyland.ir/wp-admin/edit.php?s&post_status=all&post_type=shop_order&action=-1&m=0&pwp_m=0&_created_via&_customer_user&paged=9&action2=-1" "Mozilla/5.0 (Windows NT 10.0; Win64; x64) AppleWebKit/537.36 (KHTML, like Gecko) Chrome/153.0.0.0 Safari/537.36"
84.13.153.129 - - [11/Sep/2026:17:06:37 +0330] "GET /wp-admin/index.php HTTP/1.1" 302 20 "https://digikeyland.ir/wp-login.php" "Mozilla/5.0 (Windows NT 10.0; Win64; x64) AppleWebKit/605.1.15 (KHTML, like Gecko) Version/14.1.2 Safari/605.1.15"
84.13.153.129 - - [11/Sep/2026:17:06:39 +0330] "GET /wp-login.php?redirect_to=https%3A%2F%2Fdigikeyland.ir%2Fwp-admin%2Findex.php&reauth=1 HTTP/1.1" 200 3804 "https://digikeyland.ir/wp-login.php" "Mozilla/5.0 (Windows NT 10.0; Win64; x64) AppleWebKit/605.1.15 (KHTML, like Gecko) Version/14.1.2 Safari/605.1.15"
