5.210.75.8 - - [11/Sep/2026:17:02:41 +0330] "GET /wp-content/themes/shopi/assets/js/plugins.js?ver=2.0.0 HTTP/2" 200 87387 "https://digikeyland.ir/product/chatgpt-plus/?utm_medium=PPC&utm_source=Torob&torob_clid=01a090ab-8b68-7538-b46f-94b513288f21" "Mozilla/5.0 (Linux; Android 15; motorola edge 40 Build/V1TLS35.73-60-3-14; wv) AppleWebKit/537.36 (KHTML, like Gecko) Version/4.0 Chrome/151.0.7922.200 Mobile Safari/537.36"
5.210.75.8 - - [11/Sep/2026:17:02:41 +0330] "GET /wp-content/plugins/woocommerce/assets/js/selectWoo/selectWoo.full.min.js?ver=1.0.9-wc.11.1.0 HTTP/2" 200 20246 "https://digikeyland.ir/product/chatgpt-plus/?utm_medium=PPC&utm_source=Torob&torob_clid=01a090ab-8b68-7538-b46f-94b513288f21" "Mozilla/5.0 (Linux; Android 15; motorola edge 40 Build/V1TLS35.73-60-3-14; wv) AppleWebKit/537.36 (KHTML, like Gecko) Version/4.0 Chrome/151.0.7922.200 Mobile Safari/537.36"
5.210.75.8 - - [11/Sep/2026:17:02:41 +0330] "GET /wp-content/themes/shopi/assets/js/main.js?ver=2.0.0 HTTP/2" 200 12132 "https://digikeyland.ir/product/chatgpt-plus/?utm_medium=PPC&utm_source=Torob&torob_clid=01a090ab-8b68-7538-b46f-94b513288f21" "Mozilla/5.0 (Linux; Android 15; motorola edge 40 Build/V1TLS35.73-60-3-14; wv) AppleWebKit/537.36 (KHTML, like Gecko) Version/4.0 Chrome/151.0.7922.200 Mobile Safari/537.36"
5.210.75.8 - - [11/Sep/2026:17:02:41 +0330] "GET /wp-content/plugins/elementor-pro/assets/js/webpack-pro.runtime.min.js?ver=3.33.2 HTTP/2" 200 2622 "https://digikeyland.ir/product/chatgpt-plus/?utm_medium=PPC&utm_source=Torob&torob_clid=01a090ab-8b68-7538-b46f-94b513288f21" "Mozilla/5.0 (Linux; Android 15; motorola edge 40 Build/V1TLS35.73-60-3-14; wv) AppleWebKit/537.36 (KHTML, like Gecko) Version/4.0 Chrome/151.0.7922.200 Mobile Safari/537.36"
5.210.75.8 - - [11/Sep/2026:17:02:41 +0330] "GET /wp-content/plugins/elementor-pro/assets/js/frontend.min.js?ver=3.33.2 HTTP/2" 200 6202 "https://digikeyland.ir/product/chatgpt-plus/?utm_medium=PPC&utm_source=Torob&torob_clid=01a090ab-8b68-7538-b46f-94b513288f21" "Mozilla/5.0 (Linux; Android 15; motorola edge 40 Build/V1TLS35.73-60-3-14; wv) AppleWebKit/537.36 (KHTML, like Gecko) Version/4.0 Chrome/151.0.7922.200 Mobile Safari/537.36"
5.210.75.8 - - [11/Sep/2026:17:02:41 +0330] "GET /wp-content/plugins/elementor-pro/assets/js/elements-handlers.min.js?ver=3.33.2 HTTP/2" 200 10101 "https://digikeyland.ir/product/chatgpt-plus/?utm_medium=PPC&utm_source=Torob&torob_clid=01a090ab-8b68-7538-b46f-94b513288f21" "Mozilla/5.0 (Linux; Android 15; motorola edge 40 Build/V1TLS35.73-60-3-14; wv) AppleWebKit/537.36 (KHTML, like Gecko) Version/4.0 Chrome/151.0.7922.200 Mobile Safari/537.36"
5.210.75.8 - - [11/Sep/2026:17:02:41 +0330] "GET /wp-content/plugins/woocommerce/assets/js/frontend/add-to-cart.min.js?ver=11.1.0 HTTP/2" 200 1296 "https://digikeyland.ir/product/chatgpt-plus/?utm_medium=PPC&utm_source=Torob&torob_clid=01a090ab-8b68-7538-b46f-94b513288f21" "Mozilla/5.0 (Linux; Android 15; motorola edge 40 Build/V1TLS35.73-60-3-14; wv) AppleWebKit/537.36 (KHTML, like Gecko) Version/4.0 Chrome/151.0.7922.200 Mobile Safari/537.36"
5.210.75.8 - - [11/Sep/2026:17:02:41 +0330] "GET /wp-content/plugins/woocommerce/assets/js/frontend/single-product.min.js?ver=11.1.0 HTTP/2" 200 3558 "https://digikeyland.ir/product/chatgpt-plus/?utm_medium=PPC&utm_source=Torob&torob_clid=01a090ab-8b68-7538-b46f-94b513288f21" "Mozilla/5.0 (Linux; Android 15; motorola edge 40 Build/V1TLS35.73-60-3-14; wv) AppleWebKit/537.36 (KHTML, like Gecko) Version/4.0 Chrome/151.0.7922.200 Mobile Safari/537.36"
5.210.75.8 - - [11/Sep/2026:17:02:41 +0330] "GET /wp-content/plugins/woocommerce/assets/js/js-cookie/js.cookie.min.js?ver=2.1.4-wc.11.1.0 HTTP/2" 200 760 "https://digikeyland.ir/product/chatgpt-plus/?utm_medium=PPC&utm_source=Torob&torob_clid=01a090ab-8b68-7538-b46f-94b513288f21" "Mozilla/5.0 (Linux; Android 15; motorola edge 40 Build/V1TLS35.73-60-3-14; wv) AppleWebKit/537.36 (KHTML, like Gecko) Version/4.0 Chrome/151.0.7922.200 Mobile Safari/537.36"
5.210.75.8 - - [11/Sep/2026:17:02:41 +0330] "GET /wp-content/plugins/woocommerce/assets/js/frontend/woocommerce.min.js?ver=11.1.0 HTTP/2" 200 1385 "https://digikeyland.ir/product/chatgpt-plus/?utm_medium=PPC&utm_source=Torob&torob_clid=01a090ab-8b68-7538-b46f-94b513288f21" "Mozilla/5.0 (Linux; Android 15; motorola edge 40 Build/V1TLS35.73-60-3-14; wv) AppleWebKit/537.36 (KHTML, like Gecko) Version/4.0 Chrome/151.0.7922.200 Mobile Safari/537.36"
5.210.75.8 - - [11/Sep/2026:17:02:41 +0330] "GET /wp-content/uploads/2024/11/1-2.png HTTP/2" 200 1635 "https://digikeyland.ir/product/chatgpt-plus/?utm_medium=PPC&utm_source=Torob&torob_clid=01a090ab-8b68-7538-b46f-94b513288f21" "Mozilla/5.0 (Linux; Android 15; motorola edge 40 Build/V1TLS35.73-60-3-14; wv) AppleWebKit/537.36 (KHTML, like Gecko) Version/4.0 Chrome/151.0.7922.200 Mobile Safari/537.36"
5.210.75.8 - - [11/Sep/2026:17:02:41 +0330] "GET /wp-includes/js/comment-reply.min.js?ver=7.1 HTTP/2" 200 1224 "https://digikeyland.ir/product/chatgpt-plus/?utm_medium=PPC&utm_source=Torob&torob_clid=01a090ab-8b68-7538-b46f-94b513288f21" "Mozilla/5.0 (Linux; Android 15; motorola edge 40 Build/V1TLS35.73-60-3-14; wv) AppleWebKit/537.36 (KHTML, like Gecko) Version/4.0 Chrome/151.0.7922.200 Mobile Safari/537.36"
5.210.75.8 - - [11/Sep/2026:17:02:41 +0330] "GET /wp-content/plugins/woocommerce/assets/js/frontend/add-to-cart-variation.min.js?ver=11.1.0 HTTP/2" 200 4131 "https://digikeyland.ir/product/chatgpt-plus/?utm_medium=PPC&utm_source=Torob&torob_clid=01a090ab-8b68-7538-b46f-94b513288f21" "Mozilla/5.0 (Linux; Android 15; motorola edge 40 Build/V1TLS35.73-60-3-14; wv) AppleWebKit/537.36 (KHTML, like Gecko) Version/4.0 Chrome/151.0.7922.200 Mobile Safari/537.36"
5.210.75.8 - - [11/Sep/2026:17:02:41 +0330] "GET /wp-content/themes/shopi/assets/fonts/Yekan%20Bakh%20FaNum%2006%20Bold.woff HTTP/2" 200 60024 "https://digikeyland.ir/wp-content/themes/shopi/style.css?ver=2.0.0" "Mozilla/5.0 (Linux; Android 15; motorola edge 40 Build/V1TLS35.73-60-3-14; wv) AppleWebKit/537.36 (KHTML, like Gecko) Version/4.0 Chrome/151.0.7922.200 Mobile Safari/537.36"
5.210.75.8 - - [11/Sep/2026:17:02:41 +0330] "GET /wp-content/uploads/2025/12/digikeyland-logo.webp HTTP/2" 200 5490 "https://digikeyland.ir/product/chatgpt-plus/?utm_medium=PPC&utm_source=Torob&torob_clid=01a090ab-8b68-7538-b46f-94b513288f21" "Mozilla/5.0 (Linux; Android 15; motorola edge 40 Build/V1TLS35.73-60-3-14; wv) AppleWebKit/537.36 (KHTML, like Gecko) Version/4.0 Chrome/151.0.7922.200 Mobile Safari/537.36"
5.210.75.8 - - [11/Sep/2026:17:02:41 +0330] "GET /wp-content/uploads/2025/12/chatgpt-hower.webp HTTP/2" 200 33248 "https://digikeyland.ir/product/chatgpt-plus/?utm_medium=PPC&utm_source=Torob&torob_clid=01a090ab-8b68-7538-b46f-94b513288f21" "Mozilla/5.0 (Linux; Android 15; motorola edge 40 Build/V1TLS35.73-60-3-14; wv) AppleWebKit/537.36 (KHTML, like Gecko) Version/4.0 Chrome/151.0.7922.200 Mobile Safari/537.36"
5.210.75.8 - - [11/Sep/2026:17:02:41 +0330] "GET /wp-content/uploads/2025/12/chatgpt-150x150.webp HTTP/2" 200 4918 "https://digikeyland.ir/product/chatgpt-plus/?utm_medium=PPC&utm_source=Torob&torob_clid=01a090ab-8b68-7538-b46f-94b513288f21" "Mozilla/5.0 (Linux; Android 15; motorola edge 40 Build/V1TLS35.73-60-3-14; wv) AppleWebKit/537.36 (KHTML, like Gecko) Version/4.0 Chrome/151.0.7922.200 Mobile Safari/537.36"
5.210.75.8 - - [11/Sep/2026:17:02:41 +0330] "GET /wp-content/uploads/2025/12/chatgpt-hower-150x150.webp HTTP/2" 200 4082 "https://digikeyland.ir/product/chatgpt-plus/?utm_medium=PPC&utm_source=Torob&torob_clid=01a090ab-8b68-7538-b46f-94b513288f21" "Mozilla/5.0 (Linux; Android 15; motorola edge 40 Build/V1TLS35.73-60-3-14; wv) AppleWebKit/537.36 (KHTML, like Gecko) Version/4.0 Chrome/151.0.7922.200 Mobile Safari/537.36"
5.210.75.8 - - [11/Sep/2026:17:02:41 +0330] "GET /wp-content/uploads/2025/12/software-tools.webp HTTP/2" 200 4452 "https://digikeyland.ir/product/chatgpt-plus/?utm_medium=PPC&utm_source=Torob&torob_clid=01a090ab-8b68-7538-b46f-94b513288f21" "Mozilla/5.0 (Linux; Android 15; motorola edge 40 Build/V1TLS35.73-60-3-14; wv) AppleWebKit/537.36 (KHTML, like Gecko) Version/4.0 Chrome/151.0.7922.200 Mobile Safari/537.36"
5.210.75.8 - - [11/Sep/2026:17:02:41 +0330] "GET /wp-content/uploads/2024/11/4.png HTTP/2" 200 2750 "https://digikeyland.ir/product/chatgpt-plus/?utm_medium=PPC&utm_source=Torob&torob_clid=01a090ab-8b68-7538-b46f-94b513288f21" "Mozilla/5.0 (Linux; Android 15; motorola edge 40 Build/V1TLS35.73-60-3-14; wv) AppleWebKit/537.36 (KHTML, like Gecko) Version/4.0 Chrome/151.0.7922.200 Mobile Safari/537.36"
5.210.75.8 - - [11/Sep/2026:17:02:41 +0330] "GET /wp-content/uploads/2024/11/1-3.png HTTP/2" 200 1717 "https://digikeyland.ir/product/chatgpt-plus/?utm_medium=PPC&utm_source=Torob&torob_clid=01a090ab-8b68-7538-b46f-94b513288f21" "Mozilla/5.0 (Linux; Android 15; motorola edge 40 Build/V1TLS35.73-60-3-14; wv) AppleWebKit/537.36 (KHTML, like Gecko) Version/4.0 Chrome/151.0.7922.200 Mobile Safari/537.36"
5.210.75.8 - - [11/Sep/2026:17:02:41 +0330] "GET /wp-content/uploads/2024/11/2-1.png HTTP/2" 200 2545 "https://digikeyland.ir/product/chatgpt-plus/?utm_medium=PPC&utm_source=Torob&torob_clid=01a090ab-8b68-7538-b46f-94b513288f21" "Mozilla/5.0 (Linux; Android 15; motorola edge 40 Build/V1TLS35.73-60-3-14; wv) AppleWebKit/537.36 (KHTML, like Gecko) Version/4.0 Chrome/151.0.7922.200 Mobile Safari/537.36"
5.210.75.8 - - [11/Sep/2026:17:02:41 +0330] "GET /wp-content/uploads/2025/12/chatgpt.webp HTTP/2" 200 64396 "https://digikeyland.ir/product/chatgpt-plus/?utm_medium=PPC&utm_source=Torob&torob_clid=01a090ab-8b68-7538-b46f-94b513288f21" "Mozilla/5.0 (Linux; Android 15; motorola edge 40 Build/V1TLS35.73-60-3-14; wv) AppleWebKit/537.36 (KHTML, like Gecko) Version/4.0 Chrome/151.0.7922.200 Mobile Safari/537.36"
5.210.75.8 - - [11/Sep/2026:17:02:41 +0330] "GET /wp-content/uploads/2025/02/svgviewer-png-output2.png HTTP/2" 200 1281 "https://digikeyland.ir/product/chatgpt-plus/?utm_medium=PPC&utm_source=Torob&torob_clid=01a090ab-8b68-7538-b46f-94b513288f21" "Mozilla/5.0 (Linux; Android 15; motorola edge 40 Build/V1TLS35.73-60-3-14; wv) AppleWebKit/537.36 (KHTML, like Gecko) Version/4.0 Chrome/151.0.7922.200 Mobile Safari/537.36"
5.210.75.8 - - [11/Sep/2026:17:02:41 +0330] "GET /wp-content/uploads/2025/02/svgviewer-png-output3.png HTTP/2" 200 1602 "https://digikeyland.ir/product/chatgpt-plus/?utm_medium=PPC&utm_source=Torob&torob_clid=01a090ab-8b68-7538-b46f-94b513288f21" "Mozilla/5.0 (Linux; Android 15; motorola edge 40 Build/V1TLS35.73-60-3-14; wv) AppleWebKit/537.36 (KHTML, like Gecko) Version/4.0 Chrome/151.0.7922.200 Mobile Safari/537.36"
5.210.75.8 - - [11/Sep/2026:17:02:41 +0330] "GET /wp-content/uploads/2025/02/svgviewer-png-output1.png HTTP/2" 200 1442 "https://digikeyland.ir/product/chatgpt-plus/?utm_medium=PPC&utm_source=Torob&torob_clid=01a090ab-8b68-7538-b46f-94b513288f21" "Mozilla/5.0 (Linux; Android 15; motorola edge 40 Build/V1TLS35.73-60-3-14; wv) AppleWebKit/537.36 (KHTML, like Gecko) Version/4.0 Chrome/151.0.7922.200 Mobile Safari/537.36"
5.210.75.8 - - [11/Sep/2026:17:02:41 +0330] "GET /wp-content/uploads/2025/02/svgviewer-png-output.png HTTP/2" 200 943 "https://digikeyland.ir/product/chatgpt-plus/?utm_medium=PPC&utm_source=Torob&torob_clid=01a090ab-8b68-7538-b46f-94b513288f21" "Mozilla/5.0 (Linux; Android 15; motorola edge 40 Build/V1TLS35.73-60-3-14; wv) AppleWebKit/537.36 (KHTML, like Gecko) Version/4.0 Chrome/151.0.7922.200 Mobile Safari/537.36"
5.210.75.8 - - [11/Sep/2026:17:02:42 +0330] "GET /wp-content/plugins/elementor/assets/js/397f2d183c19202777d6.bundle.min.js HTTP/2" 200 8468 "https://digikeyland.ir/product/chatgpt-plus/?utm_medium=PPC&utm_source=Torob&torob_clid=01a090ab-8b68-7538-b46f-94b513288f21" "Mozilla/5.0 (Linux; Android 15; motorola edge 40 Build/V1TLS35.73-60-3-14; wv) AppleWebKit/537.36 (KHTML, like Gecko) Version/4.0 Chrome/151.0.7922.200 Mobile Safari/537.36"
5.210.75.8 - - [11/Sep/2026:17:02:42 +0330] "GET /wp-content/plugins/elementor/assets/js/lightbox.3f9b3a051b2336dd5372.bundle.min.js HTTP/2" 200 9252 "https://digikeyland.ir/product/chatgpt-plus/?utm_medium=PPC&utm_source=Torob&torob_clid=01a090ab-8b68-7538-b46f-94b513288f21" "Mozilla/5.0 (Linux; Android 15; motorola edge 40 Build/V1TLS35.73-60-3-14; wv) AppleWebKit/537.36 (KHTML, like Gecko) Version/4.0 Chrome/151.0.7922.200 Mobile Safari/537.36"
5.210.75.8 - - [11/Sep/2026:17:02:42 +0330] "GET /wp-content/plugins/elementor/assets/css/conditionals/dialog.min.css?ver=4.2.4 HTTP/2" 200 1428 "https://digikeyland.ir/product/chatgpt-plus/?utm_medium=PPC&utm_source=Torob&torob_clid=01a090ab-8b68-7538-b46f-94b513288f21" "Mozilla/5.0 (Linux; Android 15; motorola edge 40 Build/V1TLS35.73-60-3-14; wv) AppleWebKit/537.36 (KHTML, like Gecko) Version/4.0 Chrome/151.0.7922.200 Mobile Safari/537.36"
5.210.75.8 - - [11/Sep/2026:17:02:42 +0330] "GET /wp-content/plugins/elementor/assets/lib/swiper/v8/css/swiper.min.css?ver=8.4.5 HTTP/2" 200 4248 "https://digikeyland.ir/product/chatgpt-plus/?utm_medium=PPC&utm_source=Torob&torob_clid=01a090ab-8b68-7538-b46f-94b513288f21" "Mozilla/5.0 (Linux; Android 15; motorola edge 40 Build/V1TLS35.73-60-3-14; wv) AppleWebKit/537.36 (KHTML, like Gecko) Version/4.0 Chrome/151.0.7922.200 Mobile Safari/537.36"
5.210.75.8 - - [11/Sep/2026:17:02:42 +0330] "GET /wp-content/plugins/elementor/assets/lib/dialog/dialog.min.js?ver=4.9.3 HTTP/2" 200 3593 "https://digikeyland.ir/product/chatgpt-plus/?utm_medium=PPC&utm_source=Torob&torob_clid=01a090ab-8b68-7538-b46f-94b513288f21" "Mozilla/5.0 (Linux; Android 15; motorola edge 40 Build/V1TLS35.73-60-3-14; wv) AppleWebKit/537.36 (KHTML, like Gecko) Version/4.0 Chrome/151.0.7922.200 Mobile Safari/537.36"
5.210.75.8 - - [11/Sep/2026:17:02:42 +0330] "GET /wp-content/uploads/elementor/css/custom-lightbox.min.css?ver=4.2.4 HTTP/2" 200 1757 "https://digikeyland.ir/product/chatgpt-plus/?utm_medium=PPC&utm_source=Torob&torob_clid=01a090ab-8b68-7538-b46f-94b513288f21" "Mozilla/5.0 (Linux; Android 15; motorola edge 40 Build/V1TLS35.73-60-3-14; wv) AppleWebKit/537.36 (KHTML, like Gecko) Version/4.0 Chrome/151.0.7922.200 Mobile Safari/537.36"
5.210.75.8 - - [11/Sep/2026:17:02:42 +0330] "GET /wp-content/plugins/elementor/assets/lib/share-link/share-link.min.js?ver=4.2.4 HTTP/2" 200 1072 "https://digikeyland.ir/product/chatgpt-plus/?utm_medium=PPC&utm_source=Torob&torob_clid=01a090ab-8b68-7538-b46f-94b513288f21" "Mozilla/5.0 (Linux; Android 15; motorola edge 40 Build/V1TLS35.73-60-3-14; wv) AppleWebKit/537.36 (KHTML, like Gecko) Version/4.0 Chrome/151.0.7922.200 Mobile Safari/537.36"
5.210.75.8 - - [11/Sep/2026:17:02:42 +0330] "GET /wp-content/plugins/elementor/assets/js/shared-frontend-handlers.03caa53373b56d3bab67.bundle.min.js HTTP/2" 200 2511 "https://digikeyland.ir/product/chatgpt-plus/?utm_medium=PPC&utm_source=Torob&torob_clid=01a090ab-8b68-7538-b46f-94b513288f21" "Mozilla/5.0 (Linux; Android 15; motorola edge 40 Build/V1TLS35.73-60-3-14; wv) AppleWebKit/537.36 (KHTML, like Gecko) Version/4.0 Chrome/151.0.7922.200 Mobile Safari/537.36"
5.210.75.8 - - [11/Sep/2026:17:02:42 +0330] "GET /wp-content/plugins/elementor-pro/assets/js/nav-menu.8521a0597c50611efdc6.bundle.min.js HTTP/2" 200 1733 "https://digikeyland.ir/product/chatgpt-plus/?utm_medium=PPC&utm_source=Torob&torob_clid=01a090ab-8b68-7538-b46f-94b513288f21" "Mozilla/5.0 (Linux; Android 15; motorola edge 40 Build/V1TLS35.73-60-3-14; wv) AppleWebKit/537.36 (KHTML, like Gecko) Version/4.0 Chrome/151.0.7922.200 Mobile Safari/537.36"
5.210.75.8 - - [11/Sep/2026:17:02:42 +0330] "GET /wp-content/uploads/2026/07/Claude-sc1-768x768.webp HTTP/2" 200 40966 "https://digikeyland.ir/product/chatgpt-plus/?utm_medium=PPC&utm_source=Torob&torob_clid=01a090ab-8b68-7538-b46f-94b513288f21" "Mozilla/5.0 (Linux; Android 15; motorola edge 40 Build/V1TLS35.73-60-3-14; wv) AppleWebKit/537.36 (KHTML, like Gecko) Version/4.0 Chrome/151.0.7922.200 Mobile Safari/537.36"
5.210.75.8 - - [11/Sep/2026:17:02:42 +0330] "GET /wp-content/uploads/2026/07/Chess.com-%C3%B7sc1-768x768.webp HTTP/2" 200 40062 "https://digikeyland.ir/product/chatgpt-plus/?utm_medium=PPC&utm_source=Torob&torob_clid=01a090ab-8b68-7538-b46f-94b513288f21" "Mozilla/5.0 (Linux; Android 15; motorola edge 40 Build/V1TLS35.73-60-3-14; wv) AppleWebKit/537.36 (KHTML, like Gecko) Version/4.0 Chrome/151.0.7922.200 Mobile Safari/537.36"
5.210.75.8 - - [11/Sep/2026:17:02:42 +0330] "GET /wp-content/uploads/2026/07/filmora-qsc1-768x768.webp HTTP/2" 200 41190 "https://digikeyland.ir/product/chatgpt-plus/?utm_medium=PPC&utm_source=Torob&torob_clid=01a090ab-8b68-7538-b46f-94b513288f21" "Mozilla/5.0 (Linux; Android 15; motorola edge 40 Build/V1TLS35.73-60-3-14; wv) AppleWebKit/537.36 (KHTML, like Gecko) Version/4.0 Chrome/151.0.7922.200 Mobile Safari/537.36"
5.210.75.8 - - [11/Sep/2026:17:02:42 +0330] "GET /wp-content/uploads/2026/07/IPTorrent-sc1-768x768.webp HTTP/2" 200 41528 "https://digikeyland.ir/product/chatgpt-plus/?utm_medium=PPC&utm_source=Torob&torob_clid=01a090ab-8b68-7538-b46f-94b513288f21" "Mozilla/5.0 (Linux; Android 15; motorola edge 40 Build/V1TLS35.73-60-3-14; wv) AppleWebKit/537.36 (KHTML, like Gecko) Version/4.0 Chrome/151.0.7922.200 Mobile Safari/537.36"
5.210.75.8 - - [11/Sep/2026:17:02:42 +0330] "GET /wp-content/uploads/2026/07/Adguard-qsc1-768x768.webp HTTP/2" 200 35402 "https://digikeyland.ir/product/chatgpt-plus/?utm_medium=PPC&utm_source=Torob&torob_clid=01a090ab-8b68-7538-b46f-94b513288f21" "Mozilla/5.0 (Linux; Android 15; motorola edge 40 Build/V1TLS35.73-60-3-14; wv) AppleWebKit/537.36 (KHTML, like Gecko) Version/4.0 Chrome/151.0.7922.200 Mobile Safari/537.36"
5.210.75.8 - - [11/Sep/2026:17:02:42 +0330] "GET /wp-content/uploads/2026/07/Adobe-Creative-Cloud-sc1-768x768.webp HTTP/2" 200 37580 "https://digikeyland.ir/product/chatgpt-plus/?utm_medium=PPC&utm_source=Torob&torob_clid=01a090ab-8b68-7538-b46f-94b513288f21" "Mozilla/5.0 (Linux; Android 15; motorola edge 40 Build/V1TLS35.73-60-3-14; wv) AppleWebKit/537.36 (KHTML, like Gecko) Version/4.0 Chrome/151.0.7922.200 Mobile Safari/537.36"
84.13.153.129 - - [11/Sep/2026:17:02:37 +0330] "GET /wp-admin/index.php HTTP/1.1" 302 20 "https://digikeyland.ir/wp-login.php" "Mozilla/5.0 (Windows NT 6.1; Win64; x64) AppleWebKit/537.36 (KHTML, like Gecko) Chrome/90.0.4430.212 Safari/537.36"
5.210.75.8 - - [11/Sep/2026:17:02:41 +0330] "GET /favicon.ico HTTP/1.1" 404 796 "-" "Dalvik/2.1.0 (Linux; U; Android 15; motorola edge 40 Build/V1TLS35.73-60-3-14)"
84.13.153.129 - - [11/Sep/2026:17:02:39 +0330] "GET /wp-login.php?redirect_to=https%3A%2F%2Fdigikeyland.ir%2Fwp-admin%2Findex.php&reauth=1 HTTP/1.1" 200 3804 "https://digikeyland.ir/wp-login.php" "Mozilla/5.0 (Windows NT 6.1; Win64; x64) AppleWebKit/537.36 (KHTML, like Gecko) Chrome/90.0.4430.212 Safari/537.36"
5.210.75.8 - - [11/Sep/2026:17:02:42 +0330] "GET /wp-content/uploads/2025/12/cropped-digikeyland-flaticon-1-32x32.webp HTTP/1.1" 200 718 "-" "Dalvik/2.1.0 (Linux; U; Android 15; motorola edge 40 Build/V1TLS35.73-60-3-14)"
84.13.153.129 - - [11/Sep/2026:17:02:41 +0330] "POST /wp-login.php HTTP/1.1" 200 3967 "https://digikeyland.ir/wp-login.php" "Mozilla/5.0 (Macintosh; Intel Mac OS X 10_15_7) AppleWebKit/605.1.15 (KHTML, like Gecko) Version/15.0 Safari/605.1.15"
84.13.153.129 - - [11/Sep/2026:17:02:43 +0330] "GET /wp-admin/index.php HTTP/1.1" 302 20 "https://digikeyland.ir/wp-login.php" "Mozilla/5.0 (X11; Linux x86_64) AppleWebKit/537.36 (KHTML, like Gecko) Chrome/93.0.4577.63 Safari/537.36"
84.13.153.129 - - [11/Sep/2026:17:02:45 +0330] "GET /wp-login.php?redirect_to=https%3A%2F%2Fdigikeyland.ir%2Fwp-admin%2Findex.php&reauth=1 HTTP/1.1" 200 3804 "https://digikeyland.ir/wp-login.php" "Mozilla/5.0 (X11; Linux x86_64) AppleWebKit/537.36 (KHTML, like Gecko) Chrome/93.0.4577.63 Safari/537.36"
84.13.153.129 - - [11/Sep/2026:17:02:46 +0330] "GET /wp-admin/index.php HTTP/1.1" 302 20 "https://digikeyland.ir/wp-login.php" "Mozilla/5.0 (X11; Linux x86_64) AppleWebKit/537.36 (KHTML, like Gecko) Chrome/93.0.4577.63 Safari/537.36"
84.13.153.129 - - [11/Sep/2026:17:02:48 +0330] "GET /wp-login.php?redirect_to=https%3A%2F%2Fdigikeyland.ir%2Fwp-admin%2Findex.php&reauth=1 HTTP/1.1" 200 3804 "https://digikeyland.ir/wp-login.php" "Mozilla/5.0 (X11; Linux x86_64) AppleWebKit/537.36 (KHTML, like Gecko) Chrome/93.0.4577.63 Safari/537.36"
84.13.153.129 - - [11/Sep/2026:17:02:50 +0330] "POST /wp-login.php HTTP/1.1" 200 3978 "https://digikeyland.ir/wp-login.php" "Mozilla/5.0 (Macintosh; Intel Mac OS X 10_15_7) AppleWebKit/605.1.15 (KHTML, like Gecko) Version/14.0.3 Safari/605.1.15"
84.13.153.129 - - [11/Sep/2026:17:02:52 +0330] "GET /wp-admin/index.php HTTP/1.1" 302 20 "https://digikeyland.ir/wp-login.php" "Mozilla/5.0 (Macintosh; Intel Mac OS X 10_15_7; rv:90.0) Gecko/20100101 Firefox/90.0.1"
84.13.153.129 - - [11/Sep/2026:17:02:54 +0330] "GET /wp-login.php?redirect_to=https%3A%2F%2Fdigikeyland.ir%2Fwp-admin%2Findex.php&reauth=1 HTTP/1.1" 200 3804 "https://digikeyland.ir/wp-login.php" "Mozilla/5.0 (Macintosh; Intel Mac OS X 10_15_7; rv:90.0) Gecko/20100101 Firefox/90.0.1"
84.13.153.129 - - [11/Sep/2026:17:02:55 +0330] "GET /wp-admin/index.php HTTP/1.1" 302 20 "https://digikeyland.ir/wp-login.php" "Mozilla/5.0 (Macintosh; Intel Mac OS X 10_15_7; rv:90.0) Gecko/20100101 Firefox/90.0.1"
84.13.153.129 - - [11/Sep/2026:17:02:57 +0330] "GET /wp-login.php?redirect_to=https%3A%2F%2Fdigikeyland.ir%2Fwp-admin%2Findex.php&reauth=1 HTTP/1.1" 200 3804 "https://digikeyland.ir/wp-login.php" "Mozilla/5.0 (Macintosh; Intel Mac OS X 10_15_7; rv:90.0) Gecko/20100101 Firefox/90.0.1"
84.13.153.129 - - [11/Sep/2026:17:02:59 +0330] "POST /wp-login.php HTTP/1.1" 200 3978 "https://digikeyland.ir/wp-login.php" "Mozilla/5.0 (Macintosh; Intel Mac OS X 10_15_7) AppleWebKit/537.36 (KHTML, like Gecko) Chrome/93.0.4577.63 Safari/537.36"
84.13.153.129 - - [11/Sep/2026:17:03:00 +0330] "GET /wp-admin/index.php HTTP/1.1" 302 20 "https://digikeyland.ir/wp-login.php" "Mozilla/5.0 (Macintosh; Intel Mac OS X 10_15_7) AppleWebKit/537.36 (KHTML, like Gecko) Chrome/90.0.4430.212 Safari/537.36"
84.13.153.129 - - [11/Sep/2026:16:59:27 +0330] "GET /wp-login.php?redirect_to=https%3A%2F%2Fdigikeyland.ir%2Fwp-admin%2Findex.php&reauth=1 HTTP/1.1" 200 3804 "https://digikeyland.ir/wp-login.php" "Mozilla/5.0 (Macintosh; Intel Mac OS X 10_15_7) AppleWebKit/537.36 (KHTML, like Gecko) Chrome/90.0.4430.212 Safari/537.36"
84.13.153.129 - - [11/Sep/2026:16:59:28 +0330] "POST /wp-login.php HTTP/1.1" 200 3967 "https://digikeyland.ir/wp-login.php" "Mozilla/5.0 (Windows NT 6.1; Win64; x64) AppleWebKit/537.36 (KHTML, like Gecko) Chrome/91.0.4472.124 Safari/537.36"
84.13.153.129 - - [11/Sep/2026:16:59:31 +0330] "GET /wp-admin/index.php HTTP/1.1" 302 20 "https://digikeyland.ir/wp-login.php" "Mozilla/5.0 (Macintosh; Intel Mac OS X 10_15_7) AppleWebKit/605.1.15 (KHTML, like Gecko) Version/14.1 Safari/605.1.15"
84.13.153.129 - - [11/Sep/2026:16:59:33 +0330] "GET /wp-login.php?redirect_to=https%3A%2F%2Fdigikeyland.ir%2Fwp-admin%2Findex.php&reauth=1 HTTP/1.1" 200 3804 "https://digikeyland.ir/wp-login.php" "Mozilla/5.0 (Macintosh; Intel Mac OS X 10_15_7) AppleWebKit/605.1.15 (KHTML, like Gecko) Version/14.1 Safari/605.1.15"
84.13.153.129 - - [11/Sep/2026:16:59:35 +0330] "GET /wp-admin/index.php HTTP/1.1" 302 20 "https://digikeyland.ir/wp-login.php" "Mozilla/5.0 (Macintosh; Intel Mac OS X 10_15_7) AppleWebKit/605.1.15 (KHTML, like Gecko) Version/14.1 Safari/605.1.15"
84.13.153.129 - - [11/Sep/2026:16:59:37 +0330] "GET /wp-login.php?redirect_to=https%3A%2F%2Fdigikeyland.ir%2Fwp-admin%2Findex.php&reauth=1 HTTP/1.1" 200 3804 "https://digikeyland.ir/wp-login.php" "Mozilla/5.0 (Macintosh; Intel Mac OS X 10_15_7) AppleWebKit/605.1.15 (KHTML, like Gecko) Version/14.1 Safari/605.1.15"
185.130.50.10 - - [11/Sep/2026:16:57:57 +0330] "POST /wp-cron.php?doing_wp_cron=1789133277.6875369548797607421875 HTTP/1.1" 200 20 "-" "WordPress/7.1; https://digikeyland.ir"
185.130.50.10 - - [11/Sep/2026:16:57:59 +0330] "POST /wp-cron.php?doing_wp_cron=1789133279.3734738826751708984375 HTTP/1.1" 200 20 "-" "WordPress/7.1; https://digikeyland.ir"
5.123.117.132 - - [11/Sep/2026:16:58:10 +0330] "GET /cart/ HTTP/2" 200 57378 "https://digikeyland.ir/product/chatgpt-plus/" "Mozilla/5.0 (Windows NT 10.0; Win64; x64) AppleWebKit/537.36 (KHTML, like Gecko) Chrome/152.0.0.0 Safari/537.36"
5.123.117.132 - - [11/Sep/2026:16:58:13 +0330] "GET /wp-content/plugins/woocommerce/assets/js/frontend/country-select.min.js?ver=11.1.0 HTTP/2" 200 989 "https://digikeyland.ir/cart/" "Mozilla/5.0 (Windows NT 10.0; Win64; x64) AppleWebKit/537.36 (KHTML, like Gecko) Chrome/152.0.0.0 Safari/537.36"
5.123.117.132 - - [11/Sep/2026:16:58:13 +0330] "GET /wp-content/plugins/woocommerce/assets/js/frontend/address-i18n.min.js?ver=11.1.0 HTTP/2" 200 871 "https://digikeyland.ir/cart/" "Mozilla/5.0 (Windows NT 10.0; Win64; x64) AppleWebKit/537.36 (KHTML, like Gecko) Chrome/152.0.0.0 Safari/537.36"
5.123.117.132 - - [11/Sep/2026:16:58:13 +0330] "GET /wp-content/plugins/woocommerce/assets/js/frontend/cart.min.js?ver=11.1.0 HTTP/2" 200 2303 "https://digikeyland.ir/cart/" "Mozilla/5.0 (Windows NT 10.0; Win64; x64) AppleWebKit/537.36 (KHTML, like Gecko) Chrome/152.0.0.0 Safari/537.36"
5.210.75.8 - - [11/Sep/2026:17:02:42 +0330] "GET /wp-content/uploads/2026/07/Poweramp-Music-Player-768x768.webp HTTP/2" 200 44128 "https://digikeyland.ir/product/chatgpt-plus/?utm_medium=PPC&utm_source=Torob&torob_clid=01a090ab-8b68-7538-b46f-94b513288f21" "Mozilla/5.0 (Linux; Android 15; motorola edge 40 Build/V1TLS35.73-60-3-14; wv) AppleWebKit/537.36 (KHTML, like Gecko) Version/4.0 Chrome/151.0.7922.200 Mobile Safari/537.36"
5.210.75.8 - - [11/Sep/2026:17:02:42 +0330] "GET /wp-content/plugins/elementor/assets/js/text-editor.45609661e409413f1cef.bundle.min.js HTTP/2" 200 592 "https://digikeyland.ir/product/chatgpt-plus/?utm_medium=PPC&utm_source=Torob&torob_clid=01a090ab-8b68-7538-b46f-94b513288f21" "Mozilla/5.0 (Linux; Android 15; motorola edge 40 Build/V1TLS35.73-60-3-14; wv) AppleWebKit/537.36 (KHTML, like Gecko) Version/4.0 Chrome/151.0.7922.200 Mobile Safari/537.36"
5.210.75.8 - - [11/Sep/2026:17:02:42 +0330] "GET /wp-content/uploads/2025/12/cropped-digikeyland-flaticon-1-192x192.webp HTTP/2" 200 3776 "https://digikeyland.ir/product/chatgpt-plus/?utm_medium=PPC&utm_source=Torob&torob_clid=01a090ab-8b68-7538-b46f-94b513288f21" "Mozilla/5.0 (Linux; Android 15; motorola edge 40 Build/V1TLS35.73-60-3-14; wv) AppleWebKit/537.36 (KHTML, like Gecko) Version/4.0 Chrome/151.0.7922.200 Mobile Safari/537.36"
5.210.75.8 - - [11/Sep/2026:17:02:42 +0330] "GET /wp-content/uploads/2025/12/chatgpt-600x600.webp HTTP/2" 200 29708 "https://digikeyland.ir/product/chatgpt-plus/?utm_medium=PPC&utm_source=Torob&torob_clid=01a090ab-8b68-7538-b46f-94b513288f21" "Mozilla/5.0 (Linux; Android 15; motorola edge 40 Build/V1TLS35.73-60-3-14; wv) AppleWebKit/537.36 (KHTML, like Gecko) Version/4.0 Chrome/151.0.7922.200 Mobile Safari/537.36"
5.210.75.8 - - [11/Sep/2026:17:02:42 +0330] "GET /wp-content/uploads/2025/12/cropped-digikeyland-flaticon-1-32x32.webp HTTP/2" 200 718 "https://digikeyland.ir/product/chatgpt-plus/?utm_medium=PPC&utm_source=Torob&torob_clid=01a090ab-8b68-7538-b46f-94b513288f21" "Mozilla/5.0 (Linux; Android 15; motorola edge 40 Build/V1TLS35.73-60-3-14; wv) AppleWebKit/537.36 (KHTML, like Gecko) Version/4.0 Chrome/151.0.7922.200 Mobile Safari/537.36"
5.210.75.8 - - [11/Sep/2026:17:02:42 +0330] "GET /wp-includes/js/wp-emoji-release.min.js?ver=7.1 HTTP/2" 200 4974 "https://digikeyland.ir/product/chatgpt-plus/?utm_medium=PPC&utm_source=Torob&torob_clid=01a090ab-8b68-7538-b46f-94b513288f21" "Mozilla/5.0 (Linux; Android 15; motorola edge 40 Build/V1TLS35.73-60-3-14; wv) AppleWebKit/537.36 (KHTML, like Gecko) Version/4.0 Chrome/151.0.7922.200 Mobile Safari/537.36"
5.123.117.132 - - [11/Sep/2026:17:02:41 +0330] "GET /wp-content/themes/shopi/assets/css/style.css?ver=2.0.0 HTTP/2" 404 60049 "https://digikeyland.ir/checkout/" "Mozilla/5.0 (Windows NT 10.0; Win64; x64) AppleWebKit/537.36 (KHTML, like Gecko) Chrome/152.0.0.0 Safari/537.36"
5.210.75.8 - - [11/Sep/2026:17:02:46 +0330] "GET /wp-content/uploads/2024/11/1-12.png HTTP/2" 200 2778 "https://digikeyland.ir/product/chatgpt-plus/?utm_medium=PPC&utm_source=Torob&torob_clid=01a090ab-8b68-7538-b46f-94b513288f21" "Mozilla/5.0 (Linux; Android 15; motorola edge 40 Build/V1TLS35.73-60-3-14; wv) AppleWebKit/537.36 (KHTML, like Gecko) Version/4.0 Chrome/151.0.7922.200 Mobile Safari/537.36"
5.210.75.8 - - [11/Sep/2026:17:02:46 +0330] "GET /wp-content/uploads/2024/11/4-4.png HTTP/2" 200 2833 "https://digikeyland.ir/product/chatgpt-plus/?utm_medium=PPC&utm_source=Torob&torob_clid=01a090ab-8b68-7538-b46f-94b513288f21" "Mozilla/5.0 (Linux; Android 15; motorola edge 40 Build/V1TLS35.73-60-3-14; wv) AppleWebKit/537.36 (KHTML, like Gecko) Version/4.0 Chrome/151.0.7922.200 Mobile Safari/537.36"
5.123.117.132 - - [11/Sep/2026:17:02:45 +0330] "POST /?wc-ajax=update_order_review HTTP/2" 200 1890 "https://digikeyland.ir/checkout/" "Mozilla/5.0 (Windows NT 10.0; Win64; x64) AppleWebKit/537.36 (KHTML, like Gecko) Chrome/152.0.0.0 Safari/537.36"
84.13.153.129 - - [11/Sep/2026:17:03:02 +0330] "GET /wp-login.php?redirect_to=https%3A%2F%2Fdigikeyland.ir%2Fwp-admin%2Findex.php&reauth=1 HTTP/1.1" 200 3804 "https://digikeyland.ir/wp-login.php" "Mozilla/5.0 (Macintosh; Intel Mac OS X 10_15_7) AppleWebKit/537.36 (KHTML, like Gecko) Chrome/90.0.4430.212 Safari/537.36"
84.13.153.129 - - [11/Sep/2026:17:03:03 +0330] "GET /wp-admin/index.php HTTP/1.1" 302 20 "https://digikeyland.ir/wp-login.php" "Mozilla/5.0 (Macintosh; Intel Mac OS X 10_15_7) AppleWebKit/537.36 (KHTML, like Gecko) Chrome/90.0.4430.212 Safari/537.36"
84.13.153.129 - - [11/Sep/2026:17:03:05 +0330] "GET /wp-login.php?redirect_to=https%3A%2F%2Fdigikeyland.ir%2Fwp-admin%2Findex.php&reauth=1 HTTP/1.1" 200 3804 "https://digikeyland.ir/wp-login.php" "Mozilla/5.0 (Macintosh; Intel Mac OS X 10_15_7) AppleWebKit/537.36 (KHTML, like Gecko) Chrome/90.0.4430.212 Safari/537.36"
84.13.153.129 - - [11/Sep/2026:17:03:06 +0330] "POST /wp-login.php HTTP/1.1" 200 3974 "https://digikeyland.ir/wp-login.php" "Mozilla/5.0 (Windows NT 6.1; Win64; x64) AppleWebKit/537.36 (KHTML, like Gecko) Chrome/91.0.4472.124 Safari/537.36"
84.13.153.129 - - [11/Sep/2026:17:03:08 +0330] "GET /wp-admin/index.php HTTP/1.1" 302 20 "https://digikeyland.ir/wp-login.php" "Mozilla/5.0 (Macintosh; Intel Mac OS X 10_15_7; rv:90.0) Gecko/20100101 Firefox/90.0.1"
84.13.153.129 - - [11/Sep/2026:17:03:10 +0330] "GET /wp-login.php?redirect_to=https%3A%2F%2Fdigikeyland.ir%2Fwp-admin%2Findex.php&reauth=1 HTTP/1.1" 200 3804 "https://digikeyland.ir/wp-login.php" "Mozilla/5.0 (Macintosh; Intel Mac OS X 10_15_7; rv:90.0) Gecko/20100101 Firefox/90.0.1"
84.13.153.129 - - [11/Sep/2026:17:03:11 +0330] "GET /wp-admin/index.php HTTP/1.1" 302 20 "https://digikeyland.ir/wp-login.php" "Mozilla/5.0 (Macintosh; Intel Mac OS X 10_15_7; rv:90.0) Gecko/20100101 Firefox/90.0.1"
84.13.153.129 - - [11/Sep/2026:17:03:13 +0330] "GET /wp-login.php?redirect_to=https%3A%2F%2Fdigikeyland.ir%2Fwp-admin%2Findex.php&reauth=1 HTTP/1.1" 200 3804 "https://digikeyland.ir/wp-login.php" "Mozilla/5.0 (Macintosh; Intel Mac OS X 10_15_7; rv:90.0) Gecko/20100101 Firefox/90.0.1"
84.13.153.129 - - [11/Sep/2026:17:03:15 +0330] "POST /wp-login.php HTTP/1.1" 200 3973 "https://digikeyland.ir/wp-login.php" "Mozilla/5.0 (Windows NT 6.1; Win64; x64) AppleWebKit/537.36 (KHTML, like Gecko) Chrome/93.0.4577.63 Safari/537.36"
84.13.153.129 - - [11/Sep/2026:17:03:17 +0330] "GET /wp-admin/index.php HTTP/1.1" 302 20 "https://digikeyland.ir/wp-login.php" "Mozilla/5.0 (Windows NT 6.1; Win64; x64; rv:92.0) Gecko/20100101 Firefox/92.0"
84.13.153.129 - - [11/Sep/2026:17:03:18 +0330] "GET /wp-login.php?redirect_to=https%3A%2F%2Fdigikeyland.ir%2Fwp-admin%2Findex.php&reauth=1 HTTP/1.1" 200 3804 "https://digikeyland.ir/wp-login.php" "Mozilla/5.0 (Windows NT 6.1; Win64; x64; rv:92.0) Gecko/20100101 Firefox/92.0"
84.13.153.129 - - [11/Sep/2026:17:03:20 +0330] "GET /wp-admin/index.php HTTP/1.1" 302 20 "https://digikeyland.ir/wp-login.php" "Mozilla/5.0 (Windows NT 6.1; Win64; x64; rv:92.0) Gecko/20100101 Firefox/92.0"
84.13.153.129 - - [11/Sep/2026:17:03:21 +0330] "GET /wp-login.php?redirect_to=https%3A%2F%2Fdigikeyland.ir%2Fwp-admin%2Findex.php&reauth=1 HTTP/1.1" 200 3804 "https://digikeyland.ir/wp-login.php" "Mozilla/5.0 (Windows NT 6.1; Win64; x64; rv:92.0) Gecko/20100101 Firefox/92.0"
46.100.87.66 - - [11/Sep/2026:17:03:22 +0330] "POST /wp-admin/admin-ajax.php HTTP/2" 200 67 "https://digikeyland.ir/wp-admin/edit.php?s=6058&post_status=all&post_type=shop_order&action=-1&m=0&pwp_m=0&_created_via&_customer_user&paged=1&action2=-1" "Mozilla/5.0 (Windows NT 10.0; Win64; x64) AppleWebKit/537.36 (KHTML, like Gecko) Chrome/153.0.0.0 Safari/537.36"
84.13.153.129 - - [11/Sep/2026:17:03:23 +0330] "POST /wp-login.php HTTP/1.1" 200 3971 "https://digikeyland.ir/wp-login.php" "Mozilla/5.0 (Windows NT 6.1; Win64; x64; rv:90.0) Gecko/20100101 Firefox/90.0.1"
46.100.87.66 - - [11/Sep/2026:17:03:24 +0330] "GET /wp-admin/edit.php?s=6059&post_status=all&post_type=shop_order&_wpnonce=030e759eea&_wp_http_referer=%2Fwp-admin%2Fedit.php%3Fs%3D6058%26post_status%3Dall%26post_type%3Dshop_order%26action%3D-1%26m%3D0%26pwp_m%3D0%26_created_via%26_customer_user%26paged%3D1%26action2%3D-1&action=-1&m=0&pwp_m=0&_created_via=&_customer_user=&paged=1&action2=-1 HTTP/2" 302 20 "https://digikeyland.ir/wp-admin/edit.php?s=6058&post_status=all&post_type=shop_order&action=-1&m=0&pwp_m=0&_created_via&_customer_user&paged=1&action2=-1" "Mozilla/5.0 (Windows NT 10.0; Win64; x64) AppleWebKit/537.36 (KHTML, like Gecko) Chrome/153.0.0.0 Safari/537.36"
84.13.153.129 - - [11/Sep/2026:17:03:24 +0330] "GET /wp-admin/index.php HTTP/1.1" 302 20 "https://digikeyland.ir/wp-login.php" "Mozilla/5.0 (Windows NT 10.0; Win64; x64) AppleWebKit/605.1.15 (KHTML, like Gecko) Version/14.1 Safari/605.1.15"
84.13.153.129 - - [11/Sep/2026:17:03:27 +0330] "GET /wp-login.php?redirect_to=https%3A%2F%2Fdigikeyland.ir%2Fwp-admin%2Findex.php&reauth=1 HTTP/1.1" 200 3804 "https://digikeyland.ir/wp-login.php" "Mozilla/5.0 (Windows NT 10.0; Win64; x64) AppleWebKit/605.1.15 (KHTML, like Gecko) Version/14.1 Safari/605.1.15"
185.130.50.10 - - [11/Sep/2026:17:03:32 +0330] "POST /wp-cron.php?doing_wp_cron=1789133612.0011320114135742187500 HTTP/1.1" 200 20 "-" "WordPress/7.1; https://digikeyland.ir"
46.100.87.66 - - [11/Sep/2026:17:03:27 +0330] "GET /wp-admin/edit.php?s=6059&post_status=all&post_type=shop_order&action=-1&m=0&pwp_m=0&_created_via&_customer_user&paged=1&action2=-1 HTTP/2" 200 237427 "https://digikeyland.ir/wp-admin/edit.php?s=6058&post_status=all&post_type=shop_order&action=-1&m=0&pwp_m=0&_created_via&_customer_user&paged=1&action2=-1" "Mozilla/5.0 (Windows NT 10.0; Win64; x64) AppleWebKit/537.36 (KHTML, like Gecko) Chrome/153.0.0.0 Safari/537.36"
84.13.153.129 - - [11/Sep/2026:17:03:30 +0330] "GET /wp-admin/index.php HTTP/1.1" 302 20 "https://digikeyland.ir/wp-login.php" "Mozilla/5.0 (Windows NT 10.0; Win64; x64) AppleWebKit/605.1.15 (KHTML, like Gecko) Version/14.1 Safari/605.1.15"
84.13.153.129 - - [11/Sep/2026:17:03:34 +0330] "GET /wp-login.php?redirect_to=https%3A%2F%2Fdigikeyland.ir%2Fwp-admin%2Findex.php&reauth=1 HTTP/1.1" 200 3804 "https://digikeyland.ir/wp-login.php" "Mozilla/5.0 (Windows NT 10.0; Win64; x64) AppleWebKit/605.1.15 (KHTML, like Gecko) Version/14.1 Safari/605.1.15"
46.100.87.66 - - [11/Sep/2026:17:03:32 +0330] "GET /wp-content/themes/shopi/includes/redux-core/assets/css/redux.css?ver=7.1 HTTP/2" 404 72053 "https://digikeyland.ir/wp-admin/edit.php?s=6059&post_status=all&post_type=shop_order&action=-1&m=0&pwp_m=0&_created_via&_customer_user&paged=1&action2=-1" "Mozilla/5.0 (Windows NT 10.0; Win64; x64) AppleWebKit/537.36 (KHTML, like Gecko) Chrome/153.0.0.0 Safari/537.36"
84.13.153.129 - - [11/Sep/2026:17:03:37 +0330] "POST /wp-login.php HTTP/1.1" 200 3972 "https://digikeyland.ir/wp-login.php" "Mozilla/5.0 (X11; Linux x86_64) AppleWebKit/537.36 (KHTML, like Gecko) Chrome/94.0.4606.71 Safari/537.36"
46.100.87.66 - - [11/Sep/2026:17:03:38 +0330] "GET /wp-json/wc-analytics/activity-panel/counts?_locale=user HTTP/2" 200 94 "https://digikeyland.ir/wp-admin/edit.php?s=6059&post_status=all&post_type=shop_order&action=-1&m=0&pwp_m=0&_created_via&_customer_user&paged=1&action2=-1" "Mozilla/5.0 (Windows NT 10.0; Win64; x64) AppleWebKit/537.36 (KHTML, like Gecko) Chrome/153.0.0.0 Safari/537.36"
46.100.87.66 - - [11/Sep/2026:17:03:38 +0330] "GET /wp-json/wc-admin/onboarding/tasks?_locale=user HTTP/2" 200 1843 "https://digikeyland.ir/wp-admin/edit.php?s=6059&post_status=all&post_type=shop_order&action=-1&m=0&pwp_m=0&_created_via&_customer_user&paged=1&action2=-1" "Mozilla/5.0 (Windows NT 10.0; Win64; x64) AppleWebKit/537.36 (KHTML, like Gecko) Chrome/153.0.0.0 Safari/537.36"
46.100.87.66 - - [11/Sep/2026:17:03:38 +0330] "GET /wp-json/wc-analytics/admin/notes?page=1&per_page=25&type=error%2Cupdate&status=unactioned&_locale=user HTTP/2" 200 22 "https://digikeyland.ir/wp-admin/edit.php?s=6059&post_status=all&post_type=shop_order&action=-1&m=0&pwp_m=0&_created_via&_customer_user&paged=1&action2=-1" "Mozilla/5.0 (Windows NT 10.0; Win64; x64) AppleWebKit/537.36 (KHTML, like Gecko) Chrome/153.0.0.0 Safari/537.36"
46.100.87.66 - - [11/Sep/2026:17:03:38 +0330] "GET /wp-json/wc-admin/options?options=woocommerce_admin_transient_notices_queue%2Cwoocommerce_admin_install_timestamp&_locale=user HTTP/2" 200 101 "https://digikeyland.ir/wp-admin/edit.php?s=6059&post_status=all&post_type=shop_order&action=-1&m=0&pwp_m=0&_created_via&_customer_user&paged=1&action2=-1" "Mozilla/5.0 (Windows NT 10.0; Win64; x64) AppleWebKit/537.36 (KHTML, like Gecko) Chrome/153.0.0.0 Safari/537.36"
84.13.153.129 - - [11/Sep/2026:17:03:44 +0330] "GET /wp-admin/index.php HTTP/1.1" 302 20 "https://digikeyland.ir/wp-login.php" "Mozilla/5.0 (Windows NT 10.0; Win64; x64) AppleWebKit/537.36 (KHTML, like Gecko) Chrome/94.0.4606.71 Safari/537.36"
46.100.87.66 - - [11/Sep/2026:17:03:38 +0330] "GET /wp-json/wc-admin/options?options=woocommerce_ces_tracks_queue&_locale=user HTTP/2" 200 58 "https://digikeyland.ir/wp-admin/edit.php?s=6059&post_status=all&post_type=shop_order&action=-1&m=0&pwp_m=0&_created_via&_customer_user&paged=1&action2=-1" "Mozilla/5.0 (Windows NT 10.0; Win64; x64) AppleWebKit/537.36 (KHTML, like Gecko) Chrome/153.0.0.0 Safari/537.36"
46.100.87.66 - - [11/Sep/2026:17:03:38 +0330] "GET /wp-json/wp/v2/users/me?context=edit&_locale=user HTTP/2" 200 1496 "https://digikeyland.ir/wp-admin/edit.php?s=6059&post_status=all&post_type=shop_order&action=-1&m=0&pwp_m=0&_created_via&_customer_user&paged=1&action2=-1" "Mozilla/5.0 (Windows NT 10.0; Win64; x64) AppleWebKit/537.36 (KHTML, like Gecko) Chrome/153.0.0.0 Safari/537.36"
46.100.87.66 - - [11/Sep/2026:17:03:38 +0330] "POST /wp-admin/admin-ajax.php HTTP/2" 200 67 "https://digikeyland.ir/wp-admin/edit.php?s=6059&post_status=all&post_type=shop_order&action=-1&m=0&pwp_m=0&_created_via&_customer_user&paged=1&action2=-1" "Mozilla/5.0 (Windows NT 10.0; Win64; x64) AppleWebKit/537.36 (KHTML, like Gecko) Chrome/153.0.0.0 Safari/537.36"
84.13.153.129 - - [11/Sep/2026:17:03:49 +0330] "GET /wp-admin/index.php HTTP/1.1" 302 20 "https://digikeyland.ir/wp-login.php" "Mozilla/5.0 (Windows NT 10.0; Win64; x64) AppleWebKit/537.36 (KHTML, like Gecko) Chrome/94.0.4606.71 Safari/537.36"
43.164.192.151 - - [11/Sep/2026:17:03:46 +0330] "GET / HTTP/1.1" 301 20 "http://www.digikeyland.ir" "Mozilla/5.0 (iPhone; CPU iPhone OS 13_2_3 like Mac OS X) AppleWebKit/605.1.15 (KHTML, like Gecko) Version/13.0.3 Mobile/15E148 Safari/604.1"
46.100.87.66 - - [11/Sep/2026:17:03:38 +0330] "POST /wp-admin/admin-ajax.php HTTP/2" 200 20 "https://digikeyland.ir/wp-admin/edit.php?s=6059&post_status=all&post_type=shop_order&action=-1&m=0&pwp_m=0&_created_via&_customer_user&paged=1&action2=-1" "Mozilla/5.0 (Windows NT 10.0; Win64; x64) AppleWebKit/537.36 (KHTML, like Gecko) Chrome/153.0.0.0 Safari/537.36"
46.100.87.66 - - [11/Sep/2026:17:03:38 +0330] "POST /wp-admin/admin-ajax.php HTTP/2" 200 20 "https://digikeyland.ir/wp-admin/edit.php?s=6059&post_status=all&post_type=shop_order&action=-1&m=0&pwp_m=0&_created_via&_customer_user&paged=1&action2=-1" "Mozilla/5.0 (Windows NT 10.0; Win64; x64) AppleWebKit/537.36 (KHTML, like Gecko) Chrome/153.0.0.0 Safari/537.36"
46.100.87.66 - - [11/Sep/2026:17:03:38 +0330] "POST /wp-admin/admin-ajax.php HTTP/2" 200 21 "https://digikeyland.ir/wp-admin/edit.php?s=6059&post_status=all&post_type=shop_order&action=-1&m=0&pwp_m=0&_created_via&_customer_user&paged=1&action2=-1" "Mozilla/5.0 (Windows NT 10.0; Win64; x64) AppleWebKit/537.36 (KHTML, like Gecko) Chrome/153.0.0.0 Safari/537.36"
84.13.153.129 - - [11/Sep/2026:17:03:53 +0330] "GET /wp-login.php?redirect_to=https%3A%2F%2Fdigikeyland.ir%2Fwp-admin%2Findex.php&reauth=1 HTTP/1.1" 200 3804 "https://digikeyland.ir/wp-login.php" "Mozilla/5.0 (Windows NT 10.0; Win64; x64) AppleWebKit/537.36 (KHTML, like Gecko) Chrome/94.0.4606.71 Safari/537.36"
46.100.87.66 - - [11/Sep/2026:17:03:52 +0330] "GET /wp-admin/edit.php?post_type=shop_order&all_posts=1 HTTP/2" 200 241361 "https://digikeyland.ir/wp-admin/edit.php?s=6059&post_status=all&post_type=shop_order&action=-1&m=0&pwp_m=0&_created_via&_customer_user&paged=1&action2=-1" "Mozilla/5.0 (Windows NT 10.0; Win64; x64) AppleWebKit/537.36 (KHTML, like Gecko) Chrome/153.0.0.0 Safari/537.36"
46.100.87.66 - - [11/Sep/2026:17:03:52 +0330] "POST /wp-admin/admin-ajax.php HTTP/2" 200 67 "https://digikeyland.ir/wp-admin/edit.php?s=6059&post_status=all&post_type=shop_order&action=-1&m=0&pwp_m=0&_created_via&_customer_user&paged=1&action2=-1" "Mozilla/5.0 (Windows NT 10.0; Win64; x64) AppleWebKit/537.36 (KHTML, like Gecko) Chrome/153.0.0.0 Safari/537.36"
84.13.153.129 - - [11/Sep/2026:17:03:56 +0330] "POST /wp-login.php HTTP/1.1" 200 3968 "https://digikeyland.ir/wp-login.php" "Mozilla/5.0 (Windows NT 6.1; Win64; x64; rv:89.0) Gecko/20100101 Firefox/89.0.2"
84.13.153.129 - - [11/Sep/2026:17:03:58 +0330] "GET /wp-admin/index.php HTTP/1.1" 302 20 "https://digikeyland.ir/wp-login.php" "Mozilla/5.0 (Windows NT 10.0; Win64; x64) AppleWebKit/605.1.15 (KHTML, like Gecko) Version/14.1.2 Safari/605.1.15"
46.100.87.66 - - [11/Sep/2026:17:03:57 +0330] "GET /wp-content/themes/shopi/includes/redux-core/assets/css/redux.css?ver=7.1 HTTP/2" 404 72005 "https://digikeyland.ir/wp-admin/edit.php?post_type=shop_order&all_posts=1" "Mozilla/5.0 (Windows NT 10.0; Win64; x64) AppleWebKit/537.36 (KHTML, like Gecko) Chrome/153.0.0.0 Safari/537.36"
84.13.153.129 - - [11/Sep/2026:17:03:59 +0330] "GET /wp-login.php?redirect_to=https%3A%2F%2Fdigikeyland.ir%2Fwp-admin%2Findex.php&reauth=1 HTTP/1.1" 200 3804 "https://digikeyland.ir/wp-login.php" "Mozilla/5.0 (Windows NT 10.0; Win64; x64) AppleWebKit/605.1.15 (KHTML, like Gecko) Version/14.1.2 Safari/605.1.15"
46.100.87.66 - - [11/Sep/2026:17:04:00 +0330] "GET /wp-json/wp/v2/users/me?context=edit&_locale=user HTTP/2" 200 1496 "https://digikeyland.ir/wp-admin/edit.php?post_type=shop_order&all_posts=1" "Mozilla/5.0 (Windows NT 10.0; Win64; x64) AppleWebKit/537.36 (KHTML, like Gecko) Chrome/153.0.0.0 Safari/537.36"
46.100.87.66 - - [11/Sep/2026:17:04:00 +0330] "GET /wp-json/wc-admin/onboarding/tasks?_locale=user HTTP/2" 200 1843 "https://digikeyland.ir/wp-admin/edit.php?post_type=shop_order&all_posts=1" "Mozilla/5.0 (Windows NT 10.0; Win64; x64) AppleWebKit/537.36 (KHTML, like Gecko) Chrome/153.0.0.0 Safari/537.36"
46.100.87.66 - - [11/Sep/2026:17:04:00 +0330] "GET /wp-json/wc-admin/options?options=woocommerce_ces_tracks_queue&_locale=user HTTP/2" 200 58 "https://digikeyland.ir/wp-admin/edit.php?post_type=shop_order&all_posts=1" "Mozilla/5.0 (Windows NT 10.0; Win64; x64) AppleWebKit/537.36 (KHTML, like Gecko) Chrome/153.0.0.0 Safari/537.36"
84.13.153.129 - - [11/Sep/2026:17:04:04 +0330] "GET /wp-admin/index.php HTTP/1.1" 302 20 "https://digikeyland.ir/wp-login.php" "Mozilla/5.0 (Windows NT 10.0; Win64; x64) AppleWebKit/605.1.15 (KHTML, like Gecko) Version/14.1.2 Safari/605.1.15"
46.100.87.66 - - [11/Sep/2026:17:04:00 +0330] "POST /wp-admin/admin-ajax.php HTTP/2" 200 67 "https://digikeyland.ir/wp-admin/edit.php?post_type=shop_order&all_posts=1" "Mozilla/5.0 (Windows NT 10.0; Win64; x64) AppleWebKit/537.36 (KHTML, like Gecko) Chrome/153.0.0.0 Safari/537.36"
46.100.87.66 - - [11/Sep/2026:17:04:00 +0330] "POST /wp-admin/admin-ajax.php HTTP/2" 200 21 "https://digikeyland.ir/wp-admin/edit.php?post_type=shop_order&all_posts=1" "Mozilla/5.0 (Windows NT 10.0; Win64; x64) AppleWebKit/537.36 (KHTML, like Gecko) Chrome/153.0.0.0 Safari/537.36"
46.100.87.66 - - [11/Sep/2026:17:04:05 +0330] "GET /wp-admin/edit.php?post_type=shop_order&all_posts=1&paged=2 HTTP/2" 200 0 "https://digikeyland.ir/wp-admin/edit.php?post_type=shop_order&all_posts=1" "Mozilla/5.0 (Windows NT 10.0; Win64; x64) AppleWebKit/537.36 (KHTML, like Gecko) Chrome/153.0.0.0 Safari/537.36"
46.100.87.66 - - [11/Sep/2026:17:04:00 +0330] "GET /wp-json/wc-analytics/activity-panel/counts?_locale=user HTTP/2" 200 94 "https://digikeyland.ir/wp-admin/edit.php?post_type=shop_order&all_posts=1" "Mozilla/5.0 (Windows NT 10.0; Win64; x64) AppleWebKit/537.36 (KHTML, like Gecko) Chrome/153.0.0.0 Safari/537.36"
84.13.153.129 - - [11/Sep/2026:17:04:09 +0330] "POST /wp-login.php HTTP/1.1" 200 3970 "https://digikeyland.ir/wp-login.php" "Mozilla/5.0 (Windows NT 6.1; Win64; x64) AppleWebKit/537.36 (KHTML, like Gecko) Chrome/91.0.4472.124 Safari/537.36"
46.100.87.66 - - [11/Sep/2026:17:04:00 +0330] "GET /wp-json/wc-analytics/admin/notes?page=1&per_page=25&type=error%2Cupdate&status=unactioned&_locale=user HTTP/2" 200 22 "https://digikeyland.ir/wp-admin/edit.php?post_type=shop_order&all_posts=1" "Mozilla/5.0 (Windows NT 10.0; Win64; x64) AppleWebKit/537.36 (KHTML, like Gecko) Chrome/153.0.0.0 Safari/537.36"
46.100.87.66 - - [11/Sep/2026:17:04:00 +0330] "GET /wp-json/wc-admin/options?options=woocommerce_admin_transient_notices_queue%2Cwoocommerce_admin_install_timestamp&_locale=user HTTP/2" 200 101 "https://digikeyland.ir/wp-admin/edit.php?post_type=shop_order&all_posts=1" "Mozilla/5.0 (Windows NT 10.0; Win64; x64) AppleWebKit/537.36 (KHTML, like Gecko) Chrome/153.0.0.0 Safari/537.36"
46.100.87.66 - - [11/Sep/2026:17:04:00 +0330] "POST /wp-admin/admin-ajax.php HTTP/2" 200 20 "https://digikeyland.ir/wp-admin/edit.php?post_type=shop_order&all_posts=1" "Mozilla/5.0 (Windows NT 10.0; Win64; x64) AppleWebKit/537.36 (KHTML, like Gecko) Chrome/153.0.0.0 Safari/537.36"
5.123.117.132 - - [11/Sep/2026:17:04:09 +0330] "POST /?wc-ajax=checkout HTTP/2" 200 135 "https://digikeyland.ir/checkout/" "Mozilla/5.0 (Windows NT 10.0; Win64; x64) AppleWebKit/537.36 (KHTML, like Gecko) Chrome/152.0.0.0 Safari/537.36"
46.100.87.66 - - [11/Sep/2026:17:04:00 +0330] "POST /wp-admin/admin-ajax.php HTTP/2" 200 20 "https://digikeyland.ir/wp-admin/edit.php?post_type=shop_order&all_posts=1" "Mozilla/5.0 (Windows NT 10.0; Win64; x64) AppleWebKit/537.36 (KHTML, like Gecko) Chrome/153.0.0.0 Safari/537.36"
46.100.87.66 - - [11/Sep/2026:17:04:13 +0330] "POST /wp-admin/admin-ajax.php HTTP/2" 200 67 "https://digikeyland.ir/wp-admin/edit.php?post_type=shop_order&all_posts=1" "Mozilla/5.0 (Windows NT 10.0; Win64; x64) AppleWebKit/537.36 (KHTML, like Gecko) Chrome/153.0.0.0 Safari/537.36"
46.100.87.66 - - [11/Sep/2026:17:04:14 +0330] "POST /wp-admin/admin-ajax.php HTTP/2" 200 67 "https://digikeyland.ir/wp-admin/edit.php?post_type=shop_order" "Mozilla/5.0 (Windows NT 10.0; Win64; x64) AppleWebKit/537.36 (KHTML, like Gecko) Chrome/153.0.0.0 Safari/537.36"
84.13.153.129 - - [11/Sep/2026:17:04:16 +0330] "GET /wp-admin/index.php HTTP/1.1" 302 20 "https://digikeyland.ir/wp-login.php" "Mozilla/5.0 (Windows NT 10.0; Win64; x64) AppleWebKit/605.1.15 (KHTML, like Gecko) Version/14.1 Safari/605.1.15"
46.100.87.66 - - [11/Sep/2026:17:04:15 +0330] "GET /wp-admin/edit.php?post_type=shop_order&all_posts=4 HTTP/2" 200 241235 "-" "Mozilla/5.0 (Windows NT 10.0; Win64; x64) AppleWebKit/537.36 (KHTML, like Gecko) Chrome/153.0.0.0 Safari/537.36"
84.13.153.129 - - [11/Sep/2026:17:04:20 +0330] "GET /wp-login.php?redirect_to=https%3A%2F%2Fdigikeyland.ir%2Fwp-admin%2Findex.php&reauth=1 HTTP/1.1" 200 3804 "https://digikeyland.ir/wp-login.php" "Mozilla/5.0 (Windows NT 10.0; Win64; x64) AppleWebKit/605.1.15 (KHTML, like Gecko) Version/14.1 Safari/605.1.15"
5.123.117.132 - - [11/Sep/2026:17:04:18 +0330] "GET /checkout/order-pay/6377/?key=wc_order_SG6LxzYGTrKMH HTTP/2" 302 45794 "https://digikeyland.ir/checkout/" "Mozilla/5.0 (Windows NT 10.0; Win64; x64) AppleWebKit/537.36 (KHTML, like Gecko) Chrome/152.0.0.0 Safari/537.36"
84.13.153.129 - - [11/Sep/2026:17:04:22 +0330] "GET /wp-admin/index.php HTTP/1.1" 302 20 "https://digikeyland.ir/wp-login.php" "Mozilla/5.0 (Windows NT 10.0; Win64; x64) AppleWebKit/605.1.15 (KHTML, like Gecko) Version/14.1 Safari/605.1.15"
46.100.87.66 - - [11/Sep/2026:17:04:21 +0330] "GET /wp-content/themes/shopi/includes/redux-core/assets/css/redux.css?ver=7.1 HTTP/2" 404 72006 "https://digikeyland.ir/wp-admin/edit.php?post_type=shop_order&all_posts=4" "Mozilla/5.0 (Windows NT 10.0; Win64; x64) AppleWebKit/537.36 (KHTML, like Gecko) Chrome/153.0.0.0 Safari/537.36"
84.13.153.129 - - [11/Sep/2026:17:04:24 +0330] "GET /wp-login.php?redirect_to=https%3A%2F%2Fdigikeyland.ir%2Fwp-admin%2Findex.php&reauth=1 HTTP/1.1" 200 3804 "https://digikeyland.ir/wp-login.php" "Mozilla/5.0 (Windows NT 10.0; Win64; x64) AppleWebKit/605.1.15 (KHTML, like Gecko) Version/14.1 Safari/605.1.15"
46.100.87.66 - - [11/Sep/2026:17:04:24 +0330] "GET /wp-json/wp/v2/users/me?context=edit&_locale=user HTTP/2" 200 1496 "https://digikeyland.ir/wp-admin/edit.php?post_type=shop_order&all_posts=4" "Mozilla/5.0 (Windows NT 10.0; Win64; x64) AppleWebKit/537.36 (KHTML, like Gecko) Chrome/153.0.0.0 Safari/537.36"
