5.121.201.134 - - [11/Sep/2026:16:10:49 +0330] "POST /wp-admin/admin-ajax.php HTTP/2" 200 67 "https://digikeyland.ir/wp-admin/edit.php?s=6039&post_status=all&post_type=shop_order&action=-1&m=0&pwp_m=0&_created_via&_customer_user&paged=1&action2=-1" "Mozilla/5.0 (Windows NT 10.0; Win64; x64) AppleWebKit/537.36 (KHTML, like Gecko) Chrome/153.0.0.0 Safari/537.36"
5.121.201.134 - - [11/Sep/2026:16:10:59 +0330] "POST /wp-admin/admin-ajax.php HTTP/2" 200 67 "https://digikeyland.ir/wp-admin/edit.php?s=6039&post_status=all&post_type=shop_order&action=-1&m=0&pwp_m=0&_created_via&_customer_user&paged=1&action2=-1" "Mozilla/5.0 (Windows NT 10.0; Win64; x64) AppleWebKit/537.36 (KHTML, like Gecko) Chrome/153.0.0.0 Safari/537.36"
5.121.201.134 - - [11/Sep/2026:16:11:09 +0330] "POST /wp-admin/admin-ajax.php HTTP/2" 200 67 "https://digikeyland.ir/wp-admin/edit.php?s=6039&post_status=all&post_type=shop_order&action=-1&m=0&pwp_m=0&_created_via&_customer_user&paged=1&action2=-1" "Mozilla/5.0 (Windows NT 10.0; Win64; x64) AppleWebKit/537.36 (KHTML, like Gecko) Chrome/153.0.0.0 Safari/537.36"
5.121.201.134 - - [11/Sep/2026:16:11:17 +0330] "POST /wp-admin/admin-ajax.php HTTP/2" 200 101 "https://digikeyland.ir/wp-admin/post.php?post=5173&action=edit" "Mozilla/5.0 (Windows NT 10.0; Win64; x64) AppleWebKit/537.36 (KHTML, like Gecko) Chrome/153.0.0.0 Safari/537.36"
5.121.201.134 - - [11/Sep/2026:16:11:19 +0330] "POST /wp-admin/admin-ajax.php HTTP/2" 200 67 "https://digikeyland.ir/wp-admin/edit.php?s=6039&post_status=all&post_type=shop_order&action=-1&m=0&pwp_m=0&_created_via&_customer_user&paged=1&action2=-1" "Mozilla/5.0 (Windows NT 10.0; Win64; x64) AppleWebKit/537.36 (KHTML, like Gecko) Chrome/153.0.0.0 Safari/537.36"
5.121.201.134 - - [11/Sep/2026:16:11:29 +0330] "POST /wp-admin/admin-ajax.php HTTP/2" 200 67 "https://digikeyland.ir/wp-admin/edit.php?s=6039&post_status=all&post_type=shop_order&action=-1&m=0&pwp_m=0&_created_via&_customer_user&paged=1&action2=-1" "Mozilla/5.0 (Windows NT 10.0; Win64; x64) AppleWebKit/537.36 (KHTML, like Gecko) Chrome/153.0.0.0 Safari/537.36"
5.121.201.134 - - [11/Sep/2026:16:11:39 +0330] "POST /wp-admin/admin-ajax.php HTTP/2" 200 67 "https://digikeyland.ir/wp-admin/edit.php?s=6039&post_status=all&post_type=shop_order&action=-1&m=0&pwp_m=0&_created_via&_customer_user&paged=1&action2=-1" "Mozilla/5.0 (Windows NT 10.0; Win64; x64) AppleWebKit/537.36 (KHTML, like Gecko) Chrome/153.0.0.0 Safari/537.36"
5.121.201.134 - - [11/Sep/2026:16:11:48 +0330] "POST /wp-admin/admin-ajax.php HTTP/2" 200 67 "https://digikeyland.ir/wp-admin/edit.php?post_type=shop_order" "Mozilla/5.0 (Windows NT 10.0; Win64; x64) AppleWebKit/537.36 (KHTML, like Gecko) Chrome/153.0.0.0 Safari/537.36"
5.121.201.134 - - [11/Sep/2026:16:11:49 +0330] "POST /wp-admin/admin-ajax.php HTTP/2" 200 67 "https://digikeyland.ir/wp-admin/edit.php?s=6039&post_status=all&post_type=shop_order&action=-1&m=0&pwp_m=0&_created_via&_customer_user&paged=1&action2=-1" "Mozilla/5.0 (Windows NT 10.0; Win64; x64) AppleWebKit/537.36 (KHTML, like Gecko) Chrome/153.0.0.0 Safari/537.36"
5.121.201.134 - - [11/Sep/2026:16:11:59 +0330] "POST /wp-admin/admin-ajax.php HTTP/2" 200 67 "https://digikeyland.ir/wp-admin/edit.php?s=6039&post_status=all&post_type=shop_order&action=-1&m=0&pwp_m=0&_created_via&_customer_user&paged=1&action2=-1" "Mozilla/5.0 (Windows NT 10.0; Win64; x64) AppleWebKit/537.36 (KHTML, like Gecko) Chrome/153.0.0.0 Safari/537.36"
51.195.244.31 - - [11/Sep/2026:16:12:09 +0330] "GET /robots.txt HTTP/2" 200 186 "-" "Mozilla/5.0 (compatible; AhrefsBot/7.0; +http://ahrefs.com/robot/)"
185.130.50.10 - - [11/Sep/2026:16:12:11 +0330] "POST /wp-cron.php?doing_wp_cron=1789130531.5079700946807861328125 HTTP/1.1" 200 20 "-" "WordPress/7.1; https://digikeyland.ir"
5.121.201.134 - - [11/Sep/2026:16:12:09 +0330] "POST /wp-admin/admin-ajax.php HTTP/2" 200 67 "https://digikeyland.ir/wp-admin/edit.php?s=6039&post_status=all&post_type=shop_order&action=-1&m=0&pwp_m=0&_created_via&_customer_user&paged=1&action2=-1" "Mozilla/5.0 (Windows NT 10.0; Win64; x64) AppleWebKit/537.36 (KHTML, like Gecko) Chrome/153.0.0.0 Safari/537.36"
5.121.201.134 - - [11/Sep/2026:16:12:19 +0330] "POST /wp-admin/admin-ajax.php HTTP/2" 200 67 "https://digikeyland.ir/wp-admin/edit.php?s=6039&post_status=all&post_type=shop_order&action=-1&m=0&pwp_m=0&_created_via&_customer_user&paged=1&action2=-1" "Mozilla/5.0 (Windows NT 10.0; Win64; x64) AppleWebKit/537.36 (KHTML, like Gecko) Chrome/153.0.0.0 Safari/537.36"
5.121.201.134 - - [11/Sep/2026:16:12:29 +0330] "POST /wp-admin/admin-ajax.php HTTP/2" 200 67 "https://digikeyland.ir/wp-admin/edit.php?s=6039&post_status=all&post_type=shop_order&action=-1&m=0&pwp_m=0&_created_via&_customer_user&paged=1&action2=-1" "Mozilla/5.0 (Windows NT 10.0; Win64; x64) AppleWebKit/537.36 (KHTML, like Gecko) Chrome/153.0.0.0 Safari/537.36"
5.121.201.134 - - [11/Sep/2026:16:12:39 +0330] "POST /wp-admin/admin-ajax.php HTTP/2" 200 67 "https://digikeyland.ir/wp-admin/edit.php?s=6039&post_status=all&post_type=shop_order&action=-1&m=0&pwp_m=0&_created_via&_customer_user&paged=1&action2=-1" "Mozilla/5.0 (Windows NT 10.0; Win64; x64) AppleWebKit/537.36 (KHTML, like Gecko) Chrome/153.0.0.0 Safari/537.36"
85.17.180.28 - - [11/Sep/2026:16:12:45 +0330] "POST /wp-admin/admin-ajax.php HTTP/2" 200 1181 "https://digikeyland.ir/product/spotify-premium/" "Mozilla/5.0 (Linux; Android 10; K) AppleWebKit/537.36 (KHTML, like Gecko) Chrome/131.0.0.0 Mobile Safari/537.36"
85.17.180.28 - - [11/Sep/2026:16:12:45 +0330] "POST /wp-admin/admin-ajax.php HTTP/2" 200 1381 "https://digikeyland.ir/product/spotify-premium/" "Mozilla/5.0 (Linux; Android 10; K) AppleWebKit/537.36 (KHTML, like Gecko) Chrome/131.0.0.0 Mobile Safari/537.36"
85.17.180.28 - - [11/Sep/2026:16:12:48 +0330] "POST /wp-admin/admin-ajax.php HTTP/2" 200 1181 "https://digikeyland.ir/product/spotify-premium/" "Mozilla/5.0 (Linux; Android 10; K) AppleWebKit/537.36 (KHTML, like Gecko) Chrome/131.0.0.0 Mobile Safari/537.36"
5.121.201.134 - - [11/Sep/2026:16:12:49 +0330] "POST /wp-admin/admin-ajax.php HTTP/2" 200 67 "https://digikeyland.ir/wp-admin/edit.php?s=6039&post_status=all&post_type=shop_order&action=-1&m=0&pwp_m=0&_created_via&_customer_user&paged=1&action2=-1" "Mozilla/5.0 (Windows NT 10.0; Win64; x64) AppleWebKit/537.36 (KHTML, like Gecko) Chrome/153.0.0.0 Safari/537.36"
85.17.180.28 - - [11/Sep/2026:16:12:50 +0330] "POST /wp-admin/admin-ajax.php HTTP/2" 200 1180 "https://digikeyland.ir/product/spotify-premium/" "Mozilla/5.0 (Linux; Android 10; K) AppleWebKit/537.36 (KHTML, like Gecko) Chrome/131.0.0.0 Mobile Safari/537.36"
5.121.201.134 - - [11/Sep/2026:16:12:59 +0330] "POST /wp-admin/admin-ajax.php HTTP/2" 200 67 "https://digikeyland.ir/wp-admin/edit.php?s=6039&post_status=all&post_type=shop_order&action=-1&m=0&pwp_m=0&_created_via&_customer_user&paged=1&action2=-1" "Mozilla/5.0 (Windows NT 10.0; Win64; x64) AppleWebKit/537.36 (KHTML, like Gecko) Chrome/153.0.0.0 Safari/537.36"
185.130.50.10 - - [11/Sep/2026:16:13:11 +0330] "POST /wp-cron.php?doing_wp_cron=1789130591.5336461067199707031250 HTTP/1.1" 200 20 "-" "WordPress/7.1; https://digikeyland.ir"
5.121.201.134 - - [11/Sep/2026:16:13:09 +0330] "POST /wp-admin/admin-ajax.php HTTP/2" 200 67 "https://digikeyland.ir/wp-admin/edit.php?s=6039&post_status=all&post_type=shop_order&action=-1&m=0&pwp_m=0&_created_via&_customer_user&paged=1&action2=-1" "Mozilla/5.0 (Windows NT 10.0; Win64; x64) AppleWebKit/537.36 (KHTML, like Gecko) Chrome/153.0.0.0 Safari/537.36"
5.121.201.134 - - [11/Sep/2026:16:13:18 +0330] "POST /wp-admin/admin-ajax.php HTTP/2" 200 101 "https://digikeyland.ir/wp-admin/post.php?post=5173&action=edit" "Mozilla/5.0 (Windows NT 10.0; Win64; x64) AppleWebKit/537.36 (KHTML, like Gecko) Chrome/153.0.0.0 Safari/537.36"
5.121.201.134 - - [11/Sep/2026:16:13:19 +0330] "POST /wp-admin/admin-ajax.php HTTP/2" 200 67 "https://digikeyland.ir/wp-admin/edit.php?s=6039&post_status=all&post_type=shop_order&action=-1&m=0&pwp_m=0&_created_via&_customer_user&paged=1&action2=-1" "Mozilla/5.0 (Windows NT 10.0; Win64; x64) AppleWebKit/537.36 (KHTML, like Gecko) Chrome/153.0.0.0 Safari/537.36"
5.121.201.134 - - [11/Sep/2026:16:13:29 +0330] "POST /wp-admin/admin-ajax.php HTTP/2" 200 67 "https://digikeyland.ir/wp-admin/edit.php?s=6039&post_status=all&post_type=shop_order&action=-1&m=0&pwp_m=0&_created_via&_customer_user&paged=1&action2=-1" "Mozilla/5.0 (Windows NT 10.0; Win64; x64) AppleWebKit/537.36 (KHTML, like Gecko) Chrome/153.0.0.0 Safari/537.36"
5.121.201.134 - - [11/Sep/2026:16:13:39 +0330] "POST /wp-admin/admin-ajax.php HTTP/2" 200 67 "https://digikeyland.ir/wp-admin/edit.php?s=6039&post_status=all&post_type=shop_order&action=-1&m=0&pwp_m=0&_created_via&_customer_user&paged=1&action2=-1" "Mozilla/5.0 (Windows NT 10.0; Win64; x64) AppleWebKit/537.36 (KHTML, like Gecko) Chrome/153.0.0.0 Safari/537.36"
52.4.229.9 - - [11/Sep/2026:16:13:39 +0330] "GET /product/ps-plus-account-india/?attribute_pa_plan=%25d9%25be%25d9%2584%25d8%25a7%25d8%25b3-%25d8%25af%25d9%2584%25d9%2588%25da%25a9%25d8%25b3-%25d9%2587%25d9%2586%25d8%25af-%25db%25b3-%25d9%2585%25d8%25a7%25d9%2587%25d9%2587-%25d8%25b8%25d8%25b1%25d9%2581%25db%258c%25d8%25aa-%25da%25a9%25d8%25a7%25d9%2585%25d9%2584&sort=newest HTTP/1.1" 200 106933 "-" "Mozilla/5.0 AppleWebKit/537.36 (KHTML, like Gecko; compatible; Amazonbot/0.1; +https://developer.amazon.com/support/amazonbot) Chrome/119.0.6045.214 Safari/537.36"
5.198.179.181 - - [11/Sep/2026:16:13:49 +0330] "GET / HTTP/1.1" 200 88736 "-" "Mozilla/5.0 (Knoppix; Linux x86_64) AppleWebKit/537.36 (KHTML, like Gecko) Chrome/141.0.0.0 Safari/537.36"
5.121.201.134 - - [11/Sep/2026:16:13:49 +0330] "POST /wp-admin/admin-ajax.php HTTP/2" 200 67 "https://digikeyland.ir/wp-admin/edit.php?s=6039&post_status=all&post_type=shop_order&action=-1&m=0&pwp_m=0&_created_via&_customer_user&paged=1&action2=-1" "Mozilla/5.0 (Windows NT 10.0; Win64; x64) AppleWebKit/537.36 (KHTML, like Gecko) Chrome/153.0.0.0 Safari/537.36"
5.121.201.134 - - [11/Sep/2026:16:13:49 +0330] "POST /wp-admin/admin-ajax.php HTTP/2" 200 67 "https://digikeyland.ir/wp-admin/edit.php?post_type=shop_order" "Mozilla/5.0 (Windows NT 10.0; Win64; x64) AppleWebKit/537.36 (KHTML, like Gecko) Chrome/153.0.0.0 Safari/537.36"
184.73.68.20 - - [11/Sep/2026:16:13:50 +0330] "GET /product/psn-network-new-account/?attribute_pa_plan=%25d8%25a7%25da%25a9%25d8%25a7%25d9%2586%25d8%25aa-%25d8%25ac%25d8%25af%25db%258c%25d8%25af-%25d8%25b3%25d9%2588%25d9%2586%25db%258c-%25d8%25b1%25db%258c%25d8%25ac%25d9%2586-%25d8%25aa%25d8%25b1%25da%25a9%25db%258c%25d9%2587-%25d8%25a7%25d8%25ae%25d8%25aa%25d8%25b5%25d8%25a7%25d8%25b5%25db%258c&sort=newest HTTP/1.1" 200 81329 "-" "Mozilla/5.0 AppleWebKit/537.36 (KHTML, like Gecko; compatible; Amazonbot/0.1; +https://developer.amazon.com/support/amazonbot) Chrome/119.0.6045.214 Safari/537.36"
5.121.201.134 - - [11/Sep/2026:16:13:59 +0330] "POST /wp-admin/admin-ajax.php HTTP/2" 200 67 "https://digikeyland.ir/wp-admin/edit.php?s=6039&post_status=all&post_type=shop_order&action=-1&m=0&pwp_m=0&_created_via&_customer_user&paged=1&action2=-1" "Mozilla/5.0 (Windows NT 10.0; Win64; x64) AppleWebKit/537.36 (KHTML, like Gecko) Chrome/153.0.0.0 Safari/537.36"
85.17.180.28 - - [11/Sep/2026:16:14:06 +0330] "POST /wp-admin/admin-ajax.php HTTP/2" 200 1181 "https://digikeyland.ir/product/spotify-premium/" "Mozilla/5.0 (Linux; Android 10; K) AppleWebKit/537.36 (KHTML, like Gecko) Chrome/131.0.0.0 Mobile Safari/537.36"
5.121.201.134 - - [11/Sep/2026:16:14:09 +0330] "POST /wp-admin/admin-ajax.php HTTP/2" 200 67 "https://digikeyland.ir/wp-admin/edit.php?s=6039&post_status=all&post_type=shop_order&action=-1&m=0&pwp_m=0&_created_via&_customer_user&paged=1&action2=-1" "Mozilla/5.0 (Windows NT 10.0; Win64; x64) AppleWebKit/537.36 (KHTML, like Gecko) Chrome/153.0.0.0 Safari/537.36"
5.121.201.134 - - [11/Sep/2026:16:14:19 +0330] "POST /wp-admin/admin-ajax.php HTTP/2" 200 67 "https://digikeyland.ir/wp-admin/edit.php?s=6039&post_status=all&post_type=shop_order&action=-1&m=0&pwp_m=0&_created_via&_customer_user&paged=1&action2=-1" "Mozilla/5.0 (Windows NT 10.0; Win64; x64) AppleWebKit/537.36 (KHTML, like Gecko) Chrome/153.0.0.0 Safari/537.36"
34.197.28.78 - - [11/Sep/2026:16:14:26 +0330] "GET /wp-content/uploads/2026/07/CCleaner-sc2-768x768.webp HTTP/1.1" 200 26816 "-" "Mozilla/5.0 AppleWebKit/537.36 (KHTML, like Gecko; compatible; Amazonbot/0.1; +https://developer.amazon.com/support/amazonbot) Chrome/119.0.6045.214 Safari/537.36"
5.121.201.134 - - [11/Sep/2026:16:14:29 +0330] "POST /wp-admin/admin-ajax.php HTTP/2" 200 67 "https://digikeyland.ir/wp-admin/edit.php?s=6039&post_status=all&post_type=shop_order&action=-1&m=0&pwp_m=0&_created_via&_customer_user&paged=1&action2=-1" "Mozilla/5.0 (Windows NT 10.0; Win64; x64) AppleWebKit/537.36 (KHTML, like Gecko) Chrome/153.0.0.0 Safari/537.36"
85.17.180.28 - - [11/Sep/2026:16:14:37 +0330] "POST /wp-admin/admin-ajax.php HTTP/2" 200 1199 "https://digikeyland.ir/product/spotify-premium/" "Mozilla/5.0 (Linux; Android 10; K) AppleWebKit/537.36 (KHTML, like Gecko) Chrome/131.0.0.0 Mobile Safari/537.36"
85.17.180.28 - - [11/Sep/2026:16:14:38 +0330] "POST /wp-admin/admin-ajax.php HTTP/2" 200 1126 "https://digikeyland.ir/product/spotify-premium/" "Mozilla/5.0 (Linux; Android 10; K) AppleWebKit/537.36 (KHTML, like Gecko) Chrome/131.0.0.0 Mobile Safari/537.36"
5.121.201.134 - - [11/Sep/2026:16:14:39 +0330] "POST /wp-admin/admin-ajax.php HTTP/2" 200 67 "https://digikeyland.ir/wp-admin/edit.php?s=6039&post_status=all&post_type=shop_order&action=-1&m=0&pwp_m=0&_created_via&_customer_user&paged=1&action2=-1" "Mozilla/5.0 (Windows NT 10.0; Win64; x64) AppleWebKit/537.36 (KHTML, like Gecko) Chrome/153.0.0.0 Safari/537.36"
5.121.201.134 - - [11/Sep/2026:16:14:49 +0330] "POST /wp-admin/admin-ajax.php HTTP/2" 200 67 "https://digikeyland.ir/wp-admin/edit.php?s=6039&post_status=all&post_type=shop_order&action=-1&m=0&pwp_m=0&_created_via&_customer_user&paged=1&action2=-1" "Mozilla/5.0 (Windows NT 10.0; Win64; x64) AppleWebKit/537.36 (KHTML, like Gecko) Chrome/153.0.0.0 Safari/537.36"
85.17.180.28 - - [11/Sep/2026:16:14:52 +0330] "POST /wp-admin/admin-ajax.php HTTP/2" 200 1180 "https://digikeyland.ir/product/spotify-premium/" "Mozilla/5.0 (Linux; Android 10; K) AppleWebKit/537.36 (KHTML, like Gecko) Chrome/131.0.0.0 Mobile Safari/537.36"
85.17.180.28 - - [11/Sep/2026:16:14:55 +0330] "POST /wp-admin/admin-ajax.php HTTP/2" 200 1180 "https://digikeyland.ir/product/spotify-premium/" "Mozilla/5.0 (Linux; Android 10; K) AppleWebKit/537.36 (KHTML, like Gecko) Chrome/131.0.0.0 Mobile Safari/537.36"
85.17.180.28 - - [11/Sep/2026:16:14:56 +0330] "POST /wp-admin/admin-ajax.php HTTP/2" 200 1191 "https://digikeyland.ir/product/spotify-premium/" "Mozilla/5.0 (Linux; Android 10; K) AppleWebKit/537.36 (KHTML, like Gecko) Chrome/131.0.0.0 Mobile Safari/537.36"
85.17.180.28 - - [11/Sep/2026:16:14:57 +0330] "POST /wp-admin/admin-ajax.php HTTP/2" 200 1126 "https://digikeyland.ir/product/spotify-premium/" "Mozilla/5.0 (Linux; Android 10; K) AppleWebKit/537.36 (KHTML, like Gecko) Chrome/131.0.0.0 Mobile Safari/537.36"
5.121.201.134 - - [11/Sep/2026:16:14:59 +0330] "POST /wp-admin/admin-ajax.php HTTP/2" 200 67 "https://digikeyland.ir/wp-admin/edit.php?s=6039&post_status=all&post_type=shop_order&action=-1&m=0&pwp_m=0&_created_via&_customer_user&paged=1&action2=-1" "Mozilla/5.0 (Windows NT 10.0; Win64; x64) AppleWebKit/537.36 (KHTML, like Gecko) Chrome/153.0.0.0 Safari/537.36"
5.121.201.134 - - [11/Sep/2026:16:15:09 +0330] "POST /wp-admin/admin-ajax.php HTTP/2" 200 67 "https://digikeyland.ir/wp-admin/edit.php?s=6039&post_status=all&post_type=shop_order&action=-1&m=0&pwp_m=0&_created_via&_customer_user&paged=1&action2=-1" "Mozilla/5.0 (Windows NT 10.0; Win64; x64) AppleWebKit/537.36 (KHTML, like Gecko) Chrome/153.0.0.0 Safari/537.36"
5.121.201.134 - - [11/Sep/2026:16:15:19 +0330] "POST /wp-admin/admin-ajax.php HTTP/2" 200 67 "https://digikeyland.ir/wp-admin/edit.php?s=6039&post_status=all&post_type=shop_order&action=-1&m=0&pwp_m=0&_created_via&_customer_user&paged=1&action2=-1" "Mozilla/5.0 (Windows NT 10.0; Win64; x64) AppleWebKit/537.36 (KHTML, like Gecko) Chrome/153.0.0.0 Safari/537.36"
5.121.201.134 - - [11/Sep/2026:16:15:19 +0330] "POST /wp-admin/admin-ajax.php HTTP/2" 200 101 "https://digikeyland.ir/wp-admin/post.php?post=5173&action=edit" "Mozilla/5.0 (Windows NT 10.0; Win64; x64) AppleWebKit/537.36 (KHTML, like Gecko) Chrome/153.0.0.0 Safari/537.36"
5.121.201.134 - - [11/Sep/2026:16:15:29 +0330] "POST /wp-admin/admin-ajax.php HTTP/2" 200 67 "https://digikeyland.ir/wp-admin/edit.php?s=6039&post_status=all&post_type=shop_order&action=-1&m=0&pwp_m=0&_created_via&_customer_user&paged=1&action2=-1" "Mozilla/5.0 (Windows NT 10.0; Win64; x64) AppleWebKit/537.36 (KHTML, like Gecko) Chrome/153.0.0.0 Safari/537.36"
5.121.201.134 - - [11/Sep/2026:16:15:39 +0330] "POST /wp-admin/admin-ajax.php HTTP/2" 200 67 "https://digikeyland.ir/wp-admin/edit.php?s=6039&post_status=all&post_type=shop_order&action=-1&m=0&pwp_m=0&_created_via&_customer_user&paged=1&action2=-1" "Mozilla/5.0 (Windows NT 10.0; Win64; x64) AppleWebKit/537.36 (KHTML, like Gecko) Chrome/153.0.0.0 Safari/537.36"
5.121.201.134 - - [11/Sep/2026:16:15:49 +0330] "POST /wp-admin/admin-ajax.php HTTP/2" 200 67 "https://digikeyland.ir/wp-admin/edit.php?s=6039&post_status=all&post_type=shop_order&action=-1&m=0&pwp_m=0&_created_via&_customer_user&paged=1&action2=-1" "Mozilla/5.0 (Windows NT 10.0; Win64; x64) AppleWebKit/537.36 (KHTML, like Gecko) Chrome/153.0.0.0 Safari/537.36"
5.121.201.134 - - [11/Sep/2026:16:15:50 +0330] "POST /wp-admin/admin-ajax.php HTTP/2" 200 67 "https://digikeyland.ir/wp-admin/edit.php?post_type=shop_order" "Mozilla/5.0 (Windows NT 10.0; Win64; x64) AppleWebKit/537.36 (KHTML, like Gecko) Chrome/153.0.0.0 Safari/537.36"
5.121.201.134 - - [11/Sep/2026:16:15:59 +0330] "POST /wp-admin/admin-ajax.php HTTP/2" 200 67 "https://digikeyland.ir/wp-admin/edit.php?s=6039&post_status=all&post_type=shop_order&action=-1&m=0&pwp_m=0&_created_via&_customer_user&paged=1&action2=-1" "Mozilla/5.0 (Windows NT 10.0; Win64; x64) AppleWebKit/537.36 (KHTML, like Gecko) Chrome/153.0.0.0 Safari/537.36"
185.130.50.10 - - [11/Sep/2026:16:16:11 +0330] "POST /wp-cron.php?doing_wp_cron=1789130771.4355959892272949218750 HTTP/1.1" 200 20 "-" "WordPress/7.1; https://digikeyland.ir"
5.121.201.134 - - [11/Sep/2026:16:16:09 +0330] "POST /wp-admin/admin-ajax.php HTTP/2" 200 67 "https://digikeyland.ir/wp-admin/edit.php?s=6039&post_status=all&post_type=shop_order&action=-1&m=0&pwp_m=0&_created_via&_customer_user&paged=1&action2=-1" "Mozilla/5.0 (Windows NT 10.0; Win64; x64) AppleWebKit/537.36 (KHTML, like Gecko) Chrome/153.0.0.0 Safari/537.36"
5.121.201.134 - - [11/Sep/2026:16:16:19 +0330] "POST /wp-admin/admin-ajax.php HTTP/2" 200 67 "https://digikeyland.ir/wp-admin/edit.php?s=6039&post_status=all&post_type=shop_order&action=-1&m=0&pwp_m=0&_created_via&_customer_user&paged=1&action2=-1" "Mozilla/5.0 (Windows NT 10.0; Win64; x64) AppleWebKit/537.36 (KHTML, like Gecko) Chrome/153.0.0.0 Safari/537.36"
5.121.201.134 - - [11/Sep/2026:16:16:29 +0330] "POST /wp-admin/admin-ajax.php HTTP/2" 200 67 "https://digikeyland.ir/wp-admin/edit.php?s=6039&post_status=all&post_type=shop_order&action=-1&m=0&pwp_m=0&_created_via&_customer_user&paged=1&action2=-1" "Mozilla/5.0 (Windows NT 10.0; Win64; x64) AppleWebKit/537.36 (KHTML, like Gecko) Chrome/153.0.0.0 Safari/537.36"
5.121.201.134 - - [11/Sep/2026:16:16:39 +0330] "POST /wp-admin/admin-ajax.php HTTP/2" 200 67 "https://digikeyland.ir/wp-admin/edit.php?s=6039&post_status=all&post_type=shop_order&action=-1&m=0&pwp_m=0&_created_via&_customer_user&paged=1&action2=-1" "Mozilla/5.0 (Windows NT 10.0; Win64; x64) AppleWebKit/537.36 (KHTML, like Gecko) Chrome/153.0.0.0 Safari/537.36"
92.222.108.110 - - [11/Sep/2026:16:16:50 +0330] "GET /wp-content/uploads/elementor/css/post-2837.css?ver=1789045415 HTTP/2" 200 2205 "-" "Mozilla/5.0 (compatible; AhrefsBot/7.0; +http://ahrefs.com/robot/)"
5.121.201.134 - - [11/Sep/2026:16:16:49 +0330] "POST /wp-admin/admin-ajax.php HTTP/2" 200 67 "https://digikeyland.ir/wp-admin/edit.php?s=6039&post_status=all&post_type=shop_order&action=-1&m=0&pwp_m=0&_created_via&_customer_user&paged=1&action2=-1" "Mozilla/5.0 (Windows NT 10.0; Win64; x64) AppleWebKit/537.36 (KHTML, like Gecko) Chrome/153.0.0.0 Safari/537.36"
85.17.180.28 - - [11/Sep/2026:16:16:51 +0330] "GET /product/apple-music/ HTTP/2" 200 85328 "https://digikeyland.ir/product/spotify-premium/" "Mozilla/5.0 (Linux; Android 10; K) AppleWebKit/537.36 (KHTML, like Gecko) Chrome/131.0.0.0 Mobile Safari/537.36"
5.39.109.166 - - [11/Sep/2026:16:16:55 +0330] "GET /wp-content/uploads/elementor/css/custom-pro-widget-nav-menu-rtl.min.css?ver=1789045198 HTTP/2" 200 3228 "-" "Mozilla/5.0 (compatible; AhrefsBot/7.0; +http://ahrefs.com/robot/)"
94.23.188.199 - - [11/Sep/2026:16:16:57 +0330] "GET /wp-content/uploads/elementor/css/post-2667.css?ver=1789045201 HTTP/2" 200 3038 "-" "Mozilla/5.0 (compatible; AhrefsBot/7.0; +http://ahrefs.com/robot/)"
176.31.139.7 - - [11/Sep/2026:16:16:58 +0330] "GET /wp-content/uploads/elementor/css/post-329.css?ver=1789045199 HTTP/2" 200 373 "-" "Mozilla/5.0 (compatible; AhrefsBot/7.0; +http://ahrefs.com/robot/)"
51.75.236.135 - - [11/Sep/2026:16:17:00 +0330] "GET /wp-content/uploads/elementor/css/post-4637.css?ver=1789063563 HTTP/2" 200 927 "-" "Mozilla/5.0 (compatible; AhrefsBot/7.0; +http://ahrefs.com/robot/)"
5.121.201.134 - - [11/Sep/2026:16:16:59 +0330] "POST /wp-admin/admin-ajax.php HTTP/2" 200 67 "https://digikeyland.ir/wp-admin/edit.php?s=6039&post_status=all&post_type=shop_order&action=-1&m=0&pwp_m=0&_created_via&_customer_user&paged=1&action2=-1" "Mozilla/5.0 (Windows NT 10.0; Win64; x64) AppleWebKit/537.36 (KHTML, like Gecko) Chrome/153.0.0.0 Safari/537.36"
85.17.180.28 - - [11/Sep/2026:16:17:03 +0330] "POST /wp-admin/admin-ajax.php HTTP/2" 200 1201 "https://digikeyland.ir/product/apple-music/" "Mozilla/5.0 (Linux; Android 10; K) AppleWebKit/537.36 (KHTML, like Gecko) Chrome/131.0.0.0 Mobile Safari/537.36"
185.130.50.10 - - [11/Sep/2026:16:17:11 +0330] "POST /wp-cron.php?doing_wp_cron=1789130831.0460040569305419921875 HTTP/1.1" 200 20 "-" "WordPress/7.1; https://digikeyland.ir"
5.121.201.134 - - [11/Sep/2026:16:17:09 +0330] "POST /wp-admin/admin-ajax.php HTTP/2" 200 67 "https://digikeyland.ir/wp-admin/edit.php?s=6039&post_status=all&post_type=shop_order&action=-1&m=0&pwp_m=0&_created_via&_customer_user&paged=1&action2=-1" "Mozilla/5.0 (Windows NT 10.0; Win64; x64) AppleWebKit/537.36 (KHTML, like Gecko) Chrome/153.0.0.0 Safari/537.36"
185.130.50.10 - - [11/Sep/2026:16:17:21 +0330] "POST /wp-cron.php?doing_wp_cron=1789130841.4381608963012695312500 HTTP/1.1" 200 20 "-" "WordPress/7.1; https://digikeyland.ir"
5.121.201.134 - - [11/Sep/2026:16:17:19 +0330] "POST /wp-admin/admin-ajax.php HTTP/2" 200 67 "https://digikeyland.ir/wp-admin/edit.php?s=6039&post_status=all&post_type=shop_order&action=-1&m=0&pwp_m=0&_created_via&_customer_user&paged=1&action2=-1" "Mozilla/5.0 (Windows NT 10.0; Win64; x64) AppleWebKit/537.36 (KHTML, like Gecko) Chrome/153.0.0.0 Safari/537.36"
5.121.201.134 - - [11/Sep/2026:16:17:20 +0330] "POST /wp-admin/admin-ajax.php HTTP/2" 200 101 "https://digikeyland.ir/wp-admin/post.php?post=5173&action=edit" "Mozilla/5.0 (Windows NT 10.0; Win64; x64) AppleWebKit/537.36 (KHTML, like Gecko) Chrome/153.0.0.0 Safari/537.36"
5.121.201.134 - - [11/Sep/2026:16:17:29 +0330] "POST /wp-admin/admin-ajax.php HTTP/2" 200 67 "https://digikeyland.ir/wp-admin/edit.php?s=6039&post_status=all&post_type=shop_order&action=-1&m=0&pwp_m=0&_created_via&_customer_user&paged=1&action2=-1" "Mozilla/5.0 (Windows NT 10.0; Win64; x64) AppleWebKit/537.36 (KHTML, like Gecko) Chrome/153.0.0.0 Safari/537.36"
5.121.201.134 - - [11/Sep/2026:16:17:39 +0330] "POST /wp-admin/admin-ajax.php HTTP/2" 200 67 "https://digikeyland.ir/wp-admin/edit.php?s=6039&post_status=all&post_type=shop_order&action=-1&m=0&pwp_m=0&_created_via&_customer_user&paged=1&action2=-1" "Mozilla/5.0 (Windows NT 10.0; Win64; x64) AppleWebKit/537.36 (KHTML, like Gecko) Chrome/153.0.0.0 Safari/537.36"
5.121.201.134 - - [11/Sep/2026:16:17:49 +0330] "POST /wp-admin/admin-ajax.php HTTP/2" 200 67 "https://digikeyland.ir/wp-admin/edit.php?s=6039&post_status=all&post_type=shop_order&action=-1&m=0&pwp_m=0&_created_via&_customer_user&paged=1&action2=-1" "Mozilla/5.0 (Windows NT 10.0; Win64; x64) AppleWebKit/537.36 (KHTML, like Gecko) Chrome/153.0.0.0 Safari/537.36"
5.121.201.134 - - [11/Sep/2026:16:17:51 +0330] "POST /wp-admin/admin-ajax.php HTTP/2" 200 67 "https://digikeyland.ir/wp-admin/edit.php?post_type=shop_order" "Mozilla/5.0 (Windows NT 10.0; Win64; x64) AppleWebKit/537.36 (KHTML, like Gecko) Chrome/153.0.0.0 Safari/537.36"
5.121.201.134 - - [11/Sep/2026:16:17:59 +0330] "POST /wp-admin/admin-ajax.php HTTP/2" 200 67 "https://digikeyland.ir/wp-admin/edit.php?s=6039&post_status=all&post_type=shop_order&action=-1&m=0&pwp_m=0&_created_via&_customer_user&paged=1&action2=-1" "Mozilla/5.0 (Windows NT 10.0; Win64; x64) AppleWebKit/537.36 (KHTML, like Gecko) Chrome/153.0.0.0 Safari/537.36"
5.121.201.134 - - [11/Sep/2026:16:18:09 +0330] "POST /wp-admin/admin-ajax.php HTTP/2" 200 65 "https://digikeyland.ir/wp-admin/edit.php?s=6039&post_status=all&post_type=shop_order&action=-1&m=0&pwp_m=0&_created_via&_customer_user&paged=1&action2=-1" "Mozilla/5.0 (Windows NT 10.0; Win64; x64) AppleWebKit/537.36 (KHTML, like Gecko) Chrome/153.0.0.0 Safari/537.36"
5.121.201.134 - - [11/Sep/2026:16:18:19 +0330] "POST /wp-admin/admin-ajax.php HTTP/2" 200 67 "https://digikeyland.ir/wp-admin/edit.php?s=6039&post_status=all&post_type=shop_order&action=-1&m=0&pwp_m=0&_created_via&_customer_user&paged=1&action2=-1" "Mozilla/5.0 (Windows NT 10.0; Win64; x64) AppleWebKit/537.36 (KHTML, like Gecko) Chrome/153.0.0.0 Safari/537.36"
5.121.201.134 - - [11/Sep/2026:16:18:29 +0330] "POST /wp-admin/admin-ajax.php HTTP/2" 200 67 "https://digikeyland.ir/wp-admin/edit.php?s=6039&post_status=all&post_type=shop_order&action=-1&m=0&pwp_m=0&_created_via&_customer_user&paged=1&action2=-1" "Mozilla/5.0 (Windows NT 10.0; Win64; x64) AppleWebKit/537.36 (KHTML, like Gecko) Chrome/153.0.0.0 Safari/537.36"
5.121.201.134 - - [11/Sep/2026:16:18:39 +0330] "POST /wp-admin/admin-ajax.php HTTP/2" 200 67 "https://digikeyland.ir/wp-admin/edit.php?s=6039&post_status=all&post_type=shop_order&action=-1&m=0&pwp_m=0&_created_via&_customer_user&paged=1&action2=-1" "Mozilla/5.0 (Windows NT 10.0; Win64; x64) AppleWebKit/537.36 (KHTML, like Gecko) Chrome/153.0.0.0 Safari/537.36"
5.121.201.134 - - [11/Sep/2026:16:18:49 +0330] "POST /wp-admin/admin-ajax.php HTTP/2" 200 67 "https://digikeyland.ir/wp-admin/edit.php?s=6039&post_status=all&post_type=shop_order&action=-1&m=0&pwp_m=0&_created_via&_customer_user&paged=1&action2=-1" "Mozilla/5.0 (Windows NT 10.0; Win64; x64) AppleWebKit/537.36 (KHTML, like Gecko) Chrome/153.0.0.0 Safari/537.36"
5.121.201.134 - - [11/Sep/2026:16:18:59 +0330] "POST /wp-admin/admin-ajax.php HTTP/2" 200 67 "https://digikeyland.ir/wp-admin/edit.php?s=6039&post_status=all&post_type=shop_order&action=-1&m=0&pwp_m=0&_created_via&_customer_user&paged=1&action2=-1" "Mozilla/5.0 (Windows NT 10.0; Win64; x64) AppleWebKit/537.36 (KHTML, like Gecko) Chrome/153.0.0.0 Safari/537.36"
185.130.50.10 - - [11/Sep/2026:16:19:11 +0330] "POST /wp-cron.php?doing_wp_cron=1789130951.2910549640655517578125 HTTP/1.1" 200 20 "-" "WordPress/7.1; https://digikeyland.ir"
5.121.201.134 - - [11/Sep/2026:16:19:09 +0330] "POST /wp-admin/admin-ajax.php HTTP/2" 200 67 "https://digikeyland.ir/wp-admin/edit.php?s=6039&post_status=all&post_type=shop_order&action=-1&m=0&pwp_m=0&_created_via&_customer_user&paged=1&action2=-1" "Mozilla/5.0 (Windows NT 10.0; Win64; x64) AppleWebKit/537.36 (KHTML, like Gecko) Chrome/153.0.0.0 Safari/537.36"
5.121.201.134 - - [11/Sep/2026:16:19:19 +0330] "POST /wp-admin/admin-ajax.php HTTP/2" 200 67 "https://digikeyland.ir/wp-admin/edit.php?s=6039&post_status=all&post_type=shop_order&action=-1&m=0&pwp_m=0&_created_via&_customer_user&paged=1&action2=-1" "Mozilla/5.0 (Windows NT 10.0; Win64; x64) AppleWebKit/537.36 (KHTML, like Gecko) Chrome/153.0.0.0 Safari/537.36"
5.121.201.134 - - [11/Sep/2026:16:19:21 +0330] "POST /wp-admin/admin-ajax.php HTTP/2" 200 101 "https://digikeyland.ir/wp-admin/post.php?post=5173&action=edit" "Mozilla/5.0 (Windows NT 10.0; Win64; x64) AppleWebKit/537.36 (KHTML, like Gecko) Chrome/153.0.0.0 Safari/537.36"
5.121.201.134 - - [11/Sep/2026:16:19:29 +0330] "POST /wp-admin/admin-ajax.php HTTP/2" 200 67 "https://digikeyland.ir/wp-admin/edit.php?s=6039&post_status=all&post_type=shop_order&action=-1&m=0&pwp_m=0&_created_via&_customer_user&paged=1&action2=-1" "Mozilla/5.0 (Windows NT 10.0; Win64; x64) AppleWebKit/537.36 (KHTML, like Gecko) Chrome/153.0.0.0 Safari/537.36"
5.121.201.134 - - [11/Sep/2026:16:19:39 +0330] "POST /wp-admin/admin-ajax.php HTTP/2" 200 67 "https://digikeyland.ir/wp-admin/edit.php?s=6039&post_status=all&post_type=shop_order&action=-1&m=0&pwp_m=0&_created_via&_customer_user&paged=1&action2=-1" "Mozilla/5.0 (Windows NT 10.0; Win64; x64) AppleWebKit/537.36 (KHTML, like Gecko) Chrome/153.0.0.0 Safari/537.36"
130.255.194.177 - - [11/Sep/2026:16:19:46 +0330] "GET / HTTP/2" 200 82924 "https://www.google.com/" "Mozilla/5.0 (iPhone; CPU iPhone OS 18_7 like Mac OS X) AppleWebKit/605.1.15 (KHTML, like Gecko) Version/26.6.1 Mobile/15E148 Safari/604.1"
130.255.194.177 - - [11/Sep/2026:16:19:46 +0330] "GET /wp-content/plugins/contact-form-7/includes/css/styles.css?ver=6.1.7 HTTP/2" 200 902 "https://digikeyland.ir/" "Mozilla/5.0 (iPhone; CPU iPhone OS 18_7 like Mac OS X) AppleWebKit/605.1.15 (KHTML, like Gecko) Version/26.6.1 Mobile/15E148 Safari/604.1"
130.255.194.177 - - [11/Sep/2026:16:19:46 +0330] "GET /wp-content/plugins/contact-form-7/includes/css/styles-rtl.css?ver=6.1.7 HTTP/2" 200 152 "https://digikeyland.ir/" "Mozilla/5.0 (iPhone; CPU iPhone OS 18_7 like Mac OS X) AppleWebKit/605.1.15 (KHTML, like Gecko) Version/26.6.1 Mobile/15E148 Safari/604.1"
130.255.194.177 - - [11/Sep/2026:16:19:46 +0330] "GET /wp-content/plugins/sheyda-hamarz/assets/css/frontend/hamarz.min.css?ver=3.5.0.0 HTTP/2" 200 416 "https://digikeyland.ir/" "Mozilla/5.0 (iPhone; CPU iPhone OS 18_7 like Mac OS X) AppleWebKit/605.1.15 (KHTML, like Gecko) Version/26.6.1 Mobile/15E148 Safari/604.1"
130.255.194.177 - - [11/Sep/2026:16:19:46 +0330] "GET /wp-content/plugins/ar-contactus/res/css/contactus.min.css?ver=2.2.8 HTTP/2" 200 14107 "https://digikeyland.ir/" "Mozilla/5.0 (iPhone; CPU iPhone OS 18_7 like Mac OS X) AppleWebKit/605.1.15 (KHTML, like Gecko) Version/26.6.1 Mobile/15E148 Safari/604.1"
130.255.194.177 - - [11/Sep/2026:16:19:46 +0330] "GET /wp-content/plugins/ar-contactus/res/css/generated-mobile.css?ver=1789045161 HTTP/2" 200 471 "https://digikeyland.ir/" "Mozilla/5.0 (iPhone; CPU iPhone OS 18_7 like Mac OS X) AppleWebKit/605.1.15 (KHTML, like Gecko) Version/26.6.1 Mobile/15E148 Safari/604.1"
130.255.194.177 - - [11/Sep/2026:16:19:46 +0330] "GET /wp-content/plugins/woo-variation-swatches/assets/css/frontend.min.css?ver=2.4.0 HTTP/2" 200 4326 "https://digikeyland.ir/" "Mozilla/5.0 (iPhone; CPU iPhone OS 18_7 like Mac OS X) AppleWebKit/605.1.15 (KHTML, like Gecko) Version/26.6.1 Mobile/15E148 Safari/604.1"
130.255.194.177 - - [11/Sep/2026:16:19:46 +0330] "GET /wp-content/themes/shopi/includes/redux-core/assets/css/extendify-utilities.css?ver=4.4.11 HTTP/2" 200 5382 "https://digikeyland.ir/" "Mozilla/5.0 (iPhone; CPU iPhone OS 18_7 like Mac OS X) AppleWebKit/605.1.15 (KHTML, like Gecko) Version/26.6.1 Mobile/15E148 Safari/604.1"
130.255.194.177 - - [11/Sep/2026:16:19:46 +0330] "GET /wp-content/uploads/elementor/css/custom-frontend.min.css?ver=1789045198 HTTP/2" 200 6649 "https://digikeyland.ir/" "Mozilla/5.0 (iPhone; CPU iPhone OS 18_7 like Mac OS X) AppleWebKit/605.1.15 (KHTML, like Gecko) Version/26.6.1 Mobile/15E148 Safari/604.1"
130.255.194.177 - - [11/Sep/2026:16:19:46 +0330] "GET /wp-content/plugins/elementor/assets/css/widget-heading-rtl.min.css?ver=4.2.4 HTTP/2" 200 126 "https://digikeyland.ir/" "Mozilla/5.0 (iPhone; CPU iPhone OS 18_7 like Mac OS X) AppleWebKit/605.1.15 (KHTML, like Gecko) Version/26.6.1 Mobile/15E148 Safari/604.1"
130.255.194.177 - - [11/Sep/2026:16:19:46 +0330] "GET /wp-content/uploads/elementor/css/custom-pro-widget-nav-menu-rtl.min.css?ver=1789045198 HTTP/2" 200 3228 "https://digikeyland.ir/" "Mozilla/5.0 (iPhone; CPU iPhone OS 18_7 like Mac OS X) AppleWebKit/605.1.15 (KHTML, like Gecko) Version/26.6.1 Mobile/15E148 Safari/604.1"
130.255.194.177 - - [11/Sep/2026:16:19:46 +0330] "GET /wp-content/plugins/elementor/assets/css/widget-image-rtl.min.css?ver=4.2.4 HTTP/2" 200 96 "https://digikeyland.ir/" "Mozilla/5.0 (iPhone; CPU iPhone OS 18_7 like Mac OS X) AppleWebKit/605.1.15 (KHTML, like Gecko) Version/26.6.1 Mobile/15E148 Safari/604.1"
130.255.194.177 - - [11/Sep/2026:16:19:46 +0330] "GET /wp-content/plugins/elementor-pro/assets/css/modules/sticky.min.css?ver=3.33.2 HTTP/2" 200 162 "https://digikeyland.ir/" "Mozilla/5.0 (iPhone; CPU iPhone OS 18_7 like Mac OS X) AppleWebKit/605.1.15 (KHTML, like Gecko) Version/26.6.1 Mobile/15E148 Safari/604.1"
130.255.194.177 - - [11/Sep/2026:16:19:46 +0330] "GET /wp-content/uploads/elementor/css/post-329.css?ver=1789045199 HTTP/2" 200 373 "https://digikeyland.ir/" "Mozilla/5.0 (iPhone; CPU iPhone OS 18_7 like Mac OS X) AppleWebKit/605.1.15 (KHTML, like Gecko) Version/26.6.1 Mobile/15E148 Safari/604.1"
130.255.194.177 - - [11/Sep/2026:16:19:46 +0330] "GET /wp-content/uploads/elementor/css/post-2472.css?ver=1789045415 HTTP/2" 200 323 "https://digikeyland.ir/" "Mozilla/5.0 (iPhone; CPU iPhone OS 18_7 like Mac OS X) AppleWebKit/605.1.15 (KHTML, like Gecko) Version/26.6.1 Mobile/15E148 Safari/604.1"
130.255.194.177 - - [11/Sep/2026:16:19:46 +0330] "GET /wp-content/uploads/elementor/css/post-2837.css?ver=1789045415 HTTP/2" 200 2205 "https://digikeyland.ir/" "Mozilla/5.0 (iPhone; CPU iPhone OS 18_7 like Mac OS X) AppleWebKit/605.1.15 (KHTML, like Gecko) Version/26.6.1 Mobile/15E148 Safari/604.1"
130.255.194.177 - - [11/Sep/2026:16:19:46 +0330] "GET /wp-content/uploads/elementor/css/post-2667.css?ver=1789045201 HTTP/2" 200 3038 "https://digikeyland.ir/" "Mozilla/5.0 (iPhone; CPU iPhone OS 18_7 like Mac OS X) AppleWebKit/605.1.15 (KHTML, like Gecko) Version/26.6.1 Mobile/15E148 Safari/604.1"
130.255.194.177 - - [11/Sep/2026:16:19:46 +0330] "GET /wp-content/plugins/sheyda-hamarz/panel/assets/css/frontend/sheyda.min.css?ver=2.3.0.0 HTTP/2" 200 75 "https://digikeyland.ir/" "Mozilla/5.0 (iPhone; CPU iPhone OS 18_7 like Mac OS X) AppleWebKit/605.1.15 (KHTML, like Gecko) Version/26.6.1 Mobile/15E148 Safari/604.1"
130.255.194.177 - - [11/Sep/2026:16:19:46 +0330] "GET /wp-content/plugins/sheyda-hamarz/panel/assets/css/icons.min.css?ver=2.3.0.0 HTTP/2" 200 784 "https://digikeyland.ir/" "Mozilla/5.0 (iPhone; CPU iPhone OS 18_7 like Mac OS X) AppleWebKit/605.1.15 (KHTML, like Gecko) Version/26.6.1 Mobile/15E148 Safari/604.1"
130.255.194.177 - - [11/Sep/2026:16:19:46 +0330] "GET /wp-content/plugins/woocommerce/assets/css/select2.css?ver=11.1.0 HTTP/2" 200 1750 "https://digikeyland.ir/" "Mozilla/5.0 (iPhone; CPU iPhone OS 18_7 like Mac OS X) AppleWebKit/605.1.15 (KHTML, like Gecko) Version/26.6.1 Mobile/15E148 Safari/604.1"
130.255.194.177 - - [11/Sep/2026:16:19:46 +0330] "GET /wp-content/themes/shopi/assets/css/plugins.css?ver=2.0.0 HTTP/2" 200 9964 "https://digikeyland.ir/" "Mozilla/5.0 (iPhone; CPU iPhone OS 18_7 like Mac OS X) AppleWebKit/605.1.15 (KHTML, like Gecko) Version/26.6.1 Mobile/15E148 Safari/604.1"
130.255.194.177 - - [11/Sep/2026:16:19:46 +0330] "GET /wp-content/themes/shopi/assets/css/tailwind.css?ver=2.0.0 HTTP/2" 200 12246 "https://digikeyland.ir/" "Mozilla/5.0 (iPhone; CPU iPhone OS 18_7 like Mac OS X) AppleWebKit/605.1.15 (KHTML, like Gecko) Version/26.6.1 Mobile/15E148 Safari/604.1"
130.255.194.177 - - [11/Sep/2026:16:19:46 +0330] "GET /wp-content/themes/shopi/style.css?ver=2.0.0 HTTP/2" 200 16877 "https://digikeyland.ir/" "Mozilla/5.0 (iPhone; CPU iPhone OS 18_7 like Mac OS X) AppleWebKit/605.1.15 (KHTML, like Gecko) Version/26.6.1 Mobile/15E148 Safari/604.1"
130.255.194.177 - - [11/Sep/2026:16:19:46 +0330] "GET /wp-includes/js/jquery/jquery.min.js?ver=3.7.1 HTTP/2" 200 29744 "https://digikeyland.ir/" "Mozilla/5.0 (iPhone; CPU iPhone OS 18_7 like Mac OS X) AppleWebKit/605.1.15 (KHTML, like Gecko) Version/26.6.1 Mobile/15E148 Safari/604.1"
130.255.194.177 - - [11/Sep/2026:16:19:46 +0330] "GET /wp-includes/js/jquery/jquery-migrate.min.js?ver=3.4.1 HTTP/2" 200 4678 "https://digikeyland.ir/" "Mozilla/5.0 (iPhone; CPU iPhone OS 18_7 like Mac OS X) AppleWebKit/605.1.15 (KHTML, like Gecko) Version/26.6.1 Mobile/15E148 Safari/604.1"
130.255.194.177 - - [11/Sep/2026:16:19:46 +0330] "GET /wp-content/plugins/woocommerce/assets/js/jquery-blockui/jquery.blockUI.min.js?ver=2.7.0-wc.11.1.0 HTTP/2" 200 3277 "https://digikeyland.ir/" "Mozilla/5.0 (iPhone; CPU iPhone OS 18_7 like Mac OS X) AppleWebKit/605.1.15 (KHTML, like Gecko) Version/26.6.1 Mobile/15E148 Safari/604.1"
130.255.194.177 - - [11/Sep/2026:16:19:46 +0330] "GET /wp-content/plugins/woocommerce/assets/js/frontend/add-to-cart.min.js?ver=11.1.0 HTTP/2" 200 1296 "https://digikeyland.ir/" "Mozilla/5.0 (iPhone; CPU iPhone OS 18_7 like Mac OS X) AppleWebKit/605.1.15 (KHTML, like Gecko) Version/26.6.1 Mobile/15E148 Safari/604.1"
130.255.194.177 - - [11/Sep/2026:16:19:46 +0330] "GET /wp-content/plugins/woocommerce/assets/js/js-cookie/js.cookie.min.js?ver=2.1.4-wc.11.1.0 HTTP/2" 200 760 "https://digikeyland.ir/" "Mozilla/5.0 (iPhone; CPU iPhone OS 18_7 like Mac OS X) AppleWebKit/605.1.15 (KHTML, like Gecko) Version/26.6.1 Mobile/15E148 Safari/604.1"
130.255.194.177 - - [11/Sep/2026:16:19:46 +0330] "GET /wp-content/plugins/woocommerce/assets/js/frontend/woocommerce.min.js?ver=11.1.0 HTTP/2" 200 1385 "https://digikeyland.ir/" "Mozilla/5.0 (iPhone; CPU iPhone OS 18_7 like Mac OS X) AppleWebKit/605.1.15 (KHTML, like Gecko) Version/26.6.1 Mobile/15E148 Safari/604.1"
130.255.194.177 - - [11/Sep/2026:16:19:46 +0330] "GET /wp-content/plugins/ar-contactus/res/js/contactus.min.js?ver=2.2.8 HTTP/2" 200 9625 "https://digikeyland.ir/" "Mozilla/5.0 (iPhone; CPU iPhone OS 18_7 like Mac OS X) AppleWebKit/605.1.15 (KHTML, like Gecko) Version/26.6.1 Mobile/15E148 Safari/604.1"
130.255.194.177 - - [11/Sep/2026:16:19:46 +0330] "GET /wp-content/plugins/ar-contactus/res/js/scripts.js?ver=2.2.8 HTTP/2" 200 960 "https://digikeyland.ir/" "Mozilla/5.0 (iPhone; CPU iPhone OS 18_7 like Mac OS X) AppleWebKit/605.1.15 (KHTML, like Gecko) Version/26.6.1 Mobile/15E148 Safari/604.1"
130.255.194.177 - - [11/Sep/2026:16:19:46 +0330] "GET /wp-content/uploads/2025/12/DIGIKEYLAND-BANNER-01.webp HTTP/2" 200 8142 "https://digikeyland.ir/" "Mozilla/5.0 (iPhone; CPU iPhone OS 18_7 like Mac OS X) AppleWebKit/605.1.15 (KHTML, like Gecko) Version/26.6.1 Mobile/15E148 Safari/604.1"
130.255.194.177 - - [11/Sep/2026:16:19:46 +0330] "GET /wp-content/plugins/ar-contactus/res/js/maskedinput.min.js?version=2.2.8 HTTP/2" 200 21 "https://digikeyland.ir/" "Mozilla/5.0 (iPhone; CPU iPhone OS 18_7 like Mac OS X) AppleWebKit/605.1.15 (KHTML, like Gecko) Version/26.6.1 Mobile/15E148 Safari/604.1"
130.255.194.177 - - [11/Sep/2026:16:19:46 +0330] "GET /wp-includes/js/dist/hooks.min.js?ver=f0f188028580e8dc1255 HTTP/2" 200 1759 "https://digikeyland.ir/" "Mozilla/5.0 (iPhone; CPU iPhone OS 18_7 like Mac OS X) AppleWebKit/605.1.15 (KHTML, like Gecko) Version/26.6.1 Mobile/15E148 Safari/604.1"
130.255.194.177 - - [11/Sep/2026:16:19:46 +0330] "GET /wp-includes/js/dist/i18n.min.js?ver=1dfe7db3940c23ea9216 HTTP/2" 200 2379 "https://digikeyland.ir/" "Mozilla/5.0 (iPhone; CPU iPhone OS 18_7 like Mac OS X) AppleWebKit/605.1.15 (KHTML, like Gecko) Version/26.6.1 Mobile/15E148 Safari/604.1"
130.255.194.177 - - [11/Sep/2026:16:19:46 +0330] "GET /wp-content/plugins/contact-form-7/includes/swv/js/index.js?ver=6.1.7 HTTP/2" 200 3369 "https://digikeyland.ir/" "Mozilla/5.0 (iPhone; CPU iPhone OS 18_7 like Mac OS X) AppleWebKit/605.1.15 (KHTML, like Gecko) Version/26.6.1 Mobile/15E148 Safari/604.1"
130.255.194.177 - - [11/Sep/2026:16:19:46 +0330] "GET /wp-content/plugins/contact-form-7/includes/js/index.js?ver=6.1.7 HTTP/2" 200 4008 "https://digikeyland.ir/" "Mozilla/5.0 (iPhone; CPU iPhone OS 18_7 like Mac OS X) AppleWebKit/605.1.15 (KHTML, like Gecko) Version/26.6.1 Mobile/15E148 Safari/604.1"
130.255.194.177 - - [11/Sep/2026:16:19:46 +0330] "GET /wp-content/plugins/sheyda-hamarz/assets/js/frontend/hamarz.min.js?ver=3.5.0.0 HTTP/2" 200 382 "https://digikeyland.ir/" "Mozilla/5.0 (iPhone; CPU iPhone OS 18_7 like Mac OS X) AppleWebKit/605.1.15 (KHTML, like Gecko) Version/26.6.1 Mobile/15E148 Safari/604.1"
130.255.194.177 - - [11/Sep/2026:16:19:46 +0330] "GET /wp-includes/js/underscore.min.js?ver=1.13.8 HTTP/2" 200 7228 "https://digikeyland.ir/" "Mozilla/5.0 (iPhone; CPU iPhone OS 18_7 like Mac OS X) AppleWebKit/605.1.15 (KHTML, like Gecko) Version/26.6.1 Mobile/15E148 Safari/604.1"
130.255.194.177 - - [11/Sep/2026:16:19:46 +0330] "GET /wp-includes/js/wp-util.min.js?ver=7.1 HTTP/2" 200 693 "https://digikeyland.ir/" "Mozilla/5.0 (iPhone; CPU iPhone OS 18_7 like Mac OS X) AppleWebKit/605.1.15 (KHTML, like Gecko) Version/26.6.1 Mobile/15E148 Safari/604.1"
130.255.194.177 - - [11/Sep/2026:16:19:46 +0330] "GET /wp-includes/js/api-request.min.js?ver=7.1 HTTP/2" 200 530 "https://digikeyland.ir/" "Mozilla/5.0 (iPhone; CPU iPhone OS 18_7 like Mac OS X) AppleWebKit/605.1.15 (KHTML, like Gecko) Version/26.6.1 Mobile/15E148 Safari/604.1"
130.255.194.177 - - [11/Sep/2026:16:19:46 +0330] "GET /wp-includes/js/dist/private-apis.min.js?ver=eb85f28c4c729bb4f002 HTTP/2" 200 1068 "https://digikeyland.ir/" "Mozilla/5.0 (iPhone; CPU iPhone OS 18_7 like Mac OS X) AppleWebKit/605.1.15 (KHTML, like Gecko) Version/26.6.1 Mobile/15E148 Safari/604.1"
130.255.194.177 - - [11/Sep/2026:16:19:46 +0330] "GET /wp-includes/js/dist/url.min.js?ver=7b0de086d4ae11d55704 HTTP/2" 200 3654 "https://digikeyland.ir/" "Mozilla/5.0 (iPhone; CPU iPhone OS 18_7 like Mac OS X) AppleWebKit/605.1.15 (KHTML, like Gecko) Version/26.6.1 Mobile/15E148 Safari/604.1"
130.255.194.177 - - [11/Sep/2026:16:19:46 +0330] "GET /wp-includes/js/dist/api-fetch.min.js?ver=6f2a4faeee3c722b1e57 HTTP/2" 200 3151 "https://digikeyland.ir/" "Mozilla/5.0 (iPhone; CPU iPhone OS 18_7 like Mac OS X) AppleWebKit/605.1.15 (KHTML, like Gecko) Version/26.6.1 Mobile/15E148 Safari/604.1"
130.255.194.177 - - [11/Sep/2026:16:19:46 +0330] "GET /wp-includes/js/dist/vendor/wp-polyfill.min.js?ver=3.15.0 HTTP/2" 200 10454 "https://digikeyland.ir/" "Mozilla/5.0 (iPhone; CPU iPhone OS 18_7 like Mac OS X) AppleWebKit/605.1.15 (KHTML, like Gecko) Version/26.6.1 Mobile/15E148 Safari/604.1"
130.255.194.177 - - [11/Sep/2026:16:19:46 +0330] "GET /wp-content/plugins/woo-variation-swatches/assets/js/frontend.min.js?ver=2.4.0 HTTP/2" 200 4728 "https://digikeyland.ir/" "Mozilla/5.0 (iPhone; CPU iPhone OS 18_7 like Mac OS X) AppleWebKit/605.1.15 (KHTML, like Gecko) Version/26.6.1 Mobile/15E148 Safari/604.1"
130.255.194.177 - - [11/Sep/2026:16:19:46 +0330] "GET /wp-content/plugins/elementor/assets/js/webpack.runtime.min.js?ver=4.2.4 HTTP/2" 200 2335 "https://digikeyland.ir/" "Mozilla/5.0 (iPhone; CPU iPhone OS 18_7 like Mac OS X) AppleWebKit/605.1.15 (KHTML, like Gecko) Version/26.6.1 Mobile/15E148 Safari/604.1"
130.255.194.177 - - [11/Sep/2026:16:19:46 +0330] "GET /wp-content/plugins/elementor/assets/js/frontend-modules.min.js?ver=4.2.4 HTTP/2" 200 15445 "https://digikeyland.ir/" "Mozilla/5.0 (iPhone; CPU iPhone OS 18_7 like Mac OS X) AppleWebKit/605.1.15 (KHTML, like Gecko) Version/26.6.1 Mobile/15E148 Safari/604.1"
130.255.194.177 - - [11/Sep/2026:16:19:46 +0330] "GET /wp-includes/js/jquery/ui/core.min.js?ver=1.14.2 HTTP/2" 200 6276 "https://digikeyland.ir/" "Mozilla/5.0 (iPhone; CPU iPhone OS 18_7 like Mac OS X) AppleWebKit/605.1.15 (KHTML, like Gecko) Version/26.6.1 Mobile/15E148 Safari/604.1"
130.255.194.177 - - [11/Sep/2026:16:19:46 +0330] "GET /wp-content/plugins/elementor/assets/js/frontend.min.js?ver=4.2.4 HTTP/2" 200 10124 "https://digikeyland.ir/" "Mozilla/5.0 (iPhone; CPU iPhone OS 18_7 like Mac OS X) AppleWebKit/605.1.15 (KHTML, like Gecko) Version/26.6.1 Mobile/15E148 Safari/604.1"
130.255.194.177 - - [11/Sep/2026:16:19:46 +0330] "GET /wp-content/plugins/elementor-pro/assets/lib/smartmenus/jquery.smartmenus.min.js?ver=1.2.1 HTTP/2" 200 6867 "https://digikeyland.ir/" "Mozilla/5.0 (iPhone; CPU iPhone OS 18_7 like Mac OS X) AppleWebKit/605.1.15 (KHTML, like Gecko) Version/26.6.1 Mobile/15E148 Safari/604.1"
130.255.194.177 - - [11/Sep/2026:16:19:46 +0330] "GET /wp-content/plugins/elementor-pro/assets/lib/sticky/jquery.sticky.min.js?ver=3.33.2 HTTP/2" 200 1442 "https://digikeyland.ir/" "Mozilla/5.0 (iPhone; CPU iPhone OS 18_7 like Mac OS X) AppleWebKit/605.1.15 (KHTML, like Gecko) Version/26.6.1 Mobile/15E148 Safari/604.1"
130.255.194.177 - - [11/Sep/2026:16:19:46 +0330] "GET /wp-content/plugins/sheyda-hamarz/panel/assets/js/sheyda.min.js?ver=2.3.0.0 HTTP/2" 200 624 "https://digikeyland.ir/" "Mozilla/5.0 (iPhone; CPU iPhone OS 18_7 like Mac OS X) AppleWebKit/605.1.15 (KHTML, like Gecko) Version/26.6.1 Mobile/15E148 Safari/604.1"
130.255.194.177 - - [11/Sep/2026:16:19:46 +0330] "GET /wp-content/plugins/sheyda-hamarz/assets/js/frontend/wc.min.js?ver=3.5.0.0 HTTP/2" 200 246 "https://digikeyland.ir/" "Mozilla/5.0 (iPhone; CPU iPhone OS 18_7 like Mac OS X) AppleWebKit/605.1.15 (KHTML, like Gecko) Version/26.6.1 Mobile/15E148 Safari/604.1"
130.255.194.177 - - [11/Sep/2026:16:19:46 +0330] "GET /wp-content/themes/shopi/assets/js/plugins.js?ver=2.0.0 HTTP/2" 200 87387 "https://digikeyland.ir/" "Mozilla/5.0 (iPhone; CPU iPhone OS 18_7 like Mac OS X) AppleWebKit/605.1.15 (KHTML, like Gecko) Version/26.6.1 Mobile/15E148 Safari/604.1"
130.255.194.177 - - [11/Sep/2026:16:19:46 +0330] "GET /wp-content/plugins/woocommerce/assets/js/selectWoo/selectWoo.full.min.js?ver=1.0.9-wc.11.1.0 HTTP/2" 200 20246 "https://digikeyland.ir/" "Mozilla/5.0 (iPhone; CPU iPhone OS 18_7 like Mac OS X) AppleWebKit/605.1.15 (KHTML, like Gecko) Version/26.6.1 Mobile/15E148 Safari/604.1"
130.255.194.177 - - [11/Sep/2026:16:19:46 +0330] "GET /wp-content/themes/shopi/assets/js/main.js?ver=2.0.0 HTTP/2" 200 12132 "https://digikeyland.ir/" "Mozilla/5.0 (iPhone; CPU iPhone OS 18_7 like Mac OS X) AppleWebKit/605.1.15 (KHTML, like Gecko) Version/26.6.1 Mobile/15E148 Safari/604.1"
130.255.194.177 - - [11/Sep/2026:16:19:46 +0330] "GET /wp-content/plugins/elementor-pro/assets/js/webpack-pro.runtime.min.js?ver=3.33.2 HTTP/2" 200 2622 "https://digikeyland.ir/" "Mozilla/5.0 (iPhone; CPU iPhone OS 18_7 like Mac OS X) AppleWebKit/605.1.15 (KHTML, like Gecko) Version/26.6.1 Mobile/15E148 Safari/604.1"
130.255.194.177 - - [11/Sep/2026:16:19:46 +0330] "GET /wp-content/plugins/elementor-pro/assets/js/frontend.min.js?ver=3.33.2 HTTP/2" 200 6202 "https://digikeyland.ir/" "Mozilla/5.0 (iPhone; CPU iPhone OS 18_7 like Mac OS X) AppleWebKit/605.1.15 (KHTML, like Gecko) Version/26.6.1 Mobile/15E148 Safari/604.1"
130.255.194.177 - - [11/Sep/2026:16:19:46 +0330] "GET /wp-content/plugins/elementor-pro/assets/js/elements-handlers.min.js?ver=3.33.2 HTTP/2" 200 10101 "https://digikeyland.ir/" "Mozilla/5.0 (iPhone; CPU iPhone OS 18_7 like Mac OS X) AppleWebKit/605.1.15 (KHTML, like Gecko) Version/26.6.1 Mobile/15E148 Safari/604.1"
130.255.194.177 - - [11/Sep/2026:16:19:47 +0330] "GET /wp-content/uploads/2024/11/1-2.png HTTP/2" 200 1635 "https://digikeyland.ir/" "Mozilla/5.0 (iPhone; CPU iPhone OS 18_7 like Mac OS X) AppleWebKit/605.1.15 (KHTML, like Gecko) Version/26.6.1 Mobile/15E148 Safari/604.1"
130.255.194.177 - - [11/Sep/2026:16:19:47 +0330] "GET /wp-content/uploads/2025/10/Digikeyland-logo-svg.svg HTTP/2" 200 1756 "https://digikeyland.ir/" "Mozilla/5.0 (iPhone; CPU iPhone OS 18_7 like Mac OS X) AppleWebKit/605.1.15 (KHTML, like Gecko) Version/26.6.1 Mobile/15E148 Safari/604.1"
130.255.194.177 - - [11/Sep/2026:16:19:47 +0330] "GET /wp-content/themes/shopi/assets/fonts/Yekan%20Bakh%20FaNum%2006%20Bold.woff HTTP/2" 200 60024 "https://digikeyland.ir/" "Mozilla/5.0 (iPhone; CPU iPhone OS 18_7 like Mac OS X) AppleWebKit/605.1.15 (KHTML, like Gecko) Version/26.6.1 Mobile/15E148 Safari/604.1"
130.255.194.177 - - [11/Sep/2026:16:19:47 +0330] "GET /wp-content/uploads/2024/11/4-4.png HTTP/2" 200 2833 "https://digikeyland.ir/" "Mozilla/5.0 (iPhone; CPU iPhone OS 18_7 like Mac OS X) AppleWebKit/605.1.15 (KHTML, like Gecko) Version/26.6.1 Mobile/15E148 Safari/604.1"
130.255.194.177 - - [11/Sep/2026:16:19:47 +0330] "GET /wp-content/uploads/2024/11/1-12.png HTTP/2" 200 2778 "https://digikeyland.ir/" "Mozilla/5.0 (iPhone; CPU iPhone OS 18_7 like Mac OS X) AppleWebKit/605.1.15 (KHTML, like Gecko) Version/26.6.1 Mobile/15E148 Safari/604.1"
130.255.194.177 - - [11/Sep/2026:16:19:47 +0330] "GET /wp-content/uploads/2024/11/7.png HTTP/2" 200 2546 "https://digikeyland.ir/" "Mozilla/5.0 (iPhone; CPU iPhone OS 18_7 like Mac OS X) AppleWebKit/605.1.15 (KHTML, like Gecko) Version/26.6.1 Mobile/15E148 Safari/604.1"
130.255.194.177 - - [11/Sep/2026:16:19:47 +0330] "GET /wp-content/uploads/2024/11/2-4.png HTTP/2" 200 3403 "https://digikeyland.ir/" "Mozilla/5.0 (iPhone; CPU iPhone OS 18_7 like Mac OS X) AppleWebKit/605.1.15 (KHTML, like Gecko) Version/26.6.1 Mobile/15E148 Safari/604.1"
130.255.194.177 - - [11/Sep/2026:16:19:47 +0330] "GET /wp-content/uploads/2024/11/3-3.png HTTP/2" 200 2091 "https://digikeyland.ir/" "Mozilla/5.0 (iPhone; CPU iPhone OS 18_7 like Mac OS X) AppleWebKit/605.1.15 (KHTML, like Gecko) Version/26.6.1 Mobile/15E148 Safari/604.1"
