84.13.153.129 - - [11/Sep/2026:17:25:09 +0330] "GET /wp-admin/index.php HTTP/1.1" 302 20 "https://digikeyland.ir/wp-login.php" "Mozilla/5.0 (Windows NT 10.0; Win64; x64) AppleWebKit/605.1.15 (KHTML, like Gecko) Version/14.1 Safari/605.1.15"
84.13.153.129 - - [11/Sep/2026:17:25:11 +0330] "GET /wp-login.php?redirect_to=https%3A%2F%2Fdigikeyland.ir%2Fwp-admin%2Findex.php&reauth=1 HTTP/1.1" 200 3804 "https://digikeyland.ir/wp-login.php" "Mozilla/5.0 (Windows NT 10.0; Win64; x64) AppleWebKit/605.1.15 (KHTML, like Gecko) Version/14.1 Safari/605.1.15"
84.13.153.129 - - [11/Sep/2026:17:25:12 +0330] "GET /wp-admin/index.php HTTP/1.1" 302 20 "https://digikeyland.ir/wp-login.php" "Mozilla/5.0 (Windows NT 10.0; Win64; x64) AppleWebKit/605.1.15 (KHTML, like Gecko) Version/14.1 Safari/605.1.15"
84.13.153.129 - - [11/Sep/2026:17:25:14 +0330] "GET /wp-login.php?redirect_to=https%3A%2F%2Fdigikeyland.ir%2Fwp-admin%2Findex.php&reauth=1 HTTP/1.1" 200 3804 "https://digikeyland.ir/wp-login.php" "Mozilla/5.0 (Windows NT 10.0; Win64; x64) AppleWebKit/605.1.15 (KHTML, like Gecko) Version/14.1 Safari/605.1.15"
84.13.153.129 - - [11/Sep/2026:17:25:16 +0330] "POST /wp-login.php HTTP/1.1" 200 3973 "https://digikeyland.ir/wp-login.php" "Mozilla/5.0 (Windows NT 10.0; Win64; x64) AppleWebKit/605.1.15 (KHTML, like Gecko) Version/14.1.1 Safari/605.1.15"
84.13.153.129 - - [11/Sep/2026:17:25:18 +0330] "GET /wp-admin/index.php HTTP/1.1" 302 20 "https://digikeyland.ir/wp-login.php" "Mozilla/5.0 (Windows NT 10.0; Win64; x64) AppleWebKit/537.36 (KHTML, like Gecko) Chrome/90.0.4430.212 Safari/537.36"
84.13.153.129 - - [11/Sep/2026:17:25:20 +0330] "GET /wp-login.php?redirect_to=https%3A%2F%2Fdigikeyland.ir%2Fwp-admin%2Findex.php&reauth=1 HTTP/1.1" 200 3804 "https://digikeyland.ir/wp-login.php" "Mozilla/5.0 (Windows NT 10.0; Win64; x64) AppleWebKit/537.36 (KHTML, like Gecko) Chrome/90.0.4430.212 Safari/537.36"
84.13.153.129 - - [11/Sep/2026:17:25:21 +0330] "GET /wp-admin/index.php HTTP/1.1" 302 20 "https://digikeyland.ir/wp-login.php" "Mozilla/5.0 (Windows NT 10.0; Win64; x64) AppleWebKit/537.36 (KHTML, like Gecko) Chrome/90.0.4430.212 Safari/537.36"
84.13.153.129 - - [11/Sep/2026:17:25:23 +0330] "GET /wp-login.php?redirect_to=https%3A%2F%2Fdigikeyland.ir%2Fwp-admin%2Findex.php&reauth=1 HTTP/1.1" 200 3804 "https://digikeyland.ir/wp-login.php" "Mozilla/5.0 (Windows NT 10.0; Win64; x64) AppleWebKit/537.36 (KHTML, like Gecko) Chrome/90.0.4430.212 Safari/537.36"
84.13.153.129 - - [11/Sep/2026:17:25:24 +0330] "POST /wp-login.php HTTP/1.1" 200 3969 "https://digikeyland.ir/wp-login.php" "Mozilla/5.0 (Macintosh; Intel Mac OS X 10_15_7) AppleWebKit/537.36 (KHTML, like Gecko) Chrome/94.0.4606.71 Safari/537.36"
84.13.153.129 - - [11/Sep/2026:17:25:25 +0330] "GET /wp-admin/index.php HTTP/1.1" 302 20 "https://digikeyland.ir/wp-login.php" "Mozilla/5.0 (Windows NT 10.0; Win64; x64) AppleWebKit/537.36 (KHTML, like Gecko) Chrome/93.0.4577.63 Safari/537.36"
18.213.27.222 - - [11/Sep/2026:17:25:26 +0330] "GET /product/capcut-pro/embed/?sort=popular HTTP/1.1" 200 79564 "-" "Mozilla/5.0 AppleWebKit/537.36 (KHTML, like Gecko; compatible; Amazonbot/0.1; +https://developer.amazon.com/support/amazonbot) Chrome/119.0.6045.214 Safari/537.36"
84.13.153.129 - - [11/Sep/2026:17:25:27 +0330] "GET /wp-login.php?redirect_to=https%3A%2F%2Fdigikeyland.ir%2Fwp-admin%2Findex.php&reauth=1 HTTP/1.1" 200 3804 "https://digikeyland.ir/wp-login.php" "Mozilla/5.0 (Windows NT 10.0; Win64; x64) AppleWebKit/537.36 (KHTML, like Gecko) Chrome/93.0.4577.63 Safari/537.36"
84.13.153.129 - - [11/Sep/2026:17:25:29 +0330] "GET /wp-admin/index.php HTTP/1.1" 302 20 "https://digikeyland.ir/wp-login.php" "Mozilla/5.0 (Windows NT 10.0; Win64; x64) AppleWebKit/537.36 (KHTML, like Gecko) Chrome/93.0.4577.63 Safari/537.36"
84.13.153.129 - - [11/Sep/2026:17:25:30 +0330] "GET /wp-login.php?redirect_to=https%3A%2F%2Fdigikeyland.ir%2Fwp-admin%2Findex.php&reauth=1 HTTP/1.1" 200 3804 "https://digikeyland.ir/wp-login.php" "Mozilla/5.0 (Windows NT 10.0; Win64; x64) AppleWebKit/537.36 (KHTML, like Gecko) Chrome/93.0.4577.63 Safari/537.36"
84.13.153.129 - - [11/Sep/2026:17:25:32 +0330] "POST /wp-login.php HTTP/1.1" 200 3970 "https://digikeyland.ir/wp-login.php" "Mozilla/5.0 (Macintosh; Intel Mac OS X 10_15_7) AppleWebKit/605.1.15 (KHTML, like Gecko) Version/14.1.2 Safari/605.1.15"
84.13.153.129 - - [11/Sep/2026:17:25:33 +0330] "GET /wp-admin/index.php HTTP/1.1" 302 20 "https://digikeyland.ir/wp-login.php" "Mozilla/5.0 (Windows NT 6.1; Win64; x64) AppleWebKit/537.36 (KHTML, like Gecko) Chrome/90.0.4430.212 Safari/537.36"
34.205.163.103 - - [11/Sep/2026:17:25:34 +0330] "GET /wp-json/oembed/1.0/embed?url=https://digikeyland.ir/product/kaspersky-total-security/ HTTP/1.1" 200 1238 "-" "Mozilla/5.0 AppleWebKit/537.36 (KHTML, like Gecko; compatible; Amazonbot/0.1; +https://developer.amazon.com/support/amazonbot) Chrome/119.0.6045.214 Safari/537.36"
84.13.153.129 - - [11/Sep/2026:17:25:35 +0330] "GET /wp-login.php?redirect_to=https%3A%2F%2Fdigikeyland.ir%2Fwp-admin%2Findex.php&reauth=1 HTTP/1.1" 200 3804 "https://digikeyland.ir/wp-login.php" "Mozilla/5.0 (Windows NT 6.1; Win64; x64) AppleWebKit/537.36 (KHTML, like Gecko) Chrome/90.0.4430.212 Safari/537.36"
84.13.153.129 - - [11/Sep/2026:17:25:37 +0330] "GET /wp-admin/index.php HTTP/1.1" 302 20 "https://digikeyland.ir/wp-login.php" "Mozilla/5.0 (Windows NT 6.1; Win64; x64) AppleWebKit/537.36 (KHTML, like Gecko) Chrome/90.0.4430.212 Safari/537.36"
84.13.153.129 - - [11/Sep/2026:17:25:38 +0330] "GET /wp-login.php?redirect_to=https%3A%2F%2Fdigikeyland.ir%2Fwp-admin%2Findex.php&reauth=1 HTTP/1.1" 200 3804 "https://digikeyland.ir/wp-login.php" "Mozilla/5.0 (Windows NT 6.1; Win64; x64) AppleWebKit/537.36 (KHTML, like Gecko) Chrome/90.0.4430.212 Safari/537.36"
84.13.153.129 - - [11/Sep/2026:17:25:39 +0330] "POST /wp-login.php HTTP/1.1" 200 3976 "https://digikeyland.ir/wp-login.php" "Mozilla/5.0 (X11; Linux x86_64; rv:91.0) Gecko/20100101 Firefox/91.0"
84.13.153.129 - - [11/Sep/2026:17:25:41 +0330] "GET /wp-admin/index.php HTTP/1.1" 302 20 "https://digikeyland.ir/wp-login.php" "Mozilla/5.0 (Windows NT 6.1; Win64; x64; rv:92.0) Gecko/20100101 Firefox/92.0"
84.13.153.129 - - [11/Sep/2026:17:25:42 +0330] "GET /wp-login.php?redirect_to=https%3A%2F%2Fdigikeyland.ir%2Fwp-admin%2Findex.php&reauth=1 HTTP/1.1" 200 3804 "https://digikeyland.ir/wp-login.php" "Mozilla/5.0 (Windows NT 6.1; Win64; x64; rv:92.0) Gecko/20100101 Firefox/92.0"
84.13.153.129 - - [11/Sep/2026:17:25:44 +0330] "GET /wp-admin/index.php HTTP/1.1" 302 20 "https://digikeyland.ir/wp-login.php" "Mozilla/5.0 (Windows NT 6.1; Win64; x64; rv:92.0) Gecko/20100101 Firefox/92.0"
5.52.118.231 - - [11/Sep/2026:17:24:27 +0330] "POST /wp-admin/admin-ajax.php HTTP/2" 200 1192 "https://digikeyland.ir/product/ps-plus-account/?attribute_pa_plan=%D9%BE%D9%84%D8%A7%D8%B3-%D8%A7%DA%A9%D8%B3%D8%AA%D8%B1%D8%A7-3-%D9%85%D8%A7%D9%87%D9%87-90-%D9%84%DB%8C%D8%B1-%D9%81%D8%A7%D9%86%D8%AF-%D8%B8%D8%B1%D9%81%DB%8C%D8%AA-%DA%A9%D8%A7%D9%85%D9%84&utm_source=EmallsCompairingPrice&utm_medium=EmallsPPC&utm_campaign=Emalls%E2%80%8C" "Mozilla/5.0 (Linux; Android 10; K) AppleWebKit/537.36 (KHTML, like Gecko) Chrome/152.0.0.0 Mobile Safari/537.36"
5.52.118.231 - - [11/Sep/2026:17:24:41 +0330] "POST /wp-admin/admin-ajax.php HTTP/2" 200 1205 "https://digikeyland.ir/product/ps-plus-account/?attribute_pa_plan=%D9%BE%D9%84%D8%A7%D8%B3-%D8%A7%DA%A9%D8%B3%D8%AA%D8%B1%D8%A7-3-%D9%85%D8%A7%D9%87%D9%87-90-%D9%84%DB%8C%D8%B1-%D9%81%D8%A7%D9%86%D8%AF-%D8%B8%D8%B1%D9%81%DB%8C%D8%AA-%DA%A9%D8%A7%D9%85%D9%84&utm_source=EmallsCompairingPrice&utm_medium=EmallsPPC&utm_campaign=Emalls%E2%80%8C" "Mozilla/5.0 (Linux; Android 10; K) AppleWebKit/537.36 (KHTML, like Gecko) Chrome/152.0.0.0 Mobile Safari/537.36"
185.130.50.10 - - [11/Sep/2026:17:25:12 +0330] "POST /wp-cron.php?doing_wp_cron=1789134912.6146190166473388671875 HTTP/1.1" 200 20 "-" "WordPress/7.1; https://digikeyland.ir"
98.82.66.172 - - [11/Sep/2026:17:25:18 +0330] "GET /product/apple-id/feed/ HTTP/1.1" 200 567 "-" "Mozilla/5.0 AppleWebKit/537.36 (KHTML, like Gecko; compatible; Amazonbot/0.1; +https://developer.amazon.com/support/amazonbot) Chrome/119.0.6045.214 Safari/537.36"
52.70.209.13 - - [11/Sep/2026:17:25:22 +0330] "GET /product/gta-vi-ps5/embed/?sort=popular HTTP/1.1" 200 158214 "-" "Mozilla/5.0 AppleWebKit/537.36 (KHTML, like Gecko; compatible; Amazonbot/0.1; +https://developer.amazon.com/support/amazonbot) Chrome/119.0.6045.214 Safari/537.36"
46.100.87.66 - - [11/Sep/2026:17:25:24 +0330] "POST /wp-admin/admin-ajax.php HTTP/2" 200 67 "https://digikeyland.ir/wp-admin/edit.php?s&post_status=all&post_type=shop_order&action=-1&m=0&pwp_m=0&_created_via&_customer_user&action2=-1" "Mozilla/5.0 (Windows NT 10.0; Win64; x64) AppleWebKit/537.36 (KHTML, like Gecko) Chrome/153.0.0.0 Safari/537.36"
98.82.107.102 - - [11/Sep/2026:17:25:30 +0330] "GET /product/head-space/?amp&attribute_%25d9%2585%25d8%25af%25d8%25aa-%25d8%25b2%25d9%2585%25d8%25a7%25d9%2586-%25d8%25a7%25d8%25b4%25d8%25aa%25d8%25b1%25d8%25a7%25da%25a9=%D8%AF%D9%88%20%D9%85%D8%A7%D9%87%D9%87 HTTP/1.1" 200 84065 "-" "Mozilla/5.0 AppleWebKit/537.36 (KHTML, like Gecko; compatible; Amazonbot/0.1; +https://developer.amazon.com/support/amazonbot) Chrome/119.0.6045.214 Safari/537.36"
18.211.148.239 - - [11/Sep/2026:17:25:38 +0330] "GET /product/usa-visa-card-without-3ds/embed/?sort=newest HTTP/1.1" 200 95716 "-" "Mozilla/5.0 AppleWebKit/537.36 (KHTML, like Gecko; compatible; Amazonbot/0.1; +https://developer.amazon.com/support/amazonbot) Chrome/119.0.6045.214 Safari/537.36"
54.225.181.161 - - [11/Sep/2026:17:25:42 +0330] "GET /product/gemini-advance/?add-to-cart=4468&attribute_%D9%86%D9%88%D8%B9-%D9%81%D8%B9%D8%A7%D9%84%D8%B3%D8%A7%D8%B2%DB%8C=%DB%8C%DA%A9%D9%85%D8%A7%D9%87%D9%87%20-%20%D8%A7%DB%8C%D9%85%DB%8C%D9%84%20%D8%B4%D8%AE%D8%B5%DB%8C%20-%20%D9%BE%D9%84%D9%86%20%D9%BE%D8%B1%D9%88%20(%20%D8%AA%D9%85%D8%AF%DB%8C%D8%AF%DB%8C%20%D9%81%D9%85%DB%8C%D9%84%DB%8C)&variation_id=5900 HTTP/1.1" 200 100532 "-" "Mozilla/5.0 AppleWebKit/537.36 (KHTML, like Gecko; compatible; Amazonbot/0.1; +https://developer.amazon.com/support/amazonbot) Chrome/119.0.6045.214 Safari/537.36"
44.212.106.171 - - [11/Sep/2026:17:25:50 +0330] "GET /product/mondly/embed/?sort=popular HTTP/1.1" 200 85746 "-" "Mozilla/5.0 AppleWebKit/537.36 (KHTML, like Gecko; compatible; Amazonbot/0.1; +https://developer.amazon.com/support/amazonbot) Chrome/119.0.6045.214 Safari/537.36"
46.100.87.66 - - [11/Sep/2026:17:25:52 +0330] "POST /wp-admin/admin-ajax.php HTTP/2" 200 67 "https://digikeyland.ir/wp-admin/edit.php?post_type=product" "Mozilla/5.0 (Windows NT 10.0; Win64; x64) AppleWebKit/537.36 (KHTML, like Gecko) Chrome/153.0.0.0 Safari/537.36"
84.13.153.129 - - [11/Sep/2026:17:25:45 +0330] "GET /wp-login.php?redirect_to=https%3A%2F%2Fdigikeyland.ir%2Fwp-admin%2Findex.php&reauth=1 HTTP/1.1" 200 3804 "https://digikeyland.ir/wp-login.php" "Mozilla/5.0 (Windows NT 6.1; Win64; x64; rv:92.0) Gecko/20100101 Firefox/92.0"
84.13.153.129 - - [11/Sep/2026:17:25:47 +0330] "POST /wp-login.php HTTP/1.1" 200 3973 "https://digikeyland.ir/wp-login.php" "Mozilla/5.0 (Windows NT 10.0; Win64; x64) AppleWebKit/537.36 (KHTML, like Gecko) Chrome/92.0.4515.131 Safari/537.36"
3.213.46.222 - - [11/Sep/2026:17:25:46 +0330] "GET /product/kaspersky-total-security/?attribute_pa_plan=%25da%25a9%25d8%25b3%25d9%25be%25d8%25b1%25d8%25b3%25da%25a9%25db%258c-%25d9%25be%25d8%25b1%25d9%2585%25db%258c%25d9%2588%25d9%2585-5-%25d8%25af%25d8%25b3%25d8%25aa%25da%25af%25d8%25a7%25d9%2587-1-%25d8%25b3%25d8%25a7%25d9%2584%25d9%2587 HTTP/1.1" 200 266268 "-" "Mozilla/5.0 AppleWebKit/537.36 (KHTML, like Gecko; compatible; Amazonbot/0.1; +https://developer.amazon.com/support/amazonbot) Chrome/119.0.6045.214 Safari/537.36"
84.13.153.129 - - [11/Sep/2026:17:25:48 +0330] "GET /wp-admin/index.php HTTP/1.1" 302 20 "https://digikeyland.ir/wp-login.php" "Mozilla/5.0 (Macintosh; Intel Mac OS X 10_15_7; rv:91.0) Gecko/20100101 Firefox/91.0"
84.13.153.129 - - [11/Sep/2026:17:25:50 +0330] "GET /wp-login.php?redirect_to=https%3A%2F%2Fdigikeyland.ir%2Fwp-admin%2Findex.php&reauth=1 HTTP/1.1" 200 3804 "https://digikeyland.ir/wp-login.php" "Mozilla/5.0 (Macintosh; Intel Mac OS X 10_15_7; rv:91.0) Gecko/20100101 Firefox/91.0"
84.13.153.129 - - [11/Sep/2026:17:25:51 +0330] "GET /wp-admin/index.php HTTP/1.1" 302 20 "https://digikeyland.ir/wp-login.php" "Mozilla/5.0 (Macintosh; Intel Mac OS X 10_15_7; rv:91.0) Gecko/20100101 Firefox/91.0"
84.13.153.129 - - [11/Sep/2026:17:25:53 +0330] "GET /wp-login.php?redirect_to=https%3A%2F%2Fdigikeyland.ir%2Fwp-admin%2Findex.php&reauth=1 HTTP/1.1" 200 3804 "https://digikeyland.ir/wp-login.php" "Mozilla/5.0 (Macintosh; Intel Mac OS X 10_15_7; rv:91.0) Gecko/20100101 Firefox/91.0"
84.13.153.129 - - [11/Sep/2026:17:25:54 +0330] "POST /wp-login.php HTTP/1.1" 200 3967 "https://digikeyland.ir/wp-login.php" "Mozilla/5.0 (Windows NT 6.1; Win64; x64; rv:92.0) Gecko/20100101 Firefox/92.0"
44.208.223.68 - - [11/Sep/2026:17:25:54 +0330] "GET /shop/page/1/?orderby=rating HTTP/1.1" 301 20 "-" "Mozilla/5.0 AppleWebKit/537.36 (KHTML, like Gecko; compatible; Amazonbot/0.1; +https://developer.amazon.com/support/amazonbot) Chrome/119.0.6045.214 Safari/537.36"
84.13.153.129 - - [11/Sep/2026:17:25:56 +0330] "GET /wp-admin/index.php HTTP/1.1" 302 20 "https://digikeyland.ir/wp-login.php" "Mozilla/5.0 (Macintosh; Intel Mac OS X 10_15_7) AppleWebKit/537.36 (KHTML, like Gecko) Chrome/91.0.4472.124 Safari/537.36"
84.13.153.129 - - [11/Sep/2026:17:25:57 +0330] "GET /wp-login.php?redirect_to=https%3A%2F%2Fdigikeyland.ir%2Fwp-admin%2Findex.php&reauth=1 HTTP/1.1" 200 3804 "https://digikeyland.ir/wp-login.php" "Mozilla/5.0 (Macintosh; Intel Mac OS X 10_15_7) AppleWebKit/537.36 (KHTML, like Gecko) Chrome/91.0.4472.124 Safari/537.36"
84.13.153.129 - - [11/Sep/2026:17:25:59 +0330] "GET /wp-admin/index.php HTTP/1.1" 302 20 "https://digikeyland.ir/wp-login.php" "Mozilla/5.0 (Macintosh; Intel Mac OS X 10_15_7) AppleWebKit/537.36 (KHTML, like Gecko) Chrome/91.0.4472.124 Safari/537.36"
44.195.50.71 - - [11/Sep/2026:17:26:02 +0330] "GET /wp-content/uploads/2025/12/copilot-github-600x600.webp HTTP/1.1" 200 40838 "-" "Mozilla/5.0 AppleWebKit/537.36 (KHTML, like Gecko; compatible; Amazonbot/0.1; +https://developer.amazon.com/support/amazonbot) Chrome/119.0.6045.214 Safari/537.36"
84.13.153.129 - - [11/Sep/2026:17:26:01 +0330] "GET /wp-login.php?redirect_to=https%3A%2F%2Fdigikeyland.ir%2Fwp-admin%2Findex.php&reauth=1 HTTP/1.1" 200 3804 "https://digikeyland.ir/wp-login.php" "Mozilla/5.0 (Macintosh; Intel Mac OS X 10_15_7) AppleWebKit/537.36 (KHTML, like Gecko) Chrome/91.0.4472.124 Safari/537.36"
84.13.153.129 - - [11/Sep/2026:17:26:03 +0330] "POST /wp-login.php HTTP/1.1" 200 3968 "https://digikeyland.ir/wp-login.php" "Mozilla/5.0 (Windows NT 6.1; Win64; x64) AppleWebKit/537.36 (KHTML, like Gecko) Chrome/92.0.4515.131 Safari/537.36"
84.13.153.129 - - [11/Sep/2026:17:26:04 +0330] "GET /wp-admin/index.php HTTP/1.1" 302 20 "https://digikeyland.ir/wp-login.php" "Mozilla/5.0 (Macintosh; Intel Mac OS X 10_15_7) AppleWebKit/605.1.15 (KHTML, like Gecko) Version/14.0.3 Safari/605.1.15"
84.13.153.129 - - [11/Sep/2026:17:26:06 +0330] "GET /wp-login.php?redirect_to=https%3A%2F%2Fdigikeyland.ir%2Fwp-admin%2Findex.php&reauth=1 HTTP/1.1" 200 3804 "https://digikeyland.ir/wp-login.php" "Mozilla/5.0 (Macintosh; Intel Mac OS X 10_15_7) AppleWebKit/605.1.15 (KHTML, like Gecko) Version/14.0.3 Safari/605.1.15"
84.13.153.129 - - [11/Sep/2026:17:26:08 +0330] "GET /wp-admin/index.php HTTP/1.1" 302 20 "https://digikeyland.ir/wp-login.php" "Mozilla/5.0 (Macintosh; Intel Mac OS X 10_15_7) AppleWebKit/605.1.15 (KHTML, like Gecko) Version/14.0.3 Safari/605.1.15"
84.13.153.129 - - [11/Sep/2026:17:26:10 +0330] "GET /wp-login.php?redirect_to=https%3A%2F%2Fdigikeyland.ir%2Fwp-admin%2Findex.php&reauth=1 HTTP/1.1" 200 3804 "https://digikeyland.ir/wp-login.php" "Mozilla/5.0 (Macintosh; Intel Mac OS X 10_15_7) AppleWebKit/605.1.15 (KHTML, like Gecko) Version/14.0.3 Safari/605.1.15"
84.13.153.129 - - [11/Sep/2026:17:26:11 +0330] "POST /wp-login.php HTTP/1.1" 200 3971 "https://digikeyland.ir/wp-login.php" "Mozilla/5.0 (Windows NT 6.1; Win64; x64) AppleWebKit/537.36 (KHTML, like Gecko) Chrome/93.0.4577.63 Safari/537.36"
84.13.153.129 - - [11/Sep/2026:17:26:13 +0330] "GET /wp-admin/index.php HTTP/1.1" 302 20 "https://digikeyland.ir/wp-login.php" "Mozilla/5.0 (Windows NT 6.1; Win64; x64; rv:93.0) Gecko/20100101 Firefox/93.0"
84.13.153.129 - - [11/Sep/2026:17:26:14 +0330] "GET /wp-login.php?redirect_to=https%3A%2F%2Fdigikeyland.ir%2Fwp-admin%2Findex.php&reauth=1 HTTP/1.1" 200 3804 "https://digikeyland.ir/wp-login.php" "Mozilla/5.0 (Windows NT 6.1; Win64; x64; rv:93.0) Gecko/20100101 Firefox/93.0"
84.13.153.129 - - [11/Sep/2026:17:26:17 +0330] "GET /wp-admin/index.php HTTP/1.1" 302 20 "https://digikeyland.ir/wp-login.php" "Mozilla/5.0 (Windows NT 6.1; Win64; x64; rv:93.0) Gecko/20100101 Firefox/93.0"
84.13.153.129 - - [11/Sep/2026:17:26:18 +0330] "GET /wp-login.php?redirect_to=https%3A%2F%2Fdigikeyland.ir%2Fwp-admin%2Findex.php&reauth=1 HTTP/1.1" 200 3804 "https://digikeyland.ir/wp-login.php" "Mozilla/5.0 (Windows NT 6.1; Win64; x64; rv:93.0) Gecko/20100101 Firefox/93.0"
52.44.148.203 - - [11/Sep/2026:17:26:18 +0330] "GET /product/psn-gift-card-india/?attribute_pa_plan=%25da%25a9%25d8%25af-%25da%25af%25db%258c%25d9%2581%25d8%25aa-%25db%25b8%25db%25b0%25db%25b0%25db%25b0-%25d8%25b1%25d9%2588%25d9%25be%25db%258c%25d9%2587&sort=popular HTTP/1.1" 200 87534 "-" "Mozilla/5.0 AppleWebKit/537.36 (KHTML, like Gecko; compatible; Amazonbot/0.1; +https://developer.amazon.com/support/amazonbot) Chrome/119.0.6045.214 Safari/537.36"
84.13.153.129 - - [11/Sep/2026:17:26:20 +0330] "POST /wp-login.php HTTP/1.1" 200 3976 "https://digikeyland.ir/wp-login.php" "Mozilla/5.0 (Windows NT 10.0; Win64; x64) AppleWebKit/605.1.15 (KHTML, like Gecko) Version/14.1.2 Safari/605.1.15"
52.6.5.24 - - [11/Sep/2026:17:26:22 +0330] "GET /wp-content/uploads/2025/12/telegram-permium-50x50.webp HTTP/1.1" 200 1292 "-" "Mozilla/5.0 AppleWebKit/537.36 (KHTML, like Gecko; compatible; Amazonbot/0.1; +https://developer.amazon.com/support/amazonbot) Chrome/119.0.6045.214 Safari/537.36"
84.13.153.129 - - [11/Sep/2026:17:26:21 +0330] "GET /wp-admin/index.php HTTP/1.1" 302 20 "https://digikeyland.ir/wp-login.php" "Mozilla/5.0 (Macintosh; Intel Mac OS X 10_15_7) AppleWebKit/605.1.15 (KHTML, like Gecko) Version/14.0.3 Safari/605.1.15"
84.13.153.129 - - [11/Sep/2026:17:26:23 +0330] "GET /wp-login.php?redirect_to=https%3A%2F%2Fdigikeyland.ir%2Fwp-admin%2Findex.php&reauth=1 HTTP/1.1" 200 3804 "https://digikeyland.ir/wp-login.php" "Mozilla/5.0 (Macintosh; Intel Mac OS X 10_15_7) AppleWebKit/605.1.15 (KHTML, like Gecko) Version/14.0.3 Safari/605.1.15"
84.13.153.129 - - [11/Sep/2026:17:26:24 +0330] "GET /wp-admin/index.php HTTP/1.1" 302 20 "https://digikeyland.ir/wp-login.php" "Mozilla/5.0 (Macintosh; Intel Mac OS X 10_15_7) AppleWebKit/605.1.15 (KHTML, like Gecko) Version/14.0.3 Safari/605.1.15"
84.13.153.129 - - [11/Sep/2026:17:26:26 +0330] "GET /wp-login.php?redirect_to=https%3A%2F%2Fdigikeyland.ir%2Fwp-admin%2Findex.php&reauth=1 HTTP/1.1" 200 3804 "https://digikeyland.ir/wp-login.php" "Mozilla/5.0 (Macintosh; Intel Mac OS X 10_15_7) AppleWebKit/605.1.15 (KHTML, like Gecko) Version/14.0.3 Safari/605.1.15"
84.13.153.129 - - [11/Sep/2026:17:26:27 +0330] "POST /wp-login.php HTTP/1.1" 200 3978 "https://digikeyland.ir/wp-login.php" "Mozilla/5.0 (Windows NT 10.0; Win64; x64) AppleWebKit/605.1.15 (KHTML, like Gecko) Version/14.1.1 Safari/605.1.15"
84.13.153.129 - - [11/Sep/2026:17:26:29 +0330] "GET /wp-admin/index.php HTTP/1.1" 302 20 "https://digikeyland.ir/wp-login.php" "Mozilla/5.0 (Windows NT 10.0; Win64; x64) AppleWebKit/537.36 (KHTML, like Gecko) Chrome/93.0.4577.63 Safari/537.36"
84.13.153.129 - - [11/Sep/2026:17:26:30 +0330] "GET /wp-login.php?redirect_to=https%3A%2F%2Fdigikeyland.ir%2Fwp-admin%2Findex.php&reauth=1 HTTP/1.1" 200 3804 "https://digikeyland.ir/wp-login.php" "Mozilla/5.0 (Windows NT 10.0; Win64; x64) AppleWebKit/537.36 (KHTML, like Gecko) Chrome/93.0.4577.63 Safari/537.36"
84.13.153.129 - - [11/Sep/2026:17:26:32 +0330] "GET /wp-admin/index.php HTTP/1.1" 302 20 "https://digikeyland.ir/wp-login.php" "Mozilla/5.0 (Windows NT 10.0; Win64; x64) AppleWebKit/537.36 (KHTML, like Gecko) Chrome/93.0.4577.63 Safari/537.36"
84.13.153.129 - - [11/Sep/2026:17:26:33 +0330] "GET /wp-login.php?redirect_to=https%3A%2F%2Fdigikeyland.ir%2Fwp-admin%2Findex.php&reauth=1 HTTP/1.1" 200 3804 "https://digikeyland.ir/wp-login.php" "Mozilla/5.0 (Windows NT 10.0; Win64; x64) AppleWebKit/537.36 (KHTML, like Gecko) Chrome/93.0.4577.63 Safari/537.36"
84.13.153.129 - - [11/Sep/2026:17:26:35 +0330] "POST /wp-login.php HTTP/1.1" 200 3969 "https://digikeyland.ir/wp-login.php" "Mozilla/5.0 (Windows NT 6.1; Win64; x64; rv:89.0) Gecko/20100101 Firefox/89.0.2"
84.13.153.129 - - [11/Sep/2026:17:26:36 +0330] "GET /wp-admin/index.php HTTP/1.1" 302 20 "https://digikeyland.ir/wp-login.php" "Mozilla/5.0 (Windows NT 10.0; Win64; x64; rv:92.0) Gecko/20100101 Firefox/92.0"
84.13.153.129 - - [11/Sep/2026:17:26:38 +0330] "GET /wp-login.php?redirect_to=https%3A%2F%2Fdigikeyland.ir%2Fwp-admin%2Findex.php&reauth=1 HTTP/1.1" 200 3804 "https://digikeyland.ir/wp-login.php" "Mozilla/5.0 (Windows NT 10.0; Win64; x64; rv:92.0) Gecko/20100101 Firefox/92.0"
84.13.153.129 - - [11/Sep/2026:17:26:39 +0330] "GET /wp-admin/index.php HTTP/1.1" 302 20 "https://digikeyland.ir/wp-login.php" "Mozilla/5.0 (Windows NT 10.0; Win64; x64; rv:92.0) Gecko/20100101 Firefox/92.0"
84.13.153.129 - - [11/Sep/2026:17:26:40 +0330] "GET /wp-login.php?redirect_to=https%3A%2F%2Fdigikeyland.ir%2Fwp-admin%2Findex.php&reauth=1 HTTP/1.1" 200 3804 "https://digikeyland.ir/wp-login.php" "Mozilla/5.0 (Windows NT 10.0; Win64; x64; rv:92.0) Gecko/20100101 Firefox/92.0"
84.13.153.129 - - [11/Sep/2026:17:26:42 +0330] "POST /wp-login.php HTTP/1.1" 200 3976 "https://digikeyland.ir/wp-login.php" "Mozilla/5.0 (X11; Linux x86_64) AppleWebKit/537.36 (KHTML, like Gecko) Chrome/90.0.4430.212 Safari/537.36"
84.13.153.129 - - [11/Sep/2026:17:26:43 +0330] "GET /wp-admin/index.php HTTP/1.1" 302 20 "https://digikeyland.ir/wp-login.php" "Mozilla/5.0 (Macintosh; Intel Mac OS X 10_15_7) AppleWebKit/537.36 (KHTML, like Gecko) Chrome/92.0.4515.131 Safari/537.36"
84.13.153.129 - - [11/Sep/2026:17:26:45 +0330] "GET /wp-login.php?redirect_to=https%3A%2F%2Fdigikeyland.ir%2Fwp-admin%2Findex.php&reauth=1 HTTP/1.1" 200 3804 "https://digikeyland.ir/wp-login.php" "Mozilla/5.0 (Macintosh; Intel Mac OS X 10_15_7) AppleWebKit/537.36 (KHTML, like Gecko) Chrome/92.0.4515.131 Safari/537.36"
84.13.153.129 - - [11/Sep/2026:17:26:47 +0330] "GET /wp-admin/index.php HTTP/1.1" 302 20 "https://digikeyland.ir/wp-login.php" "Mozilla/5.0 (Macintosh; Intel Mac OS X 10_15_7) AppleWebKit/537.36 (KHTML, like Gecko) Chrome/92.0.4515.131 Safari/537.36"
84.13.153.129 - - [11/Sep/2026:17:26:48 +0330] "GET /wp-login.php?redirect_to=https%3A%2F%2Fdigikeyland.ir%2Fwp-admin%2Findex.php&reauth=1 HTTP/1.1" 200 3804 "https://digikeyland.ir/wp-login.php" "Mozilla/5.0 (Macintosh; Intel Mac OS X 10_15_7) AppleWebKit/537.36 (KHTML, like Gecko) Chrome/92.0.4515.131 Safari/537.36"
84.13.153.129 - - [11/Sep/2026:17:26:50 +0330] "POST /wp-login.php HTTP/1.1" 200 3969 "https://digikeyland.ir/wp-login.php" "Mozilla/5.0 (Macintosh; Intel Mac OS X 10_15_7) AppleWebKit/605.1.15 (KHTML, like Gecko) Version/14.1.1 Safari/605.1.15"
84.13.153.129 - - [11/Sep/2026:17:26:51 +0330] "GET /wp-admin/index.php HTTP/1.1" 302 20 "https://digikeyland.ir/wp-login.php" "Mozilla/5.0 (Windows NT 10.0; Win64; x64) AppleWebKit/537.36 (KHTML, like Gecko) Chrome/90.0.4430.212 Safari/537.36"
84.13.153.129 - - [11/Sep/2026:17:26:52 +0330] "GET /wp-login.php?redirect_to=https%3A%2F%2Fdigikeyland.ir%2Fwp-admin%2Findex.php&reauth=1 HTTP/1.1" 200 3804 "https://digikeyland.ir/wp-login.php" "Mozilla/5.0 (Windows NT 10.0; Win64; x64) AppleWebKit/537.36 (KHTML, like Gecko) Chrome/90.0.4430.212 Safari/537.36"
84.13.153.129 - - [11/Sep/2026:17:26:54 +0330] "GET /wp-admin/index.php HTTP/1.1" 302 20 "https://digikeyland.ir/wp-login.php" "Mozilla/5.0 (Windows NT 10.0; Win64; x64) AppleWebKit/537.36 (KHTML, like Gecko) Chrome/90.0.4430.212 Safari/537.36"
84.13.153.129 - - [11/Sep/2026:17:26:55 +0330] "GET /wp-login.php?redirect_to=https%3A%2F%2Fdigikeyland.ir%2Fwp-admin%2Findex.php&reauth=1 HTTP/1.1" 200 3804 "https://digikeyland.ir/wp-login.php" "Mozilla/5.0 (Windows NT 10.0; Win64; x64) AppleWebKit/537.36 (KHTML, like Gecko) Chrome/90.0.4430.212 Safari/537.36"
84.13.153.129 - - [11/Sep/2026:17:26:57 +0330] "POST /wp-login.php HTTP/1.1" 200 3896 "https://digikeyland.ir/wp-login.php" "Mozilla/5.0 (Windows NT 6.1; Win64; x64) AppleWebKit/537.36 (KHTML, like Gecko) Chrome/92.0.4515.131 Safari/537.36"
84.13.153.129 - - [11/Sep/2026:17:26:58 +0330] "GET /wp-admin/index.php HTTP/1.1" 302 20 "https://digikeyland.ir/wp-login.php" "Mozilla/5.0 (Windows NT 10.0; Win64; x64) AppleWebKit/537.36 (KHTML, like Gecko) Chrome/94.0.4606.71 Safari/537.36"
84.13.153.129 - - [11/Sep/2026:17:27:00 +0330] "GET /wp-login.php?redirect_to=https%3A%2F%2Fdigikeyland.ir%2Fwp-admin%2Findex.php&reauth=1 HTTP/1.1" 200 3804 "https://digikeyland.ir/wp-login.php" "Mozilla/5.0 (Windows NT 10.0; Win64; x64) AppleWebKit/537.36 (KHTML, like Gecko) Chrome/94.0.4606.71 Safari/537.36"
84.13.153.129 - - [11/Sep/2026:17:27:01 +0330] "GET /wp-admin/index.php HTTP/1.1" 302 20 "https://digikeyland.ir/wp-login.php" "Mozilla/5.0 (Windows NT 10.0; Win64; x64) AppleWebKit/537.36 (KHTML, like Gecko) Chrome/94.0.4606.71 Safari/537.36"
84.13.153.129 - - [11/Sep/2026:17:27:03 +0330] "GET /wp-login.php?redirect_to=https%3A%2F%2Fdigikeyland.ir%2Fwp-admin%2Findex.php&reauth=1 HTTP/1.1" 200 3804 "https://digikeyland.ir/wp-login.php" "Mozilla/5.0 (Windows NT 10.0; Win64; x64) AppleWebKit/537.36 (KHTML, like Gecko) Chrome/94.0.4606.71 Safari/537.36"
84.13.153.129 - - [11/Sep/2026:17:27:04 +0330] "POST /wp-login.php HTTP/1.1" 200 3972 "https://digikeyland.ir/wp-login.php" "Mozilla/5.0 (Macintosh; Intel Mac OS X 10_15_7) AppleWebKit/605.1.15 (KHTML, like Gecko) Version/14.1 Safari/605.1.15"
84.13.153.129 - - [11/Sep/2026:17:27:06 +0330] "GET /wp-admin/index.php HTTP/1.1" 302 20 "https://digikeyland.ir/wp-login.php" "Mozilla/5.0 (Windows NT 6.1; Win64; x64) AppleWebKit/537.36 (KHTML, like Gecko) Chrome/91.0.4472.124 Safari/537.36"
84.13.153.129 - - [11/Sep/2026:17:27:07 +0330] "GET /wp-login.php?redirect_to=https%3A%2F%2Fdigikeyland.ir%2Fwp-admin%2Findex.php&reauth=1 HTTP/1.1" 200 3804 "https://digikeyland.ir/wp-login.php" "Mozilla/5.0 (Windows NT 6.1; Win64; x64) AppleWebKit/537.36 (KHTML, like Gecko) Chrome/91.0.4472.124 Safari/537.36"
84.13.153.129 - - [11/Sep/2026:17:27:09 +0330] "GET /wp-admin/index.php HTTP/1.1" 302 20 "https://digikeyland.ir/wp-login.php" "Mozilla/5.0 (Windows NT 6.1; Win64; x64) AppleWebKit/537.36 (KHTML, like Gecko) Chrome/91.0.4472.124 Safari/537.36"
84.13.153.129 - - [11/Sep/2026:17:27:10 +0330] "GET /wp-login.php?redirect_to=https%3A%2F%2Fdigikeyland.ir%2Fwp-admin%2Findex.php&reauth=1 HTTP/1.1" 200 3804 "https://digikeyland.ir/wp-login.php" "Mozilla/5.0 (Windows NT 6.1; Win64; x64) AppleWebKit/537.36 (KHTML, like Gecko) Chrome/91.0.4472.124 Safari/537.36"
84.13.153.129 - - [11/Sep/2026:17:27:11 +0330] "POST /wp-login.php HTTP/1.1" 200 3968 "https://digikeyland.ir/wp-login.php" "Mozilla/5.0 (Windows NT 6.1; Win64; x64; rv:89.0) Gecko/20100101 Firefox/89.0.2"
84.13.153.129 - - [11/Sep/2026:17:27:13 +0330] "GET /wp-admin/index.php HTTP/1.1" 302 20 "https://digikeyland.ir/wp-login.php" "Mozilla/5.0 (X11; Linux x86_64; rv:89.0) Gecko/20100101 Firefox/89.0.2"
185.130.50.10 - - [11/Sep/2026:17:27:15 +0330] "POST /wp-cron.php?doing_wp_cron=1789135035.8055510520935058593750 HTTP/1.1" 200 20 "-" "WordPress/7.1; https://digikeyland.ir"
84.13.153.129 - - [11/Sep/2026:17:27:14 +0330] "GET /wp-login.php?redirect_to=https%3A%2F%2Fdigikeyland.ir%2Fwp-admin%2Findex.php&reauth=1 HTTP/1.1" 200 3804 "https://digikeyland.ir/wp-login.php" "Mozilla/5.0 (X11; Linux x86_64; rv:89.0) Gecko/20100101 Firefox/89.0.2"
84.13.153.129 - - [11/Sep/2026:17:27:15 +0330] "GET /wp-admin/index.php HTTP/1.1" 302 20 "https://digikeyland.ir/wp-login.php" "Mozilla/5.0 (X11; Linux x86_64; rv:89.0) Gecko/20100101 Firefox/89.0.2"
84.13.153.129 - - [11/Sep/2026:17:27:17 +0330] "GET /wp-login.php?redirect_to=https%3A%2F%2Fdigikeyland.ir%2Fwp-admin%2Findex.php&reauth=1 HTTP/1.1" 200 3804 "https://digikeyland.ir/wp-login.php" "Mozilla/5.0 (X11; Linux x86_64; rv:89.0) Gecko/20100101 Firefox/89.0.2"
84.13.153.129 - - [11/Sep/2026:17:27:19 +0330] "POST /wp-login.php HTTP/1.1" 200 3971 "https://digikeyland.ir/wp-login.php" "Mozilla/5.0 (Macintosh; Intel Mac OS X 10_15_7) AppleWebKit/605.1.15 (KHTML, like Gecko) Version/15.0 Safari/605.1.15"
84.13.153.129 - - [11/Sep/2026:17:27:20 +0330] "GET /wp-admin/index.php HTTP/1.1" 302 20 "https://digikeyland.ir/wp-login.php" "Mozilla/5.0 (Windows NT 10.0; Win64; x64) AppleWebKit/605.1.15 (KHTML, like Gecko) Version/14.1.1 Safari/605.1.15"
84.13.153.129 - - [11/Sep/2026:17:27:22 +0330] "GET /wp-login.php?redirect_to=https%3A%2F%2Fdigikeyland.ir%2Fwp-admin%2Findex.php&reauth=1 HTTP/1.1" 200 3804 "https://digikeyland.ir/wp-login.php" "Mozilla/5.0 (Windows NT 10.0; Win64; x64) AppleWebKit/605.1.15 (KHTML, like Gecko) Version/14.1.1 Safari/605.1.15"
84.13.153.129 - - [11/Sep/2026:17:27:23 +0330] "GET /wp-admin/index.php HTTP/1.1" 302 20 "https://digikeyland.ir/wp-login.php" "Mozilla/5.0 (Windows NT 10.0; Win64; x64) AppleWebKit/605.1.15 (KHTML, like Gecko) Version/14.1.1 Safari/605.1.15"
84.13.153.129 - - [11/Sep/2026:17:27:24 +0330] "GET /wp-login.php?redirect_to=https%3A%2F%2Fdigikeyland.ir%2Fwp-admin%2Findex.php&reauth=1 HTTP/1.1" 200 3804 "https://digikeyland.ir/wp-login.php" "Mozilla/5.0 (Windows NT 10.0; Win64; x64) AppleWebKit/605.1.15 (KHTML, like Gecko) Version/14.1.1 Safari/605.1.15"
84.13.153.129 - - [11/Sep/2026:17:27:26 +0330] "POST /wp-login.php HTTP/1.1" 200 3896 "https://digikeyland.ir/wp-login.php" "Mozilla/5.0 (Macintosh; Intel Mac OS X 10_15_7) AppleWebKit/537.36 (KHTML, like Gecko) Chrome/90.0.4430.212 Safari/537.36"
84.13.153.129 - - [11/Sep/2026:17:27:27 +0330] "GET /wp-admin/index.php HTTP/1.1" 302 20 "https://digikeyland.ir/wp-login.php" "Mozilla/5.0 (Windows NT 10.0; Win64; x64) AppleWebKit/605.1.15 (KHTML, like Gecko) Version/14.1.2 Safari/605.1.15"
84.13.153.129 - - [11/Sep/2026:17:27:28 +0330] "GET /wp-login.php?redirect_to=https%3A%2F%2Fdigikeyland.ir%2Fwp-admin%2Findex.php&reauth=1 HTTP/1.1" 200 3804 "https://digikeyland.ir/wp-login.php" "Mozilla/5.0 (Windows NT 10.0; Win64; x64) AppleWebKit/605.1.15 (KHTML, like Gecko) Version/14.1.2 Safari/605.1.15"
84.13.153.129 - - [11/Sep/2026:17:27:30 +0330] "GET /wp-admin/index.php HTTP/1.1" 302 20 "https://digikeyland.ir/wp-login.php" "Mozilla/5.0 (Windows NT 10.0; Win64; x64) AppleWebKit/605.1.15 (KHTML, like Gecko) Version/14.1.2 Safari/605.1.15"
84.13.153.129 - - [11/Sep/2026:17:27:31 +0330] "GET /wp-login.php?redirect_to=https%3A%2F%2Fdigikeyland.ir%2Fwp-admin%2Findex.php&reauth=1 HTTP/1.1" 200 3804 "https://digikeyland.ir/wp-login.php" "Mozilla/5.0 (Windows NT 10.0; Win64; x64) AppleWebKit/605.1.15 (KHTML, like Gecko) Version/14.1.2 Safari/605.1.15"
84.13.153.129 - - [11/Sep/2026:17:27:33 +0330] "POST /wp-login.php HTTP/1.1" 200 3978 "https://digikeyland.ir/wp-login.php" "Mozilla/5.0 (Macintosh; Intel Mac OS X 10_15_7) AppleWebKit/605.1.15 (KHTML, like Gecko) Version/14.1.1 Safari/605.1.15"
84.13.153.129 - - [11/Sep/2026:17:27:34 +0330] "GET /wp-admin/index.php HTTP/1.1" 302 20 "https://digikeyland.ir/wp-login.php" "Mozilla/5.0 (X11; Linux x86_64; rv:90.0) Gecko/20100101 Firefox/90.0.1"
84.13.153.129 - - [11/Sep/2026:17:27:36 +0330] "GET /wp-login.php?redirect_to=https%3A%2F%2Fdigikeyland.ir%2Fwp-admin%2Findex.php&reauth=1 HTTP/1.1" 200 3804 "https://digikeyland.ir/wp-login.php" "Mozilla/5.0 (X11; Linux x86_64; rv:90.0) Gecko/20100101 Firefox/90.0.1"
84.13.153.129 - - [11/Sep/2026:17:27:37 +0330] "GET /wp-admin/index.php HTTP/1.1" 302 20 "https://digikeyland.ir/wp-login.php" "Mozilla/5.0 (X11; Linux x86_64; rv:90.0) Gecko/20100101 Firefox/90.0.1"
84.13.153.129 - - [11/Sep/2026:17:27:39 +0330] "GET /wp-login.php?redirect_to=https%3A%2F%2Fdigikeyland.ir%2Fwp-admin%2Findex.php&reauth=1 HTTP/1.1" 200 3804 "https://digikeyland.ir/wp-login.php" "Mozilla/5.0 (X11; Linux x86_64; rv:90.0) Gecko/20100101 Firefox/90.0.1"
84.13.153.129 - - [11/Sep/2026:17:27:40 +0330] "POST /wp-login.php HTTP/1.1" 200 3976 "https://digikeyland.ir/wp-login.php" "Mozilla/5.0 (Windows NT 6.1; Win64; x64) AppleWebKit/537.36 (KHTML, like Gecko) Chrome/94.0.4606.71 Safari/537.36"
84.13.153.129 - - [11/Sep/2026:17:27:42 +0330] "GET /wp-admin/index.php HTTP/1.1" 302 20 "https://digikeyland.ir/wp-login.php" "Mozilla/5.0 (Windows NT 10.0; Win64; x64) AppleWebKit/537.36 (KHTML, like Gecko) Chrome/90.0.4430.212 Safari/537.36"
84.13.153.129 - - [11/Sep/2026:17:27:44 +0330] "GET /wp-login.php?redirect_to=https%3A%2F%2Fdigikeyland.ir%2Fwp-admin%2Findex.php&reauth=1 HTTP/1.1" 200 3804 "https://digikeyland.ir/wp-login.php" "Mozilla/5.0 (Windows NT 10.0; Win64; x64) AppleWebKit/537.36 (KHTML, like Gecko) Chrome/90.0.4430.212 Safari/537.36"
84.13.153.129 - - [11/Sep/2026:17:27:46 +0330] "GET /wp-admin/index.php HTTP/1.1" 302 20 "https://digikeyland.ir/wp-login.php" "Mozilla/5.0 (Windows NT 10.0; Win64; x64) AppleWebKit/537.36 (KHTML, like Gecko) Chrome/90.0.4430.212 Safari/537.36"
84.13.153.129 - - [11/Sep/2026:17:27:48 +0330] "GET /wp-login.php?redirect_to=https%3A%2F%2Fdigikeyland.ir%2Fwp-admin%2Findex.php&reauth=1 HTTP/1.1" 200 3804 "https://digikeyland.ir/wp-login.php" "Mozilla/5.0 (Windows NT 10.0; Win64; x64) AppleWebKit/537.36 (KHTML, like Gecko) Chrome/90.0.4430.212 Safari/537.36"
84.13.153.129 - - [11/Sep/2026:17:27:50 +0330] "POST /wp-login.php HTTP/1.1" 200 3968 "https://digikeyland.ir/wp-login.php" "Mozilla/5.0 (Macintosh; Intel Mac OS X 10_15_7) AppleWebKit/537.36 (KHTML, like Gecko) Chrome/90.0.4430.212 Safari/537.36"
84.13.153.129 - - [11/Sep/2026:17:27:52 +0330] "GET /wp-admin/index.php HTTP/1.1" 302 20 "https://digikeyland.ir/wp-login.php" "Mozilla/5.0 (Macintosh; Intel Mac OS X 10_15_7) AppleWebKit/605.1.15 (KHTML, like Gecko) Version/15.0 Safari/605.1.15"
84.13.153.129 - - [11/Sep/2026:17:27:53 +0330] "GET /wp-login.php?redirect_to=https%3A%2F%2Fdigikeyland.ir%2Fwp-admin%2Findex.php&reauth=1 HTTP/1.1" 200 3804 "https://digikeyland.ir/wp-login.php" "Mozilla/5.0 (Macintosh; Intel Mac OS X 10_15_7) AppleWebKit/605.1.15 (KHTML, like Gecko) Version/15.0 Safari/605.1.15"
84.13.153.129 - - [11/Sep/2026:17:27:55 +0330] "GET /wp-admin/index.php HTTP/1.1" 302 20 "https://digikeyland.ir/wp-login.php" "Mozilla/5.0 (Macintosh; Intel Mac OS X 10_15_7) AppleWebKit/605.1.15 (KHTML, like Gecko) Version/15.0 Safari/605.1.15"
84.13.153.129 - - [11/Sep/2026:17:27:56 +0330] "GET /wp-login.php?redirect_to=https%3A%2F%2Fdigikeyland.ir%2Fwp-admin%2Findex.php&reauth=1 HTTP/1.1" 200 3804 "https://digikeyland.ir/wp-login.php" "Mozilla/5.0 (Macintosh; Intel Mac OS X 10_15_7) AppleWebKit/605.1.15 (KHTML, like Gecko) Version/15.0 Safari/605.1.15"
84.13.153.129 - - [11/Sep/2026:17:27:58 +0330] "POST /wp-login.php HTTP/1.1" 200 3967 "https://digikeyland.ir/wp-login.php" "Mozilla/5.0 (Windows NT 10.0; Win64; x64; rv:90.0) Gecko/20100101 Firefox/90.0.1"
84.13.153.129 - - [11/Sep/2026:17:28:00 +0330] "GET /wp-admin/index.php HTTP/1.1" 302 20 "https://digikeyland.ir/wp-login.php" "Mozilla/5.0 (X11; Linux x86_64) AppleWebKit/537.36 (KHTML, like Gecko) Chrome/94.0.4606.71 Safari/537.36"
84.13.153.129 - - [11/Sep/2026:17:28:02 +0330] "GET /wp-login.php?redirect_to=https%3A%2F%2Fdigikeyland.ir%2Fwp-admin%2Findex.php&reauth=1 HTTP/1.1" 200 3804 "https://digikeyland.ir/wp-login.php" "Mozilla/5.0 (X11; Linux x86_64) AppleWebKit/537.36 (KHTML, like Gecko) Chrome/94.0.4606.71 Safari/537.36"
84.13.153.129 - - [11/Sep/2026:17:28:04 +0330] "GET /wp-admin/index.php HTTP/1.1" 302 20 "https://digikeyland.ir/wp-login.php" "Mozilla/5.0 (X11; Linux x86_64) AppleWebKit/537.36 (KHTML, like Gecko) Chrome/94.0.4606.71 Safari/537.36"
84.13.153.129 - - [11/Sep/2026:17:28:06 +0330] "GET /wp-login.php?redirect_to=https%3A%2F%2Fdigikeyland.ir%2Fwp-admin%2Findex.php&reauth=1 HTTP/1.1" 200 3804 "https://digikeyland.ir/wp-login.php" "Mozilla/5.0 (X11; Linux x86_64) AppleWebKit/537.36 (KHTML, like Gecko) Chrome/94.0.4606.71 Safari/537.36"
84.13.153.129 - - [11/Sep/2026:17:28:08 +0330] "POST /wp-login.php HTTP/1.1" 200 3896 "https://digikeyland.ir/wp-login.php" "Mozilla/5.0 (Windows NT 6.1; Win64; x64; rv:93.0) Gecko/20100101 Firefox/93.0"
84.13.153.129 - - [11/Sep/2026:17:28:10 +0330] "GET /wp-admin/index.php HTTP/1.1" 302 20 "https://digikeyland.ir/wp-login.php" "Mozilla/5.0 (X11; Linux x86_64) AppleWebKit/537.36 (KHTML, like Gecko) Chrome/94.0.4606.71 Safari/537.36"
84.13.153.129 - - [11/Sep/2026:17:28:12 +0330] "GET /wp-login.php?redirect_to=https%3A%2F%2Fdigikeyland.ir%2Fwp-admin%2Findex.php&reauth=1 HTTP/1.1" 200 3804 "https://digikeyland.ir/wp-login.php" "Mozilla/5.0 (X11; Linux x86_64) AppleWebKit/537.36 (KHTML, like Gecko) Chrome/94.0.4606.71 Safari/537.36"
84.13.153.129 - - [11/Sep/2026:17:28:14 +0330] "GET /wp-admin/index.php HTTP/1.1" 302 20 "https://digikeyland.ir/wp-login.php" "Mozilla/5.0 (X11; Linux x86_64) AppleWebKit/537.36 (KHTML, like Gecko) Chrome/94.0.4606.71 Safari/537.36"
84.13.153.129 - - [11/Sep/2026:17:28:17 +0330] "GET /wp-login.php?redirect_to=https%3A%2F%2Fdigikeyland.ir%2Fwp-admin%2Findex.php&reauth=1 HTTP/1.1" 200 3804 "https://digikeyland.ir/wp-login.php" "Mozilla/5.0 (X11; Linux x86_64) AppleWebKit/537.36 (KHTML, like Gecko) Chrome/94.0.4606.71 Safari/537.36"
84.13.153.129 - - [11/Sep/2026:17:28:19 +0330] "POST /wp-login.php HTTP/1.1" 200 3972 "https://digikeyland.ir/wp-login.php" "Mozilla/5.0 (Windows NT 6.1; Win64; x64) AppleWebKit/537.36 (KHTML, like Gecko) Chrome/91.0.4472.124 Safari/537.36"
54.209.100.30 - - [11/Sep/2026:17:25:56 +0330] "GET /shop/?orderby=rating HTTP/1.1" 200 67072 "-" "Mozilla/5.0 AppleWebKit/537.36 (KHTML, like Gecko; compatible; Amazonbot/0.1; +https://developer.amazon.com/support/amazonbot) Chrome/119.0.6045.214 Safari/537.36"
23.21.225.190 - - [11/Sep/2026:17:26:06 +0330] "GET /wp-content/uploads/2025/12/office365-hower-50x50.webp HTTP/1.1" 200 816 "-" "Mozilla/5.0 AppleWebKit/537.36 (KHTML, like Gecko; compatible; Amazonbot/0.1; +https://developer.amazon.com/support/amazonbot) Chrome/119.0.6045.214 Safari/537.36"
185.130.50.10 - - [11/Sep/2026:17:26:13 +0330] "POST /wp-cron.php?doing_wp_cron=1789134973.1234660148620605468750 HTTP/1.1" 200 20 "-" "WordPress/7.1; https://digikeyland.ir"
52.71.46.142 - - [11/Sep/2026:17:26:10 +0330] "GET /product/preplexity/?sort=popular HTTP/1.1" 200 85219 "-" "Mozilla/5.0 AppleWebKit/537.36 (KHTML, like Gecko; compatible; Amazonbot/0.1; +https://developer.amazon.com/support/amazonbot) Chrome/119.0.6045.214 Safari/537.36"
185.130.50.10 - - [11/Sep/2026:17:26:14 +0330] "POST /wp-cron.php?doing_wp_cron=1789134974.6516499519348144531250 HTTP/1.1" 200 20 "-" "WordPress/7.1; https://digikeyland.ir"
100.25.120.246 - - [11/Sep/2026:17:26:14 +0330] "GET /product/mondly/?attribute_%D8%A7%D8%B4%D8%AA%D8%B1%D8%A7%DA%A9=%DB%8C%DA%A9%20%D8%B3%D8%A7%D9%84%D9%87%20-%20%D8%A7%DA%A9%D8%A7%D9%86%D8%AA%20%D8%B4%D8%AE%D8%B5%DB%8C&sort=popular HTTP/1.1" 200 85748 "-" "Mozilla/5.0 AppleWebKit/537.36 (KHTML, like Gecko; compatible; Amazonbot/0.1; +https://developer.amazon.com/support/amazonbot) Chrome/119.0.6045.214 Safari/537.36"
46.100.87.66 - - [11/Sep/2026:17:26:25 +0330] "POST /wp-admin/admin-ajax.php HTTP/2" 200 67 "https://digikeyland.ir/wp-admin/edit.php?post_type=shop_order" "Mozilla/5.0 (Windows NT 10.0; Win64; x64) AppleWebKit/537.36 (KHTML, like Gecko) Chrome/153.0.0.0 Safari/537.36"
185.130.50.10 - - [11/Sep/2026:17:27:17 +0330] "POST /wp-cron.php?doing_wp_cron=1789135037.5400969982147216796875 HTTP/1.1" 200 20 "-" "WordPress/7.1; https://digikeyland.ir"
46.100.87.66 - - [11/Sep/2026:17:27:25 +0330] "POST /wp-admin/admin-ajax.php HTTP/2" 200 67 "https://digikeyland.ir/wp-admin/edit.php?s&post_status=all&post_type=shop_order&action=-1&m=0&pwp_m=0&_created_via&_customer_user&action2=-1" "Mozilla/5.0 (Windows NT 10.0; Win64; x64) AppleWebKit/537.36 (KHTML, like Gecko) Chrome/153.0.0.0 Safari/537.36"
46.100.87.66 - - [11/Sep/2026:17:27:53 +0330] "POST /wp-admin/admin-ajax.php HTTP/2" 200 67 "https://digikeyland.ir/wp-admin/edit.php?post_type=product" "Mozilla/5.0 (Windows NT 10.0; Win64; x64) AppleWebKit/537.36 (KHTML, like Gecko) Chrome/153.0.0.0 Safari/537.36"
185.130.50.10 - - [11/Sep/2026:17:28:19 +0330] "POST /wp-cron.php?doing_wp_cron=1789135098.8749508857727050781250 HTTP/1.1" 200 20 "-" "WordPress/7.1; https://digikeyland.ir"
46.100.87.66 - - [11/Sep/2026:17:28:26 +0330] "POST /wp-admin/admin-ajax.php HTTP/2" 200 67 "https://digikeyland.ir/wp-admin/edit.php?post_type=shop_order" "Mozilla/5.0 (Windows NT 10.0; Win64; x64) AppleWebKit/537.36 (KHTML, like Gecko) Chrome/153.0.0.0 Safari/537.36"
185.130.50.10 - - [11/Sep/2026:17:28:33 +0330] "POST /wp-cron.php?doing_wp_cron=1789135113.1772251129150390625000 HTTP/1.1" 200 20 "-" "WordPress/7.1; https://digikeyland.ir"
5.52.118.231 - - [11/Sep/2026:17:28:36 +0330] "GET /wp-content/uploads/2026/07/psn-gift-card-india-qsc1.webp HTTP/2" 200 52068 "https://digikeyland.ir/product/ps-plus-account/?attribute_pa_plan=%D9%BE%D9%84%D8%A7%D8%B3-%D8%A7%DA%A9%D8%B3%D8%AA%D8%B1%D8%A7-3-%D9%85%D8%A7%D9%87%D9%87-90-%D9%84%DB%8C%D8%B1-%D9%81%D8%A7%D9%86%D8%AF-%D8%B8%D8%B1%D9%81%DB%8C%D8%AA-%DA%A9%D8%A7%D9%85%D9%84&utm_source=EmallsCompairingPrice&utm_medium=EmallsPPC&utm_campaign=Emalls%E2%80%8C" "Mozilla/5.0 (Linux; Android 10; K) AppleWebKit/537.36 (KHTML, like Gecko) Chrome/152.0.0.0 Mobile Safari/537.36"
84.13.153.129 - - [11/Sep/2026:17:28:21 +0330] "GET /wp-admin/index.php HTTP/1.1" 302 20 "https://digikeyland.ir/wp-login.php" "Mozilla/5.0 (Windows NT 10.0; Win64; x64) AppleWebKit/605.1.15 (KHTML, like Gecko) Version/14.1.1 Safari/605.1.15"
84.13.153.129 - - [11/Sep/2026:17:28:23 +0330] "GET /wp-login.php?redirect_to=https%3A%2F%2Fdigikeyland.ir%2Fwp-admin%2Findex.php&reauth=1 HTTP/1.1" 200 3804 "https://digikeyland.ir/wp-login.php" "Mozilla/5.0 (Windows NT 10.0; Win64; x64) AppleWebKit/605.1.15 (KHTML, like Gecko) Version/14.1.1 Safari/605.1.15"
84.13.153.129 - - [11/Sep/2026:17:28:24 +0330] "GET /wp-admin/index.php HTTP/1.1" 302 20 "https://digikeyland.ir/wp-login.php" "Mozilla/5.0 (Windows NT 10.0; Win64; x64) AppleWebKit/605.1.15 (KHTML, like Gecko) Version/14.1.1 Safari/605.1.15"
84.13.153.129 - - [11/Sep/2026:17:28:27 +0330] "GET /wp-login.php?redirect_to=https%3A%2F%2Fdigikeyland.ir%2Fwp-admin%2Findex.php&reauth=1 HTTP/1.1" 200 3804 "https://digikeyland.ir/wp-login.php" "Mozilla/5.0 (Windows NT 10.0; Win64; x64) AppleWebKit/605.1.15 (KHTML, like Gecko) Version/14.1.1 Safari/605.1.15"
84.13.153.129 - - [11/Sep/2026:17:28:29 +0330] "POST /wp-login.php HTTP/1.1" 200 3970 "https://digikeyland.ir/wp-login.php" "Mozilla/5.0 (Macintosh; Intel Mac OS X 10_15_7) AppleWebKit/605.1.15 (KHTML, like Gecko) Version/14.0.3 Safari/605.1.15"
84.13.153.129 - - [11/Sep/2026:17:28:31 +0330] "GET /wp-admin/index.php HTTP/1.1" 302 20 "https://digikeyland.ir/wp-login.php" "Mozilla/5.0 (Macintosh; Intel Mac OS X 10_15_7) AppleWebKit/537.36 (KHTML, like Gecko) Chrome/90.0.4430.212 Safari/537.36"
84.13.153.129 - - [11/Sep/2026:17:28:33 +0330] "GET /wp-login.php?redirect_to=https%3A%2F%2Fdigikeyland.ir%2Fwp-admin%2Findex.php&reauth=1 HTTP/1.1" 200 3804 "https://digikeyland.ir/wp-login.php" "Mozilla/5.0 (Macintosh; Intel Mac OS X 10_15_7) AppleWebKit/537.36 (KHTML, like Gecko) Chrome/90.0.4430.212 Safari/537.36"
84.13.153.129 - - [11/Sep/2026:17:28:34 +0330] "GET /wp-admin/index.php HTTP/1.1" 302 20 "https://digikeyland.ir/wp-login.php" "Mozilla/5.0 (Macintosh; Intel Mac OS X 10_15_7) AppleWebKit/537.36 (KHTML, like Gecko) Chrome/90.0.4430.212 Safari/537.36"
84.13.153.129 - - [11/Sep/2026:17:28:37 +0330] "GET /wp-login.php?redirect_to=https%3A%2F%2Fdigikeyland.ir%2Fwp-admin%2Findex.php&reauth=1 HTTP/1.1" 200 3804 "https://digikeyland.ir/wp-login.php" "Mozilla/5.0 (Macintosh; Intel Mac OS X 10_15_7) AppleWebKit/537.36 (KHTML, like Gecko) Chrome/90.0.4430.212 Safari/537.36"
84.13.153.129 - - [11/Sep/2026:17:28:38 +0330] "POST /wp-login.php HTTP/1.1" 200 3896 "https://digikeyland.ir/wp-login.php" "Mozilla/5.0 (Windows NT 6.1; Win64; x64; rv:93.0) Gecko/20100101 Firefox/93.0"
84.13.153.129 - - [11/Sep/2026:17:28:40 +0330] "GET /wp-admin/index.php HTTP/1.1" 302 20 "https://digikeyland.ir/wp-login.php" "Mozilla/5.0 (Windows NT 6.1; Win64; x64) AppleWebKit/537.36 (KHTML, like Gecko) Chrome/91.0.4472.124 Safari/537.36"
84.13.153.129 - - [11/Sep/2026:17:28:43 +0330] "GET /wp-login.php?redirect_to=https%3A%2F%2Fdigikeyland.ir%2Fwp-admin%2Findex.php&reauth=1 HTTP/1.1" 200 3804 "https://digikeyland.ir/wp-login.php" "Mozilla/5.0 (Windows NT 6.1; Win64; x64) AppleWebKit/537.36 (KHTML, like Gecko) Chrome/91.0.4472.124 Safari/537.36"
84.13.153.129 - - [11/Sep/2026:17:28:45 +0330] "GET /wp-admin/index.php HTTP/1.1" 302 20 "https://digikeyland.ir/wp-login.php" "Mozilla/5.0 (Windows NT 6.1; Win64; x64) AppleWebKit/537.36 (KHTML, like Gecko) Chrome/91.0.4472.124 Safari/537.36"
84.13.153.129 - - [11/Sep/2026:17:28:47 +0330] "GET /wp-login.php?redirect_to=https%3A%2F%2Fdigikeyland.ir%2Fwp-admin%2Findex.php&reauth=1 HTTP/1.1" 200 3804 "https://digikeyland.ir/wp-login.php" "Mozilla/5.0 (Windows NT 6.1; Win64; x64) AppleWebKit/537.36 (KHTML, like Gecko) Chrome/91.0.4472.124 Safari/537.36"
84.13.153.129 - - [11/Sep/2026:17:28:49 +0330] "POST /wp-login.php HTTP/1.1" 200 3896 "https://digikeyland.ir/wp-login.php" "Mozilla/5.0 (Windows NT 6.1; Win64; x64) AppleWebKit/537.36 (KHTML, like Gecko) Chrome/92.0.4515.131 Safari/537.36"
193.36.225.189 - - [11/Sep/2026:17:28:48 +0330] "POST /wp-login.php HTTP/1.1" 200 3974 "-" "Mozilla/5.0 (Windows NT 10.0; Win64; x64) AppleWebKit/537.36 Chrome/129.0.0.0 Safari/537.36"
84.13.153.129 - - [11/Sep/2026:17:28:50 +0330] "GET /wp-admin/index.php HTTP/1.1" 302 20 "https://digikeyland.ir/wp-login.php" "Mozilla/5.0 (Windows NT 10.0; Win64; x64) AppleWebKit/605.1.15 (KHTML, like Gecko) Version/14.1.1 Safari/605.1.15"
84.13.153.129 - - [11/Sep/2026:17:28:53 +0330] "GET /wp-login.php?redirect_to=https%3A%2F%2Fdigikeyland.ir%2Fwp-admin%2Findex.php&reauth=1 HTTP/1.1" 200 3804 "https://digikeyland.ir/wp-login.php" "Mozilla/5.0 (Windows NT 10.0; Win64; x64) AppleWebKit/605.1.15 (KHTML, like Gecko) Version/14.1.1 Safari/605.1.15"
84.13.153.129 - - [11/Sep/2026:17:28:55 +0330] "GET /wp-admin/index.php HTTP/1.1" 302 20 "https://digikeyland.ir/wp-login.php" "Mozilla/5.0 (Windows NT 10.0; Win64; x64) AppleWebKit/605.1.15 (KHTML, like Gecko) Version/14.1.1 Safari/605.1.15"
84.13.153.129 - - [11/Sep/2026:17:28:57 +0330] "GET /wp-login.php?redirect_to=https%3A%2F%2Fdigikeyland.ir%2Fwp-admin%2Findex.php&reauth=1 HTTP/1.1" 200 3804 "https://digikeyland.ir/wp-login.php" "Mozilla/5.0 (Windows NT 10.0; Win64; x64) AppleWebKit/605.1.15 (KHTML, like Gecko) Version/14.1.1 Safari/605.1.15"
84.13.153.129 - - [11/Sep/2026:17:28:59 +0330] "POST /wp-login.php HTTP/1.1" 200 3896 "https://digikeyland.ir/wp-login.php" "Mozilla/5.0 (Windows NT 10.0; Win64; x64) AppleWebKit/605.1.15 (KHTML, like Gecko) Version/14.1.1 Safari/605.1.15"
84.13.153.129 - - [11/Sep/2026:17:29:01 +0330] "GET /wp-admin/index.php HTTP/1.1" 302 20 "https://digikeyland.ir/wp-login.php" "Mozilla/5.0 (Macintosh; Intel Mac OS X 10_15_7) AppleWebKit/605.1.15 (KHTML, like Gecko) Version/14.1.2 Safari/605.1.15"
84.13.153.129 - - [11/Sep/2026:17:29:03 +0330] "GET /wp-login.php?redirect_to=https%3A%2F%2Fdigikeyland.ir%2Fwp-admin%2Findex.php&reauth=1 HTTP/1.1" 200 3804 "https://digikeyland.ir/wp-login.php" "Mozilla/5.0 (Macintosh; Intel Mac OS X 10_15_7) AppleWebKit/605.1.15 (KHTML, like Gecko) Version/14.1.2 Safari/605.1.15"
84.13.153.129 - - [11/Sep/2026:17:29:05 +0330] "GET /wp-admin/index.php HTTP/1.1" 302 20 "https://digikeyland.ir/wp-login.php" "Mozilla/5.0 (Macintosh; Intel Mac OS X 10_15_7) AppleWebKit/605.1.15 (KHTML, like Gecko) Version/14.1.2 Safari/605.1.15"
84.13.153.129 - - [11/Sep/2026:17:29:06 +0330] "GET /wp-login.php?redirect_to=https%3A%2F%2Fdigikeyland.ir%2Fwp-admin%2Findex.php&reauth=1 HTTP/1.1" 200 3804 "https://digikeyland.ir/wp-login.php" "Mozilla/5.0 (Macintosh; Intel Mac OS X 10_15_7) AppleWebKit/605.1.15 (KHTML, like Gecko) Version/14.1.2 Safari/605.1.15"
185.130.50.10 - - [11/Sep/2026:17:29:10 +0330] "POST /wp-cron.php?doing_wp_cron=1789135150.6134629249572753906250 HTTP/1.1" 200 20 "-" "WordPress/7.1; https://digikeyland.ir"
84.13.153.129 - - [11/Sep/2026:17:29:08 +0330] "POST /wp-login.php HTTP/1.1" 200 3896 "https://digikeyland.ir/wp-login.php" "Mozilla/5.0 (X11; Linux x86_64) AppleWebKit/537.36 (KHTML, like Gecko) Chrome/92.0.4515.131 Safari/537.36"
84.13.153.129 - - [11/Sep/2026:17:29:10 +0330] "GET /wp-admin/index.php HTTP/1.1" 302 20 "https://digikeyland.ir/wp-login.php" "Mozilla/5.0 (Windows NT 10.0; Win64; x64) AppleWebKit/605.1.15 (KHTML, like Gecko) Version/14.1.2 Safari/605.1.15"
84.13.153.129 - - [11/Sep/2026:17:29:15 +0330] "GET /wp-login.php?redirect_to=https%3A%2F%2Fdigikeyland.ir%2Fwp-admin%2Findex.php&reauth=1 HTTP/1.1" 200 3804 "https://digikeyland.ir/wp-login.php" "Mozilla/5.0 (Windows NT 10.0; Win64; x64) AppleWebKit/605.1.15 (KHTML, like Gecko) Version/14.1.2 Safari/605.1.15"
84.13.153.129 - - [11/Sep/2026:17:29:19 +0330] "GET /wp-admin/index.php HTTP/1.1" 302 20 "https://digikeyland.ir/wp-login.php" "Mozilla/5.0 (Windows NT 10.0; Win64; x64) AppleWebKit/605.1.15 (KHTML, like Gecko) Version/14.1.2 Safari/605.1.15"
