5.211.41.71 - - [11/Sep/2026:16:25:16 +0330] "GET /wp-content/plugins/elementor/assets/lib/dialog/dialog.min.js?ver=4.9.3 HTTP/2" 200 3593 "https://digikeyland.ir/product/chatgpt-plus/?attribute_pa_plan=%D8%A7%D8%B4%D8%AA%D8%B1%D8%A7%DA%A9%DB%8C-%D8%A8%D8%A7-%D8%B6%D9%85%D8%A7%D9%86%D8%AA-%DA%A9%D8%A7%D9%85%D9%84-%D9%82%D8%A7%D8%A8%D9%84-%D8%AA%D9%85%D8%AF%DB%8C%D8%AF-%D9%84%D8%A7%DA%AF%DB%8C&utm_medium=PPC&utm_source=Torob&torob_clid=01a09089-4605-7501-9c62-1bb38ac1f13d" "Mozilla/5.0 (Linux; Android 10; K) AppleWebKit/537.36 (KHTML, like Gecko) Chrome/151.0.0.0 Mobile Safari/537.36"
5.211.41.71 - - [11/Sep/2026:16:25:16 +0330] "GET /wp-content/plugins/elementor/assets/lib/share-link/share-link.min.js?ver=4.2.4 HTTP/2" 200 1072 "https://digikeyland.ir/product/chatgpt-plus/?attribute_pa_plan=%D8%A7%D8%B4%D8%AA%D8%B1%D8%A7%DA%A9%DB%8C-%D8%A8%D8%A7-%D8%B6%D9%85%D8%A7%D9%86%D8%AA-%DA%A9%D8%A7%D9%85%D9%84-%D9%82%D8%A7%D8%A8%D9%84-%D8%AA%D9%85%D8%AF%DB%8C%D8%AF-%D9%84%D8%A7%DA%AF%DB%8C&utm_medium=PPC&utm_source=Torob&torob_clid=01a09089-4605-7501-9c62-1bb38ac1f13d" "Mozilla/5.0 (Linux; Android 10; K) AppleWebKit/537.36 (KHTML, like Gecko) Chrome/151.0.0.0 Mobile Safari/537.36"
5.211.41.71 - - [11/Sep/2026:16:25:16 +0330] "GET /wp-content/plugins/elementor/assets/js/shared-frontend-handlers.03caa53373b56d3bab67.bundle.min.js HTTP/2" 200 2511 "https://digikeyland.ir/product/chatgpt-plus/?attribute_pa_plan=%D8%A7%D8%B4%D8%AA%D8%B1%D8%A7%DA%A9%DB%8C-%D8%A8%D8%A7-%D8%B6%D9%85%D8%A7%D9%86%D8%AA-%DA%A9%D8%A7%D9%85%D9%84-%D9%82%D8%A7%D8%A8%D9%84-%D8%AA%D9%85%D8%AF%DB%8C%D8%AF-%D9%84%D8%A7%DA%AF%DB%8C&utm_medium=PPC&utm_source=Torob&torob_clid=01a09089-4605-7501-9c62-1bb38ac1f13d" "Mozilla/5.0 (Linux; Android 10; K) AppleWebKit/537.36 (KHTML, like Gecko) Chrome/151.0.0.0 Mobile Safari/537.36"
5.211.41.71 - - [11/Sep/2026:16:25:16 +0330] "GET /wp-content/plugins/elementor-pro/assets/js/nav-menu.8521a0597c50611efdc6.bundle.min.js HTTP/2" 200 1733 "https://digikeyland.ir/product/chatgpt-plus/?attribute_pa_plan=%D8%A7%D8%B4%D8%AA%D8%B1%D8%A7%DA%A9%DB%8C-%D8%A8%D8%A7-%D8%B6%D9%85%D8%A7%D9%86%D8%AA-%DA%A9%D8%A7%D9%85%D9%84-%D9%82%D8%A7%D8%A8%D9%84-%D8%AA%D9%85%D8%AF%DB%8C%D8%AF-%D9%84%D8%A7%DA%AF%DB%8C&utm_medium=PPC&utm_source=Torob&torob_clid=01a09089-4605-7501-9c62-1bb38ac1f13d" "Mozilla/5.0 (Linux; Android 10; K) AppleWebKit/537.36 (KHTML, like Gecko) Chrome/151.0.0.0 Mobile Safari/537.36"
5.211.41.71 - - [11/Sep/2026:16:25:17 +0330] "GET /wp-content/plugins/elementor/assets/js/text-editor.45609661e409413f1cef.bundle.min.js HTTP/2" 200 592 "https://digikeyland.ir/product/chatgpt-plus/?attribute_pa_plan=%D8%A7%D8%B4%D8%AA%D8%B1%D8%A7%DA%A9%DB%8C-%D8%A8%D8%A7-%D8%B6%D9%85%D8%A7%D9%86%D8%AA-%DA%A9%D8%A7%D9%85%D9%84-%D9%82%D8%A7%D8%A8%D9%84-%D8%AA%D9%85%D8%AF%DB%8C%D8%AF-%D9%84%D8%A7%DA%AF%DB%8C&utm_medium=PPC&utm_source=Torob&torob_clid=01a09089-4605-7501-9c62-1bb38ac1f13d" "Mozilla/5.0 (Linux; Android 10; K) AppleWebKit/537.36 (KHTML, like Gecko) Chrome/151.0.0.0 Mobile Safari/537.36"
5.211.41.71 - - [11/Sep/2026:16:25:17 +0330] "GET /wp-content/uploads/2025/12/chatgpt-600x600.webp HTTP/2" 200 29708 "https://digikeyland.ir/product/chatgpt-plus/?attribute_pa_plan=%D8%A7%D8%B4%D8%AA%D8%B1%D8%A7%DA%A9%DB%8C-%D8%A8%D8%A7-%D8%B6%D9%85%D8%A7%D9%86%D8%AA-%DA%A9%D8%A7%D9%85%D9%84-%D9%82%D8%A7%D8%A8%D9%84-%D8%AA%D9%85%D8%AF%DB%8C%D8%AF-%D9%84%D8%A7%DA%AF%DB%8C&utm_medium=PPC&utm_source=Torob&torob_clid=01a09089-4605-7501-9c62-1bb38ac1f13d" "Mozilla/5.0 (Linux; Android 10; K) AppleWebKit/537.36 (KHTML, like Gecko) Chrome/151.0.0.0 Mobile Safari/537.36"
5.211.41.71 - - [11/Sep/2026:16:25:17 +0330] "GET /wp-includes/js/wp-emoji-release.min.js?ver=7.1 HTTP/2" 200 4974 "https://digikeyland.ir/product/chatgpt-plus/?attribute_pa_plan=%D8%A7%D8%B4%D8%AA%D8%B1%D8%A7%DA%A9%DB%8C-%D8%A8%D8%A7-%D8%B6%D9%85%D8%A7%D9%86%D8%AA-%DA%A9%D8%A7%D9%85%D9%84-%D9%82%D8%A7%D8%A8%D9%84-%D8%AA%D9%85%D8%AF%DB%8C%D8%AF-%D9%84%D8%A7%DA%AF%DB%8C&utm_medium=PPC&utm_source=Torob&torob_clid=01a09089-4605-7501-9c62-1bb38ac1f13d" "Mozilla/5.0 (Linux; Android 10; K) AppleWebKit/537.36 (KHTML, like Gecko) Chrome/151.0.0.0 Mobile Safari/537.36"
5.211.41.71 - - [11/Sep/2026:16:25:17 +0330] "GET /wp-content/uploads/2025/12/cropped-digikeyland-flaticon-1-192x192.webp HTTP/2" 200 3776 "https://digikeyland.ir/product/chatgpt-plus/?attribute_pa_plan=%D8%A7%D8%B4%D8%AA%D8%B1%D8%A7%DA%A9%DB%8C-%D8%A8%D8%A7-%D8%B6%D9%85%D8%A7%D9%86%D8%AA-%DA%A9%D8%A7%D9%85%D9%84-%D9%82%D8%A7%D8%A8%D9%84-%D8%AA%D9%85%D8%AF%DB%8C%D8%AF-%D9%84%D8%A7%DA%AF%DB%8C&utm_medium=PPC&utm_source=Torob&torob_clid=01a09089-4605-7501-9c62-1bb38ac1f13d" "Mozilla/5.0 (Linux; Android 10; K) AppleWebKit/537.36 (KHTML, like Gecko) Chrome/151.0.0.0 Mobile Safari/537.36"
5.211.41.71 - - [11/Sep/2026:16:25:17 +0330] "GET /wp-content/uploads/2025/12/cropped-digikeyland-flaticon-1-180x180.webp HTTP/2" 200 4000 "https://digikeyland.ir/product/chatgpt-plus/?attribute_pa_plan=%D8%A7%D8%B4%D8%AA%D8%B1%D8%A7%DA%A9%DB%8C-%D8%A8%D8%A7-%D8%B6%D9%85%D8%A7%D9%86%D8%AA-%DA%A9%D8%A7%D9%85%D9%84-%D9%82%D8%A7%D8%A8%D9%84-%D8%AA%D9%85%D8%AF%DB%8C%D8%AF-%D9%84%D8%A7%DA%AF%DB%8C&utm_medium=PPC&utm_source=Torob&torob_clid=01a09089-4605-7501-9c62-1bb38ac1f13d" "Mozilla/5.0 (Linux; Android 10; K) AppleWebKit/537.36 (KHTML, like Gecko) Chrome/151.0.0.0 Mobile Safari/537.36"
5.211.41.71 - - [11/Sep/2026:16:25:26 +0330] "GET /wp-content/uploads/2026/07/Chess.com-%C3%B7sc1.webp HTTP/2" 200 58436 "https://digikeyland.ir/product/chatgpt-plus/?attribute_pa_plan=%D8%A7%D8%B4%D8%AA%D8%B1%D8%A7%DA%A9%DB%8C-%D8%A8%D8%A7-%D8%B6%D9%85%D8%A7%D9%86%D8%AA-%DA%A9%D8%A7%D9%85%D9%84-%D9%82%D8%A7%D8%A8%D9%84-%D8%AA%D9%85%D8%AF%DB%8C%D8%AF-%D9%84%D8%A7%DA%AF%DB%8C&utm_medium=PPC&utm_source=Torob&torob_clid=01a09089-4605-7501-9c62-1bb38ac1f13d" "Mozilla/5.0 (Linux; Android 10; K) AppleWebKit/537.36 (KHTML, like Gecko) Chrome/151.0.0.0 Mobile Safari/537.36"
5.211.41.71 - - [11/Sep/2026:16:25:26 +0330] "GET /wp-content/uploads/2026/07/filmora-qsc1.webp HTTP/2" 200 61900 "https://digikeyland.ir/product/chatgpt-plus/?attribute_pa_plan=%D8%A7%D8%B4%D8%AA%D8%B1%D8%A7%DA%A9%DB%8C-%D8%A8%D8%A7-%D8%B6%D9%85%D8%A7%D9%86%D8%AA-%DA%A9%D8%A7%D9%85%D9%84-%D9%82%D8%A7%D8%A8%D9%84-%D8%AA%D9%85%D8%AF%DB%8C%D8%AF-%D9%84%D8%A7%DA%AF%DB%8C&utm_medium=PPC&utm_source=Torob&torob_clid=01a09089-4605-7501-9c62-1bb38ac1f13d" "Mozilla/5.0 (Linux; Android 10; K) AppleWebKit/537.36 (KHTML, like Gecko) Chrome/151.0.0.0 Mobile Safari/537.36"
5.211.41.71 - - [11/Sep/2026:16:25:26 +0330] "GET /wp-content/uploads/2026/07/Adguard-qsc1.webp HTTP/2" 200 51264 "https://digikeyland.ir/product/chatgpt-plus/?attribute_pa_plan=%D8%A7%D8%B4%D8%AA%D8%B1%D8%A7%DA%A9%DB%8C-%D8%A8%D8%A7-%D8%B6%D9%85%D8%A7%D9%86%D8%AA-%DA%A9%D8%A7%D9%85%D9%84-%D9%82%D8%A7%D8%A8%D9%84-%D8%AA%D9%85%D8%AF%DB%8C%D8%AF-%D9%84%D8%A7%DA%AF%DB%8C&utm_medium=PPC&utm_source=Torob&torob_clid=01a09089-4605-7501-9c62-1bb38ac1f13d" "Mozilla/5.0 (Linux; Android 10; K) AppleWebKit/537.36 (KHTML, like Gecko) Chrome/151.0.0.0 Mobile Safari/537.36"
5.121.201.134 - - [11/Sep/2026:16:24:09 +0330] "POST /wp-admin/admin-ajax.php HTTP/2" 200 67 "https://digikeyland.ir/wp-admin/edit.php?s=6039&post_status=all&post_type=shop_order&action=-1&m=0&pwp_m=0&_created_via&_customer_user&paged=1&action2=-1" "Mozilla/5.0 (Windows NT 10.0; Win64; x64) AppleWebKit/537.36 (KHTML, like Gecko) Chrome/153.0.0.0 Safari/537.36"
5.121.201.134 - - [11/Sep/2026:16:24:19 +0330] "POST /wp-admin/admin-ajax.php HTTP/2" 200 67 "https://digikeyland.ir/wp-admin/edit.php?s=6039&post_status=all&post_type=shop_order&action=-1&m=0&pwp_m=0&_created_via&_customer_user&paged=1&action2=-1" "Mozilla/5.0 (Windows NT 10.0; Win64; x64) AppleWebKit/537.36 (KHTML, like Gecko) Chrome/153.0.0.0 Safari/537.36"
5.121.201.134 - - [11/Sep/2026:16:24:29 +0330] "POST /wp-admin/admin-ajax.php HTTP/2" 200 67 "https://digikeyland.ir/wp-admin/edit.php?s=6039&post_status=all&post_type=shop_order&action=-1&m=0&pwp_m=0&_created_via&_customer_user&paged=1&action2=-1" "Mozilla/5.0 (Windows NT 10.0; Win64; x64) AppleWebKit/537.36 (KHTML, like Gecko) Chrome/153.0.0.0 Safari/537.36"
85.17.180.28 - - [11/Sep/2026:16:24:32 +0330] "POST /wp-admin/admin-ajax.php HTTP/2" 200 1191 "https://digikeyland.ir/product/spotify-premium/" "Mozilla/5.0 (Linux; Android 10; K) AppleWebKit/537.36 (KHTML, like Gecko) Chrome/131.0.0.0 Mobile Safari/537.36"
5.121.201.134 - - [11/Sep/2026:16:24:39 +0330] "POST /wp-admin/admin-ajax.php HTTP/2" 200 67 "https://digikeyland.ir/wp-admin/edit.php?s=6039&post_status=all&post_type=shop_order&action=-1&m=0&pwp_m=0&_created_via&_customer_user&paged=1&action2=-1" "Mozilla/5.0 (Windows NT 10.0; Win64; x64) AppleWebKit/537.36 (KHTML, like Gecko) Chrome/153.0.0.0 Safari/537.36"
74.7.243.8 - - [11/Sep/2026:16:24:47 +0330] "GET /how-to-get-spotify-followers/ HTTP/2" 200 66448 "-" "Mozilla/5.0 (Macintosh; Intel Mac OS X 10_15_7) AppleWebKit/537.36 (KHTML, like Gecko) Chrome/131.0.0.0 Safari/537.36; compatible; OAI-SearchBot/1.4; +https://openai.com/searchbot"
5.121.201.134 - - [11/Sep/2026:16:24:49 +0330] "POST /wp-admin/admin-ajax.php HTTP/2" 200 67 "https://digikeyland.ir/wp-admin/edit.php?s=6039&post_status=all&post_type=shop_order&action=-1&m=0&pwp_m=0&_created_via&_customer_user&paged=1&action2=-1" "Mozilla/5.0 (Windows NT 10.0; Win64; x64) AppleWebKit/537.36 (KHTML, like Gecko) Chrome/153.0.0.0 Safari/537.36"
5.121.201.134 - - [11/Sep/2026:16:24:59 +0330] "POST /wp-admin/admin-ajax.php HTTP/2" 200 67 "https://digikeyland.ir/wp-admin/edit.php?s=6039&post_status=all&post_type=shop_order&action=-1&m=0&pwp_m=0&_created_via&_customer_user&paged=1&action2=-1" "Mozilla/5.0 (Windows NT 10.0; Win64; x64) AppleWebKit/537.36 (KHTML, like Gecko) Chrome/153.0.0.0 Safari/537.36"
185.130.50.10 - - [11/Sep/2026:16:25:11 +0330] "POST /wp-cron.php?doing_wp_cron=1789131311.4796020984649658203125 HTTP/1.1" 200 20 "-" "WordPress/7.1; https://digikeyland.ir"
5.121.201.134 - - [11/Sep/2026:16:25:09 +0330] "POST /wp-admin/admin-ajax.php HTTP/2" 200 65 "https://digikeyland.ir/wp-admin/edit.php?s=6039&post_status=all&post_type=shop_order&action=-1&m=0&pwp_m=0&_created_via&_customer_user&paged=1&action2=-1" "Mozilla/5.0 (Windows NT 10.0; Win64; x64) AppleWebKit/537.36 (KHTML, like Gecko) Chrome/153.0.0.0 Safari/537.36"
5.121.201.134 - - [11/Sep/2026:16:25:19 +0330] "POST /wp-admin/admin-ajax.php HTTP/2" 200 67 "https://digikeyland.ir/wp-admin/edit.php?s=6039&post_status=all&post_type=shop_order&action=-1&m=0&pwp_m=0&_created_via&_customer_user&paged=1&action2=-1" "Mozilla/5.0 (Windows NT 10.0; Win64; x64) AppleWebKit/537.36 (KHTML, like Gecko) Chrome/153.0.0.0 Safari/537.36"
5.121.201.134 - - [11/Sep/2026:16:25:24 +0330] "POST /wp-admin/admin-ajax.php HTTP/2" 200 101 "https://digikeyland.ir/wp-admin/post.php?post=5173&action=edit" "Mozilla/5.0 (Windows NT 10.0; Win64; x64) AppleWebKit/537.36 (KHTML, like Gecko) Chrome/153.0.0.0 Safari/537.36"
5.211.41.71 - - [11/Sep/2026:16:25:26 +0330] "GET /wp-content/uploads/2026/07/IPTorrent-sc1.webp HTTP/2" 200 59636 "https://digikeyland.ir/product/chatgpt-plus/?attribute_pa_plan=%D8%A7%D8%B4%D8%AA%D8%B1%D8%A7%DA%A9%DB%8C-%D8%A8%D8%A7-%D8%B6%D9%85%D8%A7%D9%86%D8%AA-%DA%A9%D8%A7%D9%85%D9%84-%D9%82%D8%A7%D8%A8%D9%84-%D8%AA%D9%85%D8%AF%DB%8C%D8%AF-%D9%84%D8%A7%DA%AF%DB%8C&utm_medium=PPC&utm_source=Torob&torob_clid=01a09089-4605-7501-9c62-1bb38ac1f13d" "Mozilla/5.0 (Linux; Android 10; K) AppleWebKit/537.36 (KHTML, like Gecko) Chrome/151.0.0.0 Mobile Safari/537.36"
5.211.41.71 - - [11/Sep/2026:16:25:27 +0330] "GET /wp-content/uploads/2024/11/4-4.png HTTP/2" 200 2833 "https://digikeyland.ir/product/chatgpt-plus/?attribute_pa_plan=%D8%A7%D8%B4%D8%AA%D8%B1%D8%A7%DA%A9%DB%8C-%D8%A8%D8%A7-%D8%B6%D9%85%D8%A7%D9%86%D8%AA-%DA%A9%D8%A7%D9%85%D9%84-%D9%82%D8%A7%D8%A8%D9%84-%D8%AA%D9%85%D8%AF%DB%8C%D8%AF-%D9%84%D8%A7%DA%AF%DB%8C&utm_medium=PPC&utm_source=Torob&torob_clid=01a09089-4605-7501-9c62-1bb38ac1f13d" "Mozilla/5.0 (Linux; Android 10; K) AppleWebKit/537.36 (KHTML, like Gecko) Chrome/151.0.0.0 Mobile Safari/537.36"
5.211.41.71 - - [11/Sep/2026:16:25:27 +0330] "GET /wp-content/uploads/2024/11/1-12.png HTTP/2" 200 2778 "https://digikeyland.ir/product/chatgpt-plus/?attribute_pa_plan=%D8%A7%D8%B4%D8%AA%D8%B1%D8%A7%DA%A9%DB%8C-%D8%A8%D8%A7-%D8%B6%D9%85%D8%A7%D9%86%D8%AA-%DA%A9%D8%A7%D9%85%D9%84-%D9%82%D8%A7%D8%A8%D9%84-%D8%AA%D9%85%D8%AF%DB%8C%D8%AF-%D9%84%D8%A7%DA%AF%DB%8C&utm_medium=PPC&utm_source=Torob&torob_clid=01a09089-4605-7501-9c62-1bb38ac1f13d" "Mozilla/5.0 (Linux; Android 10; K) AppleWebKit/537.36 (KHTML, like Gecko) Chrome/151.0.0.0 Mobile Safari/537.36"
5.211.41.71 - - [11/Sep/2026:16:25:27 +0330] "GET /wp-content/uploads/2024/11/7.png HTTP/2" 200 2546 "https://digikeyland.ir/product/chatgpt-plus/?attribute_pa_plan=%D8%A7%D8%B4%D8%AA%D8%B1%D8%A7%DA%A9%DB%8C-%D8%A8%D8%A7-%D8%B6%D9%85%D8%A7%D9%86%D8%AA-%DA%A9%D8%A7%D9%85%D9%84-%D9%82%D8%A7%D8%A8%D9%84-%D8%AA%D9%85%D8%AF%DB%8C%D8%AF-%D9%84%D8%A7%DA%AF%DB%8C&utm_medium=PPC&utm_source=Torob&torob_clid=01a09089-4605-7501-9c62-1bb38ac1f13d" "Mozilla/5.0 (Linux; Android 10; K) AppleWebKit/537.36 (KHTML, like Gecko) Chrome/151.0.0.0 Mobile Safari/537.36"
5.211.41.71 - - [11/Sep/2026:16:25:27 +0330] "GET /wp-content/uploads/2024/11/2-4.png HTTP/2" 200 3403 "https://digikeyland.ir/product/chatgpt-plus/?attribute_pa_plan=%D8%A7%D8%B4%D8%AA%D8%B1%D8%A7%DA%A9%DB%8C-%D8%A8%D8%A7-%D8%B6%D9%85%D8%A7%D9%86%D8%AA-%DA%A9%D8%A7%D9%85%D9%84-%D9%82%D8%A7%D8%A8%D9%84-%D8%AA%D9%85%D8%AF%DB%8C%D8%AF-%D9%84%D8%A7%DA%AF%DB%8C&utm_medium=PPC&utm_source=Torob&torob_clid=01a09089-4605-7501-9c62-1bb38ac1f13d" "Mozilla/5.0 (Linux; Android 10; K) AppleWebKit/537.36 (KHTML, like Gecko) Chrome/151.0.0.0 Mobile Safari/537.36"
5.211.41.71 - - [11/Sep/2026:16:25:27 +0330] "GET /wp-content/uploads/2024/11/3-3.png HTTP/2" 200 2091 "https://digikeyland.ir/product/chatgpt-plus/?attribute_pa_plan=%D8%A7%D8%B4%D8%AA%D8%B1%D8%A7%DA%A9%DB%8C-%D8%A8%D8%A7-%D8%B6%D9%85%D8%A7%D9%86%D8%AA-%DA%A9%D8%A7%D9%85%D9%84-%D9%82%D8%A7%D8%A8%D9%84-%D8%AA%D9%85%D8%AF%DB%8C%D8%AF-%D9%84%D8%A7%DA%AF%DB%8C&utm_medium=PPC&utm_source=Torob&torob_clid=01a09089-4605-7501-9c62-1bb38ac1f13d" "Mozilla/5.0 (Linux; Android 10; K) AppleWebKit/537.36 (KHTML, like Gecko) Chrome/151.0.0.0 Mobile Safari/537.36"
5.211.41.71 - - [11/Sep/2026:16:25:27 +0330] "GET /wp-content/uploads/2024/11/6.png HTTP/2" 200 3032 "https://digikeyland.ir/product/chatgpt-plus/?attribute_pa_plan=%D8%A7%D8%B4%D8%AA%D8%B1%D8%A7%DA%A9%DB%8C-%D8%A8%D8%A7-%D8%B6%D9%85%D8%A7%D9%86%D8%AA-%DA%A9%D8%A7%D9%85%D9%84-%D9%82%D8%A7%D8%A8%D9%84-%D8%AA%D9%85%D8%AF%DB%8C%D8%AF-%D9%84%D8%A7%DA%AF%DB%8C&utm_medium=PPC&utm_source=Torob&torob_clid=01a09089-4605-7501-9c62-1bb38ac1f13d" "Mozilla/5.0 (Linux; Android 10; K) AppleWebKit/537.36 (KHTML, like Gecko) Chrome/151.0.0.0 Mobile Safari/537.36"
5.211.41.71 - - [11/Sep/2026:16:25:32 +0330] "GET /product/chess-diamond/ HTTP/2" 200 84687 "https://digikeyland.ir/product/chatgpt-plus/?attribute_pa_plan=%D8%A7%D8%B4%D8%AA%D8%B1%D8%A7%DA%A9%DB%8C-%D8%A8%D8%A7-%D8%B6%D9%85%D8%A7%D9%86%D8%AA-%DA%A9%D8%A7%D9%85%D9%84-%D9%82%D8%A7%D8%A8%D9%84-%D8%AA%D9%85%D8%AF%DB%8C%D8%AF-%D9%84%D8%A7%DA%AF%DB%8C&utm_medium=PPC&utm_source=Torob&torob_clid=01a09089-4605-7501-9c62-1bb38ac1f13d" "Mozilla/5.0 (Linux; Android 10; K) AppleWebKit/537.36 (KHTML, like Gecko) Chrome/151.0.0.0 Mobile Safari/537.36"
5.211.41.71 - - [11/Sep/2026:16:25:33 +0330] "GET /wp-content/uploads/2024/10/7-1.png HTTP/2" 200 18824 "https://digikeyland.ir/product/chatgpt-plus/?attribute_pa_plan=%D8%A7%D8%B4%D8%AA%D8%B1%D8%A7%DA%A9%DB%8C-%D8%A8%D8%A7-%D8%B6%D9%85%D8%A7%D9%86%D8%AA-%DA%A9%D8%A7%D9%85%D9%84-%D9%82%D8%A7%D8%A8%D9%84-%D8%AA%D9%85%D8%AF%DB%8C%D8%AF-%D9%84%D8%A7%DA%AF%DB%8C&utm_medium=PPC&utm_source=Torob&torob_clid=01a09089-4605-7501-9c62-1bb38ac1f13d" "Mozilla/5.0 (Linux; Android 10; K) AppleWebKit/537.36 (KHTML, like Gecko) Chrome/151.0.0.0 Mobile Safari/537.36"
5.211.41.71 - - [11/Sep/2026:16:25:33 +0330] "GET /wp-content/uploads/2026/04/6-2.png HTTP/2" 200 5967 "https://digikeyland.ir/product/chatgpt-plus/?attribute_pa_plan=%D8%A7%D8%B4%D8%AA%D8%B1%D8%A7%DA%A9%DB%8C-%D8%A8%D8%A7-%D8%B6%D9%85%D8%A7%D9%86%D8%AA-%DA%A9%D8%A7%D9%85%D9%84-%D9%82%D8%A7%D8%A8%D9%84-%D8%AA%D9%85%D8%AF%DB%8C%D8%AF-%D9%84%D8%A7%DA%AF%DB%8C&utm_medium=PPC&utm_source=Torob&torob_clid=01a09089-4605-7501-9c62-1bb38ac1f13d" "Mozilla/5.0 (Linux; Android 10; K) AppleWebKit/537.36 (KHTML, like Gecko) Chrome/151.0.0.0 Mobile Safari/537.36"
5.211.41.71 - - [11/Sep/2026:16:25:33 +0330] "GET /wp-content/uploads/2026/04/4-2.png HTTP/2" 200 10804 "https://digikeyland.ir/product/chatgpt-plus/?attribute_pa_plan=%D8%A7%D8%B4%D8%AA%D8%B1%D8%A7%DA%A9%DB%8C-%D8%A8%D8%A7-%D8%B6%D9%85%D8%A7%D9%86%D8%AA-%DA%A9%D8%A7%D9%85%D9%84-%D9%82%D8%A7%D8%A8%D9%84-%D8%AA%D9%85%D8%AF%DB%8C%D8%AF-%D9%84%D8%A7%DA%AF%DB%8C&utm_medium=PPC&utm_source=Torob&torob_clid=01a09089-4605-7501-9c62-1bb38ac1f13d" "Mozilla/5.0 (Linux; Android 10; K) AppleWebKit/537.36 (KHTML, like Gecko) Chrome/151.0.0.0 Mobile Safari/537.36"
5.211.41.71 - - [11/Sep/2026:16:25:33 +0330] "GET /wp-content/uploads/2026/04/3-2.png HTTP/2" 200 23592 "https://digikeyland.ir/product/chatgpt-plus/?attribute_pa_plan=%D8%A7%D8%B4%D8%AA%D8%B1%D8%A7%DA%A9%DB%8C-%D8%A8%D8%A7-%D8%B6%D9%85%D8%A7%D9%86%D8%AA-%DA%A9%D8%A7%D9%85%D9%84-%D9%82%D8%A7%D8%A8%D9%84-%D8%AA%D9%85%D8%AF%DB%8C%D8%AF-%D9%84%D8%A7%DA%AF%DB%8C&utm_medium=PPC&utm_source=Torob&torob_clid=01a09089-4605-7501-9c62-1bb38ac1f13d" "Mozilla/5.0 (Linux; Android 10; K) AppleWebKit/537.36 (KHTML, like Gecko) Chrome/151.0.0.0 Mobile Safari/537.36"
5.211.41.71 - - [11/Sep/2026:16:25:34 +0330] "GET /wp-content/uploads/2026/04/85.png HTTP/2" 200 2678 "https://digikeyland.ir/product/chatgpt-plus/?attribute_pa_plan=%D8%A7%D8%B4%D8%AA%D8%B1%D8%A7%DA%A9%DB%8C-%D8%A8%D8%A7-%D8%B6%D9%85%D8%A7%D9%86%D8%AA-%DA%A9%D8%A7%D9%85%D9%84-%D9%82%D8%A7%D8%A8%D9%84-%D8%AA%D9%85%D8%AF%DB%8C%D8%AF-%D9%84%D8%A7%DA%AF%DB%8C&utm_medium=PPC&utm_source=Torob&torob_clid=01a09089-4605-7501-9c62-1bb38ac1f13d" "Mozilla/5.0 (Linux; Android 10; K) AppleWebKit/537.36 (KHTML, like Gecko) Chrome/151.0.0.0 Mobile Safari/537.36"
5.211.41.71 - - [11/Sep/2026:16:25:35 +0330] "GET /wp-content/uploads/2025/12/RT-logo-2.webp HTTP/2" 200 678 "https://digikeyland.ir/product/chatgpt-plus/?attribute_pa_plan=%D8%A7%D8%B4%D8%AA%D8%B1%D8%A7%DA%A9%DB%8C-%D8%A8%D8%A7-%D8%B6%D9%85%D8%A7%D9%86%D8%AA-%DA%A9%D8%A7%D9%85%D9%84-%D9%82%D8%A7%D8%A8%D9%84-%D8%AA%D9%85%D8%AF%DB%8C%D8%AF-%D9%84%D8%A7%DA%AF%DB%8C&utm_medium=PPC&utm_source=Torob&torob_clid=01a09089-4605-7501-9c62-1bb38ac1f13d" "Mozilla/5.0 (Linux; Android 10; K) AppleWebKit/537.36 (KHTML, like Gecko) Chrome/151.0.0.0 Mobile Safari/537.36"
5.211.41.71 - - [11/Sep/2026:16:25:37 +0330] "GET /wp-content/uploads/2026/07/Claude-sc1.webp HTTP/2" 200 62616 "https://digikeyland.ir/product/chatgpt-plus/?attribute_pa_plan=%D8%A7%D8%B4%D8%AA%D8%B1%D8%A7%DA%A9%DB%8C-%D8%A8%D8%A7-%D8%B6%D9%85%D8%A7%D9%86%D8%AA-%DA%A9%D8%A7%D9%85%D9%84-%D9%82%D8%A7%D8%A8%D9%84-%D8%AA%D9%85%D8%AF%DB%8C%D8%AF-%D9%84%D8%A7%DA%AF%DB%8C&utm_medium=PPC&utm_source=Torob&torob_clid=01a09089-4605-7501-9c62-1bb38ac1f13d" "Mozilla/5.0 (Linux; Android 10; K) AppleWebKit/537.36 (KHTML, like Gecko) Chrome/151.0.0.0 Mobile Safari/537.36"
5.211.41.71 - - [11/Sep/2026:16:25:39 +0330] "GET /product/wondershare-filmora-pro-account/ HTTP/2" 200 84206 "https://digikeyland.ir/product/chatgpt-plus/?attribute_pa_plan=%D8%A7%D8%B4%D8%AA%D8%B1%D8%A7%DA%A9%DB%8C-%D8%A8%D8%A7-%D8%B6%D9%85%D8%A7%D9%86%D8%AA-%DA%A9%D8%A7%D9%85%D9%84-%D9%82%D8%A7%D8%A8%D9%84-%D8%AA%D9%85%D8%AF%DB%8C%D8%AF-%D9%84%D8%A7%DA%AF%DB%8C&utm_medium=PPC&utm_source=Torob&torob_clid=01a09089-4605-7501-9c62-1bb38ac1f13d" "Mozilla/5.0 (Linux; Android 10; K) AppleWebKit/537.36 (KHTML, like Gecko) Chrome/151.0.0.0 Mobile Safari/537.36"
5.211.41.71 - - [11/Sep/2026:16:25:39 +0330] "GET /wp-content/uploads/2026/07/Adobe-Creative-Cloud-sc1.webp HTTP/2" 200 53508 "https://digikeyland.ir/product/chatgpt-plus/?attribute_pa_plan=%D8%A7%D8%B4%D8%AA%D8%B1%D8%A7%DA%A9%DB%8C-%D8%A8%D8%A7-%D8%B6%D9%85%D8%A7%D9%86%D8%AA-%DA%A9%D8%A7%D9%85%D9%84-%D9%82%D8%A7%D8%A8%D9%84-%D8%AA%D9%85%D8%AF%DB%8C%D8%AF-%D9%84%D8%A7%DA%AF%DB%8C&utm_medium=PPC&utm_source=Torob&torob_clid=01a09089-4605-7501-9c62-1bb38ac1f13d" "Mozilla/5.0 (Linux; Android 10; K) AppleWebKit/537.36 (KHTML, like Gecko) Chrome/151.0.0.0 Mobile Safari/537.36"
5.211.41.71 - - [11/Sep/2026:16:25:40 +0330] "GET /wp-content/uploads/2026/07/Poweramp-Music-Player.webp HTTP/2" 200 67756 "https://digikeyland.ir/product/chatgpt-plus/?attribute_pa_plan=%D8%A7%D8%B4%D8%AA%D8%B1%D8%A7%DA%A9%DB%8C-%D8%A8%D8%A7-%D8%B6%D9%85%D8%A7%D9%86%D8%AA-%DA%A9%D8%A7%D9%85%D9%84-%D9%82%D8%A7%D8%A8%D9%84-%D8%AA%D9%85%D8%AF%DB%8C%D8%AF-%D9%84%D8%A7%DA%AF%DB%8C&utm_medium=PPC&utm_source=Torob&torob_clid=01a09089-4605-7501-9c62-1bb38ac1f13d" "Mozilla/5.0 (Linux; Android 10; K) AppleWebKit/537.36 (KHTML, like Gecko) Chrome/151.0.0.0 Mobile Safari/537.36"
5.211.41.71 - - [11/Sep/2026:16:25:41 +0330] "GET /wp-content/uploads/2026/07/MS-Visio-Pro-sc1.webp HTTP/2" 200 59432 "https://digikeyland.ir/product/chatgpt-plus/?attribute_pa_plan=%D8%A7%D8%B4%D8%AA%D8%B1%D8%A7%DA%A9%DB%8C-%D8%A8%D8%A7-%D8%B6%D9%85%D8%A7%D9%86%D8%AA-%DA%A9%D8%A7%D9%85%D9%84-%D9%82%D8%A7%D8%A8%D9%84-%D8%AA%D9%85%D8%AF%DB%8C%D8%AF-%D9%84%D8%A7%DA%AF%DB%8C&utm_medium=PPC&utm_source=Torob&torob_clid=01a09089-4605-7501-9c62-1bb38ac1f13d" "Mozilla/5.0 (Linux; Android 10; K) AppleWebKit/537.36 (KHTML, like Gecko) Chrome/151.0.0.0 Mobile Safari/537.36"
5.211.41.71 - - [11/Sep/2026:16:25:44 +0330] "GET /product/buy-poweramp-full-version/ HTTP/2" 200 80938 "https://digikeyland.ir/product/chatgpt-plus/?attribute_pa_plan=%D8%A7%D8%B4%D8%AA%D8%B1%D8%A7%DA%A9%DB%8C-%D8%A8%D8%A7-%D8%B6%D9%85%D8%A7%D9%86%D8%AA-%DA%A9%D8%A7%D9%85%D9%84-%D9%82%D8%A7%D8%A8%D9%84-%D8%AA%D9%85%D8%AF%DB%8C%D8%AF-%D9%84%D8%A7%DA%AF%DB%8C&utm_medium=PPC&utm_source=Torob&torob_clid=01a09089-4605-7501-9c62-1bb38ac1f13d" "Mozilla/5.0 (Linux; Android 10; K) AppleWebKit/537.36 (KHTML, like Gecko) Chrome/151.0.0.0 Mobile Safari/537.36"
5.211.41.71 - - [11/Sep/2026:16:25:47 +0330] "GET /product/ms-visio-pro/ HTTP/2" 200 82407 "https://digikeyland.ir/product/chatgpt-plus/?attribute_pa_plan=%D8%A7%D8%B4%D8%AA%D8%B1%D8%A7%DA%A9%DB%8C-%D8%A8%D8%A7-%D8%B6%D9%85%D8%A7%D9%86%D8%AA-%DA%A9%D8%A7%D9%85%D9%84-%D9%82%D8%A7%D8%A8%D9%84-%D8%AA%D9%85%D8%AF%DB%8C%D8%AF-%D9%84%D8%A7%DA%AF%DB%8C&utm_medium=PPC&utm_source=Torob&torob_clid=01a09089-4605-7501-9c62-1bb38ac1f13d" "Mozilla/5.0 (Linux; Android 10; K) AppleWebKit/537.36 (KHTML, like Gecko) Chrome/151.0.0.0 Mobile Safari/537.36"
5.211.41.71 - - [11/Sep/2026:16:25:50 +0330] "GET / HTTP/2" 200 82924 "https://digikeyland.ir/product/chatgpt-plus/?attribute_pa_plan=%D8%A7%D8%B4%D8%AA%D8%B1%D8%A7%DA%A9%DB%8C-%D8%A8%D8%A7-%D8%B6%D9%85%D8%A7%D9%86%D8%AA-%DA%A9%D8%A7%D9%85%D9%84-%D9%82%D8%A7%D8%A8%D9%84-%D8%AA%D9%85%D8%AF%DB%8C%D8%AF-%D9%84%D8%A7%DA%AF%DB%8C&utm_medium=PPC&utm_source=Torob&torob_clid=01a09089-4605-7501-9c62-1bb38ac1f13d" "Mozilla/5.0 (Linux; Android 10; K) AppleWebKit/537.36 (KHTML, like Gecko) Chrome/151.0.0.0 Mobile Safari/537.36"
5.211.41.71 - - [11/Sep/2026:16:25:51 +0330] "GET /cart/ HTTP/2" 200 54279 "https://digikeyland.ir/product/chatgpt-plus/?attribute_pa_plan=%D8%A7%D8%B4%D8%AA%D8%B1%D8%A7%DA%A9%DB%8C-%D8%A8%D8%A7-%D8%B6%D9%85%D8%A7%D9%86%D8%AA-%DA%A9%D8%A7%D9%85%D9%84-%D9%82%D8%A7%D8%A8%D9%84-%D8%AA%D9%85%D8%AF%DB%8C%D8%AF-%D9%84%D8%A7%DA%AF%DB%8C&utm_medium=PPC&utm_source=Torob&torob_clid=01a09089-4605-7501-9c62-1bb38ac1f13d" "Mozilla/5.0 (Linux; Android 10; K) AppleWebKit/537.36 (KHTML, like Gecko) Chrome/151.0.0.0 Mobile Safari/537.36"
5.211.41.71 - - [11/Sep/2026:16:25:53 +0330] "GET /permissions-received/ HTTP/2" 200 63349 "https://digikeyland.ir/product/chatgpt-plus/?attribute_pa_plan=%D8%A7%D8%B4%D8%AA%D8%B1%D8%A7%DA%A9%DB%8C-%D8%A8%D8%A7-%D8%B6%D9%85%D8%A7%D9%86%D8%AA-%DA%A9%D8%A7%D9%85%D9%84-%D9%82%D8%A7%D8%A8%D9%84-%D8%AA%D9%85%D8%AF%DB%8C%D8%AF-%D9%84%D8%A7%DA%AF%DB%8C&utm_medium=PPC&utm_source=Torob&torob_clid=01a09089-4605-7501-9c62-1bb38ac1f13d" "Mozilla/5.0 (Linux; Android 10; K) AppleWebKit/537.36 (KHTML, like Gecko) Chrome/151.0.0.0 Mobile Safari/537.36"
5.211.41.71 - - [11/Sep/2026:16:25:54 +0330] "GET /aboutus/ HTTP/2" 200 68499 "https://digikeyland.ir/product/chatgpt-plus/?attribute_pa_plan=%D8%A7%D8%B4%D8%AA%D8%B1%D8%A7%DA%A9%DB%8C-%D8%A8%D8%A7-%D8%B6%D9%85%D8%A7%D9%86%D8%AA-%DA%A9%D8%A7%D9%85%D9%84-%D9%82%D8%A7%D8%A8%D9%84-%D8%AA%D9%85%D8%AF%DB%8C%D8%AF-%D9%84%D8%A7%DA%AF%DB%8C&utm_medium=PPC&utm_source=Torob&torob_clid=01a09089-4605-7501-9c62-1bb38ac1f13d" "Mozilla/5.0 (Linux; Android 10; K) AppleWebKit/537.36 (KHTML, like Gecko) Chrome/151.0.0.0 Mobile Safari/537.36"
5.211.41.71 - - [11/Sep/2026:16:25:55 +0330] "GET /offer/ HTTP/2" 200 64569 "https://digikeyland.ir/product/chatgpt-plus/?attribute_pa_plan=%D8%A7%D8%B4%D8%AA%D8%B1%D8%A7%DA%A9%DB%8C-%D8%A8%D8%A7-%D8%B6%D9%85%D8%A7%D9%86%D8%AA-%DA%A9%D8%A7%D9%85%D9%84-%D9%82%D8%A7%D8%A8%D9%84-%D8%AA%D9%85%D8%AF%DB%8C%D8%AF-%D9%84%D8%A7%DA%AF%DB%8C&utm_medium=PPC&utm_source=Torob&torob_clid=01a09089-4605-7501-9c62-1bb38ac1f13d" "Mozilla/5.0 (Linux; Android 10; K) AppleWebKit/537.36 (KHTML, like Gecko) Chrome/151.0.0.0 Mobile Safari/537.36"
5.211.41.71 - - [11/Sep/2026:16:25:58 +0330] "GET / HTTP/2" 200 82924 "https://digikeyland.ir/product/chatgpt-plus/?attribute_pa_plan=%D8%A7%D8%B4%D8%AA%D8%B1%D8%A7%DA%A9%DB%8C-%D8%A8%D8%A7-%D8%B6%D9%85%D8%A7%D9%86%D8%AA-%DA%A9%D8%A7%D9%85%D9%84-%D9%82%D8%A7%D8%A8%D9%84-%D8%AA%D9%85%D8%AF%DB%8C%D8%AF-%D9%84%D8%A7%DA%AF%DB%8C&utm_medium=PPC&utm_source=Torob&torob_clid=01a09089-4605-7501-9c62-1bb38ac1f13d" "Mozilla/5.0 (Linux; Android 10; K) AppleWebKit/537.36 (KHTML, like Gecko) Chrome/151.0.0.0 Mobile Safari/537.36"
5.211.41.71 - - [11/Sep/2026:16:25:59 +0330] "GET /product/buy-poweramp-full-version/ HTTP/2" 200 80156 "https://digikeyland.ir/product/chatgpt-plus/?attribute_pa_plan=%D8%A7%D8%B4%D8%AA%D8%B1%D8%A7%DA%A9%DB%8C-%D8%A8%D8%A7-%D8%B6%D9%85%D8%A7%D9%86%D8%AA-%DA%A9%D8%A7%D9%85%D9%84-%D9%82%D8%A7%D8%A8%D9%84-%D8%AA%D9%85%D8%AF%DB%8C%D8%AF-%D9%84%D8%A7%DA%AF%DB%8C&utm_medium=PPC&utm_source=Torob&torob_clid=01a09089-4605-7501-9c62-1bb38ac1f13d" "Mozilla/5.0 (Linux; Android 10; K) AppleWebKit/537.36 (KHTML, like Gecko) Chrome/151.0.0.0 Mobile Safari/537.36"
5.121.201.134 - - [11/Sep/2026:16:25:29 +0330] "POST /wp-admin/admin-ajax.php HTTP/2" 200 67 "https://digikeyland.ir/wp-admin/edit.php?s=6039&post_status=all&post_type=shop_order&action=-1&m=0&pwp_m=0&_created_via&_customer_user&paged=1&action2=-1" "Mozilla/5.0 (Windows NT 10.0; Win64; x64) AppleWebKit/537.36 (KHTML, like Gecko) Chrome/153.0.0.0 Safari/537.36"
5.121.201.134 - - [11/Sep/2026:16:25:39 +0330] "POST /wp-admin/admin-ajax.php HTTP/2" 200 67 "https://digikeyland.ir/wp-admin/edit.php?s=6039&post_status=all&post_type=shop_order&action=-1&m=0&pwp_m=0&_created_via&_customer_user&paged=1&action2=-1" "Mozilla/5.0 (Windows NT 10.0; Win64; x64) AppleWebKit/537.36 (KHTML, like Gecko) Chrome/153.0.0.0 Safari/537.36"
5.121.201.134 - - [11/Sep/2026:16:25:49 +0330] "POST /wp-admin/admin-ajax.php HTTP/2" 200 67 "https://digikeyland.ir/wp-admin/edit.php?s=6039&post_status=all&post_type=shop_order&action=-1&m=0&pwp_m=0&_created_via&_customer_user&paged=1&action2=-1" "Mozilla/5.0 (Windows NT 10.0; Win64; x64) AppleWebKit/537.36 (KHTML, like Gecko) Chrome/153.0.0.0 Safari/537.36"
5.121.201.134 - - [11/Sep/2026:16:25:55 +0330] "POST /wp-admin/admin-ajax.php HTTP/2" 200 67 "https://digikeyland.ir/wp-admin/edit.php?post_type=shop_order" "Mozilla/5.0 (Windows NT 10.0; Win64; x64) AppleWebKit/537.36 (KHTML, like Gecko) Chrome/153.0.0.0 Safari/537.36"
5.121.201.134 - - [11/Sep/2026:16:25:59 +0330] "POST /wp-admin/admin-ajax.php HTTP/2" 200 67 "https://digikeyland.ir/wp-admin/edit.php?s=6039&post_status=all&post_type=shop_order&action=-1&m=0&pwp_m=0&_created_via&_customer_user&paged=1&action2=-1" "Mozilla/5.0 (Windows NT 10.0; Win64; x64) AppleWebKit/537.36 (KHTML, like Gecko) Chrome/153.0.0.0 Safari/537.36"
185.130.50.10 - - [11/Sep/2026:16:26:11 +0330] "POST /wp-cron.php?doing_wp_cron=1789131371.3055019378662109375000 HTTP/1.1" 200 20 "-" "WordPress/7.1; https://digikeyland.ir"
5.121.201.134 - - [11/Sep/2026:16:26:09 +0330] "POST /wp-admin/admin-ajax.php HTTP/2" 200 67 "https://digikeyland.ir/wp-admin/edit.php?s=6039&post_status=all&post_type=shop_order&action=-1&m=0&pwp_m=0&_created_via&_customer_user&paged=1&action2=-1" "Mozilla/5.0 (Windows NT 10.0; Win64; x64) AppleWebKit/537.36 (KHTML, like Gecko) Chrome/153.0.0.0 Safari/537.36"
5.121.201.134 - - [11/Sep/2026:16:26:19 +0330] "POST /wp-admin/admin-ajax.php HTTP/2" 200 67 "https://digikeyland.ir/wp-admin/edit.php?s=6039&post_status=all&post_type=shop_order&action=-1&m=0&pwp_m=0&_created_via&_customer_user&paged=1&action2=-1" "Mozilla/5.0 (Windows NT 10.0; Win64; x64) AppleWebKit/537.36 (KHTML, like Gecko) Chrome/153.0.0.0 Safari/537.36"
5.121.201.134 - - [11/Sep/2026:16:26:29 +0330] "POST /wp-admin/admin-ajax.php HTTP/2" 200 67 "https://digikeyland.ir/wp-admin/edit.php?s=6039&post_status=all&post_type=shop_order&action=-1&m=0&pwp_m=0&_created_via&_customer_user&paged=1&action2=-1" "Mozilla/5.0 (Windows NT 10.0; Win64; x64) AppleWebKit/537.36 (KHTML, like Gecko) Chrome/153.0.0.0 Safari/537.36"
66.249.66.69 - - [11/Sep/2026:16:26:32 +0330] "GET /report/ HTTP/1.1" 200 63774 "-" "Mozilla/5.0 (Linux; Android 6.0.1; Nexus 5X Build/MMB29P) AppleWebKit/537.36 (KHTML, like Gecko) Chrome/153.0.8010.36 Mobile Safari/537.36 (compatible; Googlebot/2.1; +http://www.google.com/bot.html)"
5.121.201.134 - - [11/Sep/2026:16:26:39 +0330] "POST /wp-admin/admin-ajax.php HTTP/2" 200 67 "https://digikeyland.ir/wp-admin/edit.php?s=6039&post_status=all&post_type=shop_order&action=-1&m=0&pwp_m=0&_created_via&_customer_user&paged=1&action2=-1" "Mozilla/5.0 (Windows NT 10.0; Win64; x64) AppleWebKit/537.36 (KHTML, like Gecko) Chrome/153.0.0.0 Safari/537.36"
66.249.67.36 - - [11/Sep/2026:16:26:44 +0330] "GET /wp-includes/js/jquery/jquery.min.js?ver=3.7.1 HTTP/1.1" 200 29744 "https://digikeyland.ir/report/" "Mozilla/5.0 (Linux; Android 6.0.1; Nexus 5X Build/MMB29P) AppleWebKit/537.36 (KHTML, like Gecko) Chrome/153.0.8010.36 Mobile Safari/537.36 (compatible; Googlebot/2.1; +http://www.google.com/bot.html)"
5.211.41.71 - - [11/Sep/2026:16:26:31 +0330] "POST /wp-admin/admin-ajax.php HTTP/2" 200 1420 "https://digikeyland.ir/product/chatgpt-plus/?attribute_pa_plan=%D8%A7%D8%B4%D8%AA%D8%B1%D8%A7%DA%A9%DB%8C-%D8%A8%D8%A7-%D8%B6%D9%85%D8%A7%D9%86%D8%AA-%DA%A9%D8%A7%D9%85%D9%84-%D9%82%D8%A7%D8%A8%D9%84-%D8%AA%D9%85%D8%AF%DB%8C%D8%AF-%D9%84%D8%A7%DA%AF%DB%8C&utm_medium=PPC&utm_source=Torob&torob_clid=01a09089-4605-7501-9c62-1bb38ac1f13d" "Mozilla/5.0 (Linux; Android 10; K) AppleWebKit/537.36 (KHTML, like Gecko) Chrome/151.0.0.0 Mobile Safari/537.36"
66.249.66.195 - - [11/Sep/2026:16:26:45 +0330] "GET /wp-content/plugins/contact-form-7/includes/css/styles-rtl.css?ver=6.1.7 HTTP/1.1" 200 152 "https://digikeyland.ir/report/" "Mozilla/5.0 (Linux; Android 6.0.1; Nexus 5X Build/MMB29P) AppleWebKit/537.36 (KHTML, like Gecko) Chrome/153.0.8010.36 Mobile Safari/537.36 (compatible; Googlebot/2.1; +http://www.google.com/bot.html)"
185.130.50.10 - - [11/Sep/2026:16:27:12 +0330] "POST /wp-cron.php?doing_wp_cron=1789131432.6265249252319335937500 HTTP/1.1" 200 20 "-" "WordPress/7.1; https://digikeyland.ir"
5.121.201.134 - - [11/Sep/2026:16:27:11 +0330] "POST /wp-admin/admin-ajax.php HTTP/2" 200 67 "https://digikeyland.ir/wp-admin/edit.php?s=6039&post_status=all&post_type=shop_order&action=-1&m=0&pwp_m=0&_created_via&_customer_user&paged=1&action2=-1" "Mozilla/5.0 (Windows NT 10.0; Win64; x64) AppleWebKit/537.36 (KHTML, like Gecko) Chrome/153.0.0.0 Safari/537.36"
5.121.201.134 - - [11/Sep/2026:16:27:19 +0330] "POST /wp-admin/admin-ajax.php HTTP/2" 200 67 "https://digikeyland.ir/wp-admin/edit.php?s=6039&post_status=all&post_type=shop_order&action=-1&m=0&pwp_m=0&_created_via&_customer_user&paged=1&action2=-1" "Mozilla/5.0 (Windows NT 10.0; Win64; x64) AppleWebKit/537.36 (KHTML, like Gecko) Chrome/153.0.0.0 Safari/537.36"
5.121.201.134 - - [11/Sep/2026:16:27:25 +0330] "POST /wp-admin/admin-ajax.php HTTP/2" 200 101 "https://digikeyland.ir/wp-admin/post.php?post=5173&action=edit" "Mozilla/5.0 (Windows NT 10.0; Win64; x64) AppleWebKit/537.36 (KHTML, like Gecko) Chrome/153.0.0.0 Safari/537.36"
5.121.201.134 - - [11/Sep/2026:16:27:29 +0330] "POST /wp-admin/admin-ajax.php HTTP/2" 200 67 "https://digikeyland.ir/wp-admin/edit.php?s=6039&post_status=all&post_type=shop_order&action=-1&m=0&pwp_m=0&_created_via&_customer_user&paged=1&action2=-1" "Mozilla/5.0 (Windows NT 10.0; Win64; x64) AppleWebKit/537.36 (KHTML, like Gecko) Chrome/153.0.0.0 Safari/537.36"
5.121.201.134 - - [11/Sep/2026:16:27:39 +0330] "POST /wp-admin/admin-ajax.php HTTP/2" 200 67 "https://digikeyland.ir/wp-admin/edit.php?s=6039&post_status=all&post_type=shop_order&action=-1&m=0&pwp_m=0&_created_via&_customer_user&paged=1&action2=-1" "Mozilla/5.0 (Windows NT 10.0; Win64; x64) AppleWebKit/537.36 (KHTML, like Gecko) Chrome/153.0.0.0 Safari/537.36"
5.121.201.134 - - [11/Sep/2026:16:27:49 +0330] "POST /wp-admin/admin-ajax.php HTTP/2" 200 67 "https://digikeyland.ir/wp-admin/edit.php?s=6039&post_status=all&post_type=shop_order&action=-1&m=0&pwp_m=0&_created_via&_customer_user&paged=1&action2=-1" "Mozilla/5.0 (Windows NT 10.0; Win64; x64) AppleWebKit/537.36 (KHTML, like Gecko) Chrome/153.0.0.0 Safari/537.36"
5.121.201.134 - - [11/Sep/2026:16:27:56 +0330] "POST /wp-admin/admin-ajax.php HTTP/2" 200 67 "https://digikeyland.ir/wp-admin/edit.php?post_type=shop_order" "Mozilla/5.0 (Windows NT 10.0; Win64; x64) AppleWebKit/537.36 (KHTML, like Gecko) Chrome/153.0.0.0 Safari/537.36"
5.121.201.134 - - [11/Sep/2026:16:27:59 +0330] "POST /wp-admin/admin-ajax.php HTTP/2" 200 67 "https://digikeyland.ir/wp-admin/edit.php?s=6039&post_status=all&post_type=shop_order&action=-1&m=0&pwp_m=0&_created_via&_customer_user&paged=1&action2=-1" "Mozilla/5.0 (Windows NT 10.0; Win64; x64) AppleWebKit/537.36 (KHTML, like Gecko) Chrome/153.0.0.0 Safari/537.36"
5.121.201.134 - - [11/Sep/2026:16:28:09 +0330] "POST /wp-admin/admin-ajax.php HTTP/2" 200 67 "https://digikeyland.ir/wp-admin/edit.php?s=6039&post_status=all&post_type=shop_order&action=-1&m=0&pwp_m=0&_created_via&_customer_user&paged=1&action2=-1" "Mozilla/5.0 (Windows NT 10.0; Win64; x64) AppleWebKit/537.36 (KHTML, like Gecko) Chrome/153.0.0.0 Safari/537.36"
5.121.201.134 - - [11/Sep/2026:16:28:19 +0330] "POST /wp-admin/admin-ajax.php HTTP/2" 200 67 "https://digikeyland.ir/wp-admin/edit.php?s=6039&post_status=all&post_type=shop_order&action=-1&m=0&pwp_m=0&_created_via&_customer_user&paged=1&action2=-1" "Mozilla/5.0 (Windows NT 10.0; Win64; x64) AppleWebKit/537.36 (KHTML, like Gecko) Chrome/153.0.0.0 Safari/537.36"
185.130.50.10 - - [11/Sep/2026:16:28:31 +0330] "POST /wp-cron.php?doing_wp_cron=1789131511.4839990139007568359375 HTTP/1.1" 200 20 "-" "WordPress/7.1; https://digikeyland.ir"
5.121.201.134 - - [11/Sep/2026:16:28:29 +0330] "POST /wp-admin/admin-ajax.php HTTP/2" 200 67 "https://digikeyland.ir/wp-admin/edit.php?s=6039&post_status=all&post_type=shop_order&action=-1&m=0&pwp_m=0&_created_via&_customer_user&paged=1&action2=-1" "Mozilla/5.0 (Windows NT 10.0; Win64; x64) AppleWebKit/537.36 (KHTML, like Gecko) Chrome/153.0.0.0 Safari/537.36"
5.121.201.134 - - [11/Sep/2026:16:28:39 +0330] "POST /wp-admin/admin-ajax.php HTTP/2" 200 67 "https://digikeyland.ir/wp-admin/edit.php?s=6039&post_status=all&post_type=shop_order&action=-1&m=0&pwp_m=0&_created_via&_customer_user&paged=1&action2=-1" "Mozilla/5.0 (Windows NT 10.0; Win64; x64) AppleWebKit/537.36 (KHTML, like Gecko) Chrome/153.0.0.0 Safari/537.36"
5.121.201.134 - - [11/Sep/2026:16:28:49 +0330] "POST /wp-admin/admin-ajax.php HTTP/2" 200 67 "https://digikeyland.ir/wp-admin/edit.php?s=6039&post_status=all&post_type=shop_order&action=-1&m=0&pwp_m=0&_created_via&_customer_user&paged=1&action2=-1" "Mozilla/5.0 (Windows NT 10.0; Win64; x64) AppleWebKit/537.36 (KHTML, like Gecko) Chrome/153.0.0.0 Safari/537.36"
5.121.201.134 - - [11/Sep/2026:16:28:59 +0330] "POST /wp-admin/admin-ajax.php HTTP/2" 200 67 "https://digikeyland.ir/wp-admin/edit.php?s=6039&post_status=all&post_type=shop_order&action=-1&m=0&pwp_m=0&_created_via&_customer_user&paged=1&action2=-1" "Mozilla/5.0 (Windows NT 10.0; Win64; x64) AppleWebKit/537.36 (KHTML, like Gecko) Chrome/153.0.0.0 Safari/537.36"
185.130.50.10 - - [11/Sep/2026:16:29:11 +0330] "POST /wp-cron.php?doing_wp_cron=1789131551.2400329113006591796875 HTTP/1.1" 200 20 "-" "WordPress/7.1; https://digikeyland.ir"
5.121.201.134 - - [11/Sep/2026:16:29:09 +0330] "POST /wp-admin/admin-ajax.php HTTP/2" 200 67 "https://digikeyland.ir/wp-admin/edit.php?s=6039&post_status=all&post_type=shop_order&action=-1&m=0&pwp_m=0&_created_via&_customer_user&paged=1&action2=-1" "Mozilla/5.0 (Windows NT 10.0; Win64; x64) AppleWebKit/537.36 (KHTML, like Gecko) Chrome/153.0.0.0 Safari/537.36"
5.121.201.134 - - [11/Sep/2026:16:29:19 +0330] "POST /wp-admin/admin-ajax.php HTTP/2" 200 67 "https://digikeyland.ir/wp-admin/edit.php?s=6039&post_status=all&post_type=shop_order&action=-1&m=0&pwp_m=0&_created_via&_customer_user&paged=1&action2=-1" "Mozilla/5.0 (Windows NT 10.0; Win64; x64) AppleWebKit/537.36 (KHTML, like Gecko) Chrome/153.0.0.0 Safari/537.36"
5.121.201.134 - - [11/Sep/2026:16:29:26 +0330] "POST /wp-admin/admin-ajax.php HTTP/2" 200 101 "https://digikeyland.ir/wp-admin/post.php?post=5173&action=edit" "Mozilla/5.0 (Windows NT 10.0; Win64; x64) AppleWebKit/537.36 (KHTML, like Gecko) Chrome/153.0.0.0 Safari/537.36"
5.121.201.134 - - [11/Sep/2026:16:29:29 +0330] "POST /wp-admin/admin-ajax.php HTTP/2" 200 67 "https://digikeyland.ir/wp-admin/edit.php?s=6039&post_status=all&post_type=shop_order&action=-1&m=0&pwp_m=0&_created_via&_customer_user&paged=1&action2=-1" "Mozilla/5.0 (Windows NT 10.0; Win64; x64) AppleWebKit/537.36 (KHTML, like Gecko) Chrome/153.0.0.0 Safari/537.36"
5.121.201.134 - - [11/Sep/2026:16:29:39 +0330] "POST /wp-admin/admin-ajax.php HTTP/2" 200 67 "https://digikeyland.ir/wp-admin/edit.php?s=6039&post_status=all&post_type=shop_order&action=-1&m=0&pwp_m=0&_created_via&_customer_user&paged=1&action2=-1" "Mozilla/5.0 (Windows NT 10.0; Win64; x64) AppleWebKit/537.36 (KHTML, like Gecko) Chrome/153.0.0.0 Safari/537.36"
5.121.201.134 - - [11/Sep/2026:16:29:49 +0330] "POST /wp-admin/admin-ajax.php HTTP/2" 200 67 "https://digikeyland.ir/wp-admin/edit.php?s=6039&post_status=all&post_type=shop_order&action=-1&m=0&pwp_m=0&_created_via&_customer_user&paged=1&action2=-1" "Mozilla/5.0 (Windows NT 10.0; Win64; x64) AppleWebKit/537.36 (KHTML, like Gecko) Chrome/153.0.0.0 Safari/537.36"
5.121.201.134 - - [11/Sep/2026:16:29:57 +0330] "POST /wp-admin/admin-ajax.php HTTP/2" 200 67 "https://digikeyland.ir/wp-admin/edit.php?post_type=shop_order" "Mozilla/5.0 (Windows NT 10.0; Win64; x64) AppleWebKit/537.36 (KHTML, like Gecko) Chrome/153.0.0.0 Safari/537.36"
5.121.201.134 - - [11/Sep/2026:16:29:59 +0330] "POST /wp-admin/admin-ajax.php HTTP/2" 200 67 "https://digikeyland.ir/wp-admin/edit.php?s=6039&post_status=all&post_type=shop_order&action=-1&m=0&pwp_m=0&_created_via&_customer_user&paged=1&action2=-1" "Mozilla/5.0 (Windows NT 10.0; Win64; x64) AppleWebKit/537.36 (KHTML, like Gecko) Chrome/153.0.0.0 Safari/537.36"
185.130.50.10 - - [11/Sep/2026:16:30:11 +0330] "POST /wp-cron.php?doing_wp_cron=1789131611.3236560821533203125000 HTTP/1.1" 200 20 "-" "WordPress/7.1; https://digikeyland.ir"
5.121.201.134 - - [11/Sep/2026:16:30:09 +0330] "POST /wp-admin/admin-ajax.php HTTP/2" 200 67 "https://digikeyland.ir/wp-admin/edit.php?s=6039&post_status=all&post_type=shop_order&action=-1&m=0&pwp_m=0&_created_via&_customer_user&paged=1&action2=-1" "Mozilla/5.0 (Windows NT 10.0; Win64; x64) AppleWebKit/537.36 (KHTML, like Gecko) Chrome/153.0.0.0 Safari/537.36"
5.121.201.134 - - [11/Sep/2026:16:30:19 +0330] "POST /wp-admin/admin-ajax.php HTTP/2" 200 67 "https://digikeyland.ir/wp-admin/edit.php?s=6039&post_status=all&post_type=shop_order&action=-1&m=0&pwp_m=0&_created_via&_customer_user&paged=1&action2=-1" "Mozilla/5.0 (Windows NT 10.0; Win64; x64) AppleWebKit/537.36 (KHTML, like Gecko) Chrome/153.0.0.0 Safari/537.36"
5.121.201.134 - - [11/Sep/2026:16:30:29 +0330] "POST /wp-admin/admin-ajax.php HTTP/2" 200 67 "https://digikeyland.ir/wp-admin/edit.php?s=6039&post_status=all&post_type=shop_order&action=-1&m=0&pwp_m=0&_created_via&_customer_user&paged=1&action2=-1" "Mozilla/5.0 (Windows NT 10.0; Win64; x64) AppleWebKit/537.36 (KHTML, like Gecko) Chrome/153.0.0.0 Safari/537.36"
5.121.201.134 - - [11/Sep/2026:16:30:39 +0330] "POST /wp-admin/admin-ajax.php HTTP/2" 200 67 "https://digikeyland.ir/wp-admin/edit.php?s=6039&post_status=all&post_type=shop_order&action=-1&m=0&pwp_m=0&_created_via&_customer_user&paged=1&action2=-1" "Mozilla/5.0 (Windows NT 10.0; Win64; x64) AppleWebKit/537.36 (KHTML, like Gecko) Chrome/153.0.0.0 Safari/537.36"
5.121.201.134 - - [11/Sep/2026:16:30:49 +0330] "POST /wp-admin/admin-ajax.php HTTP/2" 200 67 "https://digikeyland.ir/wp-admin/edit.php?s=6039&post_status=all&post_type=shop_order&action=-1&m=0&pwp_m=0&_created_via&_customer_user&paged=1&action2=-1" "Mozilla/5.0 (Windows NT 10.0; Win64; x64) AppleWebKit/537.36 (KHTML, like Gecko) Chrome/153.0.0.0 Safari/537.36"
5.121.201.134 - - [11/Sep/2026:16:30:59 +0330] "POST /wp-admin/admin-ajax.php HTTP/2" 200 67 "https://digikeyland.ir/wp-admin/edit.php?s=6039&post_status=all&post_type=shop_order&action=-1&m=0&pwp_m=0&_created_via&_customer_user&paged=1&action2=-1" "Mozilla/5.0 (Windows NT 10.0; Win64; x64) AppleWebKit/537.36 (KHTML, like Gecko) Chrome/153.0.0.0 Safari/537.36"
185.130.50.10 - - [11/Sep/2026:16:31:11 +0330] "POST /wp-cron.php?doing_wp_cron=1789131671.7565279006958007812500 HTTP/1.1" 200 20 "-" "WordPress/7.1; https://digikeyland.ir"
5.121.201.134 - - [11/Sep/2026:16:31:09 +0330] "POST /wp-admin/admin-ajax.php HTTP/2" 200 67 "https://digikeyland.ir/wp-admin/edit.php?s=6039&post_status=all&post_type=shop_order&action=-1&m=0&pwp_m=0&_created_via&_customer_user&paged=1&action2=-1" "Mozilla/5.0 (Windows NT 10.0; Win64; x64) AppleWebKit/537.36 (KHTML, like Gecko) Chrome/153.0.0.0 Safari/537.36"
5.121.201.134 - - [11/Sep/2026:16:31:19 +0330] "POST /wp-admin/admin-ajax.php HTTP/2" 200 67 "https://digikeyland.ir/wp-admin/edit.php?s=6039&post_status=all&post_type=shop_order&action=-1&m=0&pwp_m=0&_created_via&_customer_user&paged=1&action2=-1" "Mozilla/5.0 (Windows NT 10.0; Win64; x64) AppleWebKit/537.36 (KHTML, like Gecko) Chrome/153.0.0.0 Safari/537.36"
5.121.201.134 - - [11/Sep/2026:16:31:27 +0330] "POST /wp-admin/admin-ajax.php HTTP/2" 200 101 "https://digikeyland.ir/wp-admin/post.php?post=5173&action=edit" "Mozilla/5.0 (Windows NT 10.0; Win64; x64) AppleWebKit/537.36 (KHTML, like Gecko) Chrome/153.0.0.0 Safari/537.36"
5.121.201.134 - - [11/Sep/2026:16:31:29 +0330] "POST /wp-admin/admin-ajax.php HTTP/2" 200 67 "https://digikeyland.ir/wp-admin/edit.php?s=6039&post_status=all&post_type=shop_order&action=-1&m=0&pwp_m=0&_created_via&_customer_user&paged=1&action2=-1" "Mozilla/5.0 (Windows NT 10.0; Win64; x64) AppleWebKit/537.36 (KHTML, like Gecko) Chrome/153.0.0.0 Safari/537.36"
5.121.201.134 - - [11/Sep/2026:16:31:39 +0330] "POST /wp-admin/admin-ajax.php HTTP/2" 200 67 "https://digikeyland.ir/wp-admin/edit.php?s=6039&post_status=all&post_type=shop_order&action=-1&m=0&pwp_m=0&_created_via&_customer_user&paged=1&action2=-1" "Mozilla/5.0 (Windows NT 10.0; Win64; x64) AppleWebKit/537.36 (KHTML, like Gecko) Chrome/153.0.0.0 Safari/537.36"
5.121.201.134 - - [11/Sep/2026:16:31:49 +0330] "POST /wp-admin/admin-ajax.php HTTP/2" 200 67 "https://digikeyland.ir/wp-admin/edit.php?s=6039&post_status=all&post_type=shop_order&action=-1&m=0&pwp_m=0&_created_via&_customer_user&paged=1&action2=-1" "Mozilla/5.0 (Windows NT 10.0; Win64; x64) AppleWebKit/537.36 (KHTML, like Gecko) Chrome/153.0.0.0 Safari/537.36"
5.121.201.134 - - [11/Sep/2026:16:31:58 +0330] "POST /wp-admin/admin-ajax.php HTTP/2" 200 67 "https://digikeyland.ir/wp-admin/edit.php?post_type=shop_order" "Mozilla/5.0 (Windows NT 10.0; Win64; x64) AppleWebKit/537.36 (KHTML, like Gecko) Chrome/153.0.0.0 Safari/537.36"
5.121.201.134 - - [11/Sep/2026:16:31:59 +0330] "POST /wp-admin/admin-ajax.php HTTP/2" 200 67 "https://digikeyland.ir/wp-admin/edit.php?s=6039&post_status=all&post_type=shop_order&action=-1&m=0&pwp_m=0&_created_via&_customer_user&paged=1&action2=-1" "Mozilla/5.0 (Windows NT 10.0; Win64; x64) AppleWebKit/537.36 (KHTML, like Gecko) Chrome/153.0.0.0 Safari/537.36"
5.121.201.134 - - [11/Sep/2026:16:32:09 +0330] "POST /wp-admin/admin-ajax.php HTTP/2" 200 67 "https://digikeyland.ir/wp-admin/edit.php?s=6039&post_status=all&post_type=shop_order&action=-1&m=0&pwp_m=0&_created_via&_customer_user&paged=1&action2=-1" "Mozilla/5.0 (Windows NT 10.0; Win64; x64) AppleWebKit/537.36 (KHTML, like Gecko) Chrome/153.0.0.0 Safari/537.36"
5.121.201.134 - - [11/Sep/2026:16:32:19 +0330] "POST /wp-admin/admin-ajax.php HTTP/2" 200 67 "https://digikeyland.ir/wp-admin/edit.php?s=6039&post_status=all&post_type=shop_order&action=-1&m=0&pwp_m=0&_created_via&_customer_user&paged=1&action2=-1" "Mozilla/5.0 (Windows NT 10.0; Win64; x64) AppleWebKit/537.36 (KHTML, like Gecko) Chrome/153.0.0.0 Safari/537.36"
5.121.201.134 - - [11/Sep/2026:16:32:29 +0330] "POST /wp-admin/admin-ajax.php HTTP/2" 200 67 "https://digikeyland.ir/wp-admin/edit.php?s=6039&post_status=all&post_type=shop_order&action=-1&m=0&pwp_m=0&_created_via&_customer_user&paged=1&action2=-1" "Mozilla/5.0 (Windows NT 10.0; Win64; x64) AppleWebKit/537.36 (KHTML, like Gecko) Chrome/153.0.0.0 Safari/537.36"
81.12.31.246 - - [11/Sep/2026:16:32:36 +0330] "GET /wp-json/torob-api/v1/orders?purchase_timestamp_gt=2026-09-11T11:15:17.847183Z&limit=1000 HTTP/1.1" 200 46 "-" "Torob/1.0"
5.121.201.134 - - [11/Sep/2026:16:32:39 +0330] "POST /wp-admin/admin-ajax.php HTTP/2" 200 67 "https://digikeyland.ir/wp-admin/edit.php?s=6039&post_status=all&post_type=shop_order&action=-1&m=0&pwp_m=0&_created_via&_customer_user&paged=1&action2=-1" "Mozilla/5.0 (Windows NT 10.0; Win64; x64) AppleWebKit/537.36 (KHTML, like Gecko) Chrome/153.0.0.0 Safari/537.36"
5.121.201.134 - - [11/Sep/2026:16:32:49 +0330] "POST /wp-admin/admin-ajax.php HTTP/2" 200 67 "https://digikeyland.ir/wp-admin/edit.php?s=6039&post_status=all&post_type=shop_order&action=-1&m=0&pwp_m=0&_created_via&_customer_user&paged=1&action2=-1" "Mozilla/5.0 (Windows NT 10.0; Win64; x64) AppleWebKit/537.36 (KHTML, like Gecko) Chrome/153.0.0.0 Safari/537.36"
5.121.201.134 - - [11/Sep/2026:16:32:59 +0330] "POST /wp-admin/admin-ajax.php HTTP/2" 200 65 "https://digikeyland.ir/wp-admin/edit.php?s=6039&post_status=all&post_type=shop_order&action=-1&m=0&pwp_m=0&_created_via&_customer_user&paged=1&action2=-1" "Mozilla/5.0 (Windows NT 10.0; Win64; x64) AppleWebKit/537.36 (KHTML, like Gecko) Chrome/153.0.0.0 Safari/537.36"
5.121.201.134 - - [11/Sep/2026:16:33:09 +0330] "POST /wp-admin/admin-ajax.php HTTP/2" 200 67 "https://digikeyland.ir/wp-admin/edit.php?s=6039&post_status=all&post_type=shop_order&action=-1&m=0&pwp_m=0&_created_via&_customer_user&paged=1&action2=-1" "Mozilla/5.0 (Windows NT 10.0; Win64; x64) AppleWebKit/537.36 (KHTML, like Gecko) Chrome/153.0.0.0 Safari/537.36"
5.121.201.134 - - [11/Sep/2026:16:33:19 +0330] "POST /wp-admin/admin-ajax.php HTTP/2" 200 67 "https://digikeyland.ir/wp-admin/edit.php?s=6039&post_status=all&post_type=shop_order&action=-1&m=0&pwp_m=0&_created_via&_customer_user&paged=1&action2=-1" "Mozilla/5.0 (Windows NT 10.0; Win64; x64) AppleWebKit/537.36 (KHTML, like Gecko) Chrome/153.0.0.0 Safari/537.36"
5.121.201.134 - - [11/Sep/2026:16:33:28 +0330] "POST /wp-admin/admin-ajax.php HTTP/2" 200 101 "https://digikeyland.ir/wp-admin/post.php?post=5173&action=edit" "Mozilla/5.0 (Windows NT 10.0; Win64; x64) AppleWebKit/537.36 (KHTML, like Gecko) Chrome/153.0.0.0 Safari/537.36"
5.121.201.134 - - [11/Sep/2026:16:33:29 +0330] "POST /wp-admin/admin-ajax.php HTTP/2" 200 67 "https://digikeyland.ir/wp-admin/edit.php?s=6039&post_status=all&post_type=shop_order&action=-1&m=0&pwp_m=0&_created_via&_customer_user&paged=1&action2=-1" "Mozilla/5.0 (Windows NT 10.0; Win64; x64) AppleWebKit/537.36 (KHTML, like Gecko) Chrome/153.0.0.0 Safari/537.36"
5.121.201.134 - - [11/Sep/2026:16:33:39 +0330] "POST /wp-admin/admin-ajax.php HTTP/2" 200 67 "https://digikeyland.ir/wp-admin/edit.php?s=6039&post_status=all&post_type=shop_order&action=-1&m=0&pwp_m=0&_created_via&_customer_user&paged=1&action2=-1" "Mozilla/5.0 (Windows NT 10.0; Win64; x64) AppleWebKit/537.36 (KHTML, like Gecko) Chrome/153.0.0.0 Safari/537.36"
5.121.201.134 - - [11/Sep/2026:16:33:49 +0330] "POST /wp-admin/admin-ajax.php HTTP/2" 200 67 "https://digikeyland.ir/wp-admin/edit.php?s=6039&post_status=all&post_type=shop_order&action=-1&m=0&pwp_m=0&_created_via&_customer_user&paged=1&action2=-1" "Mozilla/5.0 (Windows NT 10.0; Win64; x64) AppleWebKit/537.36 (KHTML, like Gecko) Chrome/153.0.0.0 Safari/537.36"
5.121.201.134 - - [11/Sep/2026:16:33:59 +0330] "POST /wp-admin/admin-ajax.php HTTP/2" 200 67 "https://digikeyland.ir/wp-admin/edit.php?post_type=shop_order" "Mozilla/5.0 (Windows NT 10.0; Win64; x64) AppleWebKit/537.36 (KHTML, like Gecko) Chrome/153.0.0.0 Safari/537.36"
5.121.201.134 - - [11/Sep/2026:16:33:59 +0330] "POST /wp-admin/admin-ajax.php HTTP/2" 200 67 "https://digikeyland.ir/wp-admin/edit.php?s=6039&post_status=all&post_type=shop_order&action=-1&m=0&pwp_m=0&_created_via&_customer_user&paged=1&action2=-1" "Mozilla/5.0 (Windows NT 10.0; Win64; x64) AppleWebKit/537.36 (KHTML, like Gecko) Chrome/153.0.0.0 Safari/537.36"
