130.255.194.177 - - [11/Sep/2026:16:19:47 +0330] "GET /wp-content/themes/shopi/assets/fonts/Yekan%20Bakh%20FaNum%2004%20Regular.woff HTTP/2" 200 60576 "https://digikeyland.ir/" "Mozilla/5.0 (iPhone; CPU iPhone OS 18_7 like Mac OS X) AppleWebKit/605.1.15 (KHTML, like Gecko) Version/26.6.1 Mobile/15E148 Safari/604.1"
130.255.194.177 - - [11/Sep/2026:16:19:47 +0330] "GET /wp-content/uploads/2024/11/6.png HTTP/2" 200 3032 "https://digikeyland.ir/" "Mozilla/5.0 (iPhone; CPU iPhone OS 18_7 like Mac OS X) AppleWebKit/605.1.15 (KHTML, like Gecko) Version/26.6.1 Mobile/15E148 Safari/604.1"
130.255.194.177 - - [11/Sep/2026:16:19:47 +0330] "GET /wp-content/uploads/2024/10/7-1.png HTTP/2" 200 18824 "https://digikeyland.ir/" "Mozilla/5.0 (iPhone; CPU iPhone OS 18_7 like Mac OS X) AppleWebKit/605.1.15 (KHTML, like Gecko) Version/26.6.1 Mobile/15E148 Safari/604.1"
130.255.194.177 - - [11/Sep/2026:16:19:47 +0330] "GET /wp-content/uploads/2025/12/song.webp HTTP/2" 200 4386 "https://digikeyland.ir/" "Mozilla/5.0 (iPhone; CPU iPhone OS 18_7 like Mac OS X) AppleWebKit/605.1.15 (KHTML, like Gecko) Version/26.6.1 Mobile/15E148 Safari/604.1"
130.255.194.177 - - [11/Sep/2026:16:19:47 +0330] "GET /wp-content/uploads/2026/07/psn-gift-card-india-sqc2.webp HTTP/2" 200 30246 "https://digikeyland.ir/" "Mozilla/5.0 (iPhone; CPU iPhone OS 18_7 like Mac OS X) AppleWebKit/605.1.15 (KHTML, like Gecko) Version/26.6.1 Mobile/15E148 Safari/604.1"
130.255.194.177 - - [11/Sep/2026:16:19:47 +0330] "GET /wp-content/uploads/2026/08/ChatGPT-Banner-mobilee.webp HTTP/2" 200 32618 "https://digikeyland.ir/" "Mozilla/5.0 (iPhone; CPU iPhone OS 18_7 like Mac OS X) AppleWebKit/605.1.15 (KHTML, like Gecko) Version/26.6.1 Mobile/15E148 Safari/604.1"
130.255.194.177 - - [11/Sep/2026:16:19:47 +0330] "GET /wp-content/themes/shopi/assets/img/wave-back-img-offer.svg HTTP/2" 200 2512 "https://digikeyland.ir/" "Mozilla/5.0 (iPhone; CPU iPhone OS 18_7 like Mac OS X) AppleWebKit/605.1.15 (KHTML, like Gecko) Version/26.6.1 Mobile/15E148 Safari/604.1"
130.255.194.177 - - [11/Sep/2026:16:19:47 +0330] "GET /wp-content/uploads/2025/12/design.webp HTTP/2" 200 2820 "https://digikeyland.ir/" "Mozilla/5.0 (iPhone; CPU iPhone OS 18_7 like Mac OS X) AppleWebKit/605.1.15 (KHTML, like Gecko) Version/26.6.1 Mobile/15E148 Safari/604.1"
130.255.194.177 - - [11/Sep/2026:16:19:47 +0330] "GET /wp-content/uploads/2026/07/playstation-store-ukrine-sc1.webp HTTP/2" 200 76348 "https://digikeyland.ir/" "Mozilla/5.0 (iPhone; CPU iPhone OS 18_7 like Mac OS X) AppleWebKit/605.1.15 (KHTML, like Gecko) Version/26.6.1 Mobile/15E148 Safari/604.1"
130.255.194.177 - - [11/Sep/2026:16:19:47 +0330] "GET /wp-content/uploads/2025/12/gift-cards.webp HTTP/2" 200 5174 "https://digikeyland.ir/" "Mozilla/5.0 (iPhone; CPU iPhone OS 18_7 like Mac OS X) AppleWebKit/605.1.15 (KHTML, like Gecko) Version/26.6.1 Mobile/15E148 Safari/604.1"
130.255.194.177 - - [11/Sep/2026:16:19:47 +0330] "GET /wp-content/uploads/2025/12/digikeyland-logo.webp HTTP/2" 200 5490 "https://digikeyland.ir/" "Mozilla/5.0 (iPhone; CPU iPhone OS 18_7 like Mac OS X) AppleWebKit/605.1.15 (KHTML, like Gecko) Version/26.6.1 Mobile/15E148 Safari/604.1"
130.255.194.177 - - [11/Sep/2026:16:19:47 +0330] "GET /wp-content/uploads/2026/07/psn-gift-card-india-qsc1.webp HTTP/2" 200 52068 "https://digikeyland.ir/" "Mozilla/5.0 (iPhone; CPU iPhone OS 18_7 like Mac OS X) AppleWebKit/605.1.15 (KHTML, like Gecko) Version/26.6.1 Mobile/15E148 Safari/604.1"
130.255.194.177 - - [11/Sep/2026:16:19:47 +0330] "GET /wp-content/uploads/2026/07/gta-vi-sc1-1.webp HTTP/2" 200 125532 "https://digikeyland.ir/" "Mozilla/5.0 (iPhone; CPU iPhone OS 18_7 like Mac OS X) AppleWebKit/605.1.15 (KHTML, like Gecko) Version/26.6.1 Mobile/15E148 Safari/604.1"
130.255.194.177 - - [11/Sep/2026:16:19:47 +0330] "GET /wp-content/uploads/2025/12/digikeyland-banner-s2-mobile.webp HTTP/2" 200 96738 "https://digikeyland.ir/" "Mozilla/5.0 (iPhone; CPU iPhone OS 18_7 like Mac OS X) AppleWebKit/605.1.15 (KHTML, like Gecko) Version/26.6.1 Mobile/15E148 Safari/604.1"
130.255.194.177 - - [11/Sep/2026:16:19:47 +0330] "GET /wp-content/uploads/2025/12/digikeyland-banner-w1-mobile.webp HTTP/2" 200 98364 "https://digikeyland.ir/" "Mozilla/5.0 (iPhone; CPU iPhone OS 18_7 like Mac OS X) AppleWebKit/605.1.15 (KHTML, like Gecko) Version/26.6.1 Mobile/15E148 Safari/604.1"
130.255.194.177 - - [11/Sep/2026:16:19:47 +0330] "GET /wp-content/uploads/2026/04/6-2.png HTTP/2" 200 5967 "https://digikeyland.ir/" "Mozilla/5.0 (iPhone; CPU iPhone OS 18_7 like Mac OS X) AppleWebKit/605.1.15 (KHTML, like Gecko) Version/26.6.1 Mobile/15E148 Safari/604.1"
130.255.194.177 - - [11/Sep/2026:16:19:47 +0330] "GET /wp-content/uploads/2026/04/4-2.png HTTP/2" 200 10804 "https://digikeyland.ir/" "Mozilla/5.0 (iPhone; CPU iPhone OS 18_7 like Mac OS X) AppleWebKit/605.1.15 (KHTML, like Gecko) Version/26.6.1 Mobile/15E148 Safari/604.1"
130.255.194.177 - - [11/Sep/2026:16:19:47 +0330] "GET /wp-content/uploads/2026/04/3-2.png HTTP/2" 200 23592 "https://digikeyland.ir/" "Mozilla/5.0 (iPhone; CPU iPhone OS 18_7 like Mac OS X) AppleWebKit/605.1.15 (KHTML, like Gecko) Version/26.6.1 Mobile/15E148 Safari/604.1"
130.255.194.177 - - [11/Sep/2026:16:19:47 +0330] "GET /wp-content/uploads/2026/04/85.png HTTP/2" 200 2678 "https://digikeyland.ir/" "Mozilla/5.0 (iPhone; CPU iPhone OS 18_7 like Mac OS X) AppleWebKit/605.1.15 (KHTML, like Gecko) Version/26.6.1 Mobile/15E148 Safari/604.1"
130.255.194.177 - - [11/Sep/2026:16:19:47 +0330] "GET /wp-content/uploads/2025/12/RT-logo-2.webp HTTP/2" 200 678 "https://digikeyland.ir/" "Mozilla/5.0 (iPhone; CPU iPhone OS 18_7 like Mac OS X) AppleWebKit/605.1.15 (KHTML, like Gecko) Version/26.6.1 Mobile/15E148 Safari/604.1"
130.255.194.177 - - [11/Sep/2026:16:19:47 +0330] "GET /wp-content/uploads/2025/02/svgviewer-png-output2.png HTTP/2" 200 1281 "https://digikeyland.ir/" "Mozilla/5.0 (iPhone; CPU iPhone OS 18_7 like Mac OS X) AppleWebKit/605.1.15 (KHTML, like Gecko) Version/26.6.1 Mobile/15E148 Safari/604.1"
130.255.194.177 - - [11/Sep/2026:16:19:47 +0330] "GET /wp-content/uploads/2025/02/svgviewer-png-output3.png HTTP/2" 200 1602 "https://digikeyland.ir/" "Mozilla/5.0 (iPhone; CPU iPhone OS 18_7 like Mac OS X) AppleWebKit/605.1.15 (KHTML, like Gecko) Version/26.6.1 Mobile/15E148 Safari/604.1"
130.255.194.177 - - [11/Sep/2026:16:19:47 +0330] "GET /wp-content/uploads/2025/02/svgviewer-png-output1.png HTTP/2" 200 1442 "https://digikeyland.ir/" "Mozilla/5.0 (iPhone; CPU iPhone OS 18_7 like Mac OS X) AppleWebKit/605.1.15 (KHTML, like Gecko) Version/26.6.1 Mobile/15E148 Safari/604.1"
130.255.194.177 - - [11/Sep/2026:16:19:47 +0330] "GET /wp-content/uploads/2025/02/svgviewer-png-output.png HTTP/2" 200 943 "https://digikeyland.ir/" "Mozilla/5.0 (iPhone; CPU iPhone OS 18_7 like Mac OS X) AppleWebKit/605.1.15 (KHTML, like Gecko) Version/26.6.1 Mobile/15E148 Safari/604.1"
130.255.194.177 - - [11/Sep/2026:16:19:47 +0330] "GET /wp-content/uploads/2026/07/playstation-store-ukrine-sc2.webp HTTP/2" 200 34228 "https://digikeyland.ir/" "Mozilla/5.0 (iPhone; CPU iPhone OS 18_7 like Mac OS X) AppleWebKit/605.1.15 (KHTML, like Gecko) Version/26.6.1 Mobile/15E148 Safari/604.1"
130.255.194.177 - - [11/Sep/2026:16:19:47 +0330] "GET /wp-content/uploads/2026/07/gta-vi-sc2-1.webp HTTP/2" 200 28312 "https://digikeyland.ir/" "Mozilla/5.0 (iPhone; CPU iPhone OS 18_7 like Mac OS X) AppleWebKit/605.1.15 (KHTML, like Gecko) Version/26.6.1 Mobile/15E148 Safari/604.1"
130.255.194.177 - - [11/Sep/2026:16:19:47 +0330] "GET /wp-content/uploads/2025/12/game.webp HTTP/2" 200 4030 "https://digikeyland.ir/" "Mozilla/5.0 (iPhone; CPU iPhone OS 18_7 like Mac OS X) AppleWebKit/605.1.15 (KHTML, like Gecko) Version/26.6.1 Mobile/15E148 Safari/604.1"
130.255.194.177 - - [11/Sep/2026:16:19:47 +0330] "GET /wp-content/uploads/2025/12/educational-tool.webp HTTP/2" 200 4600 "https://digikeyland.ir/" "Mozilla/5.0 (iPhone; CPU iPhone OS 18_7 like Mac OS X) AppleWebKit/605.1.15 (KHTML, like Gecko) Version/26.6.1 Mobile/15E148 Safari/604.1"
130.255.194.177 - - [11/Sep/2026:16:19:47 +0330] "GET /wp-content/uploads/2025/12/movie.webp HTTP/2" 200 2868 "https://digikeyland.ir/" "Mozilla/5.0 (iPhone; CPU iPhone OS 18_7 like Mac OS X) AppleWebKit/605.1.15 (KHTML, like Gecko) Version/26.6.1 Mobile/15E148 Safari/604.1"
130.255.194.177 - - [11/Sep/2026:16:19:47 +0330] "GET /wp-includes/js/wp-emoji-release.min.js?ver=7.1 HTTP/2" 200 4974 "https://digikeyland.ir/" "Mozilla/5.0 (iPhone; CPU iPhone OS 18_7 like Mac OS X) AppleWebKit/605.1.15 (KHTML, like Gecko) Version/26.6.1 Mobile/15E148 Safari/604.1"
130.255.194.177 - - [11/Sep/2026:16:19:47 +0330] "GET /wp-content/plugins/elementor/assets/js/shared-frontend-handlers.03caa53373b56d3bab67.bundle.min.js HTTP/2" 200 2511 "https://digikeyland.ir/" "Mozilla/5.0 (iPhone; CPU iPhone OS 18_7 like Mac OS X) AppleWebKit/605.1.15 (KHTML, like Gecko) Version/26.6.1 Mobile/15E148 Safari/604.1"
130.255.194.177 - - [11/Sep/2026:16:19:47 +0330] "GET /wp-content/plugins/elementor-pro/assets/js/nav-menu.8521a0597c50611efdc6.bundle.min.js HTTP/2" 200 1733 "https://digikeyland.ir/" "Mozilla/5.0 (iPhone; CPU iPhone OS 18_7 like Mac OS X) AppleWebKit/605.1.15 (KHTML, like Gecko) Version/26.6.1 Mobile/15E148 Safari/604.1"
130.255.194.177 - - [11/Sep/2026:16:19:47 +0330] "GET /wp-content/plugins/elementor/assets/js/text-editor.45609661e409413f1cef.bundle.min.js HTTP/2" 200 592 "https://digikeyland.ir/" "Mozilla/5.0 (iPhone; CPU iPhone OS 18_7 like Mac OS X) AppleWebKit/605.1.15 (KHTML, like Gecko) Version/26.6.1 Mobile/15E148 Safari/604.1"
130.255.194.177 - - [11/Sep/2026:16:19:48 +0330] "GET /wp-content/uploads/2025/12/cropped-digikeyland-flaticon-1-192x192.webp HTTP/2" 200 3776 "https://digikeyland.ir/" "Mozilla/5.0 (iPhone; CPU iPhone OS 18_7 like Mac OS X) AppleWebKit/605.1.15 (KHTML, like Gecko) Version/26.6.1 Mobile/15E148 Safari/604.1"
130.255.194.177 - - [11/Sep/2026:16:19:48 +0330] "GET /wp-content/uploads/2025/12/cropped-digikeyland-flaticon-1-32x32.webp HTTP/2" 200 718 "https://digikeyland.ir/" "Mozilla/5.0 (iPhone; CPU iPhone OS 18_7 like Mac OS X) AppleWebKit/605.1.15 (KHTML, like Gecko) Version/26.6.1 Mobile/15E148 Safari/604.1"
130.255.194.177 - - [11/Sep/2026:16:19:48 +0330] "GET /wp-content/uploads/2025/12/s-banner-spotify-digikeyland-1536x484.webp HTTP/2" 200 32430 "https://digikeyland.ir/" "Mozilla/5.0 (iPhone; CPU iPhone OS 18_7 like Mac OS X) AppleWebKit/605.1.15 (KHTML, like Gecko) Version/26.6.1 Mobile/15E148 Safari/604.1"
130.255.194.177 - - [11/Sep/2026:16:19:49 +0330] "GET /wp-content/uploads/2025/12/s-banner-canva-ai-digiland-1536x484.webp HTTP/2" 200 31610 "https://digikeyland.ir/" "Mozilla/5.0 (iPhone; CPU iPhone OS 18_7 like Mac OS X) AppleWebKit/605.1.15 (KHTML, like Gecko) Version/26.6.1 Mobile/15E148 Safari/604.1"
85.17.180.28 - - [11/Sep/2026:16:19:48 +0330] "POST /wp-admin/admin-ajax.php HTTP/2" 200 1193 "https://digikeyland.ir/product/apple-music/" "Mozilla/5.0 (Linux; Android 10; K) AppleWebKit/537.36 (KHTML, like Gecko) Chrome/131.0.0.0 Mobile Safari/537.36"
130.255.194.177 - - [11/Sep/2026:16:19:50 +0330] "GET /wp-content/uploads/2025/12/game-off-pic.webp HTTP/2" 200 16312 "https://digikeyland.ir/" "Mozilla/5.0 (iPhone; CPU iPhone OS 18_7 like Mac OS X) AppleWebKit/605.1.15 (KHTML, like Gecko) Version/26.6.1 Mobile/15E148 Safari/604.1"
130.255.194.177 - - [11/Sep/2026:16:19:50 +0330] "GET /wp-content/uploads/2026/07/ps-plus-account-india-qsc1.webp HTTP/2" 200 79252 "https://digikeyland.ir/" "Mozilla/5.0 (iPhone; CPU iPhone OS 18_7 like Mac OS X) AppleWebKit/605.1.15 (KHTML, like Gecko) Version/26.6.1 Mobile/15E148 Safari/604.1"
130.255.194.177 - - [11/Sep/2026:16:19:50 +0330] "GET /wp-content/uploads/2026/07/Ubisoft-sc1.webp HTTP/2" 200 79002 "https://digikeyland.ir/" "Mozilla/5.0 (iPhone; CPU iPhone OS 18_7 like Mac OS X) AppleWebKit/605.1.15 (KHTML, like Gecko) Version/26.6.1 Mobile/15E148 Safari/604.1"
5.121.201.134 - - [11/Sep/2026:16:19:49 +0330] "POST /wp-admin/admin-ajax.php HTTP/2" 200 67 "https://digikeyland.ir/wp-admin/edit.php?s=6039&post_status=all&post_type=shop_order&action=-1&m=0&pwp_m=0&_created_via&_customer_user&paged=1&action2=-1" "Mozilla/5.0 (Windows NT 10.0; Win64; x64) AppleWebKit/537.36 (KHTML, like Gecko) Chrome/153.0.0.0 Safari/537.36"
130.255.194.177 - - [11/Sep/2026:16:19:51 +0330] "GET /wp-content/uploads/2025/12/Ai-off-pic.webp HTTP/2" 200 23112 "https://digikeyland.ir/" "Mozilla/5.0 (iPhone; CPU iPhone OS 18_7 like Mac OS X) AppleWebKit/605.1.15 (KHTML, like Gecko) Version/26.6.1 Mobile/15E148 Safari/604.1"
130.255.194.177 - - [11/Sep/2026:16:19:54 +0330] "GET /wp-content/uploads/2026/07/filmora-qsc1.webp HTTP/2" 200 61900 "https://digikeyland.ir/" "Mozilla/5.0 (iPhone; CPU iPhone OS 18_7 like Mac OS X) AppleWebKit/605.1.15 (KHTML, like Gecko) Version/26.6.1 Mobile/15E148 Safari/604.1"
5.121.201.134 - - [11/Sep/2026:16:19:52 +0330] "POST /wp-admin/admin-ajax.php HTTP/2" 200 67 "https://digikeyland.ir/wp-admin/edit.php?post_type=shop_order" "Mozilla/5.0 (Windows NT 10.0; Win64; x64) AppleWebKit/537.36 (KHTML, like Gecko) Chrome/153.0.0.0 Safari/537.36"
85.17.180.28 - - [11/Sep/2026:16:19:54 +0330] "GET /product/spotify-premium/ HTTP/2" 200 469866 "https://digikeyland.ir/product/youtube-premium/" "Mozilla/5.0 (Linux; Android 10; K) AppleWebKit/537.36 (KHTML, like Gecko) Chrome/131.0.0.0 Mobile Safari/537.36"
130.255.194.177 - - [11/Sep/2026:16:19:55 +0330] "POST /wp-admin/admin-ajax.php HTTP/2" 200 1128 "https://digikeyland.ir/" "Mozilla/5.0 (iPhone; CPU iPhone OS 18_7 like Mac OS X) AppleWebKit/605.1.15 (KHTML, like Gecko) Version/26.6.1 Mobile/15E148 Safari/604.1"
130.255.194.177 - - [11/Sep/2026:16:19:57 +0330] "GET /wp-content/uploads/2026/07/Claude-sc1.webp HTTP/2" 200 62616 "https://digikeyland.ir/" "Mozilla/5.0 (iPhone; CPU iPhone OS 18_7 like Mac OS X) AppleWebKit/605.1.15 (KHTML, like Gecko) Version/26.6.1 Mobile/15E148 Safari/604.1"
130.255.194.177 - - [11/Sep/2026:16:19:57 +0330] "GET /wp-content/uploads/2026/07/xbox-gamepass-header-pic.webp HTTP/2" 200 55228 "https://digikeyland.ir/" "Mozilla/5.0 (iPhone; CPU iPhone OS 18_7 like Mac OS X) AppleWebKit/605.1.15 (KHTML, like Gecko) Version/26.6.1 Mobile/15E148 Safari/604.1"
130.255.194.177 - - [11/Sep/2026:16:19:57 +0330] "GET /wp-content/uploads/2025/12/apple-id.webp HTTP/2" 200 45618 "https://digikeyland.ir/" "Mozilla/5.0 (iPhone; CPU iPhone OS 18_7 like Mac OS X) AppleWebKit/605.1.15 (KHTML, like Gecko) Version/26.6.1 Mobile/15E148 Safari/604.1"
130.255.194.177 - - [11/Sep/2026:16:19:57 +0330] "GET /wp-content/uploads/2026/07/Chess.com-%C3%B7sc1.webp HTTP/2" 200 58436 "https://digikeyland.ir/" "Mozilla/5.0 (iPhone; CPU iPhone OS 18_7 like Mac OS X) AppleWebKit/605.1.15 (KHTML, like Gecko) Version/26.6.1 Mobile/15E148 Safari/604.1"
130.255.194.177 - - [11/Sep/2026:16:20:01 +0330] "GET /wp-content/uploads/2026/07/telegram-stars-qs1c.webp HTTP/2" 200 58382 "https://digikeyland.ir/" "Mozilla/5.0 (iPhone; CPU iPhone OS 18_7 like Mac OS X) AppleWebKit/605.1.15 (KHTML, like Gecko) Version/26.6.1 Mobile/15E148 Safari/604.1"
5.121.201.134 - - [11/Sep/2026:16:19:59 +0330] "POST /wp-admin/admin-ajax.php HTTP/2" 200 67 "https://digikeyland.ir/wp-admin/edit.php?s=6039&post_status=all&post_type=shop_order&action=-1&m=0&pwp_m=0&_created_via&_customer_user&paged=1&action2=-1" "Mozilla/5.0 (Windows NT 10.0; Win64; x64) AppleWebKit/537.36 (KHTML, like Gecko) Chrome/153.0.0.0 Safari/537.36"
130.255.194.177 - - [11/Sep/2026:16:20:04 +0330] "GET /wp-content/uploads/2026/07/Adguard-qsc1.webp HTTP/2" 200 51264 "https://digikeyland.ir/" "Mozilla/5.0 (iPhone; CPU iPhone OS 18_7 like Mac OS X) AppleWebKit/605.1.15 (KHTML, like Gecko) Version/26.6.1 Mobile/15E148 Safari/604.1"
85.17.180.28 - - [11/Sep/2026:16:20:03 +0330] "POST /wp-admin/admin-ajax.php HTTP/2" 200 1126 "https://digikeyland.ir/product/spotify-premium/" "Mozilla/5.0 (Linux; Android 10; K) AppleWebKit/537.36 (KHTML, like Gecko) Chrome/131.0.0.0 Mobile Safari/537.36"
85.17.180.28 - - [11/Sep/2026:16:20:06 +0330] "POST /wp-admin/admin-ajax.php HTTP/2" 200 1181 "https://digikeyland.ir/product/spotify-premium/" "Mozilla/5.0 (Linux; Android 10; K) AppleWebKit/537.36 (KHTML, like Gecko) Chrome/131.0.0.0 Mobile Safari/537.36"
130.255.194.177 - - [11/Sep/2026:16:20:11 +0330] "GET /wp-content/uploads/2026/07/Adobe-Creative-Cloud-sc1.webp HTTP/2" 200 53508 "https://digikeyland.ir/" "Mozilla/5.0 (iPhone; CPU iPhone OS 18_7 like Mac OS X) AppleWebKit/605.1.15 (KHTML, like Gecko) Version/26.6.1 Mobile/15E148 Safari/604.1"
185.130.50.10 - - [11/Sep/2026:16:20:11 +0330] "POST /wp-cron.php?doing_wp_cron=1789131011.2920789718627929687500 HTTP/1.1" 200 20 "-" "WordPress/7.1; https://digikeyland.ir"
5.121.201.134 - - [11/Sep/2026:16:20:09 +0330] "POST /wp-admin/admin-ajax.php HTTP/2" 200 67 "https://digikeyland.ir/wp-admin/edit.php?s=6039&post_status=all&post_type=shop_order&action=-1&m=0&pwp_m=0&_created_via&_customer_user&paged=1&action2=-1" "Mozilla/5.0 (Windows NT 10.0; Win64; x64) AppleWebKit/537.36 (KHTML, like Gecko) Chrome/153.0.0.0 Safari/537.36"
85.17.180.28 - - [11/Sep/2026:16:20:09 +0330] "POST /wp-admin/admin-ajax.php HTTP/2" 200 1381 "https://digikeyland.ir/product/spotify-premium/" "Mozilla/5.0 (Linux; Android 10; K) AppleWebKit/537.36 (KHTML, like Gecko) Chrome/131.0.0.0 Mobile Safari/537.36"
130.255.194.177 - - [11/Sep/2026:16:20:11 +0330] "GET /shop/?s=%DA%A9%D8%B1%DB%8C%D8%AA%DB%8C%D9%88 HTTP/2" 200 62352 "https://digikeyland.ir/" "Mozilla/5.0 (iPhone; CPU iPhone OS 18_7 like Mac OS X) AppleWebKit/605.1.15 (KHTML, like Gecko) Version/26.6.1 Mobile/15E148 Safari/604.1"
130.255.194.177 - - [11/Sep/2026:16:20:14 +0330] "GET /wp-content/themes/shopi/assets/css/jquery-ui.css?ver=2.0.0 HTTP/2" 200 7927 "https://digikeyland.ir/shop/?s=%DA%A9%D8%B1%DB%8C%D8%AA%DB%8C%D9%88" "Mozilla/5.0 (iPhone; CPU iPhone OS 18_7 like Mac OS X) AppleWebKit/605.1.15 (KHTML, like Gecko) Version/26.6.1 Mobile/15E148 Safari/604.1"
130.255.194.177 - - [11/Sep/2026:16:20:14 +0330] "GET /wp-content/themes/shopi/assets/js/jquery-ui.js?ver=2.0.0 HTTP/2" 200 119743 "https://digikeyland.ir/shop/?s=%DA%A9%D8%B1%DB%8C%D8%AA%DB%8C%D9%88" "Mozilla/5.0 (iPhone; CPU iPhone OS 18_7 like Mac OS X) AppleWebKit/605.1.15 (KHTML, like Gecko) Version/26.6.1 Mobile/15E148 Safari/604.1"
5.121.201.134 - - [11/Sep/2026:16:20:19 +0330] "POST /wp-admin/admin-ajax.php HTTP/2" 200 67 "https://digikeyland.ir/wp-admin/edit.php?s=6039&post_status=all&post_type=shop_order&action=-1&m=0&pwp_m=0&_created_via&_customer_user&paged=1&action2=-1" "Mozilla/5.0 (Windows NT 10.0; Win64; x64) AppleWebKit/537.36 (KHTML, like Gecko) Chrome/153.0.0.0 Safari/537.36"
130.255.194.177 - - [11/Sep/2026:16:20:25 +0330] "GET /product-category/software-tools/ HTTP/2" 200 67559 "https://digikeyland.ir/shop/?s=%DA%A9%D8%B1%DB%8C%D8%AA%DB%8C%D9%88" "Mozilla/5.0 (iPhone; CPU iPhone OS 18_7 like Mac OS X) AppleWebKit/605.1.15 (KHTML, like Gecko) Version/26.6.1 Mobile/15E148 Safari/604.1"
130.255.194.177 - - [11/Sep/2026:16:20:25 +0330] "GET /wp-content/uploads/2025/12/chatgpt.webp HTTP/2" 200 64396 "https://digikeyland.ir/product-category/software-tools/" "Mozilla/5.0 (iPhone; CPU iPhone OS 18_7 like Mac OS X) AppleWebKit/605.1.15 (KHTML, like Gecko) Version/26.6.1 Mobile/15E148 Safari/604.1"
130.255.194.177 - - [11/Sep/2026:16:20:25 +0330] "GET /wp-includes/js/jquery/ui/mouse.min.js?ver=1.14.2 HTTP/2" 200 968 "https://digikeyland.ir/product-category/software-tools/" "Mozilla/5.0 (iPhone; CPU iPhone OS 18_7 like Mac OS X) AppleWebKit/605.1.15 (KHTML, like Gecko) Version/26.6.1 Mobile/15E148 Safari/604.1"
130.255.194.177 - - [11/Sep/2026:16:20:25 +0330] "GET /wp-includes/js/jquery/ui/slider.min.js?ver=1.14.2 HTTP/2" 200 3010 "https://digikeyland.ir/product-category/software-tools/" "Mozilla/5.0 (iPhone; CPU iPhone OS 18_7 like Mac OS X) AppleWebKit/605.1.15 (KHTML, like Gecko) Version/26.6.1 Mobile/15E148 Safari/604.1"
130.255.194.177 - - [11/Sep/2026:16:20:25 +0330] "GET /wp-content/plugins/woocommerce/assets/js/jquery-ui-touch-punch/jquery-ui-touch-punch.min.js?ver=11.1.0 HTTP/2" 200 529 "https://digikeyland.ir/product-category/software-tools/" "Mozilla/5.0 (iPhone; CPU iPhone OS 18_7 like Mac OS X) AppleWebKit/605.1.15 (KHTML, like Gecko) Version/26.6.1 Mobile/15E148 Safari/604.1"
130.255.194.177 - - [11/Sep/2026:16:20:25 +0330] "GET /wp-content/plugins/woocommerce/assets/js/accounting/accounting.min.js?ver=0.4.2 HTTP/2" 200 1321 "https://digikeyland.ir/product-category/software-tools/" "Mozilla/5.0 (iPhone; CPU iPhone OS 18_7 like Mac OS X) AppleWebKit/605.1.15 (KHTML, like Gecko) Version/26.6.1 Mobile/15E148 Safari/604.1"
130.255.194.177 - - [11/Sep/2026:16:20:25 +0330] "GET /wp-content/plugins/woocommerce/assets/js/frontend/price-slider.min.js?ver=11.1.0 HTTP/2" 200 538 "https://digikeyland.ir/product-category/software-tools/" "Mozilla/5.0 (iPhone; CPU iPhone OS 18_7 like Mac OS X) AppleWebKit/605.1.15 (KHTML, like Gecko) Version/26.6.1 Mobile/15E148 Safari/604.1"
130.255.194.177 - - [11/Sep/2026:16:20:25 +0330] "GET /wp-content/uploads/2026/07/Chess.com-%C3%B7sc2.webp HTTP/2" 200 22910 "https://digikeyland.ir/product-category/software-tools/" "Mozilla/5.0 (iPhone; CPU iPhone OS 18_7 like Mac OS X) AppleWebKit/605.1.15 (KHTML, like Gecko) Version/26.6.1 Mobile/15E148 Safari/604.1"
130.255.194.177 - - [11/Sep/2026:16:20:25 +0330] "GET /wp-content/uploads/2026/07/filmora-qsc2.webp HTTP/2" 200 25650 "https://digikeyland.ir/product-category/software-tools/" "Mozilla/5.0 (iPhone; CPU iPhone OS 18_7 like Mac OS X) AppleWebKit/605.1.15 (KHTML, like Gecko) Version/26.6.1 Mobile/15E148 Safari/604.1"
130.255.194.177 - - [11/Sep/2026:16:20:25 +0330] "GET /wp-content/uploads/2026/07/Adguard-qsc2.webp HTTP/2" 200 25784 "https://digikeyland.ir/product-category/software-tools/" "Mozilla/5.0 (iPhone; CPU iPhone OS 18_7 like Mac OS X) AppleWebKit/605.1.15 (KHTML, like Gecko) Version/26.6.1 Mobile/15E148 Safari/604.1"
130.255.194.177 - - [11/Sep/2026:16:20:25 +0330] "GET /wp-content/uploads/2026/07/Adobe-Creative-Cloud-sc2.webp HTTP/2" 200 33992 "https://digikeyland.ir/product-category/software-tools/" "Mozilla/5.0 (iPhone; CPU iPhone OS 18_7 like Mac OS X) AppleWebKit/605.1.15 (KHTML, like Gecko) Version/26.6.1 Mobile/15E148 Safari/604.1"
130.255.194.177 - - [11/Sep/2026:16:20:25 +0330] "GET /wp-content/uploads/2026/07/MS-Visio-Pro-sc1.webp HTTP/2" 200 59432 "https://digikeyland.ir/product-category/software-tools/" "Mozilla/5.0 (iPhone; CPU iPhone OS 18_7 like Mac OS X) AppleWebKit/605.1.15 (KHTML, like Gecko) Version/26.6.1 Mobile/15E148 Safari/604.1"
130.255.194.177 - - [11/Sep/2026:16:20:25 +0330] "GET /wp-content/uploads/2026/07/MS-Visio-Pro-sc2.webp HTTP/2" 200 26916 "https://digikeyland.ir/product-category/software-tools/" "Mozilla/5.0 (iPhone; CPU iPhone OS 18_7 like Mac OS X) AppleWebKit/605.1.15 (KHTML, like Gecko) Version/26.6.1 Mobile/15E148 Safari/604.1"
130.255.194.177 - - [11/Sep/2026:16:20:25 +0330] "GET /wp-content/uploads/2026/07/Claude-sc2.webp HTTP/2" 200 31966 "https://digikeyland.ir/product-category/software-tools/" "Mozilla/5.0 (iPhone; CPU iPhone OS 18_7 like Mac OS X) AppleWebKit/605.1.15 (KHTML, like Gecko) Version/26.6.1 Mobile/15E148 Safari/604.1"
130.255.194.177 - - [11/Sep/2026:16:20:28 +0330] "GET /wp-content/uploads/2026/07/IPTorrent-sc1.webp HTTP/2" 200 59636 "https://digikeyland.ir/product-category/software-tools/" "Mozilla/5.0 (iPhone; CPU iPhone OS 18_7 like Mac OS X) AppleWebKit/605.1.15 (KHTML, like Gecko) Version/26.6.1 Mobile/15E148 Safari/604.1"
130.255.194.177 - - [11/Sep/2026:16:20:28 +0330] "GET /wp-content/uploads/2026/07/IPTorrent-sc2.webp HTTP/2" 200 44800 "https://digikeyland.ir/product-category/software-tools/" "Mozilla/5.0 (iPhone; CPU iPhone OS 18_7 like Mac OS X) AppleWebKit/605.1.15 (KHTML, like Gecko) Version/26.6.1 Mobile/15E148 Safari/604.1"
130.255.194.177 - - [11/Sep/2026:16:20:28 +0330] "GET /wp-content/uploads/2026/07/Poweramp-Music-Player.webp HTTP/2" 200 67756 "https://digikeyland.ir/product-category/software-tools/" "Mozilla/5.0 (iPhone; CPU iPhone OS 18_7 like Mac OS X) AppleWebKit/605.1.15 (KHTML, like Gecko) Version/26.6.1 Mobile/15E148 Safari/604.1"
130.255.194.177 - - [11/Sep/2026:16:20:28 +0330] "GET /wp-content/uploads/2026/07/Poweramp-Music-Player-2.webp HTTP/2" 200 30422 "https://digikeyland.ir/product-category/software-tools/" "Mozilla/5.0 (iPhone; CPU iPhone OS 18_7 like Mac OS X) AppleWebKit/605.1.15 (KHTML, like Gecko) Version/26.6.1 Mobile/15E148 Safari/604.1"
130.255.194.177 - - [11/Sep/2026:16:20:28 +0330] "GET /wp-content/uploads/2026/07/Bluedict-Pro-sc1.webp HTTP/2" 200 48688 "https://digikeyland.ir/product-category/software-tools/" "Mozilla/5.0 (iPhone; CPU iPhone OS 18_7 like Mac OS X) AppleWebKit/605.1.15 (KHTML, like Gecko) Version/26.6.1 Mobile/15E148 Safari/604.1"
130.255.194.177 - - [11/Sep/2026:16:20:28 +0330] "GET /wp-content/uploads/2026/07/Bluedict-Pro-sc2.webp HTTP/2" 200 23378 "https://digikeyland.ir/product-category/software-tools/" "Mozilla/5.0 (iPhone; CPU iPhone OS 18_7 like Mac OS X) AppleWebKit/605.1.15 (KHTML, like Gecko) Version/26.6.1 Mobile/15E148 Safari/604.1"
130.255.194.177 - - [11/Sep/2026:16:20:28 +0330] "GET /wp-content/uploads/2026/07/Dr.Web-sc1.webp HTTP/2" 200 36646 "https://digikeyland.ir/product-category/software-tools/" "Mozilla/5.0 (iPhone; CPU iPhone OS 18_7 like Mac OS X) AppleWebKit/605.1.15 (KHTML, like Gecko) Version/26.6.1 Mobile/15E148 Safari/604.1"
130.255.194.177 - - [11/Sep/2026:16:20:28 +0330] "GET /wp-content/uploads/2026/07/Dr.Web-sc2.webp HTTP/2" 200 24582 "https://digikeyland.ir/product-category/software-tools/" "Mozilla/5.0 (iPhone; CPU iPhone OS 18_7 like Mac OS X) AppleWebKit/605.1.15 (KHTML, like Gecko) Version/26.6.1 Mobile/15E148 Safari/604.1"
5.121.201.134 - - [11/Sep/2026:16:20:29 +0330] "POST /wp-admin/admin-ajax.php HTTP/2" 200 67 "https://digikeyland.ir/wp-admin/edit.php?s=6039&post_status=all&post_type=shop_order&action=-1&m=0&pwp_m=0&_created_via&_customer_user&paged=1&action2=-1" "Mozilla/5.0 (Windows NT 10.0; Win64; x64) AppleWebKit/537.36 (KHTML, like Gecko) Chrome/153.0.0.0 Safari/537.36"
130.255.194.177 - - [11/Sep/2026:16:20:31 +0330] "GET /product/adobe-creative-cloud-account/ HTTP/2" 200 106173 "https://digikeyland.ir/product-category/software-tools/" "Mozilla/5.0 (iPhone; CPU iPhone OS 18_7 like Mac OS X) AppleWebKit/605.1.15 (KHTML, like Gecko) Version/26.6.1 Mobile/15E148 Safari/604.1"
130.255.194.177 - - [11/Sep/2026:16:20:33 +0330] "GET /wp-content/plugins/elementor/assets/css/widget-divider-rtl.min.css?ver=4.2.4 HTTP/2" 200 678 "https://digikeyland.ir/product/adobe-creative-cloud-account/" "Mozilla/5.0 (iPhone; CPU iPhone OS 18_7 like Mac OS X) AppleWebKit/605.1.15 (KHTML, like Gecko) Version/26.6.1 Mobile/15E148 Safari/604.1"
130.255.194.177 - - [11/Sep/2026:16:20:33 +0330] "GET /wp-content/plugins/elementor-pro/assets/css/modules/motion-fx.min.css?ver=3.33.2 HTTP/2" 200 240 "https://digikeyland.ir/product/adobe-creative-cloud-account/" "Mozilla/5.0 (iPhone; CPU iPhone OS 18_7 like Mac OS X) AppleWebKit/605.1.15 (KHTML, like Gecko) Version/26.6.1 Mobile/15E148 Safari/604.1"
130.255.194.177 - - [11/Sep/2026:16:20:33 +0330] "GET /wp-content/uploads/elementor/css/post-3202.css?ver=1789045769 HTTP/2" 200 2467 "https://digikeyland.ir/product/adobe-creative-cloud-account/" "Mozilla/5.0 (iPhone; CPU iPhone OS 18_7 like Mac OS X) AppleWebKit/605.1.15 (KHTML, like Gecko) Version/26.6.1 Mobile/15E148 Safari/604.1"
130.255.194.177 - - [11/Sep/2026:16:20:33 +0330] "GET /wp-content/themes/shopi/assets/css/glightbox.css?ver=2.0.0 HTTP/2" 200 2728 "https://digikeyland.ir/product/adobe-creative-cloud-account/" "Mozilla/5.0 (iPhone; CPU iPhone OS 18_7 like Mac OS X) AppleWebKit/605.1.15 (KHTML, like Gecko) Version/26.6.1 Mobile/15E148 Safari/604.1"
130.255.194.177 - - [11/Sep/2026:16:20:33 +0330] "GET /wp-content/plugins/woocommerce/assets/js/frontend/single-product.min.js?ver=11.1.0 HTTP/2" 200 3558 "https://digikeyland.ir/product/adobe-creative-cloud-account/" "Mozilla/5.0 (iPhone; CPU iPhone OS 18_7 like Mac OS X) AppleWebKit/605.1.15 (KHTML, like Gecko) Version/26.6.1 Mobile/15E148 Safari/604.1"
130.255.194.177 - - [11/Sep/2026:16:20:33 +0330] "GET /wp-content/themes/shopi/assets/js/glightbox.min.js?ver=2.0.0 HTTP/2" 200 14895 "https://digikeyland.ir/product/adobe-creative-cloud-account/" "Mozilla/5.0 (iPhone; CPU iPhone OS 18_7 like Mac OS X) AppleWebKit/605.1.15 (KHTML, like Gecko) Version/26.6.1 Mobile/15E148 Safari/604.1"
130.255.194.177 - - [11/Sep/2026:16:20:33 +0330] "GET /wp-content/plugins/woocommerce/assets/js/frontend/add-to-cart-variation.min.js?ver=11.1.0 HTTP/2" 200 4131 "https://digikeyland.ir/product/adobe-creative-cloud-account/" "Mozilla/5.0 (iPhone; CPU iPhone OS 18_7 like Mac OS X) AppleWebKit/605.1.15 (KHTML, like Gecko) Version/26.6.1 Mobile/15E148 Safari/604.1"
130.255.194.177 - - [11/Sep/2026:16:20:33 +0330] "GET /wp-content/uploads/2026/07/Adobe-Creative-Cloud.webp HTTP/2" 200 102130 "https://digikeyland.ir/product/adobe-creative-cloud-account/" "Mozilla/5.0 (iPhone; CPU iPhone OS 18_7 like Mac OS X) AppleWebKit/605.1.15 (KHTML, like Gecko) Version/26.6.1 Mobile/15E148 Safari/604.1"
130.255.194.177 - - [11/Sep/2026:16:20:33 +0330] "GET /wp-includes/js/comment-reply.min.js?ver=7.1 HTTP/2" 200 1224 "https://digikeyland.ir/product/adobe-creative-cloud-account/" "Mozilla/5.0 (iPhone; CPU iPhone OS 18_7 like Mac OS X) AppleWebKit/605.1.15 (KHTML, like Gecko) Version/26.6.1 Mobile/15E148 Safari/604.1"
130.255.194.177 - - [11/Sep/2026:16:20:33 +0330] "GET /wp-content/plugins/elementor/assets/js/397f2d183c19202777d6.bundle.min.js HTTP/2" 200 8468 "https://digikeyland.ir/product/adobe-creative-cloud-account/" "Mozilla/5.0 (iPhone; CPU iPhone OS 18_7 like Mac OS X) AppleWebKit/605.1.15 (KHTML, like Gecko) Version/26.6.1 Mobile/15E148 Safari/604.1"
130.255.194.177 - - [11/Sep/2026:16:20:33 +0330] "GET /wp-content/plugins/elementor/assets/js/lightbox.3f9b3a051b2336dd5372.bundle.min.js HTTP/2" 200 9252 "https://digikeyland.ir/product/adobe-creative-cloud-account/" "Mozilla/5.0 (iPhone; CPU iPhone OS 18_7 like Mac OS X) AppleWebKit/605.1.15 (KHTML, like Gecko) Version/26.6.1 Mobile/15E148 Safari/604.1"
130.255.194.177 - - [11/Sep/2026:16:20:33 +0330] "GET /wp-content/plugins/elementor/assets/lib/dialog/dialog.min.js?ver=4.9.3 HTTP/2" 200 3593 "https://digikeyland.ir/product/adobe-creative-cloud-account/" "Mozilla/5.0 (iPhone; CPU iPhone OS 18_7 like Mac OS X) AppleWebKit/605.1.15 (KHTML, like Gecko) Version/26.6.1 Mobile/15E148 Safari/604.1"
130.255.194.177 - - [11/Sep/2026:16:20:33 +0330] "GET /wp-content/plugins/elementor/assets/css/conditionals/dialog.min.css?ver=4.2.4 HTTP/2" 200 1428 "https://digikeyland.ir/product/adobe-creative-cloud-account/" "Mozilla/5.0 (iPhone; CPU iPhone OS 18_7 like Mac OS X) AppleWebKit/605.1.15 (KHTML, like Gecko) Version/26.6.1 Mobile/15E148 Safari/604.1"
130.255.194.177 - - [11/Sep/2026:16:20:33 +0330] "GET /wp-content/plugins/elementor/assets/lib/share-link/share-link.min.js?ver=4.2.4 HTTP/2" 200 1072 "https://digikeyland.ir/product/adobe-creative-cloud-account/" "Mozilla/5.0 (iPhone; CPU iPhone OS 18_7 like Mac OS X) AppleWebKit/605.1.15 (KHTML, like Gecko) Version/26.6.1 Mobile/15E148 Safari/604.1"
130.255.194.177 - - [11/Sep/2026:16:20:33 +0330] "GET /wp-content/plugins/elementor/assets/lib/swiper/v8/css/swiper.min.css?ver=8.4.5 HTTP/2" 200 4248 "https://digikeyland.ir/product/adobe-creative-cloud-account/" "Mozilla/5.0 (iPhone; CPU iPhone OS 18_7 like Mac OS X) AppleWebKit/605.1.15 (KHTML, like Gecko) Version/26.6.1 Mobile/15E148 Safari/604.1"
130.255.194.177 - - [11/Sep/2026:16:20:33 +0330] "GET /wp-content/uploads/elementor/css/custom-lightbox.min.css?ver=4.2.4 HTTP/2" 200 1757 "https://digikeyland.ir/product/adobe-creative-cloud-account/" "Mozilla/5.0 (iPhone; CPU iPhone OS 18_7 like Mac OS X) AppleWebKit/605.1.15 (KHTML, like Gecko) Version/26.6.1 Mobile/15E148 Safari/604.1"
130.255.194.177 - - [11/Sep/2026:16:20:34 +0330] "GET /wp-content/uploads/2026/07/Adobe-Creative-Cloud-sc1-150x150.webp HTTP/2" 200 4886 "https://digikeyland.ir/product/adobe-creative-cloud-account/" "Mozilla/5.0 (iPhone; CPU iPhone OS 18_7 like Mac OS X) AppleWebKit/605.1.15 (KHTML, like Gecko) Version/26.6.1 Mobile/15E148 Safari/604.1"
130.255.194.177 - - [11/Sep/2026:16:20:34 +0330] "GET /wp-content/uploads/2026/07/Adobe-Creative-Cloud-sc2-150x150.webp HTTP/2" 200 4048 "https://digikeyland.ir/product/adobe-creative-cloud-account/" "Mozilla/5.0 (iPhone; CPU iPhone OS 18_7 like Mac OS X) AppleWebKit/605.1.15 (KHTML, like Gecko) Version/26.6.1 Mobile/15E148 Safari/604.1"
130.255.194.177 - - [11/Sep/2026:16:20:34 +0330] "GET /wp-content/uploads/2026/07/Adobe-Creative-Cloud-sc1-600x600.webp HTTP/2" 200 28548 "https://digikeyland.ir/product/adobe-creative-cloud-account/" "Mozilla/5.0 (iPhone; CPU iPhone OS 18_7 like Mac OS X) AppleWebKit/605.1.15 (KHTML, like Gecko) Version/26.6.1 Mobile/15E148 Safari/604.1"
130.255.194.177 - - [11/Sep/2026:16:20:35 +0330] "GET /wp-content/uploads/2025/12/software-tools.webp HTTP/2" 200 4452 "https://digikeyland.ir/product/adobe-creative-cloud-account/" "Mozilla/5.0 (iPhone; CPU iPhone OS 18_7 like Mac OS X) AppleWebKit/605.1.15 (KHTML, like Gecko) Version/26.6.1 Mobile/15E148 Safari/604.1"
130.255.194.177 - - [11/Sep/2026:16:20:35 +0330] "GET /wp-content/uploads/2024/11/4.png HTTP/2" 200 2750 "https://digikeyland.ir/product/adobe-creative-cloud-account/" "Mozilla/5.0 (iPhone; CPU iPhone OS 18_7 like Mac OS X) AppleWebKit/605.1.15 (KHTML, like Gecko) Version/26.6.1 Mobile/15E148 Safari/604.1"
130.255.194.177 - - [11/Sep/2026:16:20:35 +0330] "GET /wp-content/uploads/2024/11/1-3.png HTTP/2" 200 1717 "https://digikeyland.ir/product/adobe-creative-cloud-account/" "Mozilla/5.0 (iPhone; CPU iPhone OS 18_7 like Mac OS X) AppleWebKit/605.1.15 (KHTML, like Gecko) Version/26.6.1 Mobile/15E148 Safari/604.1"
130.255.194.177 - - [11/Sep/2026:16:20:35 +0330] "GET /wp-content/uploads/2024/11/2-1.png HTTP/2" 200 2545 "https://digikeyland.ir/product/adobe-creative-cloud-account/" "Mozilla/5.0 (iPhone; CPU iPhone OS 18_7 like Mac OS X) AppleWebKit/605.1.15 (KHTML, like Gecko) Version/26.6.1 Mobile/15E148 Safari/604.1"
5.121.201.134 - - [11/Sep/2026:16:20:39 +0330] "POST /wp-admin/admin-ajax.php HTTP/2" 200 67 "https://digikeyland.ir/wp-admin/edit.php?s=6039&post_status=all&post_type=shop_order&action=-1&m=0&pwp_m=0&_created_via&_customer_user&paged=1&action2=-1" "Mozilla/5.0 (Windows NT 10.0; Win64; x64) AppleWebKit/537.36 (KHTML, like Gecko) Chrome/153.0.0.0 Safari/537.36"
130.255.194.177 - - [11/Sep/2026:16:20:40 +0330] "POST /wp-admin/admin-ajax.php HTTP/2" 200 1170 "https://digikeyland.ir/product/adobe-creative-cloud-account/" "Mozilla/5.0 (iPhone; CPU iPhone OS 18_7 like Mac OS X) AppleWebKit/605.1.15 (KHTML, like Gecko) Version/26.6.1 Mobile/15E148 Safari/604.1"
130.255.194.177 - - [11/Sep/2026:16:20:45 +0330] "GET /product-category/software-tools/ HTTP/2" 200 67559 "https://digikeyland.ir/shop/?s=%DA%A9%D8%B1%DB%8C%D8%AA%DB%8C%D9%88" "Mozilla/5.0 (iPhone; CPU iPhone OS 18_7 like Mac OS X) AppleWebKit/605.1.15 (KHTML, like Gecko) Version/26.6.1 Mobile/15E148 Safari/604.1"
5.121.201.134 - - [11/Sep/2026:16:20:49 +0330] "POST /wp-admin/admin-ajax.php HTTP/2" 200 67 "https://digikeyland.ir/wp-admin/edit.php?s=6039&post_status=all&post_type=shop_order&action=-1&m=0&pwp_m=0&_created_via&_customer_user&paged=1&action2=-1" "Mozilla/5.0 (Windows NT 10.0; Win64; x64) AppleWebKit/537.36 (KHTML, like Gecko) Chrome/153.0.0.0 Safari/537.36"
130.255.194.177 - - [11/Sep/2026:16:20:48 +0330] "GET /product/adguard-premium-key-lifetime/ HTTP/2" 200 86133 "https://digikeyland.ir/product-category/software-tools/" "Mozilla/5.0 (iPhone; CPU iPhone OS 18_7 like Mac OS X) AppleWebKit/605.1.15 (KHTML, like Gecko) Version/26.6.1 Mobile/15E148 Safari/604.1"
130.255.194.177 - - [11/Sep/2026:16:20:51 +0330] "GET /wp-content/uploads/2026/07/adguard-premium-key-lifetime.webp HTTP/2" 200 14714 "https://digikeyland.ir/product/adguard-premium-key-lifetime/" "Mozilla/5.0 (iPhone; CPU iPhone OS 18_7 like Mac OS X) AppleWebKit/605.1.15 (KHTML, like Gecko) Version/26.6.1 Mobile/15E148 Safari/604.1"
130.255.194.177 - - [11/Sep/2026:16:20:51 +0330] "GET /wp-content/uploads/2026/07/Adguard-qsc1-150x150.webp HTTP/2" 200 4500 "https://digikeyland.ir/product/adguard-premium-key-lifetime/" "Mozilla/5.0 (iPhone; CPU iPhone OS 18_7 like Mac OS X) AppleWebKit/605.1.15 (KHTML, like Gecko) Version/26.6.1 Mobile/15E148 Safari/604.1"
130.255.194.177 - - [11/Sep/2026:16:20:51 +0330] "GET /wp-content/uploads/2026/07/Adguard-qsc2-150x150.webp HTTP/2" 200 2822 "https://digikeyland.ir/product/adguard-premium-key-lifetime/" "Mozilla/5.0 (iPhone; CPU iPhone OS 18_7 like Mac OS X) AppleWebKit/605.1.15 (KHTML, like Gecko) Version/26.6.1 Mobile/15E148 Safari/604.1"
130.255.194.177 - - [11/Sep/2026:16:20:51 +0330] "GET /wp-content/uploads/2026/07/Adguard-qsc1-600x600.webp HTTP/2" 200 25630 "https://digikeyland.ir/product/adguard-premium-key-lifetime/" "Mozilla/5.0 (iPhone; CPU iPhone OS 18_7 like Mac OS X) AppleWebKit/605.1.15 (KHTML, like Gecko) Version/26.6.1 Mobile/15E148 Safari/604.1"
130.255.194.177 - - [11/Sep/2026:16:20:59 +0330] "GET /product-category/software-tools/ HTTP/2" 200 67559 "https://digikeyland.ir/shop/?s=%DA%A9%D8%B1%DB%8C%D8%AA%DB%8C%D9%88" "Mozilla/5.0 (iPhone; CPU iPhone OS 18_7 like Mac OS X) AppleWebKit/605.1.15 (KHTML, like Gecko) Version/26.6.1 Mobile/15E148 Safari/604.1"
130.255.194.177 - - [11/Sep/2026:16:21:00 +0330] "GET /wp-content/uploads/2026/07/Kaspersky-sc1.webp HTTP/2" 200 47486 "https://digikeyland.ir/product-category/software-tools/" "Mozilla/5.0 (iPhone; CPU iPhone OS 18_7 like Mac OS X) AppleWebKit/605.1.15 (KHTML, like Gecko) Version/26.6.1 Mobile/15E148 Safari/604.1"
130.255.194.177 - - [11/Sep/2026:16:21:00 +0330] "GET /wp-content/uploads/2026/07/Kaspersky-sc2.webp HTTP/2" 200 27200 "https://digikeyland.ir/product-category/software-tools/" "Mozilla/5.0 (iPhone; CPU iPhone OS 18_7 like Mac OS X) AppleWebKit/605.1.15 (KHTML, like Gecko) Version/26.6.1 Mobile/15E148 Safari/604.1"
130.255.194.177 - - [11/Sep/2026:16:21:00 +0330] "GET /wp-content/uploads/2026/07/windows-sc1.webp HTTP/2" 200 61468 "https://digikeyland.ir/product-category/software-tools/" "Mozilla/5.0 (iPhone; CPU iPhone OS 18_7 like Mac OS X) AppleWebKit/605.1.15 (KHTML, like Gecko) Version/26.6.1 Mobile/15E148 Safari/604.1"
130.255.194.177 - - [11/Sep/2026:16:21:00 +0330] "GET /wp-content/uploads/2026/07/windows-sc2.webp HTTP/2" 200 24152 "https://digikeyland.ir/product-category/software-tools/" "Mozilla/5.0 (iPhone; CPU iPhone OS 18_7 like Mac OS X) AppleWebKit/605.1.15 (KHTML, like Gecko) Version/26.6.1 Mobile/15E148 Safari/604.1"
5.121.201.134 - - [11/Sep/2026:16:20:59 +0330] "POST /wp-admin/admin-ajax.php HTTP/2" 200 67 "https://digikeyland.ir/wp-admin/edit.php?s=6039&post_status=all&post_type=shop_order&action=-1&m=0&pwp_m=0&_created_via&_customer_user&paged=1&action2=-1" "Mozilla/5.0 (Windows NT 10.0; Win64; x64) AppleWebKit/537.36 (KHTML, like Gecko) Chrome/153.0.0.0 Safari/537.36"
5.121.201.134 - - [11/Sep/2026:16:21:09 +0330] "POST /wp-admin/admin-ajax.php HTTP/2" 200 67 "https://digikeyland.ir/wp-admin/edit.php?s=6039&post_status=all&post_type=shop_order&action=-1&m=0&pwp_m=0&_created_via&_customer_user&paged=1&action2=-1" "Mozilla/5.0 (Windows NT 10.0; Win64; x64) AppleWebKit/537.36 (KHTML, like Gecko) Chrome/153.0.0.0 Safari/537.36"
130.255.194.177 - - [11/Sep/2026:16:21:11 +0330] "GET /product/microsoft-windows-11-license/ HTTP/2" 200 83571 "https://digikeyland.ir/product-category/software-tools/" "Mozilla/5.0 (iPhone; CPU iPhone OS 18_7 like Mac OS X) AppleWebKit/605.1.15 (KHTML, like Gecko) Version/26.6.1 Mobile/15E148 Safari/604.1"
130.255.194.177 - - [11/Sep/2026:16:21:14 +0330] "GET /wp-content/uploads/2026/07/windows-sc1-150x150.webp HTTP/2" 200 4536 "https://digikeyland.ir/product/microsoft-windows-11-license/" "Mozilla/5.0 (iPhone; CPU iPhone OS 18_7 like Mac OS X) AppleWebKit/605.1.15 (KHTML, like Gecko) Version/26.6.1 Mobile/15E148 Safari/604.1"
130.255.194.177 - - [11/Sep/2026:16:21:14 +0330] "GET /wp-content/uploads/2026/07/windows-sc2-150x150.webp HTTP/2" 200 2650 "https://digikeyland.ir/product/microsoft-windows-11-license/" "Mozilla/5.0 (iPhone; CPU iPhone OS 18_7 like Mac OS X) AppleWebKit/605.1.15 (KHTML, like Gecko) Version/26.6.1 Mobile/15E148 Safari/604.1"
130.255.194.177 - - [11/Sep/2026:16:21:15 +0330] "GET /wp-content/uploads/2026/07/windows-sc1-600x600.webp HTTP/2" 200 30444 "https://digikeyland.ir/product/microsoft-windows-11-license/" "Mozilla/5.0 (iPhone; CPU iPhone OS 18_7 like Mac OS X) AppleWebKit/605.1.15 (KHTML, like Gecko) Version/26.6.1 Mobile/15E148 Safari/604.1"
5.121.201.134 - - [11/Sep/2026:16:21:19 +0330] "POST /wp-admin/admin-ajax.php HTTP/2" 200 67 "https://digikeyland.ir/wp-admin/edit.php?s=6039&post_status=all&post_type=shop_order&action=-1&m=0&pwp_m=0&_created_via&_customer_user&paged=1&action2=-1" "Mozilla/5.0 (Windows NT 10.0; Win64; x64) AppleWebKit/537.36 (KHTML, like Gecko) Chrome/153.0.0.0 Safari/537.36"
130.255.194.177 - - [11/Sep/2026:16:21:20 +0330] "POST /wp-admin/admin-ajax.php HTTP/2" 200 1155 "https://digikeyland.ir/product/microsoft-windows-11-license/" "Mozilla/5.0 (iPhone; CPU iPhone OS 18_7 like Mac OS X) AppleWebKit/605.1.15 (KHTML, like Gecko) Version/26.6.1 Mobile/15E148 Safari/604.1"
130.255.194.177 - - [11/Sep/2026:16:21:22 +0330] "POST /wp-admin/admin-ajax.php HTTP/2" 200 0 "https://digikeyland.ir/product/microsoft-windows-11-license/" "Mozilla/5.0 (iPhone; CPU iPhone OS 18_7 like Mac OS X) AppleWebKit/605.1.15 (KHTML, like Gecko) Version/26.6.1 Mobile/15E148 Safari/604.1"
5.121.201.134 - - [11/Sep/2026:16:21:22 +0330] "POST /wp-admin/admin-ajax.php HTTP/2" 200 101 "https://digikeyland.ir/wp-admin/post.php?post=5173&action=edit" "Mozilla/5.0 (Windows NT 10.0; Win64; x64) AppleWebKit/537.36 (KHTML, like Gecko) Chrome/153.0.0.0 Safari/537.36"
5.121.201.134 - - [11/Sep/2026:16:21:29 +0330] "POST /wp-admin/admin-ajax.php HTTP/2" 200 67 "https://digikeyland.ir/wp-admin/edit.php?s=6039&post_status=all&post_type=shop_order&action=-1&m=0&pwp_m=0&_created_via&_customer_user&paged=1&action2=-1" "Mozilla/5.0 (Windows NT 10.0; Win64; x64) AppleWebKit/537.36 (KHTML, like Gecko) Chrome/153.0.0.0 Safari/537.36"
5.121.201.134 - - [11/Sep/2026:16:21:39 +0330] "POST /wp-admin/admin-ajax.php HTTP/2" 200 67 "https://digikeyland.ir/wp-admin/edit.php?s=6039&post_status=all&post_type=shop_order&action=-1&m=0&pwp_m=0&_created_via&_customer_user&paged=1&action2=-1" "Mozilla/5.0 (Windows NT 10.0; Win64; x64) AppleWebKit/537.36 (KHTML, like Gecko) Chrome/153.0.0.0 Safari/537.36"
5.121.201.134 - - [11/Sep/2026:16:21:49 +0330] "POST /wp-admin/admin-ajax.php HTTP/2" 200 65 "https://digikeyland.ir/wp-admin/edit.php?s=6039&post_status=all&post_type=shop_order&action=-1&m=0&pwp_m=0&_created_via&_customer_user&paged=1&action2=-1" "Mozilla/5.0 (Windows NT 10.0; Win64; x64) AppleWebKit/537.36 (KHTML, like Gecko) Chrome/153.0.0.0 Safari/537.36"
5.121.201.134 - - [11/Sep/2026:16:21:53 +0330] "POST /wp-admin/admin-ajax.php HTTP/2" 200 67 "https://digikeyland.ir/wp-admin/edit.php?post_type=shop_order" "Mozilla/5.0 (Windows NT 10.0; Win64; x64) AppleWebKit/537.36 (KHTML, like Gecko) Chrome/153.0.0.0 Safari/537.36"
5.236.23.200 - - [11/Sep/2026:16:21:50 +0330] "GET /product/chatgpt-plus/?utm_medium=PPC&utm_source=Torob&torob_clid=01a09086-3636-7430-871b-8cedd179dae2 HTTP/2" 200 85832 "https://api.torob.com/" "Mozilla/5.0 (Windows NT 10.0; Win64; x64) AppleWebKit/537.36 (KHTML, like Gecko) Chrome/152.0.0.0 Safari/537.36"
5.236.23.200 - - [11/Sep/2026:16:22:01 +0330] "GET /wp-content/plugins/contact-form-7/includes/css/styles-rtl.css?ver=6.1.7 HTTP/2" 200 152 "https://digikeyland.ir/product/chatgpt-plus/?utm_medium=PPC&utm_source=Torob&torob_clid=01a09086-3636-7430-871b-8cedd179dae2" "Mozilla/5.0 (Windows NT 10.0; Win64; x64) AppleWebKit/537.36 (KHTML, like Gecko) Chrome/152.0.0.0 Safari/537.36"
5.236.23.200 - - [11/Sep/2026:16:22:01 +0330] "GET /wp-content/plugins/contact-form-7/includes/css/styles.css?ver=6.1.7 HTTP/2" 200 902 "https://digikeyland.ir/product/chatgpt-plus/?utm_medium=PPC&utm_source=Torob&torob_clid=01a09086-3636-7430-871b-8cedd179dae2" "Mozilla/5.0 (Windows NT 10.0; Win64; x64) AppleWebKit/537.36 (KHTML, like Gecko) Chrome/152.0.0.0 Safari/537.36"
5.236.23.200 - - [11/Sep/2026:16:22:01 +0330] "GET /wp-content/plugins/sheyda-hamarz/assets/css/frontend/hamarz.min.css?ver=3.5.0.0 HTTP/2" 200 416 "https://digikeyland.ir/product/chatgpt-plus/?utm_medium=PPC&utm_source=Torob&torob_clid=01a09086-3636-7430-871b-8cedd179dae2" "Mozilla/5.0 (Windows NT 10.0; Win64; x64) AppleWebKit/537.36 (KHTML, like Gecko) Chrome/152.0.0.0 Safari/537.36"
5.236.23.200 - - [11/Sep/2026:16:22:01 +0330] "GET /wp-content/plugins/ar-contactus/res/css/contactus.min.css?ver=2.2.8 HTTP/2" 200 14107 "https://digikeyland.ir/product/chatgpt-plus/?utm_medium=PPC&utm_source=Torob&torob_clid=01a09086-3636-7430-871b-8cedd179dae2" "Mozilla/5.0 (Windows NT 10.0; Win64; x64) AppleWebKit/537.36 (KHTML, like Gecko) Chrome/152.0.0.0 Safari/537.36"
5.236.23.200 - - [11/Sep/2026:16:22:01 +0330] "GET /wp-content/plugins/ar-contactus/res/css/generated-desktop.css?ver=1789045161 HTTP/2" 200 520 "https://digikeyland.ir/product/chatgpt-plus/?utm_medium=PPC&utm_source=Torob&torob_clid=01a09086-3636-7430-871b-8cedd179dae2" "Mozilla/5.0 (Windows NT 10.0; Win64; x64) AppleWebKit/537.36 (KHTML, like Gecko) Chrome/152.0.0.0 Safari/537.36"
5.236.23.200 - - [11/Sep/2026:16:22:01 +0330] "GET /wp-content/plugins/woo-variation-swatches/assets/css/frontend.min.css?ver=2.4.0 HTTP/2" 200 4326 "https://digikeyland.ir/product/chatgpt-plus/?utm_medium=PPC&utm_source=Torob&torob_clid=01a09086-3636-7430-871b-8cedd179dae2" "Mozilla/5.0 (Windows NT 10.0; Win64; x64) AppleWebKit/537.36 (KHTML, like Gecko) Chrome/152.0.0.0 Safari/537.36"
5.236.23.200 - - [11/Sep/2026:16:22:01 +0330] "GET /wp-content/themes/shopi/includes/redux-core/assets/css/extendify-utilities.css?ver=4.4.11 HTTP/2" 200 5382 "https://digikeyland.ir/product/chatgpt-plus/?utm_medium=PPC&utm_source=Torob&torob_clid=01a09086-3636-7430-871b-8cedd179dae2" "Mozilla/5.0 (Windows NT 10.0; Win64; x64) AppleWebKit/537.36 (KHTML, like Gecko) Chrome/152.0.0.0 Safari/537.36"
5.236.23.200 - - [11/Sep/2026:16:22:01 +0330] "GET /wp-content/uploads/elementor/css/custom-frontend.min.css?ver=1789045198 HTTP/2" 200 6649 "https://digikeyland.ir/product/chatgpt-plus/?utm_medium=PPC&utm_source=Torob&torob_clid=01a09086-3636-7430-871b-8cedd179dae2" "Mozilla/5.0 (Windows NT 10.0; Win64; x64) AppleWebKit/537.36 (KHTML, like Gecko) Chrome/152.0.0.0 Safari/537.36"
5.236.23.200 - - [11/Sep/2026:16:22:01 +0330] "GET /wp-content/plugins/elementor/assets/css/widget-heading-rtl.min.css?ver=4.2.4 HTTP/2" 200 126 "https://digikeyland.ir/product/chatgpt-plus/?utm_medium=PPC&utm_source=Torob&torob_clid=01a09086-3636-7430-871b-8cedd179dae2" "Mozilla/5.0 (Windows NT 10.0; Win64; x64) AppleWebKit/537.36 (KHTML, like Gecko) Chrome/152.0.0.0 Safari/537.36"
5.236.23.200 - - [11/Sep/2026:16:22:01 +0330] "GET /wp-content/uploads/elementor/css/custom-pro-widget-nav-menu-rtl.min.css?ver=1789045198 HTTP/2" 200 3228 "https://digikeyland.ir/product/chatgpt-plus/?utm_medium=PPC&utm_source=Torob&torob_clid=01a09086-3636-7430-871b-8cedd179dae2" "Mozilla/5.0 (Windows NT 10.0; Win64; x64) AppleWebKit/537.36 (KHTML, like Gecko) Chrome/152.0.0.0 Safari/537.36"
5.236.23.200 - - [11/Sep/2026:16:22:01 +0330] "GET /wp-content/plugins/elementor/assets/css/widget-image-rtl.min.css?ver=4.2.4 HTTP/2" 200 96 "https://digikeyland.ir/product/chatgpt-plus/?utm_medium=PPC&utm_source=Torob&torob_clid=01a09086-3636-7430-871b-8cedd179dae2" "Mozilla/5.0 (Windows NT 10.0; Win64; x64) AppleWebKit/537.36 (KHTML, like Gecko) Chrome/152.0.0.0 Safari/537.36"
5.236.23.200 - - [11/Sep/2026:16:22:01 +0330] "GET /wp-content/plugins/elementor-pro/assets/css/modules/sticky.min.css?ver=3.33.2 HTTP/2" 200 162 "https://digikeyland.ir/product/chatgpt-plus/?utm_medium=PPC&utm_source=Torob&torob_clid=01a09086-3636-7430-871b-8cedd179dae2" "Mozilla/5.0 (Windows NT 10.0; Win64; x64) AppleWebKit/537.36 (KHTML, like Gecko) Chrome/152.0.0.0 Safari/537.36"
5.236.23.200 - - [11/Sep/2026:16:22:01 +0330] "GET /wp-content/plugins/elementor/assets/css/widget-divider-rtl.min.css?ver=4.2.4 HTTP/2" 200 678 "https://digikeyland.ir/product/chatgpt-plus/?utm_medium=PPC&utm_source=Torob&torob_clid=01a09086-3636-7430-871b-8cedd179dae2" "Mozilla/5.0 (Windows NT 10.0; Win64; x64) AppleWebKit/537.36 (KHTML, like Gecko) Chrome/152.0.0.0 Safari/537.36"
5.236.23.200 - - [11/Sep/2026:16:22:01 +0330] "GET /wp-content/plugins/elementor-pro/assets/css/modules/motion-fx.min.css?ver=3.33.2 HTTP/2" 200 240 "https://digikeyland.ir/product/chatgpt-plus/?utm_medium=PPC&utm_source=Torob&torob_clid=01a09086-3636-7430-871b-8cedd179dae2" "Mozilla/5.0 (Windows NT 10.0; Win64; x64) AppleWebKit/537.36 (KHTML, like Gecko) Chrome/152.0.0.0 Safari/537.36"
5.121.201.134 - - [11/Sep/2026:16:21:59 +0330] "POST /wp-admin/admin-ajax.php HTTP/2" 200 67 "https://digikeyland.ir/wp-admin/edit.php?s=6039&post_status=all&post_type=shop_order&action=-1&m=0&pwp_m=0&_created_via&_customer_user&paged=1&action2=-1" "Mozilla/5.0 (Windows NT 10.0; Win64; x64) AppleWebKit/537.36 (KHTML, like Gecko) Chrome/153.0.0.0 Safari/537.36"
5.236.23.200 - - [11/Sep/2026:16:22:01 +0330] "GET /wp-content/uploads/elementor/css/post-329.css?ver=1789045199 HTTP/2" 200 373 "https://digikeyland.ir/product/chatgpt-plus/?utm_medium=PPC&utm_source=Torob&torob_clid=01a09086-3636-7430-871b-8cedd179dae2" "Mozilla/5.0 (Windows NT 10.0; Win64; x64) AppleWebKit/537.36 (KHTML, like Gecko) Chrome/152.0.0.0 Safari/537.36"
