84.13.153.129 - - [11/Sep/2026:17:34:18 +0330] "GET /wp-login.php?redirect_to=https%3A%2F%2Fdigikeyland.ir%2Fwp-admin%2Findex.php&reauth=1 HTTP/1.1" 200 3804 "https://digikeyland.ir/wp-login.php" "Mozilla/5.0 (Windows NT 6.1; Win64; x64) AppleWebKit/537.36 (KHTML, like Gecko) Chrome/91.0.4472.124 Safari/537.36"
84.13.153.129 - - [11/Sep/2026:17:34:20 +0330] "GET /wp-admin/index.php HTTP/1.1" 302 20 "https://digikeyland.ir/wp-login.php" "Mozilla/5.0 (Windows NT 6.1; Win64; x64) AppleWebKit/537.36 (KHTML, like Gecko) Chrome/91.0.4472.124 Safari/537.36"
84.13.153.129 - - [11/Sep/2026:17:34:22 +0330] "GET /wp-login.php?redirect_to=https%3A%2F%2Fdigikeyland.ir%2Fwp-admin%2Findex.php&reauth=1 HTTP/1.1" 200 3804 "https://digikeyland.ir/wp-login.php" "Mozilla/5.0 (Windows NT 6.1; Win64; x64) AppleWebKit/537.36 (KHTML, like Gecko) Chrome/91.0.4472.124 Safari/537.36"
185.130.50.10 - - [11/Sep/2026:17:34:25 +0330] "POST /wp-cron.php?doing_wp_cron=1789135465.4309940338134765625000 HTTP/1.1" 200 20 "-" "WordPress/7.1; https://digikeyland.ir"
84.13.153.129 - - [11/Sep/2026:17:34:24 +0330] "POST /wp-login.php HTTP/1.1" 200 3971 "https://digikeyland.ir/wp-login.php" "Mozilla/5.0 (Macintosh; Intel Mac OS X 10_15_7) AppleWebKit/605.1.15 (KHTML, like Gecko) Version/14.1.1 Safari/605.1.15"
84.13.153.129 - - [11/Sep/2026:17:34:25 +0330] "GET /wp-admin/index.php HTTP/1.1" 302 20 "https://digikeyland.ir/wp-login.php" "Mozilla/5.0 (Windows NT 6.1; Win64; x64) AppleWebKit/537.36 (KHTML, like Gecko) Chrome/92.0.4515.131 Safari/537.36"
84.13.153.129 - - [11/Sep/2026:17:34:27 +0330] "GET /wp-login.php?redirect_to=https%3A%2F%2Fdigikeyland.ir%2Fwp-admin%2Findex.php&reauth=1 HTTP/1.1" 200 3804 "https://digikeyland.ir/wp-login.php" "Mozilla/5.0 (Windows NT 6.1; Win64; x64) AppleWebKit/537.36 (KHTML, like Gecko) Chrome/92.0.4515.131 Safari/537.36"
84.13.153.129 - - [11/Sep/2026:17:34:29 +0330] "GET /wp-admin/index.php HTTP/1.1" 302 20 "https://digikeyland.ir/wp-login.php" "Mozilla/5.0 (Windows NT 6.1; Win64; x64) AppleWebKit/537.36 (KHTML, like Gecko) Chrome/92.0.4515.131 Safari/537.36"
46.100.87.66 - - [11/Sep/2026:17:34:29 +0330] "POST /wp-admin/admin-ajax.php HTTP/2" 200 67 "https://digikeyland.ir/wp-admin/edit.php?post_type=shop_order" "Mozilla/5.0 (Windows NT 10.0; Win64; x64) AppleWebKit/537.36 (KHTML, like Gecko) Chrome/153.0.0.0 Safari/537.36"
84.13.153.129 - - [11/Sep/2026:17:34:30 +0330] "GET /wp-login.php?redirect_to=https%3A%2F%2Fdigikeyland.ir%2Fwp-admin%2Findex.php&reauth=1 HTTP/1.1" 200 3804 "https://digikeyland.ir/wp-login.php" "Mozilla/5.0 (Windows NT 6.1; Win64; x64) AppleWebKit/537.36 (KHTML, like Gecko) Chrome/92.0.4515.131 Safari/537.36"
84.13.153.129 - - [11/Sep/2026:17:34:32 +0330] "POST /wp-login.php HTTP/1.1" 200 3978 "https://digikeyland.ir/wp-login.php" "Mozilla/5.0 (Windows NT 10.0; Win64; x64) AppleWebKit/537.36 (KHTML, like Gecko) Chrome/93.0.4577.63 Safari/537.36"
5.126.140.104 - - [11/Sep/2026:17:34:02 +0330] "GET /cart/ HTTP/1.1" 200 57580 "https://digikeyland.ir/product/chatgpt-plus/?attribute_pa_plan=%25d8%25a7%25d8%25b4%25d8%25aa%25d8%25b1%25d8%25a7%25da%25a9%25db%258c-%25d8%25a8%25d8%25a7-%25d8%25b6%25d9%2585%25d8%25a7%25d9%2586%25d8%25aa-%25da%25a9%25d8%25a7%25d9%2585%25d9%2584-%25d9%2582%25d8%25a7%25d8%25a8%25d9%2584-%25d8%25aa%25d9%2585%25d8%25af%25db%258c%25d8%25af-%25d9%2584%25d8%25a7%25da%25af%25db%258c" "Mozilla/5.0 (Linux; Android 10; K) AppleWebKit/537.36 (KHTML, like Gecko) Chrome/152.0.0.0 Mobile Safari/537.36"
5.126.140.104 - - [11/Sep/2026:17:34:14 +0330] "GET /checkout/ HTTP/1.1" 200 60290 "https://digikeyland.ir/cart/" "Mozilla/5.0 (Linux; Android 10; K) AppleWebKit/537.36 (KHTML, like Gecko) Chrome/152.0.0.0 Mobile Safari/537.36"
5.126.140.104 - - [11/Sep/2026:17:34:17 +0330] "GET /wp-content/themes/shopi/assets/css/mapp.min.css?ver=2.0.0 HTTP/1.1" 200 17046 "https://digikeyland.ir/checkout/" "Mozilla/5.0 (Linux; Android 10; K) AppleWebKit/537.36 (KHTML, like Gecko) Chrome/152.0.0.0 Mobile Safari/537.36"
5.126.140.104 - - [11/Sep/2026:17:34:17 +0330] "GET /wp-content/plugins/zarinpal-woocommerce-payment-gateway/assets/images/logo.svg HTTP/1.1" 200 521 "https://digikeyland.ir/checkout/" "Mozilla/5.0 (Linux; Android 10; K) AppleWebKit/537.36 (KHTML, like Gecko) Chrome/152.0.0.0 Mobile Safari/537.36"
5.126.140.104 - - [11/Sep/2026:17:34:17 +0330] "GET /wp-content/plugins/persian-woocommerce-sms//assets/js/multi-select.js?ver=7.2.2 HTTP/1.1" 200 349 "https://digikeyland.ir/checkout/" "Mozilla/5.0 (Linux; Android 10; K) AppleWebKit/537.36 (KHTML, like Gecko) Chrome/152.0.0.0 Mobile Safari/537.36"
5.126.140.104 - - [11/Sep/2026:17:34:17 +0330] "GET /wp-content/themes/shopi/assets/js/mapp.env.js?ver=2.0.0 HTTP/1.1" 200 708 "https://digikeyland.ir/checkout/" "Mozilla/5.0 (Linux; Android 10; K) AppleWebKit/537.36 (KHTML, like Gecko) Chrome/152.0.0.0 Mobile Safari/537.36"
5.126.140.104 - - [11/Sep/2026:17:34:17 +0330] "GET /wp-content/themes/shopi/assets/js/mapp.min.js?ver=2.0.0 HTTP/1.1" 200 329119 "https://digikeyland.ir/checkout/" "Mozilla/5.0 (Linux; Android 10; K) AppleWebKit/537.36 (KHTML, like Gecko) Chrome/152.0.0.0 Mobile Safari/537.36"
5.126.140.104 - - [11/Sep/2026:17:34:17 +0330] "GET /wp-content/plugins/woocommerce/assets/js/frontend/utils/custom-place-order-button.min.js?ver=11.1.0 HTTP/1.1" 200 786 "https://digikeyland.ir/checkout/" "Mozilla/5.0 (Linux; Android 10; K) AppleWebKit/537.36 (KHTML, like Gecko) Chrome/152.0.0.0 Mobile Safari/537.36"
5.126.140.104 - - [11/Sep/2026:17:34:17 +0330] "GET /wp-content/plugins/woocommerce/assets/js/frontend/checkout.min.js?ver=11.1.0 HTTP/1.1" 200 5037 "https://digikeyland.ir/checkout/" "Mozilla/5.0 (Linux; Android 10; K) AppleWebKit/537.36 (KHTML, like Gecko) Chrome/152.0.0.0 Mobile Safari/537.36"
5.126.140.104 - - [11/Sep/2026:17:34:17 +0330] "GET /wp-content/uploads/2025/12/digikeyland-flaticon.webp HTTP/1.1" 200 4434 "https://digikeyland.ir/checkout/" "Mozilla/5.0 (Linux; Android 10; K) AppleWebKit/537.36 (KHTML, like Gecko) Chrome/152.0.0.0 Mobile Safari/537.36"
5.126.140.104 - - [11/Sep/2026:17:34:17 +0330] "GET /wp-content/themes/shopi/assets/css/style.css?ver=2.0.0 HTTP/1.1" 404 60170 "https://digikeyland.ir/checkout/" "Mozilla/5.0 (Linux; Android 10; K) AppleWebKit/537.36 (KHTML, like Gecko) Chrome/152.0.0.0 Mobile Safari/537.36"
5.126.140.104 - - [11/Sep/2026:17:34:19 +0330] "POST /?wc-ajax=update_order_review HTTP/1.1" 200 1882 "https://digikeyland.ir/checkout/" "Mozilla/5.0 (Linux; Android 10; K) AppleWebKit/537.36 (KHTML, like Gecko) Chrome/152.0.0.0 Mobile Safari/537.36"
185.130.50.10 - - [11/Sep/2026:17:34:23 +0330] "POST /wp-cron.php?doing_wp_cron=1789135463.7005620002746582031250 HTTP/1.1" 200 20 "-" "WordPress/7.1; https://digikeyland.ir"
5.126.140.104 - - [11/Sep/2026:17:34:27 +0330] "POST /wp-admin/admin-ajax.php HTTP/1.1" 200 170 "https://digikeyland.ir/checkout/" "Mozilla/5.0 (Linux; Android 10; K) AppleWebKit/537.36 (KHTML, like Gecko) Chrome/152.0.0.0 Mobile Safari/537.36"
84.13.153.129 - - [11/Sep/2026:17:34:33 +0330] "GET /wp-admin/index.php HTTP/1.1" 302 20 "https://digikeyland.ir/wp-login.php" "Mozilla/5.0 (Macintosh; Intel Mac OS X 10_15_7; rv:89.0) Gecko/20100101 Firefox/89.0.2"
84.13.153.129 - - [11/Sep/2026:17:34:35 +0330] "GET /wp-login.php?redirect_to=https%3A%2F%2Fdigikeyland.ir%2Fwp-admin%2Findex.php&reauth=1 HTTP/1.1" 200 3804 "https://digikeyland.ir/wp-login.php" "Mozilla/5.0 (Macintosh; Intel Mac OS X 10_15_7; rv:89.0) Gecko/20100101 Firefox/89.0.2"
84.13.153.129 - - [11/Sep/2026:17:34:36 +0330] "GET /wp-admin/index.php HTTP/1.1" 302 20 "https://digikeyland.ir/wp-login.php" "Mozilla/5.0 (Macintosh; Intel Mac OS X 10_15_7; rv:89.0) Gecko/20100101 Firefox/89.0.2"
84.13.153.129 - - [11/Sep/2026:17:34:38 +0330] "GET /wp-login.php?redirect_to=https%3A%2F%2Fdigikeyland.ir%2Fwp-admin%2Findex.php&reauth=1 HTTP/1.1" 200 3804 "https://digikeyland.ir/wp-login.php" "Mozilla/5.0 (Macintosh; Intel Mac OS X 10_15_7; rv:89.0) Gecko/20100101 Firefox/89.0.2"
84.13.153.129 - - [11/Sep/2026:17:34:39 +0330] "POST /wp-login.php HTTP/1.1" 200 3972 "https://digikeyland.ir/wp-login.php" "Mozilla/5.0 (Windows NT 6.1; Win64; x64) AppleWebKit/537.36 (KHTML, like Gecko) Chrome/91.0.4472.124 Safari/537.36"
84.13.153.129 - - [11/Sep/2026:17:34:41 +0330] "GET /wp-admin/index.php HTTP/1.1" 302 20 "https://digikeyland.ir/wp-login.php" "Mozilla/5.0 (Windows NT 10.0; Win64; x64) AppleWebKit/605.1.15 (KHTML, like Gecko) Version/15.0 Safari/605.1.15"
84.13.153.129 - - [11/Sep/2026:17:34:42 +0330] "GET /wp-login.php?redirect_to=https%3A%2F%2Fdigikeyland.ir%2Fwp-admin%2Findex.php&reauth=1 HTTP/1.1" 200 3804 "https://digikeyland.ir/wp-login.php" "Mozilla/5.0 (Windows NT 10.0; Win64; x64) AppleWebKit/605.1.15 (KHTML, like Gecko) Version/15.0 Safari/605.1.15"
84.13.153.129 - - [11/Sep/2026:17:34:44 +0330] "GET /wp-admin/index.php HTTP/1.1" 302 20 "https://digikeyland.ir/wp-login.php" "Mozilla/5.0 (Windows NT 10.0; Win64; x64) AppleWebKit/605.1.15 (KHTML, like Gecko) Version/15.0 Safari/605.1.15"
84.13.153.129 - - [11/Sep/2026:17:34:46 +0330] "GET /wp-login.php?redirect_to=https%3A%2F%2Fdigikeyland.ir%2Fwp-admin%2Findex.php&reauth=1 HTTP/1.1" 200 3804 "https://digikeyland.ir/wp-login.php" "Mozilla/5.0 (Windows NT 10.0; Win64; x64) AppleWebKit/605.1.15 (KHTML, like Gecko) Version/15.0 Safari/605.1.15"
84.13.153.129 - - [11/Sep/2026:17:34:47 +0330] "POST /wp-login.php HTTP/1.1" 200 3975 "https://digikeyland.ir/wp-login.php" "Mozilla/5.0 (Macintosh; Intel Mac OS X 10_15_7) AppleWebKit/605.1.15 (KHTML, like Gecko) Version/14.1 Safari/605.1.15"
84.13.153.129 - - [11/Sep/2026:17:34:49 +0330] "GET /wp-admin/index.php HTTP/1.1" 302 20 "https://digikeyland.ir/wp-login.php" "Mozilla/5.0 (Macintosh; Intel Mac OS X 10_15_7) AppleWebKit/537.36 (KHTML, like Gecko) Chrome/90.0.4430.212 Safari/537.36"
84.13.153.129 - - [11/Sep/2026:17:34:50 +0330] "GET /wp-login.php?redirect_to=https%3A%2F%2Fdigikeyland.ir%2Fwp-admin%2Findex.php&reauth=1 HTTP/1.1" 200 3804 "https://digikeyland.ir/wp-login.php" "Mozilla/5.0 (Macintosh; Intel Mac OS X 10_15_7) AppleWebKit/537.36 (KHTML, like Gecko) Chrome/90.0.4430.212 Safari/537.36"
84.13.153.129 - - [11/Sep/2026:17:34:52 +0330] "GET /wp-admin/index.php HTTP/1.1" 302 20 "https://digikeyland.ir/wp-login.php" "Mozilla/5.0 (Macintosh; Intel Mac OS X 10_15_7) AppleWebKit/537.36 (KHTML, like Gecko) Chrome/90.0.4430.212 Safari/537.36"
84.13.153.129 - - [11/Sep/2026:17:34:53 +0330] "GET /wp-login.php?redirect_to=https%3A%2F%2Fdigikeyland.ir%2Fwp-admin%2Findex.php&reauth=1 HTTP/1.1" 200 3804 "https://digikeyland.ir/wp-login.php" "Mozilla/5.0 (Macintosh; Intel Mac OS X 10_15_7) AppleWebKit/537.36 (KHTML, like Gecko) Chrome/90.0.4430.212 Safari/537.36"
84.13.153.129 - - [11/Sep/2026:17:34:55 +0330] "POST /wp-login.php HTTP/1.1" 200 3968 "https://digikeyland.ir/wp-login.php" "Mozilla/5.0 (X11; Linux x86_64) AppleWebKit/537.36 (KHTML, like Gecko) Chrome/93.0.4577.63 Safari/537.36"
84.13.153.129 - - [11/Sep/2026:17:34:56 +0330] "GET /wp-admin/index.php HTTP/1.1" 302 20 "https://digikeyland.ir/wp-login.php" "Mozilla/5.0 (Windows NT 10.0; Win64; x64) AppleWebKit/605.1.15 (KHTML, like Gecko) Version/14.1.2 Safari/605.1.15"
84.13.153.129 - - [11/Sep/2026:17:34:58 +0330] "GET /wp-login.php?redirect_to=https%3A%2F%2Fdigikeyland.ir%2Fwp-admin%2Findex.php&reauth=1 HTTP/1.1" 200 3804 "https://digikeyland.ir/wp-login.php" "Mozilla/5.0 (Windows NT 10.0; Win64; x64) AppleWebKit/605.1.15 (KHTML, like Gecko) Version/14.1.2 Safari/605.1.15"
84.13.153.129 - - [11/Sep/2026:17:34:59 +0330] "GET /wp-admin/index.php HTTP/1.1" 302 20 "https://digikeyland.ir/wp-login.php" "Mozilla/5.0 (Windows NT 10.0; Win64; x64) AppleWebKit/605.1.15 (KHTML, like Gecko) Version/14.1.2 Safari/605.1.15"
84.13.153.129 - - [11/Sep/2026:17:35:01 +0330] "GET /wp-login.php?redirect_to=https%3A%2F%2Fdigikeyland.ir%2Fwp-admin%2Findex.php&reauth=1 HTTP/1.1" 200 3804 "https://digikeyland.ir/wp-login.php" "Mozilla/5.0 (Windows NT 10.0; Win64; x64) AppleWebKit/605.1.15 (KHTML, like Gecko) Version/14.1.2 Safari/605.1.15"
84.13.153.129 - - [11/Sep/2026:17:35:03 +0330] "POST /wp-login.php HTTP/1.1" 200 3975 "https://digikeyland.ir/wp-login.php" "Mozilla/5.0 (X11; Linux x86_64) AppleWebKit/537.36 (KHTML, like Gecko) Chrome/91.0.4472.124 Safari/537.36"
84.13.153.129 - - [11/Sep/2026:17:35:04 +0330] "GET /wp-admin/index.php HTTP/1.1" 302 20 "https://digikeyland.ir/wp-login.php" "Mozilla/5.0 (Macintosh; Intel Mac OS X 10_15_7) AppleWebKit/605.1.15 (KHTML, like Gecko) Version/14.0.3 Safari/605.1.15"
84.13.153.129 - - [11/Sep/2026:17:35:06 +0330] "GET /wp-login.php?redirect_to=https%3A%2F%2Fdigikeyland.ir%2Fwp-admin%2Findex.php&reauth=1 HTTP/1.1" 200 3804 "https://digikeyland.ir/wp-login.php" "Mozilla/5.0 (Macintosh; Intel Mac OS X 10_15_7) AppleWebKit/605.1.15 (KHTML, like Gecko) Version/14.0.3 Safari/605.1.15"
84.13.153.129 - - [11/Sep/2026:17:35:08 +0330] "GET /wp-admin/index.php HTTP/1.1" 302 20 "https://digikeyland.ir/wp-login.php" "Mozilla/5.0 (Macintosh; Intel Mac OS X 10_15_7) AppleWebKit/605.1.15 (KHTML, like Gecko) Version/14.0.3 Safari/605.1.15"
84.13.153.129 - - [11/Sep/2026:17:35:09 +0330] "GET /wp-login.php?redirect_to=https%3A%2F%2Fdigikeyland.ir%2Fwp-admin%2Findex.php&reauth=1 HTTP/1.1" 200 3804 "https://digikeyland.ir/wp-login.php" "Mozilla/5.0 (Macintosh; Intel Mac OS X 10_15_7) AppleWebKit/605.1.15 (KHTML, like Gecko) Version/14.0.3 Safari/605.1.15"
84.13.153.129 - - [11/Sep/2026:17:35:11 +0330] "POST /wp-login.php HTTP/1.1" 200 3970 "https://digikeyland.ir/wp-login.php" "Mozilla/5.0 (Windows NT 6.1; Win64; x64) AppleWebKit/537.36 (KHTML, like Gecko) Chrome/93.0.4577.63 Safari/537.36"
84.13.153.129 - - [11/Sep/2026:17:35:12 +0330] "GET /wp-admin/index.php HTTP/1.1" 302 20 "https://digikeyland.ir/wp-login.php" "Mozilla/5.0 (X11; Linux x86_64) AppleWebKit/537.36 (KHTML, like Gecko) Chrome/90.0.4430.212 Safari/537.36"
84.13.153.129 - - [11/Sep/2026:17:35:14 +0330] "GET /wp-login.php?redirect_to=https%3A%2F%2Fdigikeyland.ir%2Fwp-admin%2Findex.php&reauth=1 HTTP/1.1" 200 3804 "https://digikeyland.ir/wp-login.php" "Mozilla/5.0 (X11; Linux x86_64) AppleWebKit/537.36 (KHTML, like Gecko) Chrome/90.0.4430.212 Safari/537.36"
84.13.153.129 - - [11/Sep/2026:17:35:16 +0330] "GET /wp-admin/index.php HTTP/1.1" 302 20 "https://digikeyland.ir/wp-login.php" "Mozilla/5.0 (X11; Linux x86_64) AppleWebKit/537.36 (KHTML, like Gecko) Chrome/90.0.4430.212 Safari/537.36"
84.13.153.129 - - [11/Sep/2026:17:35:17 +0330] "GET /wp-login.php?redirect_to=https%3A%2F%2Fdigikeyland.ir%2Fwp-admin%2Findex.php&reauth=1 HTTP/1.1" 200 3804 "https://digikeyland.ir/wp-login.php" "Mozilla/5.0 (X11; Linux x86_64) AppleWebKit/537.36 (KHTML, like Gecko) Chrome/90.0.4430.212 Safari/537.36"
84.13.153.129 - - [11/Sep/2026:17:35:19 +0330] "POST /wp-login.php HTTP/1.1" 200 3968 "https://digikeyland.ir/wp-login.php" "Mozilla/5.0 (Windows NT 6.1; Win64; x64; rv:90.0) Gecko/20100101 Firefox/90.0.1"
193.36.225.175 - - [11/Sep/2026:17:35:18 +0330] "POST /wp-login.php HTTP/1.1" 200 3974 "-" "Mozilla/5.0 (Windows NT 10.0; Win64; rv:143.0) Gecko/20100101 Firefox/143.0"
84.13.153.129 - - [11/Sep/2026:17:35:21 +0330] "GET /wp-admin/index.php HTTP/1.1" 302 20 "https://digikeyland.ir/wp-login.php" "Mozilla/5.0 (Windows NT 6.1; Win64; x64; rv:89.0) Gecko/20100101 Firefox/89.0.2"
84.13.153.129 - - [11/Sep/2026:17:35:23 +0330] "GET /wp-login.php?redirect_to=https%3A%2F%2Fdigikeyland.ir%2Fwp-admin%2Findex.php&reauth=1 HTTP/1.1" 200 3804 "https://digikeyland.ir/wp-login.php" "Mozilla/5.0 (Windows NT 6.1; Win64; x64; rv:89.0) Gecko/20100101 Firefox/89.0.2"
84.13.153.129 - - [11/Sep/2026:17:35:24 +0330] "GET /wp-admin/index.php HTTP/1.1" 302 20 "https://digikeyland.ir/wp-login.php" "Mozilla/5.0 (Windows NT 6.1; Win64; x64; rv:89.0) Gecko/20100101 Firefox/89.0.2"
84.13.153.129 - - [11/Sep/2026:17:35:26 +0330] "GET /wp-login.php?redirect_to=https%3A%2F%2Fdigikeyland.ir%2Fwp-admin%2Findex.php&reauth=1 HTTP/1.1" 200 3804 "https://digikeyland.ir/wp-login.php" "Mozilla/5.0 (Windows NT 6.1; Win64; x64; rv:89.0) Gecko/20100101 Firefox/89.0.2"
84.13.153.129 - - [11/Sep/2026:17:35:27 +0330] "POST /wp-login.php HTTP/1.1" 200 3975 "https://digikeyland.ir/wp-login.php" "Mozilla/5.0 (Macintosh; Intel Mac OS X 10_15_7) AppleWebKit/537.36 (KHTML, like Gecko) Chrome/91.0.4472.124 Safari/537.36"
84.13.153.129 - - [11/Sep/2026:17:35:29 +0330] "GET /wp-admin/index.php HTTP/1.1" 302 20 "https://digikeyland.ir/wp-login.php" "Mozilla/5.0 (Windows NT 10.0; Win64; x64) AppleWebKit/605.1.15 (KHTML, like Gecko) Version/14.0.3 Safari/605.1.15"
84.13.153.129 - - [11/Sep/2026:17:35:30 +0330] "GET /wp-login.php?redirect_to=https%3A%2F%2Fdigikeyland.ir%2Fwp-admin%2Findex.php&reauth=1 HTTP/1.1" 200 3804 "https://digikeyland.ir/wp-login.php" "Mozilla/5.0 (Windows NT 10.0; Win64; x64) AppleWebKit/605.1.15 (KHTML, like Gecko) Version/14.0.3 Safari/605.1.15"
84.13.153.129 - - [11/Sep/2026:17:35:32 +0330] "GET /wp-admin/index.php HTTP/1.1" 302 20 "https://digikeyland.ir/wp-login.php" "Mozilla/5.0 (Windows NT 10.0; Win64; x64) AppleWebKit/605.1.15 (KHTML, like Gecko) Version/14.0.3 Safari/605.1.15"
84.13.153.129 - - [11/Sep/2026:17:35:33 +0330] "GET /wp-login.php?redirect_to=https%3A%2F%2Fdigikeyland.ir%2Fwp-admin%2Findex.php&reauth=1 HTTP/1.1" 200 3804 "https://digikeyland.ir/wp-login.php" "Mozilla/5.0 (Windows NT 10.0; Win64; x64) AppleWebKit/605.1.15 (KHTML, like Gecko) Version/14.0.3 Safari/605.1.15"
84.13.153.129 - - [11/Sep/2026:17:35:35 +0330] "POST /wp-login.php HTTP/1.1" 200 3968 "https://digikeyland.ir/wp-login.php" "Mozilla/5.0 (Windows NT 10.0; Win64; x64; rv:89.0) Gecko/20100101 Firefox/89.0.2"
84.13.153.129 - - [11/Sep/2026:17:35:36 +0330] "GET /wp-admin/index.php HTTP/1.1" 302 20 "https://digikeyland.ir/wp-login.php" "Mozilla/5.0 (Windows NT 10.0; Win64; x64) AppleWebKit/537.36 (KHTML, like Gecko) Chrome/91.0.4472.124 Safari/537.36"
84.13.153.129 - - [11/Sep/2026:17:35:38 +0330] "GET /wp-login.php?redirect_to=https%3A%2F%2Fdigikeyland.ir%2Fwp-admin%2Findex.php&reauth=1 HTTP/1.1" 200 3804 "https://digikeyland.ir/wp-login.php" "Mozilla/5.0 (Windows NT 10.0; Win64; x64) AppleWebKit/537.36 (KHTML, like Gecko) Chrome/91.0.4472.124 Safari/537.36"
84.13.153.129 - - [11/Sep/2026:17:35:40 +0330] "GET /wp-admin/index.php HTTP/1.1" 302 20 "https://digikeyland.ir/wp-login.php" "Mozilla/5.0 (Windows NT 10.0; Win64; x64) AppleWebKit/537.36 (KHTML, like Gecko) Chrome/91.0.4472.124 Safari/537.36"
84.13.153.129 - - [11/Sep/2026:17:35:42 +0330] "GET /wp-login.php?redirect_to=https%3A%2F%2Fdigikeyland.ir%2Fwp-admin%2Findex.php&reauth=1 HTTP/1.1" 200 3804 "https://digikeyland.ir/wp-login.php" "Mozilla/5.0 (Windows NT 10.0; Win64; x64) AppleWebKit/537.36 (KHTML, like Gecko) Chrome/91.0.4472.124 Safari/537.36"
84.13.153.129 - - [11/Sep/2026:17:35:43 +0330] "POST /wp-login.php HTTP/1.1" 200 3974 "https://digikeyland.ir/wp-login.php" "Mozilla/5.0 (Macintosh; Intel Mac OS X 10_15_7) AppleWebKit/537.36 (KHTML, like Gecko) Chrome/92.0.4515.131 Safari/537.36"
84.13.153.129 - - [11/Sep/2026:17:35:44 +0330] "GET /wp-admin/index.php HTTP/1.1" 302 20 "https://digikeyland.ir/wp-login.php" "Mozilla/5.0 (X11; Linux x86_64; rv:92.0) Gecko/20100101 Firefox/92.0"
84.13.153.129 - - [11/Sep/2026:17:35:46 +0330] "GET /wp-login.php?redirect_to=https%3A%2F%2Fdigikeyland.ir%2Fwp-admin%2Findex.php&reauth=1 HTTP/1.1" 200 3804 "https://digikeyland.ir/wp-login.php" "Mozilla/5.0 (X11; Linux x86_64; rv:92.0) Gecko/20100101 Firefox/92.0"
84.13.153.129 - - [11/Sep/2026:17:35:47 +0330] "GET /wp-admin/index.php HTTP/1.1" 302 20 "https://digikeyland.ir/wp-login.php" "Mozilla/5.0 (X11; Linux x86_64; rv:92.0) Gecko/20100101 Firefox/92.0"
84.13.153.129 - - [11/Sep/2026:17:35:49 +0330] "GET /wp-login.php?redirect_to=https%3A%2F%2Fdigikeyland.ir%2Fwp-admin%2Findex.php&reauth=1 HTTP/1.1" 200 3804 "https://digikeyland.ir/wp-login.php" "Mozilla/5.0 (X11; Linux x86_64; rv:92.0) Gecko/20100101 Firefox/92.0"
84.13.153.129 - - [11/Sep/2026:17:35:50 +0330] "POST /wp-login.php HTTP/1.1" 200 3896 "https://digikeyland.ir/wp-login.php" "Mozilla/5.0 (Macintosh; Intel Mac OS X 10_15_7) AppleWebKit/537.36 (KHTML, like Gecko) Chrome/93.0.4577.63 Safari/537.36"
84.13.153.129 - - [11/Sep/2026:17:35:52 +0330] "GET /wp-admin/index.php HTTP/1.1" 302 20 "https://digikeyland.ir/wp-login.php" "Mozilla/5.0 (Windows NT 10.0; Win64; x64) AppleWebKit/537.36 (KHTML, like Gecko) Chrome/93.0.4577.63 Safari/537.36"
84.13.153.129 - - [11/Sep/2026:17:35:53 +0330] "GET /wp-login.php?redirect_to=https%3A%2F%2Fdigikeyland.ir%2Fwp-admin%2Findex.php&reauth=1 HTTP/1.1" 200 3804 "https://digikeyland.ir/wp-login.php" "Mozilla/5.0 (Windows NT 10.0; Win64; x64) AppleWebKit/537.36 (KHTML, like Gecko) Chrome/93.0.4577.63 Safari/537.36"
84.13.153.129 - - [11/Sep/2026:17:35:55 +0330] "GET /wp-admin/index.php HTTP/1.1" 302 20 "https://digikeyland.ir/wp-login.php" "Mozilla/5.0 (Windows NT 10.0; Win64; x64) AppleWebKit/537.36 (KHTML, like Gecko) Chrome/93.0.4577.63 Safari/537.36"
84.13.153.129 - - [11/Sep/2026:17:35:56 +0330] "GET /wp-login.php?redirect_to=https%3A%2F%2Fdigikeyland.ir%2Fwp-admin%2Findex.php&reauth=1 HTTP/1.1" 200 3804 "https://digikeyland.ir/wp-login.php" "Mozilla/5.0 (Windows NT 10.0; Win64; x64) AppleWebKit/537.36 (KHTML, like Gecko) Chrome/93.0.4577.63 Safari/537.36"
84.13.153.129 - - [11/Sep/2026:17:35:58 +0330] "POST /wp-login.php HTTP/1.1" 200 3969 "https://digikeyland.ir/wp-login.php" "Mozilla/5.0 (Macintosh; Intel Mac OS X 10_15_7) AppleWebKit/537.36 (KHTML, like Gecko) Chrome/94.0.4606.71 Safari/537.36"
84.13.153.129 - - [11/Sep/2026:17:35:59 +0330] "GET /wp-admin/index.php HTTP/1.1" 302 20 "https://digikeyland.ir/wp-login.php" "Mozilla/5.0 (Windows NT 6.1; Win64; x64) AppleWebKit/537.36 (KHTML, like Gecko) Chrome/94.0.4606.71 Safari/537.36"
84.13.153.129 - - [11/Sep/2026:17:36:01 +0330] "GET /wp-login.php?redirect_to=https%3A%2F%2Fdigikeyland.ir%2Fwp-admin%2Findex.php&reauth=1 HTTP/1.1" 200 3804 "https://digikeyland.ir/wp-login.php" "Mozilla/5.0 (Windows NT 6.1; Win64; x64) AppleWebKit/537.36 (KHTML, like Gecko) Chrome/94.0.4606.71 Safari/537.36"
84.13.153.129 - - [11/Sep/2026:17:36:02 +0330] "GET /wp-admin/index.php HTTP/1.1" 302 20 "https://digikeyland.ir/wp-login.php" "Mozilla/5.0 (Windows NT 6.1; Win64; x64) AppleWebKit/537.36 (KHTML, like Gecko) Chrome/94.0.4606.71 Safari/537.36"
84.13.153.129 - - [11/Sep/2026:17:36:04 +0330] "GET /wp-login.php?redirect_to=https%3A%2F%2Fdigikeyland.ir%2Fwp-admin%2Findex.php&reauth=1 HTTP/1.1" 200 3804 "https://digikeyland.ir/wp-login.php" "Mozilla/5.0 (Windows NT 6.1; Win64; x64) AppleWebKit/537.36 (KHTML, like Gecko) Chrome/94.0.4606.71 Safari/537.36"
84.13.153.129 - - [11/Sep/2026:17:36:05 +0330] "POST /wp-login.php HTTP/1.1" 200 3967 "https://digikeyland.ir/wp-login.php" "Mozilla/5.0 (Macintosh; Intel Mac OS X 10_15_7) AppleWebKit/605.1.15 (KHTML, like Gecko) Version/14.1 Safari/605.1.15"
84.13.153.129 - - [11/Sep/2026:17:36:06 +0330] "GET /wp-admin/index.php HTTP/1.1" 302 20 "https://digikeyland.ir/wp-login.php" "Mozilla/5.0 (Macintosh; Intel Mac OS X 10_15_7) AppleWebKit/605.1.15 (KHTML, like Gecko) Version/14.1.1 Safari/605.1.15"
84.13.153.129 - - [11/Sep/2026:17:36:08 +0330] "GET /wp-login.php?redirect_to=https%3A%2F%2Fdigikeyland.ir%2Fwp-admin%2Findex.php&reauth=1 HTTP/1.1" 200 3804 "https://digikeyland.ir/wp-login.php" "Mozilla/5.0 (Macintosh; Intel Mac OS X 10_15_7) AppleWebKit/605.1.15 (KHTML, like Gecko) Version/14.1.1 Safari/605.1.15"
84.13.153.129 - - [11/Sep/2026:17:36:10 +0330] "GET /wp-admin/index.php HTTP/1.1" 302 20 "https://digikeyland.ir/wp-login.php" "Mozilla/5.0 (Macintosh; Intel Mac OS X 10_15_7) AppleWebKit/605.1.15 (KHTML, like Gecko) Version/14.1.1 Safari/605.1.15"
84.13.153.129 - - [11/Sep/2026:17:36:11 +0330] "GET /wp-login.php?redirect_to=https%3A%2F%2Fdigikeyland.ir%2Fwp-admin%2Findex.php&reauth=1 HTTP/1.1" 200 3804 "https://digikeyland.ir/wp-login.php" "Mozilla/5.0 (Macintosh; Intel Mac OS X 10_15_7) AppleWebKit/605.1.15 (KHTML, like Gecko) Version/14.1.1 Safari/605.1.15"
84.13.153.129 - - [11/Sep/2026:17:36:13 +0330] "POST /wp-login.php HTTP/1.1" 200 3967 "https://digikeyland.ir/wp-login.php" "Mozilla/5.0 (Windows NT 10.0; Win64; x64) AppleWebKit/605.1.15 (KHTML, like Gecko) Version/14.1.1 Safari/605.1.15"
84.13.153.129 - - [11/Sep/2026:17:36:15 +0330] "GET /wp-admin/index.php HTTP/1.1" 302 20 "https://digikeyland.ir/wp-login.php" "Mozilla/5.0 (Windows NT 6.1; Win64; x64; rv:90.0) Gecko/20100101 Firefox/90.0.1"
84.13.153.129 - - [11/Sep/2026:17:36:16 +0330] "GET /wp-login.php?redirect_to=https%3A%2F%2Fdigikeyland.ir%2Fwp-admin%2Findex.php&reauth=1 HTTP/1.1" 200 3804 "https://digikeyland.ir/wp-login.php" "Mozilla/5.0 (Windows NT 6.1; Win64; x64; rv:90.0) Gecko/20100101 Firefox/90.0.1"
84.13.153.129 - - [11/Sep/2026:17:36:18 +0330] "GET /wp-admin/index.php HTTP/1.1" 302 20 "https://digikeyland.ir/wp-login.php" "Mozilla/5.0 (Windows NT 6.1; Win64; x64; rv:90.0) Gecko/20100101 Firefox/90.0.1"
84.13.153.129 - - [11/Sep/2026:17:36:20 +0330] "GET /wp-login.php?redirect_to=https%3A%2F%2Fdigikeyland.ir%2Fwp-admin%2Findex.php&reauth=1 HTTP/1.1" 200 3804 "https://digikeyland.ir/wp-login.php" "Mozilla/5.0 (Windows NT 6.1; Win64; x64; rv:90.0) Gecko/20100101 Firefox/90.0.1"
84.13.153.129 - - [11/Sep/2026:17:36:21 +0330] "POST /wp-login.php HTTP/1.1" 200 3967 "https://digikeyland.ir/wp-login.php" "Mozilla/5.0 (Macintosh; Intel Mac OS X 10_15_7) AppleWebKit/605.1.15 (KHTML, like Gecko) Version/14.0.3 Safari/605.1.15"
84.13.153.129 - - [11/Sep/2026:17:36:23 +0330] "GET /wp-admin/index.php HTTP/1.1" 302 20 "https://digikeyland.ir/wp-login.php" "Mozilla/5.0 (Windows NT 10.0; Win64; x64) AppleWebKit/537.36 (KHTML, like Gecko) Chrome/93.0.4577.63 Safari/537.36"
84.13.153.129 - - [11/Sep/2026:17:36:25 +0330] "GET /wp-login.php?redirect_to=https%3A%2F%2Fdigikeyland.ir%2Fwp-admin%2Findex.php&reauth=1 HTTP/1.1" 200 3804 "https://digikeyland.ir/wp-login.php" "Mozilla/5.0 (Windows NT 10.0; Win64; x64) AppleWebKit/537.36 (KHTML, like Gecko) Chrome/93.0.4577.63 Safari/537.36"
84.13.153.129 - - [11/Sep/2026:17:36:26 +0330] "GET /wp-admin/index.php HTTP/1.1" 302 20 "https://digikeyland.ir/wp-login.php" "Mozilla/5.0 (Windows NT 10.0; Win64; x64) AppleWebKit/537.36 (KHTML, like Gecko) Chrome/93.0.4577.63 Safari/537.36"
185.130.50.10 - - [11/Sep/2026:17:36:29 +0330] "POST /wp-cron.php?doing_wp_cron=1789135589.6818039417266845703125 HTTP/1.1" 200 20 "-" "WordPress/7.1; https://digikeyland.ir"
84.13.153.129 - - [11/Sep/2026:17:36:28 +0330] "GET /wp-login.php?redirect_to=https%3A%2F%2Fdigikeyland.ir%2Fwp-admin%2Findex.php&reauth=1 HTTP/1.1" 200 3804 "https://digikeyland.ir/wp-login.php" "Mozilla/5.0 (Windows NT 10.0; Win64; x64) AppleWebKit/537.36 (KHTML, like Gecko) Chrome/93.0.4577.63 Safari/537.36"
5.126.140.104 - - [11/Sep/2026:17:34:37 +0330] "POST /wp-admin/admin-ajax.php HTTP/1.1" 200 90 "https://digikeyland.ir/checkout/" "Mozilla/5.0 (Linux; Android 10; K) AppleWebKit/537.36 (KHTML, like Gecko) Chrome/152.0.0.0 Mobile Safari/537.36"
5.126.140.104 - - [11/Sep/2026:17:34:40 +0330] "GET /checkout/ HTTP/1.1" 200 58968 "https://digikeyland.ir/checkout/" "Mozilla/5.0 (Linux; Android 10; K) AppleWebKit/537.36 (KHTML, like Gecko) Chrome/152.0.0.0 Mobile Safari/537.36"
5.126.140.104 - - [11/Sep/2026:17:34:42 +0330] "GET /wp-content/themes/shopi/assets/css/style.css?ver=2.0.0 HTTP/1.1" 404 60013 "https://digikeyland.ir/checkout/" "Mozilla/5.0 (Linux; Android 10; K) AppleWebKit/537.36 (KHTML, like Gecko) Chrome/152.0.0.0 Mobile Safari/537.36"
5.126.140.104 - - [11/Sep/2026:17:34:44 +0330] "POST /?wc-ajax=update_order_review HTTP/1.1" 200 1882 "https://digikeyland.ir/checkout/" "Mozilla/5.0 (Linux; Android 10; K) AppleWebKit/537.36 (KHTML, like Gecko) Chrome/152.0.0.0 Mobile Safari/537.36"
9.129.37.17 - - [11/Sep/2026:17:34:48 +0330] "GET / HTTP/2" 200 82829 "-" "Mozilla/5.0 AppleWebKit/537.36 (KHTML, like Gecko); compatible; ChatGPT-User/1.0; +https://openai.com/bot"
185.130.50.10 - - [11/Sep/2026:17:35:26 +0330] "POST /wp-cron.php?doing_wp_cron=1789135526.2267310619354248046875 HTTP/1.1" 200 20 "-" "WordPress/7.1; https://digikeyland.ir"
185.130.50.10 - - [11/Sep/2026:17:35:27 +0330] "POST /wp-cron.php?doing_wp_cron=1789135527.6747930049896240234375 HTTP/1.1" 200 20 "-" "WordPress/7.1; https://digikeyland.ir"
185.130.50.10 - - [11/Sep/2026:17:36:28 +0330] "POST /wp-cron.php?doing_wp_cron=1789135588.2864139080047607421875 HTTP/1.1" 200 20 "-" "WordPress/7.1; https://digikeyland.ir"
46.100.87.66 - - [11/Sep/2026:17:36:31 +0330] "POST /wp-admin/admin-ajax.php HTTP/2" 200 67 "https://digikeyland.ir/wp-admin/edit.php?post_type=shop_order" "Mozilla/5.0 (Windows NT 10.0; Win64; x64) AppleWebKit/537.36 (KHTML, like Gecko) Chrome/153.0.0.0 Safari/537.36"
84.13.153.129 - - [11/Sep/2026:17:36:29 +0330] "POST /wp-login.php HTTP/1.1" 200 3968 "https://digikeyland.ir/wp-login.php" "Mozilla/5.0 (Windows NT 10.0; Win64; x64) AppleWebKit/605.1.15 (KHTML, like Gecko) Version/14.1.2 Safari/605.1.15"
84.13.153.129 - - [11/Sep/2026:17:36:31 +0330] "GET /wp-admin/index.php HTTP/1.1" 302 20 "https://digikeyland.ir/wp-login.php" "Mozilla/5.0 (Windows NT 6.1; Win64; x64) AppleWebKit/537.36 (KHTML, like Gecko) Chrome/92.0.4515.131 Safari/537.36"
84.13.153.129 - - [11/Sep/2026:17:36:33 +0330] "GET /wp-login.php?redirect_to=https%3A%2F%2Fdigikeyland.ir%2Fwp-admin%2Findex.php&reauth=1 HTTP/1.1" 200 3804 "https://digikeyland.ir/wp-login.php" "Mozilla/5.0 (Windows NT 6.1; Win64; x64) AppleWebKit/537.36 (KHTML, like Gecko) Chrome/92.0.4515.131 Safari/537.36"
84.13.153.129 - - [11/Sep/2026:17:36:34 +0330] "GET /wp-admin/index.php HTTP/1.1" 302 20 "https://digikeyland.ir/wp-login.php" "Mozilla/5.0 (Windows NT 6.1; Win64; x64) AppleWebKit/537.36 (KHTML, like Gecko) Chrome/92.0.4515.131 Safari/537.36"
84.13.153.129 - - [11/Sep/2026:17:36:36 +0330] "GET /wp-login.php?redirect_to=https%3A%2F%2Fdigikeyland.ir%2Fwp-admin%2Findex.php&reauth=1 HTTP/1.1" 200 3804 "https://digikeyland.ir/wp-login.php" "Mozilla/5.0 (Windows NT 6.1; Win64; x64) AppleWebKit/537.36 (KHTML, like Gecko) Chrome/92.0.4515.131 Safari/537.36"
84.13.153.129 - - [11/Sep/2026:17:36:37 +0330] "POST /wp-login.php HTTP/1.1" 200 3970 "https://digikeyland.ir/wp-login.php" "Mozilla/5.0 (X11; Linux x86_64) AppleWebKit/537.36 (KHTML, like Gecko) Chrome/90.0.4430.212 Safari/537.36"
84.13.153.129 - - [11/Sep/2026:17:36:38 +0330] "GET /wp-admin/index.php HTTP/1.1" 302 20 "https://digikeyland.ir/wp-login.php" "Mozilla/5.0 (X11; Linux x86_64; rv:93.0) Gecko/20100101 Firefox/93.0"
84.13.153.129 - - [11/Sep/2026:17:36:40 +0330] "GET /wp-login.php?redirect_to=https%3A%2F%2Fdigikeyland.ir%2Fwp-admin%2Findex.php&reauth=1 HTTP/1.1" 200 3804 "https://digikeyland.ir/wp-login.php" "Mozilla/5.0 (X11; Linux x86_64; rv:93.0) Gecko/20100101 Firefox/93.0"
84.13.153.129 - - [11/Sep/2026:17:36:42 +0330] "GET /wp-admin/index.php HTTP/1.1" 302 20 "https://digikeyland.ir/wp-login.php" "Mozilla/5.0 (X11; Linux x86_64; rv:93.0) Gecko/20100101 Firefox/93.0"
84.13.153.129 - - [11/Sep/2026:17:36:43 +0330] "GET /wp-login.php?redirect_to=https%3A%2F%2Fdigikeyland.ir%2Fwp-admin%2Findex.php&reauth=1 HTTP/1.1" 200 3804 "https://digikeyland.ir/wp-login.php" "Mozilla/5.0 (X11; Linux x86_64; rv:93.0) Gecko/20100101 Firefox/93.0"
84.13.153.129 - - [11/Sep/2026:17:36:45 +0330] "GET /?author=1 HTTP/1.1" 404 63714 "-" "Mozilla/5.0 (Windows NT 6.1; Win64; x64) AppleWebKit/537.36 (KHTML, like Gecko) Chrome/92.0.4515.131 Safari/537.36"
84.13.153.129 - - [11/Sep/2026:17:36:47 +0330] "GET /?author=2 HTTP/1.1" 404 63714 "-" "Mozilla/5.0 (Windows NT 6.1; Win64; x64) AppleWebKit/537.36 (KHTML, like Gecko) Chrome/94.0.4606.71 Safari/537.36"
84.13.153.129 - - [11/Sep/2026:17:36:49 +0330] "GET /?author=3 HTTP/1.1" 404 63714 "-" "Mozilla/5.0 (Macintosh; Intel Mac OS X 10_15_7) AppleWebKit/605.1.15 (KHTML, like Gecko) Version/14.0.3 Safari/605.1.15"
84.13.153.129 - - [11/Sep/2026:17:36:51 +0330] "GET /wp-json/wp/v2/users HTTP/1.1" 200 593 "-" "Mozilla/5.0 (Macintosh; Intel Mac OS X 10_15_7) AppleWebKit/605.1.15 (KHTML, like Gecko) Version/14.1.2 Safari/605.1.15"
84.13.153.129 - - [11/Sep/2026:17:36:53 +0330] "POST /wp-login.php HTTP/1.1" 200 3927 "https://digikeyland.ir/wp-login.php" "Mozilla/5.0 (Macintosh; Intel Mac OS X 10_15_7; rv:91.0) Gecko/20100101 Firefox/91.0"
84.13.153.129 - - [11/Sep/2026:17:36:54 +0330] "GET /wp-admin/index.php HTTP/1.1" 302 20 "https://digikeyland.ir/wp-login.php" "Mozilla/5.0 (Macintosh; Intel Mac OS X 10_15_7) AppleWebKit/537.36 (KHTML, like Gecko) Chrome/93.0.4577.63 Safari/537.36"
84.13.153.129 - - [11/Sep/2026:17:36:56 +0330] "GET /wp-login.php?redirect_to=https%3A%2F%2Fdigikeyland.ir%2Fwp-admin%2Findex.php&reauth=1 HTTP/1.1" 200 3804 "https://digikeyland.ir/wp-login.php" "Mozilla/5.0 (Macintosh; Intel Mac OS X 10_15_7) AppleWebKit/537.36 (KHTML, like Gecko) Chrome/93.0.4577.63 Safari/537.36"
84.13.153.129 - - [11/Sep/2026:17:36:57 +0330] "GET /wp-admin/index.php HTTP/1.1" 302 20 "https://digikeyland.ir/wp-login.php" "Mozilla/5.0 (Macintosh; Intel Mac OS X 10_15_7) AppleWebKit/537.36 (KHTML, like Gecko) Chrome/93.0.4577.63 Safari/537.36"
84.13.153.129 - - [11/Sep/2026:17:36:59 +0330] "GET /wp-login.php?redirect_to=https%3A%2F%2Fdigikeyland.ir%2Fwp-admin%2Findex.php&reauth=1 HTTP/1.1" 200 3804 "https://digikeyland.ir/wp-login.php" "Mozilla/5.0 (Macintosh; Intel Mac OS X 10_15_7) AppleWebKit/537.36 (KHTML, like Gecko) Chrome/93.0.4577.63 Safari/537.36"
84.13.153.129 - - [11/Sep/2026:17:37:00 +0330] "POST /wp-login.php HTTP/1.1" 200 3927 "https://digikeyland.ir/wp-login.php" "Mozilla/5.0 (Windows NT 10.0; Win64; x64) AppleWebKit/537.36 (KHTML, like Gecko) Chrome/91.0.4472.124 Safari/537.36"
84.13.153.129 - - [11/Sep/2026:17:37:02 +0330] "GET /wp-admin/index.php HTTP/1.1" 302 20 "https://digikeyland.ir/wp-login.php" "Mozilla/5.0 (X11; Linux x86_64) AppleWebKit/537.36 (KHTML, like Gecko) Chrome/91.0.4472.124 Safari/537.36"
84.13.153.129 - - [11/Sep/2026:17:37:03 +0330] "GET /wp-login.php?redirect_to=https%3A%2F%2Fdigikeyland.ir%2Fwp-admin%2Findex.php&reauth=1 HTTP/1.1" 200 3804 "https://digikeyland.ir/wp-login.php" "Mozilla/5.0 (X11; Linux x86_64) AppleWebKit/537.36 (KHTML, like Gecko) Chrome/91.0.4472.124 Safari/537.36"
84.13.153.129 - - [11/Sep/2026:17:37:05 +0330] "GET /wp-admin/index.php HTTP/1.1" 302 20 "https://digikeyland.ir/wp-login.php" "Mozilla/5.0 (X11; Linux x86_64) AppleWebKit/537.36 (KHTML, like Gecko) Chrome/91.0.4472.124 Safari/537.36"
84.13.153.129 - - [11/Sep/2026:17:37:06 +0330] "GET /wp-login.php?redirect_to=https%3A%2F%2Fdigikeyland.ir%2Fwp-admin%2Findex.php&reauth=1 HTTP/1.1" 200 3804 "https://digikeyland.ir/wp-login.php" "Mozilla/5.0 (X11; Linux x86_64) AppleWebKit/537.36 (KHTML, like Gecko) Chrome/91.0.4472.124 Safari/537.36"
84.13.153.129 - - [11/Sep/2026:17:37:07 +0330] "POST /wp-login.php HTTP/1.1" 200 3927 "https://digikeyland.ir/wp-login.php" "Mozilla/5.0 (Windows NT 10.0; Win64; x64) AppleWebKit/605.1.15 (KHTML, like Gecko) Version/14.1.2 Safari/605.1.15"
84.13.153.129 - - [11/Sep/2026:17:37:09 +0330] "GET /wp-admin/index.php HTTP/1.1" 302 20 "https://digikeyland.ir/wp-login.php" "Mozilla/5.0 (X11; Linux x86_64) AppleWebKit/537.36 (KHTML, like Gecko) Chrome/90.0.4430.212 Safari/537.36"
84.13.153.129 - - [11/Sep/2026:17:37:10 +0330] "GET /wp-login.php?redirect_to=https%3A%2F%2Fdigikeyland.ir%2Fwp-admin%2Findex.php&reauth=1 HTTP/1.1" 200 3804 "https://digikeyland.ir/wp-login.php" "Mozilla/5.0 (X11; Linux x86_64) AppleWebKit/537.36 (KHTML, like Gecko) Chrome/90.0.4430.212 Safari/537.36"
84.13.153.129 - - [11/Sep/2026:17:37:11 +0330] "GET /wp-admin/index.php HTTP/1.1" 302 20 "https://digikeyland.ir/wp-login.php" "Mozilla/5.0 (X11; Linux x86_64) AppleWebKit/537.36 (KHTML, like Gecko) Chrome/90.0.4430.212 Safari/537.36"
84.13.153.129 - - [11/Sep/2026:17:37:13 +0330] "GET /wp-login.php?redirect_to=https%3A%2F%2Fdigikeyland.ir%2Fwp-admin%2Findex.php&reauth=1 HTTP/1.1" 200 3804 "https://digikeyland.ir/wp-login.php" "Mozilla/5.0 (X11; Linux x86_64) AppleWebKit/537.36 (KHTML, like Gecko) Chrome/90.0.4430.212 Safari/537.36"
84.13.153.129 - - [11/Sep/2026:17:37:14 +0330] "POST /wp-login.php HTTP/1.1" 200 3927 "https://digikeyland.ir/wp-login.php" "Mozilla/5.0 (Macintosh; Intel Mac OS X 10_15_7) AppleWebKit/537.36 (KHTML, like Gecko) Chrome/91.0.4472.124 Safari/537.36"
5.22.96.164 - - [11/Sep/2026:17:37:17 +0330] "GET /wp-content/uploads/2026/07/gta-vi-sc1-1.webp HTTP/2" 200 125532 "https://emalls.ir/%D9%85%D8%B4%D8%AE%D8%B5%D8%A7%D8%AA_%D9%BE%DB%8C%D8%B4-%D8%AE%D8%B1%DB%8C%D8%AF-GTA-VI--%D8%A7%DA%A9%D8%A7%D9%86%D8%AA-%D9%82%D8%A7%D9%86%D9%88%D9%86%DB%8C-%D8%A8%D8%A7%D8%B2%DB%8C-%D8%AC%DB%8C-%D8%AA%DB%8C-%D8%A7%DB%8C-6-%D8%A8%D8%B1%D8%A7%DB%8C-PS5--%D8%A7%DA%A9%D8%A7%D9%86%D8%AA-%D8%A8%D8%A7%D8%B2%DB%8C-%D8%AC%DB%8C-%D8%AA%DB%8C-%D8%A7%DB%8C-6-(%D8%A2%D9%84%D8%AA%DB%8C%D9%85%DB%8C%D8%AA--%D8%B8%D8%B1%D9%81%DB%8C%D8%AA-%DA%A9%D8%A7%D9%85%D9%84--%D8%B1%DB%8C%D8%AC%D9%86-%D8%A2%D9%85%D8%B1%DB%8C%DA%A9%D8%A7)~id~27474959" "Mozilla/5.0 (Linux; Android 10; K) AppleWebKit/537.36 (KHTML, like Gecko) Chrome/152.0.0.0 Mobile Safari/537.36"
84.13.153.129 - - [11/Sep/2026:17:37:16 +0330] "GET /wp-admin/index.php HTTP/1.1" 302 20 "https://digikeyland.ir/wp-login.php" "Mozilla/5.0 (Macintosh; Intel Mac OS X 10_15_7) AppleWebKit/605.1.15 (KHTML, like Gecko) Version/14.0.3 Safari/605.1.15"
84.13.153.129 - - [11/Sep/2026:17:37:17 +0330] "GET /wp-login.php?redirect_to=https%3A%2F%2Fdigikeyland.ir%2Fwp-admin%2Findex.php&reauth=1 HTTP/1.1" 200 3804 "https://digikeyland.ir/wp-login.php" "Mozilla/5.0 (Macintosh; Intel Mac OS X 10_15_7) AppleWebKit/605.1.15 (KHTML, like Gecko) Version/14.0.3 Safari/605.1.15"
84.13.153.129 - - [11/Sep/2026:17:37:18 +0330] "GET /wp-admin/index.php HTTP/1.1" 302 20 "https://digikeyland.ir/wp-login.php" "Mozilla/5.0 (Macintosh; Intel Mac OS X 10_15_7) AppleWebKit/605.1.15 (KHTML, like Gecko) Version/14.0.3 Safari/605.1.15"
84.13.153.129 - - [11/Sep/2026:17:37:19 +0330] "GET /wp-login.php?redirect_to=https%3A%2F%2Fdigikeyland.ir%2Fwp-admin%2Findex.php&reauth=1 HTTP/1.1" 200 3804 "https://digikeyland.ir/wp-login.php" "Mozilla/5.0 (Macintosh; Intel Mac OS X 10_15_7) AppleWebKit/605.1.15 (KHTML, like Gecko) Version/14.0.3 Safari/605.1.15"
84.13.153.129 - - [11/Sep/2026:17:37:21 +0330] "POST /wp-login.php HTTP/1.1" 200 3927 "https://digikeyland.ir/wp-login.php" "Mozilla/5.0 (Windows NT 10.0; Win64; x64) AppleWebKit/537.36 (KHTML, like Gecko) Chrome/91.0.4472.124 Safari/537.36"
84.13.153.129 - - [11/Sep/2026:17:37:22 +0330] "GET /wp-admin/index.php HTTP/1.1" 302 20 "https://digikeyland.ir/wp-login.php" "Mozilla/5.0 (Macintosh; Intel Mac OS X 10_15_7; rv:89.0) Gecko/20100101 Firefox/89.0.2"
84.13.153.129 - - [11/Sep/2026:17:37:24 +0330] "GET /wp-login.php?redirect_to=https%3A%2F%2Fdigikeyland.ir%2Fwp-admin%2Findex.php&reauth=1 HTTP/1.1" 200 3804 "https://digikeyland.ir/wp-login.php" "Mozilla/5.0 (Macintosh; Intel Mac OS X 10_15_7; rv:89.0) Gecko/20100101 Firefox/89.0.2"
84.13.153.129 - - [11/Sep/2026:17:37:25 +0330] "GET /wp-admin/index.php HTTP/1.1" 302 20 "https://digikeyland.ir/wp-login.php" "Mozilla/5.0 (Macintosh; Intel Mac OS X 10_15_7; rv:89.0) Gecko/20100101 Firefox/89.0.2"
84.13.153.129 - - [11/Sep/2026:17:37:27 +0330] "GET /wp-login.php?redirect_to=https%3A%2F%2Fdigikeyland.ir%2Fwp-admin%2Findex.php&reauth=1 HTTP/1.1" 200 3804 "https://digikeyland.ir/wp-login.php" "Mozilla/5.0 (Macintosh; Intel Mac OS X 10_15_7; rv:89.0) Gecko/20100101 Firefox/89.0.2"
5.126.140.104 - - [11/Sep/2026:17:37:27 +0330] "POST /?wc-ajax=checkout HTTP/1.1" 200 135 "https://digikeyland.ir/checkout/" "Mozilla/5.0 (Linux; Android 10; K) AppleWebKit/537.36 (KHTML, like Gecko) Chrome/152.0.0.0 Mobile Safari/537.36"
185.130.50.10 - - [11/Sep/2026:17:37:32 +0330] "POST /wp-cron.php?doing_wp_cron=1789135652.9349949359893798828125 HTTP/1.1" 200 20 "-" "WordPress/7.1; https://digikeyland.ir"
84.13.153.129 - - [11/Sep/2026:17:37:29 +0330] "POST /wp-login.php HTTP/1.1" 200 3927 "https://digikeyland.ir/wp-login.php" "Mozilla/5.0 (Windows NT 10.0; Win64; x64) AppleWebKit/537.36 (KHTML, like Gecko) Chrome/91.0.4472.124 Safari/537.36"
84.13.153.129 - - [11/Sep/2026:17:37:33 +0330] "GET /wp-admin/index.php HTTP/1.1" 302 20 "https://digikeyland.ir/wp-login.php" "Mozilla/5.0 (Windows NT 10.0; Win64; x64; rv:89.0) Gecko/20100101 Firefox/89.0.2"
5.126.140.104 - - [11/Sep/2026:17:37:32 +0330] "GET /checkout/order-pay/6378/?key=wc_order_fT07LoU2VRRBZ HTTP/1.1" 302 45781 "https://digikeyland.ir/checkout/" "Mozilla/5.0 (Linux; Android 10; K) AppleWebKit/537.36 (KHTML, like Gecko) Chrome/152.0.0.0 Mobile Safari/537.36"
84.13.153.129 - - [11/Sep/2026:17:37:35 +0330] "GET /wp-login.php?redirect_to=https%3A%2F%2Fdigikeyland.ir%2Fwp-admin%2Findex.php&reauth=1 HTTP/1.1" 200 3804 "https://digikeyland.ir/wp-login.php" "Mozilla/5.0 (Windows NT 10.0; Win64; x64; rv:89.0) Gecko/20100101 Firefox/89.0.2"
84.13.153.129 - - [11/Sep/2026:17:37:36 +0330] "GET /wp-admin/index.php HTTP/1.1" 302 20 "https://digikeyland.ir/wp-login.php" "Mozilla/5.0 (Windows NT 10.0; Win64; x64; rv:89.0) Gecko/20100101 Firefox/89.0.2"
84.13.153.129 - - [11/Sep/2026:17:37:38 +0330] "GET /wp-login.php?redirect_to=https%3A%2F%2Fdigikeyland.ir%2Fwp-admin%2Findex.php&reauth=1 HTTP/1.1" 200 3804 "https://digikeyland.ir/wp-login.php" "Mozilla/5.0 (Windows NT 10.0; Win64; x64; rv:89.0) Gecko/20100101 Firefox/89.0.2"
84.13.153.129 - - [11/Sep/2026:17:37:39 +0330] "POST /wp-login.php HTTP/1.1" 200 3927 "https://digikeyland.ir/wp-login.php" "Mozilla/5.0 (Windows NT 10.0; Win64; x64) AppleWebKit/605.1.15 (KHTML, like Gecko) Version/14.1.2 Safari/605.1.15"
84.13.153.129 - - [11/Sep/2026:17:37:41 +0330] "GET /wp-admin/index.php HTTP/1.1" 302 20 "https://digikeyland.ir/wp-login.php" "Mozilla/5.0 (Macintosh; Intel Mac OS X 10_15_7) AppleWebKit/537.36 (KHTML, like Gecko) Chrome/90.0.4430.212 Safari/537.36"
84.13.153.129 - - [11/Sep/2026:17:37:42 +0330] "GET /wp-login.php?redirect_to=https%3A%2F%2Fdigikeyland.ir%2Fwp-admin%2Findex.php&reauth=1 HTTP/1.1" 200 3804 "https://digikeyland.ir/wp-login.php" "Mozilla/5.0 (Macintosh; Intel Mac OS X 10_15_7) AppleWebKit/537.36 (KHTML, like Gecko) Chrome/90.0.4430.212 Safari/537.36"
84.13.153.129 - - [11/Sep/2026:17:37:44 +0330] "GET /wp-admin/index.php HTTP/1.1" 302 20 "https://digikeyland.ir/wp-login.php" "Mozilla/5.0 (Macintosh; Intel Mac OS X 10_15_7) AppleWebKit/537.36 (KHTML, like Gecko) Chrome/90.0.4430.212 Safari/537.36"
84.13.153.129 - - [11/Sep/2026:17:37:45 +0330] "GET /wp-login.php?redirect_to=https%3A%2F%2Fdigikeyland.ir%2Fwp-admin%2Findex.php&reauth=1 HTTP/1.1" 200 3804 "https://digikeyland.ir/wp-login.php" "Mozilla/5.0 (Macintosh; Intel Mac OS X 10_15_7) AppleWebKit/537.36 (KHTML, like Gecko) Chrome/90.0.4430.212 Safari/537.36"
84.13.153.129 - - [11/Sep/2026:17:37:47 +0330] "POST /wp-login.php HTTP/1.1" 200 3927 "https://digikeyland.ir/wp-login.php" "Mozilla/5.0 (Windows NT 10.0; Win64; x64) AppleWebKit/537.36 (KHTML, like Gecko) Chrome/93.0.4577.63 Safari/537.36"
84.13.153.129 - - [11/Sep/2026:17:37:49 +0330] "GET /wp-admin/index.php HTTP/1.1" 302 20 "https://digikeyland.ir/wp-login.php" "Mozilla/5.0 (Windows NT 6.1; Win64; x64) AppleWebKit/537.36 (KHTML, like Gecko) Chrome/94.0.4606.71 Safari/537.36"
185.130.50.10 - - [11/Sep/2026:17:37:29 +0330] "POST /wp-cron.php?doing_wp_cron=1789135649.7583620548248291015625 HTTP/1.1" 200 20 "-" "WordPress/7.1; https://digikeyland.ir"
217.219.126.87 - - [11/Sep/2026:17:38:04 +0330] "GET /product/capcut-pro/?attribute_%D9%85%D8%AF%D8%AA-%D8%B2%D9%85%D8%A7%D9%86-%D8%A7%D8%B4%D8%AA%D8%B1%D8%A7%DA%A9-%D9%88-%D9%86%D9%88%D8%B9-%D8%A7%DA%A9%D8%A7%D9%86%D8%AA=%DB%8C%DA%A9%D9%85%D8%A7%D9%87%D9%87+-+%D8%A7%D8%B4%D8%AA%D8%B1%D8%A7%DA%A9%DB%8C+-+%DB%8C%DA%A9+%D8%AF%DB%8C%D9%88%D8%A7%DB%8C%D8%B3+%28+%D9%88%D8%B1%D9%88%D8%AF+%D8%A8%D8%A7+%D9%85%D9%88%D8%A8%D8%A7%DB%8C%D9%84+%29&utm_medium=PPC&utm_source=Torob&torob_clid=01a090cc-00f6-731a-984c-127437592213 HTTP/2" 200 79853 "https://api.torob.com/" "Mozilla/5.0 (Linux; Android 10; K) AppleWebKit/537.36 (KHTML, like Gecko) Chrome/152.0.0.0 Mobile Safari/537.36"
217.219.126.87 - - [11/Sep/2026:17:38:08 +0330] "GET /wp-content/plugins/contact-form-7/includes/css/styles.css?ver=6.1.7 HTTP/2" 200 902 "https://digikeyland.ir/product/capcut-pro/?attribute_%D9%85%D8%AF%D8%AA-%D8%B2%D9%85%D8%A7%D9%86-%D8%A7%D8%B4%D8%AA%D8%B1%D8%A7%DA%A9-%D9%88-%D9%86%D9%88%D8%B9-%D8%A7%DA%A9%D8%A7%D9%86%D8%AA=%DB%8C%DA%A9%D9%85%D8%A7%D9%87%D9%87+-+%D8%A7%D8%B4%D8%AA%D8%B1%D8%A7%DA%A9%DB%8C+-+%DB%8C%DA%A9+%D8%AF%DB%8C%D9%88%D8%A7%DB%8C%D8%B3+%28+%D9%88%D8%B1%D9%88%D8%AF+%D8%A8%D8%A7+%D9%85%D9%88%D8%A8%D8%A7%DB%8C%D9%84+%29&utm_medium=PPC&utm_source=Torob&torob_clid=01a090cc-00f6-731a-984c-127437592213" "Mozilla/5.0 (Linux; Android 10; K) AppleWebKit/537.36 (KHTML, like Gecko) Chrome/152.0.0.0 Mobile Safari/537.36"
217.219.126.87 - - [11/Sep/2026:17:38:08 +0330] "GET /wp-content/plugins/contact-form-7/includes/css/styles-rtl.css?ver=6.1.7 HTTP/2" 200 152 "https://digikeyland.ir/product/capcut-pro/?attribute_%D9%85%D8%AF%D8%AA-%D8%B2%D9%85%D8%A7%D9%86-%D8%A7%D8%B4%D8%AA%D8%B1%D8%A7%DA%A9-%D9%88-%D9%86%D9%88%D8%B9-%D8%A7%DA%A9%D8%A7%D9%86%D8%AA=%DB%8C%DA%A9%D9%85%D8%A7%D9%87%D9%87+-+%D8%A7%D8%B4%D8%AA%D8%B1%D8%A7%DA%A9%DB%8C+-+%DB%8C%DA%A9+%D8%AF%DB%8C%D9%88%D8%A7%DB%8C%D8%B3+%28+%D9%88%D8%B1%D9%88%D8%AF+%D8%A8%D8%A7+%D9%85%D9%88%D8%A8%D8%A7%DB%8C%D9%84+%29&utm_medium=PPC&utm_source=Torob&torob_clid=01a090cc-00f6-731a-984c-127437592213" "Mozilla/5.0 (Linux; Android 10; K) AppleWebKit/537.36 (KHTML, like Gecko) Chrome/152.0.0.0 Mobile Safari/537.36"
217.219.126.87 - - [11/Sep/2026:17:38:08 +0330] "GET /wp-content/plugins/sheyda-hamarz/assets/css/frontend/hamarz.min.css?ver=3.5.0.0 HTTP/2" 200 416 "https://digikeyland.ir/product/capcut-pro/?attribute_%D9%85%D8%AF%D8%AA-%D8%B2%D9%85%D8%A7%D9%86-%D8%A7%D8%B4%D8%AA%D8%B1%D8%A7%DA%A9-%D9%88-%D9%86%D9%88%D8%B9-%D8%A7%DA%A9%D8%A7%D9%86%D8%AA=%DB%8C%DA%A9%D9%85%D8%A7%D9%87%D9%87+-+%D8%A7%D8%B4%D8%AA%D8%B1%D8%A7%DA%A9%DB%8C+-+%DB%8C%DA%A9+%D8%AF%DB%8C%D9%88%D8%A7%DB%8C%D8%B3+%28+%D9%88%D8%B1%D9%88%D8%AF+%D8%A8%D8%A7+%D9%85%D9%88%D8%A8%D8%A7%DB%8C%D9%84+%29&utm_medium=PPC&utm_source=Torob&torob_clid=01a090cc-00f6-731a-984c-127437592213" "Mozilla/5.0 (Linux; Android 10; K) AppleWebKit/537.36 (KHTML, like Gecko) Chrome/152.0.0.0 Mobile Safari/537.36"
217.219.126.87 - - [11/Sep/2026:17:38:08 +0330] "GET /wp-content/plugins/ar-contactus/res/css/contactus.min.css?ver=2.2.8 HTTP/2" 200 14107 "https://digikeyland.ir/product/capcut-pro/?attribute_%D9%85%D8%AF%D8%AA-%D8%B2%D9%85%D8%A7%D9%86-%D8%A7%D8%B4%D8%AA%D8%B1%D8%A7%DA%A9-%D9%88-%D9%86%D9%88%D8%B9-%D8%A7%DA%A9%D8%A7%D9%86%D8%AA=%DB%8C%DA%A9%D9%85%D8%A7%D9%87%D9%87+-+%D8%A7%D8%B4%D8%AA%D8%B1%D8%A7%DA%A9%DB%8C+-+%DB%8C%DA%A9+%D8%AF%DB%8C%D9%88%D8%A7%DB%8C%D8%B3+%28+%D9%88%D8%B1%D9%88%D8%AF+%D8%A8%D8%A7+%D9%85%D9%88%D8%A8%D8%A7%DB%8C%D9%84+%29&utm_medium=PPC&utm_source=Torob&torob_clid=01a090cc-00f6-731a-984c-127437592213" "Mozilla/5.0 (Linux; Android 10; K) AppleWebKit/537.36 (KHTML, like Gecko) Chrome/152.0.0.0 Mobile Safari/537.36"
217.219.126.87 - - [11/Sep/2026:17:38:08 +0330] "GET /wp-content/plugins/ar-contactus/res/css/generated-mobile.css?ver=1789045161 HTTP/2" 200 471 "https://digikeyland.ir/product/capcut-pro/?attribute_%D9%85%D8%AF%D8%AA-%D8%B2%D9%85%D8%A7%D9%86-%D8%A7%D8%B4%D8%AA%D8%B1%D8%A7%DA%A9-%D9%88-%D9%86%D9%88%D8%B9-%D8%A7%DA%A9%D8%A7%D9%86%D8%AA=%DB%8C%DA%A9%D9%85%D8%A7%D9%87%D9%87+-+%D8%A7%D8%B4%D8%AA%D8%B1%D8%A7%DA%A9%DB%8C+-+%DB%8C%DA%A9+%D8%AF%DB%8C%D9%88%D8%A7%DB%8C%D8%B3+%28+%D9%88%D8%B1%D9%88%D8%AF+%D8%A8%D8%A7+%D9%85%D9%88%D8%A8%D8%A7%DB%8C%D9%84+%29&utm_medium=PPC&utm_source=Torob&torob_clid=01a090cc-00f6-731a-984c-127437592213" "Mozilla/5.0 (Linux; Android 10; K) AppleWebKit/537.36 (KHTML, like Gecko) Chrome/152.0.0.0 Mobile Safari/537.36"
217.219.126.87 - - [11/Sep/2026:17:38:08 +0330] "GET /wp-content/plugins/woo-variation-swatches/assets/css/frontend.min.css?ver=2.4.0 HTTP/2" 200 4326 "https://digikeyland.ir/product/capcut-pro/?attribute_%D9%85%D8%AF%D8%AA-%D8%B2%D9%85%D8%A7%D9%86-%D8%A7%D8%B4%D8%AA%D8%B1%D8%A7%DA%A9-%D9%88-%D9%86%D9%88%D8%B9-%D8%A7%DA%A9%D8%A7%D9%86%D8%AA=%DB%8C%DA%A9%D9%85%D8%A7%D9%87%D9%87+-+%D8%A7%D8%B4%D8%AA%D8%B1%D8%A7%DA%A9%DB%8C+-+%DB%8C%DA%A9+%D8%AF%DB%8C%D9%88%D8%A7%DB%8C%D8%B3+%28+%D9%88%D8%B1%D9%88%D8%AF+%D8%A8%D8%A7+%D9%85%D9%88%D8%A8%D8%A7%DB%8C%D9%84+%29&utm_medium=PPC&utm_source=Torob&torob_clid=01a090cc-00f6-731a-984c-127437592213" "Mozilla/5.0 (Linux; Android 10; K) AppleWebKit/537.36 (KHTML, like Gecko) Chrome/152.0.0.0 Mobile Safari/537.36"
217.219.126.87 - - [11/Sep/2026:17:38:08 +0330] "GET /wp-content/themes/shopi/includes/redux-core/assets/css/extendify-utilities.css?ver=4.4.11 HTTP/2" 200 5382 "https://digikeyland.ir/product/capcut-pro/?attribute_%D9%85%D8%AF%D8%AA-%D8%B2%D9%85%D8%A7%D9%86-%D8%A7%D8%B4%D8%AA%D8%B1%D8%A7%DA%A9-%D9%88-%D9%86%D9%88%D8%B9-%D8%A7%DA%A9%D8%A7%D9%86%D8%AA=%DB%8C%DA%A9%D9%85%D8%A7%D9%87%D9%87+-+%D8%A7%D8%B4%D8%AA%D8%B1%D8%A7%DA%A9%DB%8C+-+%DB%8C%DA%A9+%D8%AF%DB%8C%D9%88%D8%A7%DB%8C%D8%B3+%28+%D9%88%D8%B1%D9%88%D8%AF+%D8%A8%D8%A7+%D9%85%D9%88%D8%A8%D8%A7%DB%8C%D9%84+%29&utm_medium=PPC&utm_source=Torob&torob_clid=01a090cc-00f6-731a-984c-127437592213" "Mozilla/5.0 (Linux; Android 10; K) AppleWebKit/537.36 (KHTML, like Gecko) Chrome/152.0.0.0 Mobile Safari/537.36"
