176.123.101.160 - - [11/Sep/2026:15:52:24 +0330] "GET /wp-content/plugins/woocommerce/assets/js/selectWoo/selectWoo.full.min.js?ver=1.0.9-wc.11.1.0 HTTP/1.1" 200 20246 "https://digikeyland.ir/product/chatgpt-plus/?attribute_pa_plan=%D8%A7%D8%B4%D8%AA%D8%B1%D8%A7%DA%A9%DB%8C-%D8%A8%D8%A7-%D8%B6%D9%85%D8%A7%D9%86%D8%AA-%DA%A9%D8%A7%D9%85%D9%84-%D9%82%D8%A7%D8%A8%D9%84-%D8%AA%D9%85%D8%AF%DB%8C%D8%AF-%D9%84%D8%A7%DA%AF%DB%8C-2&utm_medium=PPC&utm_source=Torob&torob_clid=01a0906a-f92f-73c6-8599-211625a56271" "Mozilla/5.0 (Linux; Android 16; SM-A356E) AppleWebKit/537.36 (KHTML, like Gecko) Chrome/89.0.4389.105 Mobile Safari/537.36 OPR/63.1.3216.58602"
176.123.101.160 - - [11/Sep/2026:15:52:24 +0330] "GET /wp-content/plugins/woocommerce/assets/js/frontend/single-product.min.js?ver=11.1.0 HTTP/1.1" 200 3558 "https://digikeyland.ir/product/chatgpt-plus/?attribute_pa_plan=%D8%A7%D8%B4%D8%AA%D8%B1%D8%A7%DA%A9%DB%8C-%D8%A8%D8%A7-%D8%B6%D9%85%D8%A7%D9%86%D8%AA-%DA%A9%D8%A7%D9%85%D9%84-%D9%82%D8%A7%D8%A8%D9%84-%D8%AA%D9%85%D8%AF%DB%8C%D8%AF-%D9%84%D8%A7%DA%AF%DB%8C-2&utm_medium=PPC&utm_source=Torob&torob_clid=01a0906a-f92f-73c6-8599-211625a56271" "Mozilla/5.0 (Linux; Android 16; SM-A356E) AppleWebKit/537.36 (KHTML, like Gecko) Chrome/89.0.4389.105 Mobile Safari/537.36 OPR/63.1.3216.58602"
176.123.101.160 - - [11/Sep/2026:15:52:24 +0330] "GET /wp-content/themes/shopi/assets/js/jquery-ui.js?ver=2.0.0 HTTP/1.1" 200 119743 "https://digikeyland.ir/product/chatgpt-plus/?attribute_pa_plan=%D8%A7%D8%B4%D8%AA%D8%B1%D8%A7%DA%A9%DB%8C-%D8%A8%D8%A7-%D8%B6%D9%85%D8%A7%D9%86%D8%AA-%DA%A9%D8%A7%D9%85%D9%84-%D9%82%D8%A7%D8%A8%D9%84-%D8%AA%D9%85%D8%AF%DB%8C%D8%AF-%D9%84%D8%A7%DA%AF%DB%8C-2&utm_medium=PPC&utm_source=Torob&torob_clid=01a0906a-f92f-73c6-8599-211625a56271" "Mozilla/5.0 (Linux; Android 16; SM-A356E) AppleWebKit/537.36 (KHTML, like Gecko) Chrome/89.0.4389.105 Mobile Safari/537.36 OPR/63.1.3216.58602"
176.123.101.160 - - [11/Sep/2026:15:52:24 +0330] "GET /wp-content/plugins/woocommerce/assets/js/js-cookie/js.cookie.min.js?ver=2.1.4-wc.11.1.0 HTTP/1.1" 200 760 "https://digikeyland.ir/product/chatgpt-plus/?attribute_pa_plan=%D8%A7%D8%B4%D8%AA%D8%B1%D8%A7%DA%A9%DB%8C-%D8%A8%D8%A7-%D8%B6%D9%85%D8%A7%D9%86%D8%AA-%DA%A9%D8%A7%D9%85%D9%84-%D9%82%D8%A7%D8%A8%D9%84-%D8%AA%D9%85%D8%AF%DB%8C%D8%AF-%D9%84%D8%A7%DA%AF%DB%8C-2&utm_medium=PPC&utm_source=Torob&torob_clid=01a0906a-f92f-73c6-8599-211625a56271" "Mozilla/5.0 (Linux; Android 16; SM-A356E) AppleWebKit/537.36 (KHTML, like Gecko) Chrome/89.0.4389.105 Mobile Safari/537.36 OPR/63.1.3216.58602"
176.123.101.160 - - [11/Sep/2026:15:52:24 +0330] "GET /wp-content/themes/shopi/assets/js/plugins.js?ver=2.0.0 HTTP/1.1" 200 87387 "https://digikeyland.ir/product/chatgpt-plus/?attribute_pa_plan=%D8%A7%D8%B4%D8%AA%D8%B1%D8%A7%DA%A9%DB%8C-%D8%A8%D8%A7-%D8%B6%D9%85%D8%A7%D9%86%D8%AA-%DA%A9%D8%A7%D9%85%D9%84-%D9%82%D8%A7%D8%A8%D9%84-%D8%AA%D9%85%D8%AF%DB%8C%D8%AF-%D9%84%D8%A7%DA%AF%DB%8C-2&utm_medium=PPC&utm_source=Torob&torob_clid=01a0906a-f92f-73c6-8599-211625a56271" "Mozilla/5.0 (Linux; Android 16; SM-A356E) AppleWebKit/537.36 (KHTML, like Gecko) Chrome/89.0.4389.105 Mobile Safari/537.36 OPR/63.1.3216.58602"
176.123.101.160 - - [11/Sep/2026:15:52:24 +0330] "GET /wp-content/plugins/woocommerce/assets/js/frontend/woocommerce.min.js?ver=11.1.0 HTTP/1.1" 200 1385 "https://digikeyland.ir/product/chatgpt-plus/?attribute_pa_plan=%D8%A7%D8%B4%D8%AA%D8%B1%D8%A7%DA%A9%DB%8C-%D8%A8%D8%A7-%D8%B6%D9%85%D8%A7%D9%86%D8%AA-%DA%A9%D8%A7%D9%85%D9%84-%D9%82%D8%A7%D8%A8%D9%84-%D8%AA%D9%85%D8%AF%DB%8C%D8%AF-%D9%84%D8%A7%DA%AF%DB%8C-2&utm_medium=PPC&utm_source=Torob&torob_clid=01a0906a-f92f-73c6-8599-211625a56271" "Mozilla/5.0 (Linux; Android 16; SM-A356E) AppleWebKit/537.36 (KHTML, like Gecko) Chrome/89.0.4389.105 Mobile Safari/537.36 OPR/63.1.3216.58602"
176.123.101.160 - - [11/Sep/2026:15:52:24 +0330] "GET /wp-content/uploads/2024/11/1-2.png HTTP/1.1" 200 1635 "https://digikeyland.ir/product/chatgpt-plus/?attribute_pa_plan=%D8%A7%D8%B4%D8%AA%D8%B1%D8%A7%DA%A9%DB%8C-%D8%A8%D8%A7-%D8%B6%D9%85%D8%A7%D9%86%D8%AA-%DA%A9%D8%A7%D9%85%D9%84-%D9%82%D8%A7%D8%A8%D9%84-%D8%AA%D9%85%D8%AF%DB%8C%D8%AF-%D9%84%D8%A7%DA%AF%DB%8C-2&utm_medium=PPC&utm_source=Torob&torob_clid=01a0906a-f92f-73c6-8599-211625a56271" "Mozilla/5.0 (Linux; Android 16; SM-A356E) AppleWebKit/537.36 (KHTML, like Gecko) Chrome/89.0.4389.105 Mobile Safari/537.36 OPR/63.1.3216.58602"
176.123.101.160 - - [11/Sep/2026:15:52:24 +0330] "GET /wp-content/uploads/2025/10/Digikeyland-logo-svg.svg HTTP/1.1" 200 1756 "https://digikeyland.ir/product/chatgpt-plus/?attribute_pa_plan=%D8%A7%D8%B4%D8%AA%D8%B1%D8%A7%DA%A9%DB%8C-%D8%A8%D8%A7-%D8%B6%D9%85%D8%A7%D9%86%D8%AA-%DA%A9%D8%A7%D9%85%D9%84-%D9%82%D8%A7%D8%A8%D9%84-%D8%AA%D9%85%D8%AF%DB%8C%D8%AF-%D9%84%D8%A7%DA%AF%DB%8C-2&utm_medium=PPC&utm_source=Torob&torob_clid=01a0906a-f92f-73c6-8599-211625a56271" "Mozilla/5.0 (Linux; Android 16; SM-A356E) AppleWebKit/537.36 (KHTML, like Gecko) Chrome/89.0.4389.105 Mobile Safari/537.36 OPR/63.1.3216.58602"
176.123.101.160 - - [11/Sep/2026:15:52:24 +0330] "GET /wp-includes/js/comment-reply.min.js?ver=7.1 HTTP/1.1" 200 1224 "https://digikeyland.ir/product/chatgpt-plus/?attribute_pa_plan=%D8%A7%D8%B4%D8%AA%D8%B1%D8%A7%DA%A9%DB%8C-%D8%A8%D8%A7-%D8%B6%D9%85%D8%A7%D9%86%D8%AA-%DA%A9%D8%A7%D9%85%D9%84-%D9%82%D8%A7%D8%A8%D9%84-%D8%AA%D9%85%D8%AF%DB%8C%D8%AF-%D9%84%D8%A7%DA%AF%DB%8C-2&utm_medium=PPC&utm_source=Torob&torob_clid=01a0906a-f92f-73c6-8599-211625a56271" "Mozilla/5.0 (Linux; Android 16; SM-A356E) AppleWebKit/537.36 (KHTML, like Gecko) Chrome/89.0.4389.105 Mobile Safari/537.36 OPR/63.1.3216.58602"
176.123.101.160 - - [11/Sep/2026:15:52:24 +0330] "GET /wp-content/plugins/woocommerce/assets/js/frontend/add-to-cart-variation.min.js?ver=11.1.0 HTTP/1.1" 200 4131 "https://digikeyland.ir/product/chatgpt-plus/?attribute_pa_plan=%D8%A7%D8%B4%D8%AA%D8%B1%D8%A7%DA%A9%DB%8C-%D8%A8%D8%A7-%D8%B6%D9%85%D8%A7%D9%86%D8%AA-%DA%A9%D8%A7%D9%85%D9%84-%D9%82%D8%A7%D8%A8%D9%84-%D8%AA%D9%85%D8%AF%DB%8C%D8%AF-%D9%84%D8%A7%DA%AF%DB%8C-2&utm_medium=PPC&utm_source=Torob&torob_clid=01a0906a-f92f-73c6-8599-211625a56271" "Mozilla/5.0 (Linux; Android 16; SM-A356E) AppleWebKit/537.36 (KHTML, like Gecko) Chrome/89.0.4389.105 Mobile Safari/537.36 OPR/63.1.3216.58602"
176.123.101.160 - - [11/Sep/2026:15:52:24 +0330] "GET /wp-content/uploads/2025/12/software-tools.webp HTTP/1.1" 200 4452 "https://digikeyland.ir/product/chatgpt-plus/?attribute_pa_plan=%D8%A7%D8%B4%D8%AA%D8%B1%D8%A7%DA%A9%DB%8C-%D8%A8%D8%A7-%D8%B6%D9%85%D8%A7%D9%86%D8%AA-%DA%A9%D8%A7%D9%85%D9%84-%D9%82%D8%A7%D8%A8%D9%84-%D8%AA%D9%85%D8%AF%DB%8C%D8%AF-%D9%84%D8%A7%DA%AF%DB%8C-2&utm_medium=PPC&utm_source=Torob&torob_clid=01a0906a-f92f-73c6-8599-211625a56271" "Mozilla/5.0 (Linux; Android 16; SM-A356E) AppleWebKit/537.36 (KHTML, like Gecko) Chrome/89.0.4389.105 Mobile Safari/537.36 OPR/63.1.3216.58602"
176.123.101.160 - - [11/Sep/2026:15:52:24 +0330] "GET /wp-content/uploads/2024/11/4.png HTTP/1.1" 200 2750 "https://digikeyland.ir/product/chatgpt-plus/?attribute_pa_plan=%D8%A7%D8%B4%D8%AA%D8%B1%D8%A7%DA%A9%DB%8C-%D8%A8%D8%A7-%D8%B6%D9%85%D8%A7%D9%86%D8%AA-%DA%A9%D8%A7%D9%85%D9%84-%D9%82%D8%A7%D8%A8%D9%84-%D8%AA%D9%85%D8%AF%DB%8C%D8%AF-%D9%84%D8%A7%DA%AF%DB%8C-2&utm_medium=PPC&utm_source=Torob&torob_clid=01a0906a-f92f-73c6-8599-211625a56271" "Mozilla/5.0 (Linux; Android 16; SM-A356E) AppleWebKit/537.36 (KHTML, like Gecko) Chrome/89.0.4389.105 Mobile Safari/537.36 OPR/63.1.3216.58602"
176.123.101.160 - - [11/Sep/2026:15:52:24 +0330] "GET /wp-content/uploads/2024/11/1-3.png HTTP/1.1" 200 1717 "https://digikeyland.ir/product/chatgpt-plus/?attribute_pa_plan=%D8%A7%D8%B4%D8%AA%D8%B1%D8%A7%DA%A9%DB%8C-%D8%A8%D8%A7-%D8%B6%D9%85%D8%A7%D9%86%D8%AA-%DA%A9%D8%A7%D9%85%D9%84-%D9%82%D8%A7%D8%A8%D9%84-%D8%AA%D9%85%D8%AF%DB%8C%D8%AF-%D9%84%D8%A7%DA%AF%DB%8C-2&utm_medium=PPC&utm_source=Torob&torob_clid=01a0906a-f92f-73c6-8599-211625a56271" "Mozilla/5.0 (Linux; Android 16; SM-A356E) AppleWebKit/537.36 (KHTML, like Gecko) Chrome/89.0.4389.105 Mobile Safari/537.36 OPR/63.1.3216.58602"
176.123.101.160 - - [11/Sep/2026:15:52:24 +0330] "GET /wp-content/uploads/2024/11/2-1.png HTTP/1.1" 200 2545 "https://digikeyland.ir/product/chatgpt-plus/?attribute_pa_plan=%D8%A7%D8%B4%D8%AA%D8%B1%D8%A7%DA%A9%DB%8C-%D8%A8%D8%A7-%D8%B6%D9%85%D8%A7%D9%86%D8%AA-%DA%A9%D8%A7%D9%85%D9%84-%D9%82%D8%A7%D8%A8%D9%84-%D8%AA%D9%85%D8%AF%DB%8C%D8%AF-%D9%84%D8%A7%DA%AF%DB%8C-2&utm_medium=PPC&utm_source=Torob&torob_clid=01a0906a-f92f-73c6-8599-211625a56271" "Mozilla/5.0 (Linux; Android 16; SM-A356E) AppleWebKit/537.36 (KHTML, like Gecko) Chrome/89.0.4389.105 Mobile Safari/537.36 OPR/63.1.3216.58602"
176.123.101.160 - - [11/Sep/2026:15:52:25 +0330] "GET /wp-content/plugins/elementor/assets/js/397f2d183c19202777d6.bundle.min.js HTTP/1.1" 200 8468 "https://digikeyland.ir/product/chatgpt-plus/?attribute_pa_plan=%D8%A7%D8%B4%D8%AA%D8%B1%D8%A7%DA%A9%DB%8C-%D8%A8%D8%A7-%D8%B6%D9%85%D8%A7%D9%86%D8%AA-%DA%A9%D8%A7%D9%85%D9%84-%D9%82%D8%A7%D8%A8%D9%84-%D8%AA%D9%85%D8%AF%DB%8C%D8%AF-%D9%84%D8%A7%DA%AF%DB%8C-2&utm_medium=PPC&utm_source=Torob&torob_clid=01a0906a-f92f-73c6-8599-211625a56271" "Mozilla/5.0 (Linux; Android 16; SM-A356E) AppleWebKit/537.36 (KHTML, like Gecko) Chrome/89.0.4389.105 Mobile Safari/537.36 OPR/63.1.3216.58602"
176.123.101.160 - - [11/Sep/2026:15:52:25 +0330] "GET /wp-content/plugins/elementor/assets/lib/dialog/dialog.min.js?ver=4.9.3 HTTP/1.1" 200 3593 "https://digikeyland.ir/product/chatgpt-plus/?attribute_pa_plan=%D8%A7%D8%B4%D8%AA%D8%B1%D8%A7%DA%A9%DB%8C-%D8%A8%D8%A7-%D8%B6%D9%85%D8%A7%D9%86%D8%AA-%DA%A9%D8%A7%D9%85%D9%84-%D9%82%D8%A7%D8%A8%D9%84-%D8%AA%D9%85%D8%AF%DB%8C%D8%AF-%D9%84%D8%A7%DA%AF%DB%8C-2&utm_medium=PPC&utm_source=Torob&torob_clid=01a0906a-f92f-73c6-8599-211625a56271" "Mozilla/5.0 (Linux; Android 16; SM-A356E) AppleWebKit/537.36 (KHTML, like Gecko) Chrome/89.0.4389.105 Mobile Safari/537.36 OPR/63.1.3216.58602"
176.123.101.160 - - [11/Sep/2026:15:52:25 +0330] "GET /wp-content/plugins/elementor/assets/css/conditionals/dialog.min.css?ver=4.2.4 HTTP/1.1" 200 1428 "https://digikeyland.ir/product/chatgpt-plus/?attribute_pa_plan=%D8%A7%D8%B4%D8%AA%D8%B1%D8%A7%DA%A9%DB%8C-%D8%A8%D8%A7-%D8%B6%D9%85%D8%A7%D9%86%D8%AA-%DA%A9%D8%A7%D9%85%D9%84-%D9%82%D8%A7%D8%A8%D9%84-%D8%AA%D9%85%D8%AF%DB%8C%D8%AF-%D9%84%D8%A7%DA%AF%DB%8C-2&utm_medium=PPC&utm_source=Torob&torob_clid=01a0906a-f92f-73c6-8599-211625a56271" "Mozilla/5.0 (Linux; Android 16; SM-A356E) AppleWebKit/537.36 (KHTML, like Gecko) Chrome/89.0.4389.105 Mobile Safari/537.36 OPR/63.1.3216.58602"
176.123.101.160 - - [11/Sep/2026:15:52:25 +0330] "GET /wp-content/plugins/elementor/assets/lib/share-link/share-link.min.js?ver=4.2.4 HTTP/1.1" 200 1072 "https://digikeyland.ir/product/chatgpt-plus/?attribute_pa_plan=%D8%A7%D8%B4%D8%AA%D8%B1%D8%A7%DA%A9%DB%8C-%D8%A8%D8%A7-%D8%B6%D9%85%D8%A7%D9%86%D8%AA-%DA%A9%D8%A7%D9%85%D9%84-%D9%82%D8%A7%D8%A8%D9%84-%D8%AA%D9%85%D8%AF%DB%8C%D8%AF-%D9%84%D8%A7%DA%AF%DB%8C-2&utm_medium=PPC&utm_source=Torob&torob_clid=01a0906a-f92f-73c6-8599-211625a56271" "Mozilla/5.0 (Linux; Android 16; SM-A356E) AppleWebKit/537.36 (KHTML, like Gecko) Chrome/89.0.4389.105 Mobile Safari/537.36 OPR/63.1.3216.58602"
176.123.101.160 - - [11/Sep/2026:15:52:25 +0330] "GET /wp-content/uploads/elementor/css/custom-lightbox.min.css?ver=4.2.4 HTTP/1.1" 200 1757 "https://digikeyland.ir/product/chatgpt-plus/?attribute_pa_plan=%D8%A7%D8%B4%D8%AA%D8%B1%D8%A7%DA%A9%DB%8C-%D8%A8%D8%A7-%D8%B6%D9%85%D8%A7%D9%86%D8%AA-%DA%A9%D8%A7%D9%85%D9%84-%D9%82%D8%A7%D8%A8%D9%84-%D8%AA%D9%85%D8%AF%DB%8C%D8%AF-%D9%84%D8%A7%DA%AF%DB%8C-2&utm_medium=PPC&utm_source=Torob&torob_clid=01a0906a-f92f-73c6-8599-211625a56271" "Mozilla/5.0 (Linux; Android 16; SM-A356E) AppleWebKit/537.36 (KHTML, like Gecko) Chrome/89.0.4389.105 Mobile Safari/537.36 OPR/63.1.3216.58602"
176.123.101.160 - - [11/Sep/2026:15:52:25 +0330] "GET /wp-content/plugins/elementor/assets/lib/swiper/v8/css/swiper.min.css?ver=8.4.5 HTTP/1.1" 200 4248 "https://digikeyland.ir/product/chatgpt-plus/?attribute_pa_plan=%D8%A7%D8%B4%D8%AA%D8%B1%D8%A7%DA%A9%DB%8C-%D8%A8%D8%A7-%D8%B6%D9%85%D8%A7%D9%86%D8%AA-%DA%A9%D8%A7%D9%85%D9%84-%D9%82%D8%A7%D8%A8%D9%84-%D8%AA%D9%85%D8%AF%DB%8C%D8%AF-%D9%84%D8%A7%DA%AF%DB%8C-2&utm_medium=PPC&utm_source=Torob&torob_clid=01a0906a-f92f-73c6-8599-211625a56271" "Mozilla/5.0 (Linux; Android 16; SM-A356E) AppleWebKit/537.36 (KHTML, like Gecko) Chrome/89.0.4389.105 Mobile Safari/537.36 OPR/63.1.3216.58602"
176.123.101.160 - - [11/Sep/2026:15:52:25 +0330] "GET /wp-content/plugins/elementor/assets/js/lightbox.3f9b3a051b2336dd5372.bundle.min.js HTTP/1.1" 200 9252 "https://digikeyland.ir/product/chatgpt-plus/?attribute_pa_plan=%D8%A7%D8%B4%D8%AA%D8%B1%D8%A7%DA%A9%DB%8C-%D8%A8%D8%A7-%D8%B6%D9%85%D8%A7%D9%86%D8%AA-%DA%A9%D8%A7%D9%85%D9%84-%D9%82%D8%A7%D8%A8%D9%84-%D8%AA%D9%85%D8%AF%DB%8C%D8%AF-%D9%84%D8%A7%DA%AF%DB%8C-2&utm_medium=PPC&utm_source=Torob&torob_clid=01a0906a-f92f-73c6-8599-211625a56271" "Mozilla/5.0 (Linux; Android 16; SM-A356E) AppleWebKit/537.36 (KHTML, like Gecko) Chrome/89.0.4389.105 Mobile Safari/537.36 OPR/63.1.3216.58602"
176.123.101.160 - - [11/Sep/2026:15:52:25 +0330] "GET /wp-content/plugins/elementor/assets/js/shared-frontend-handlers.03caa53373b56d3bab67.bundle.min.js HTTP/1.1" 200 2511 "https://digikeyland.ir/product/chatgpt-plus/?attribute_pa_plan=%D8%A7%D8%B4%D8%AA%D8%B1%D8%A7%DA%A9%DB%8C-%D8%A8%D8%A7-%D8%B6%D9%85%D8%A7%D9%86%D8%AA-%DA%A9%D8%A7%D9%85%D9%84-%D9%82%D8%A7%D8%A8%D9%84-%D8%AA%D9%85%D8%AF%DB%8C%D8%AF-%D9%84%D8%A7%DA%AF%DB%8C-2&utm_medium=PPC&utm_source=Torob&torob_clid=01a0906a-f92f-73c6-8599-211625a56271" "Mozilla/5.0 (Linux; Android 16; SM-A356E) AppleWebKit/537.36 (KHTML, like Gecko) Chrome/89.0.4389.105 Mobile Safari/537.36 OPR/63.1.3216.58602"
176.123.101.160 - - [11/Sep/2026:15:52:25 +0330] "GET /wp-content/plugins/elementor-pro/assets/js/nav-menu.8521a0597c50611efdc6.bundle.min.js HTTP/1.1" 200 1733 "https://digikeyland.ir/product/chatgpt-plus/?attribute_pa_plan=%D8%A7%D8%B4%D8%AA%D8%B1%D8%A7%DA%A9%DB%8C-%D8%A8%D8%A7-%D8%B6%D9%85%D8%A7%D9%86%D8%AA-%DA%A9%D8%A7%D9%85%D9%84-%D9%82%D8%A7%D8%A8%D9%84-%D8%AA%D9%85%D8%AF%DB%8C%D8%AF-%D9%84%D8%A7%DA%AF%DB%8C-2&utm_medium=PPC&utm_source=Torob&torob_clid=01a0906a-f92f-73c6-8599-211625a56271" "Mozilla/5.0 (Linux; Android 16; SM-A356E) AppleWebKit/537.36 (KHTML, like Gecko) Chrome/89.0.4389.105 Mobile Safari/537.36 OPR/63.1.3216.58602"
176.123.101.160 - - [11/Sep/2026:15:52:26 +0330] "GET /wp-content/plugins/elementor/assets/js/text-editor.45609661e409413f1cef.bundle.min.js HTTP/1.1" 200 592 "https://digikeyland.ir/product/chatgpt-plus/?attribute_pa_plan=%D8%A7%D8%B4%D8%AA%D8%B1%D8%A7%DA%A9%DB%8C-%D8%A8%D8%A7-%D8%B6%D9%85%D8%A7%D9%86%D8%AA-%DA%A9%D8%A7%D9%85%D9%84-%D9%82%D8%A7%D8%A8%D9%84-%D8%AA%D9%85%D8%AF%DB%8C%D8%AF-%D9%84%D8%A7%DA%AF%DB%8C-2&utm_medium=PPC&utm_source=Torob&torob_clid=01a0906a-f92f-73c6-8599-211625a56271" "Mozilla/5.0 (Linux; Android 16; SM-A356E) AppleWebKit/537.36 (KHTML, like Gecko) Chrome/89.0.4389.105 Mobile Safari/537.36 OPR/63.1.3216.58602"
176.123.101.160 - - [11/Sep/2026:15:52:26 +0330] "GET /wp-content/uploads/2025/12/chatgpt-600x600.webp HTTP/1.1" 200 29708 "https://digikeyland.ir/product/chatgpt-plus/?attribute_pa_plan=%D8%A7%D8%B4%D8%AA%D8%B1%D8%A7%DA%A9%DB%8C-%D8%A8%D8%A7-%D8%B6%D9%85%D8%A7%D9%86%D8%AA-%DA%A9%D8%A7%D9%85%D9%84-%D9%82%D8%A7%D8%A8%D9%84-%D8%AA%D9%85%D8%AF%DB%8C%D8%AF-%D9%84%D8%A7%DA%AF%DB%8C-2&utm_medium=PPC&utm_source=Torob&torob_clid=01a0906a-f92f-73c6-8599-211625a56271" "Mozilla/5.0 (Linux; Android 16; SM-A356E) AppleWebKit/537.36 (KHTML, like Gecko) Chrome/89.0.4389.105 Mobile Safari/537.36 OPR/63.1.3216.58602"
176.123.101.160 - - [11/Sep/2026:15:52:26 +0330] "GET /wp-includes/js/wp-emoji-release.min.js?ver=7.1 HTTP/1.1" 200 4974 "https://digikeyland.ir/product/chatgpt-plus/?attribute_pa_plan=%D8%A7%D8%B4%D8%AA%D8%B1%D8%A7%DA%A9%DB%8C-%D8%A8%D8%A7-%D8%B6%D9%85%D8%A7%D9%86%D8%AA-%DA%A9%D8%A7%D9%85%D9%84-%D9%82%D8%A7%D8%A8%D9%84-%D8%AA%D9%85%D8%AF%DB%8C%D8%AF-%D9%84%D8%A7%DA%AF%DB%8C-2&utm_medium=PPC&utm_source=Torob&torob_clid=01a0906a-f92f-73c6-8599-211625a56271" "Mozilla/5.0 (Linux; Android 16; SM-A356E) AppleWebKit/537.36 (KHTML, like Gecko) Chrome/89.0.4389.105 Mobile Safari/537.36 OPR/63.1.3216.58602"
5.121.201.134 - - [11/Sep/2026:15:52:12 +0330] "POST /wp-admin/post.php HTTP/2" 302 20 "https://digikeyland.ir/wp-admin/post.php?post=6371&action=edit" "Mozilla/5.0 (Windows NT 10.0; Win64; x64) AppleWebKit/537.36 (KHTML, like Gecko) Chrome/153.0.0.0 Safari/537.36"
5.121.201.134 - - [11/Sep/2026:15:52:00 +0330] "GET /wp-json/wc-admin/options?options=woocommerce_admin_transient_notices_queue%2Cwoocommerce_admin_install_timestamp&_locale=user HTTP/2" 200 101 "https://digikeyland.ir/wp-admin/post.php?post=6371&action=edit" "Mozilla/5.0 (Windows NT 10.0; Win64; x64) AppleWebKit/537.36 (KHTML, like Gecko) Chrome/153.0.0.0 Safari/537.36"
5.121.201.134 - - [11/Sep/2026:15:52:24 +0330] "POST /wp-admin/admin-ajax.php HTTP/2" 200 101 "https://digikeyland.ir/wp-admin/post.php?post=6371&action=edit" "Mozilla/5.0 (Windows NT 10.0; Win64; x64) AppleWebKit/537.36 (KHTML, like Gecko) Chrome/153.0.0.0 Safari/537.36"
176.123.101.160 - - [11/Sep/2026:15:52:29 +0330] "GET /wp-content/uploads/2026/07/filmora-qsc1.webp HTTP/1.1" 200 61900 "https://digikeyland.ir/product/chatgpt-plus/?attribute_pa_plan=%D8%A7%D8%B4%D8%AA%D8%B1%D8%A7%DA%A9%DB%8C-%D8%A8%D8%A7-%D8%B6%D9%85%D8%A7%D9%86%D8%AA-%DA%A9%D8%A7%D9%85%D9%84-%D9%82%D8%A7%D8%A8%D9%84-%D8%AA%D9%85%D8%AF%DB%8C%D8%AF-%D9%84%D8%A7%DA%AF%DB%8C-2&utm_medium=PPC&utm_source=Torob&torob_clid=01a0906a-f92f-73c6-8599-211625a56271" "Mozilla/5.0 (Linux; Android 16; SM-A356E) AppleWebKit/537.36 (KHTML, like Gecko) Chrome/89.0.4389.105 Mobile Safari/537.36 OPR/63.1.3216.58602"
176.123.101.160 - - [11/Sep/2026:15:52:29 +0330] "GET /wp-content/uploads/2026/07/MS-Visio-Pro-sc1.webp HTTP/1.1" 200 59432 "https://digikeyland.ir/product/chatgpt-plus/?attribute_pa_plan=%D8%A7%D8%B4%D8%AA%D8%B1%D8%A7%DA%A9%DB%8C-%D8%A8%D8%A7-%D8%B6%D9%85%D8%A7%D9%86%D8%AA-%DA%A9%D8%A7%D9%85%D9%84-%D9%82%D8%A7%D8%A8%D9%84-%D8%AA%D9%85%D8%AF%DB%8C%D8%AF-%D9%84%D8%A7%DA%AF%DB%8C-2&utm_medium=PPC&utm_source=Torob&torob_clid=01a0906a-f92f-73c6-8599-211625a56271" "Mozilla/5.0 (Linux; Android 16; SM-A356E) AppleWebKit/537.36 (KHTML, like Gecko) Chrome/89.0.4389.105 Mobile Safari/537.36 OPR/63.1.3216.58602"
5.121.201.134 - - [11/Sep/2026:15:52:27 +0330] "GET /wp-admin/post.php?post=6371&action=edit&message=1 HTTP/2" 200 251013 "https://digikeyland.ir/wp-admin/post.php?post=6371&action=edit" "Mozilla/5.0 (Windows NT 10.0; Win64; x64) AppleWebKit/537.36 (KHTML, like Gecko) Chrome/153.0.0.0 Safari/537.36"
5.121.201.134 - - [11/Sep/2026:15:52:30 +0330] "POST /wp-admin/admin-ajax.php HTTP/2" 200 21 "https://digikeyland.ir/wp-admin/post.php?post=6371&action=edit" "Mozilla/5.0 (Windows NT 10.0; Win64; x64) AppleWebKit/537.36 (KHTML, like Gecko) Chrome/153.0.0.0 Safari/537.36"
5.121.201.134 - - [11/Sep/2026:15:52:30 +0330] "GET /wp-content/themes/shopi/includes/redux-core/assets/css/redux.css?ver=7.1 HTTP/2" 404 72005 "https://digikeyland.ir/wp-admin/post.php?post=6371&action=edit&message=1" "Mozilla/5.0 (Windows NT 10.0; Win64; x64) AppleWebKit/537.36 (KHTML, like Gecko) Chrome/153.0.0.0 Safari/537.36"
176.123.101.160 - - [11/Sep/2026:15:52:47 +0330] "GET /wp-content/uploads/2024/11/4-4.png HTTP/1.1" 200 2833 "https://digikeyland.ir/product/chatgpt-plus/?attribute_pa_plan=%D8%A7%D8%B4%D8%AA%D8%B1%D8%A7%DA%A9%DB%8C-%D8%A8%D8%A7-%D8%B6%D9%85%D8%A7%D9%86%D8%AA-%DA%A9%D8%A7%D9%85%D9%84-%D9%82%D8%A7%D8%A8%D9%84-%D8%AA%D9%85%D8%AF%DB%8C%D8%AF-%D9%84%D8%A7%DA%AF%DB%8C-2&utm_medium=PPC&utm_source=Torob&torob_clid=01a0906a-f92f-73c6-8599-211625a56271" "Mozilla/5.0 (Linux; Android 16; SM-A356E) AppleWebKit/537.36 (KHTML, like Gecko) Chrome/89.0.4389.105 Mobile Safari/537.36 OPR/63.1.3216.58602"
176.123.101.160 - - [11/Sep/2026:15:52:47 +0330] "GET /wp-content/uploads/2024/11/1-12.png HTTP/1.1" 200 2778 "https://digikeyland.ir/product/chatgpt-plus/?attribute_pa_plan=%D8%A7%D8%B4%D8%AA%D8%B1%D8%A7%DA%A9%DB%8C-%D8%A8%D8%A7-%D8%B6%D9%85%D8%A7%D9%86%D8%AA-%DA%A9%D8%A7%D9%85%D9%84-%D9%82%D8%A7%D8%A8%D9%84-%D8%AA%D9%85%D8%AF%DB%8C%D8%AF-%D9%84%D8%A7%DA%AF%DB%8C-2&utm_medium=PPC&utm_source=Torob&torob_clid=01a0906a-f92f-73c6-8599-211625a56271" "Mozilla/5.0 (Linux; Android 16; SM-A356E) AppleWebKit/537.36 (KHTML, like Gecko) Chrome/89.0.4389.105 Mobile Safari/537.36 OPR/63.1.3216.58602"
176.123.101.160 - - [11/Sep/2026:15:52:47 +0330] "GET /wp-content/uploads/2024/11/7.png HTTP/1.1" 200 2546 "https://digikeyland.ir/product/chatgpt-plus/?attribute_pa_plan=%D8%A7%D8%B4%D8%AA%D8%B1%D8%A7%DA%A9%DB%8C-%D8%A8%D8%A7-%D8%B6%D9%85%D8%A7%D9%86%D8%AA-%DA%A9%D8%A7%D9%85%D9%84-%D9%82%D8%A7%D8%A8%D9%84-%D8%AA%D9%85%D8%AF%DB%8C%D8%AF-%D9%84%D8%A7%DA%AF%DB%8C-2&utm_medium=PPC&utm_source=Torob&torob_clid=01a0906a-f92f-73c6-8599-211625a56271" "Mozilla/5.0 (Linux; Android 16; SM-A356E) AppleWebKit/537.36 (KHTML, like Gecko) Chrome/89.0.4389.105 Mobile Safari/537.36 OPR/63.1.3216.58602"
176.123.101.160 - - [11/Sep/2026:15:52:47 +0330] "GET /wp-content/uploads/2024/11/2-4.png HTTP/1.1" 200 3403 "https://digikeyland.ir/product/chatgpt-plus/?attribute_pa_plan=%D8%A7%D8%B4%D8%AA%D8%B1%D8%A7%DA%A9%DB%8C-%D8%A8%D8%A7-%D8%B6%D9%85%D8%A7%D9%86%D8%AA-%DA%A9%D8%A7%D9%85%D9%84-%D9%82%D8%A7%D8%A8%D9%84-%D8%AA%D9%85%D8%AF%DB%8C%D8%AF-%D9%84%D8%A7%DA%AF%DB%8C-2&utm_medium=PPC&utm_source=Torob&torob_clid=01a0906a-f92f-73c6-8599-211625a56271" "Mozilla/5.0 (Linux; Android 16; SM-A356E) AppleWebKit/537.36 (KHTML, like Gecko) Chrome/89.0.4389.105 Mobile Safari/537.36 OPR/63.1.3216.58602"
176.123.101.160 - - [11/Sep/2026:15:52:47 +0330] "GET /wp-content/uploads/2024/11/3-3.png HTTP/1.1" 200 2091 "https://digikeyland.ir/product/chatgpt-plus/?attribute_pa_plan=%D8%A7%D8%B4%D8%AA%D8%B1%D8%A7%DA%A9%DB%8C-%D8%A8%D8%A7-%D8%B6%D9%85%D8%A7%D9%86%D8%AA-%DA%A9%D8%A7%D9%85%D9%84-%D9%82%D8%A7%D8%A8%D9%84-%D8%AA%D9%85%D8%AF%DB%8C%D8%AF-%D9%84%D8%A7%DA%AF%DB%8C-2&utm_medium=PPC&utm_source=Torob&torob_clid=01a0906a-f92f-73c6-8599-211625a56271" "Mozilla/5.0 (Linux; Android 16; SM-A356E) AppleWebKit/537.36 (KHTML, like Gecko) Chrome/89.0.4389.105 Mobile Safari/537.36 OPR/63.1.3216.58602"
5.123.117.132 - - [11/Sep/2026:15:51:40 +0330] "GET /wp-content/uploads/2026/07/gta-vi-sc1-1.webp HTTP/2" 200 125532 "https://digikeyland.ir/my-account/" "Mozilla/5.0 (Windows NT 10.0; Win64; x64) AppleWebKit/537.36 (KHTML, like Gecko) Chrome/152.0.0.0 Safari/537.36"
5.123.117.132 - - [11/Sep/2026:15:51:40 +0330] "GET /wp-content/uploads/2025/12/digikeyland-logo.webp HTTP/2" 200 5490 "https://digikeyland.ir/my-account/" "Mozilla/5.0 (Windows NT 10.0; Win64; x64) AppleWebKit/537.36 (KHTML, like Gecko) Chrome/152.0.0.0 Safari/537.36"
5.123.117.132 - - [11/Sep/2026:15:51:40 +0330] "GET /wp-content/uploads/2026/07/psn-gift-card-india-qsc1.webp HTTP/2" 200 52068 "https://digikeyland.ir/my-account/" "Mozilla/5.0 (Windows NT 10.0; Win64; x64) AppleWebKit/537.36 (KHTML, like Gecko) Chrome/152.0.0.0 Safari/537.36"
5.123.117.132 - - [11/Sep/2026:15:51:40 +0330] "GET /wp-content/uploads/2026/07/filmora-qsc1.webp HTTP/2" 200 61900 "https://digikeyland.ir/my-account/" "Mozilla/5.0 (Windows NT 10.0; Win64; x64) AppleWebKit/537.36 (KHTML, like Gecko) Chrome/152.0.0.0 Safari/537.36"
5.123.117.132 - - [11/Sep/2026:15:51:40 +0330] "GET /wp-content/uploads/2026/07/Chess.com-%C3%B7sc1.webp HTTP/2" 200 58436 "https://digikeyland.ir/my-account/" "Mozilla/5.0 (Windows NT 10.0; Win64; x64) AppleWebKit/537.36 (KHTML, like Gecko) Chrome/152.0.0.0 Safari/537.36"
5.214.159.211 - - [11/Sep/2026:15:51:57 +0330] "GET /product/chess-diamond/ HTTP/2" 200 89737 "https://digikeyland.ir/product/chatgpt-plus/" "Mozilla/5.0 (Linux; Android 10; K) AppleWebKit/537.36 (KHTML, like Gecko) Chrome/151.0.0.0 Mobile Safari/537.36"
5.214.159.211 - - [11/Sep/2026:15:52:01 +0330] "GET /my-account/ HTTP/2" 200 0 "https://digikeyland.ir/product/chatgpt-plus/" "Mozilla/5.0 (Linux; Android 10; K) AppleWebKit/537.36 (KHTML, like Gecko) Chrome/151.0.0.0 Mobile Safari/537.36"
5.214.159.211 - - [11/Sep/2026:15:52:11 +0330] "GET /permissions-received/ HTTP/2" 200 63349 "https://digikeyland.ir/product/chatgpt-plus/" "Mozilla/5.0 (Linux; Android 10; K) AppleWebKit/537.36 (KHTML, like Gecko) Chrome/151.0.0.0 Mobile Safari/537.36"
5.123.117.132 - - [11/Sep/2026:15:52:09 +0330] "GET /my-account/orders/ HTTP/2" 200 0 "https://digikeyland.ir/my-account/" "Mozilla/5.0 (Windows NT 10.0; Win64; x64) AppleWebKit/537.36 (KHTML, like Gecko) Chrome/152.0.0.0 Safari/537.36"
85.17.180.28 - - [11/Sep/2026:15:52:06 +0330] "GET /product/netflix/ HTTP/2" 200 0 "https://digikeyland.ir/product/disney-plus/" "Mozilla/5.0 (Linux; Android 10; K) AppleWebKit/537.36 (KHTML, like Gecko) Chrome/131.0.0.0 Mobile Safari/537.36"
5.123.117.132 - - [11/Sep/2026:15:52:15 +0330] "GET /my-account/orders/ HTTP/2" 200 65171 "https://digikeyland.ir/my-account/" "Mozilla/5.0 (Windows NT 10.0; Win64; x64) AppleWebKit/537.36 (KHTML, like Gecko) Chrome/152.0.0.0 Safari/537.36"
85.17.180.28 - - [11/Sep/2026:15:52:20 +0330] "GET /product/netflix/ HTTP/2" 200 86062 "https://digikeyland.ir/product/disney-plus/" "Mozilla/5.0 (Linux; Android 10; K) AppleWebKit/537.36 (KHTML, like Gecko) Chrome/131.0.0.0 Mobile Safari/537.36"
185.130.50.10 - - [11/Sep/2026:15:52:28 +0330] "POST /wp-cron.php?doing_wp_cron=1789129348.0832688808441162109375 HTTP/1.1" 200 20 "-" "WordPress/7.1; https://digikeyland.ir"
5.123.117.132 - - [11/Sep/2026:15:52:31 +0330] "GET /product-category/educational-tools/ HTTP/2" 200 0 "https://digikeyland.ir/my-account/orders/" "Mozilla/5.0 (Windows NT 10.0; Win64; x64) AppleWebKit/537.36 (KHTML, like Gecko) Chrome/152.0.0.0 Safari/537.36"
5.123.117.132 - - [11/Sep/2026:15:52:32 +0330] "GET /product-category/educational-tools/ HTTP/2" 200 0 "https://digikeyland.ir/my-account/orders/" "Mozilla/5.0 (Windows NT 10.0; Win64; x64) AppleWebKit/537.36 (KHTML, like Gecko) Chrome/152.0.0.0 Safari/537.36"
5.123.117.132 - - [11/Sep/2026:15:52:34 +0330] "GET /product-category/educational-tools/ HTTP/2" 200 65248 "https://digikeyland.ir/my-account/orders/" "Mozilla/5.0 (Windows NT 10.0; Win64; x64) AppleWebKit/537.36 (KHTML, like Gecko) Chrome/152.0.0.0 Safari/537.36"
5.123.117.132 - - [11/Sep/2026:15:52:49 +0330] "GET /wp-content/themes/shopi/assets/css/jquery-ui.css?ver=2.0.0 HTTP/2" 200 7927 "https://digikeyland.ir/product-category/educational-tools/" "Mozilla/5.0 (Windows NT 10.0; Win64; x64) AppleWebKit/537.36 (KHTML, like Gecko) Chrome/152.0.0.0 Safari/537.36"
5.123.117.132 - - [11/Sep/2026:15:52:49 +0330] "GET /wp-content/themes/shopi/assets/js/jquery-ui.js?ver=2.0.0 HTTP/2" 200 119743 "https://digikeyland.ir/product-category/educational-tools/" "Mozilla/5.0 (Windows NT 10.0; Win64; x64) AppleWebKit/537.36 (KHTML, like Gecko) Chrome/152.0.0.0 Safari/537.36"
5.123.117.132 - - [11/Sep/2026:15:52:49 +0330] "GET /wp-includes/js/jquery/ui/mouse.min.js?ver=1.14.2 HTTP/2" 200 968 "https://digikeyland.ir/product-category/educational-tools/" "Mozilla/5.0 (Windows NT 10.0; Win64; x64) AppleWebKit/537.36 (KHTML, like Gecko) Chrome/152.0.0.0 Safari/537.36"
5.123.117.132 - - [11/Sep/2026:15:52:49 +0330] "GET /wp-includes/js/jquery/ui/slider.min.js?ver=1.14.2 HTTP/2" 200 3010 "https://digikeyland.ir/product-category/educational-tools/" "Mozilla/5.0 (Windows NT 10.0; Win64; x64) AppleWebKit/537.36 (KHTML, like Gecko) Chrome/152.0.0.0 Safari/537.36"
5.123.117.132 - - [11/Sep/2026:15:52:49 +0330] "GET /wp-content/plugins/woocommerce/assets/js/jquery-ui-touch-punch/jquery-ui-touch-punch.min.js?ver=11.1.0 HTTP/2" 200 529 "https://digikeyland.ir/product-category/educational-tools/" "Mozilla/5.0 (Windows NT 10.0; Win64; x64) AppleWebKit/537.36 (KHTML, like Gecko) Chrome/152.0.0.0 Safari/537.36"
5.123.117.132 - - [11/Sep/2026:15:52:49 +0330] "GET /wp-content/plugins/woocommerce/assets/js/accounting/accounting.min.js?ver=0.4.2 HTTP/2" 200 1321 "https://digikeyland.ir/product-category/educational-tools/" "Mozilla/5.0 (Windows NT 10.0; Win64; x64) AppleWebKit/537.36 (KHTML, like Gecko) Chrome/152.0.0.0 Safari/537.36"
5.123.117.132 - - [11/Sep/2026:15:52:49 +0330] "GET /wp-content/plugins/woocommerce/assets/js/frontend/price-slider.min.js?ver=11.1.0 HTTP/2" 200 538 "https://digikeyland.ir/product-category/educational-tools/" "Mozilla/5.0 (Windows NT 10.0; Win64; x64) AppleWebKit/537.36 (KHTML, like Gecko) Chrome/152.0.0.0 Safari/537.36"
5.123.117.132 - - [11/Sep/2026:15:52:49 +0330] "GET /wp-content/uploads/2025/12/Ai-off-pic.webp HTTP/2" 200 23112 "https://digikeyland.ir/product-category/educational-tools/" "Mozilla/5.0 (Windows NT 10.0; Win64; x64) AppleWebKit/537.36 (KHTML, like Gecko) Chrome/152.0.0.0 Safari/537.36"
5.123.117.132 - - [11/Sep/2026:15:52:49 +0330] "GET /wp-content/uploads/2026/07/ABA-English-s1-300x300.webp HTTP/2" 200 16324 "https://digikeyland.ir/product-category/educational-tools/" "Mozilla/5.0 (Windows NT 10.0; Win64; x64) AppleWebKit/537.36 (KHTML, like Gecko) Chrome/152.0.0.0 Safari/537.36"
5.123.117.132 - - [11/Sep/2026:15:52:49 +0330] "GET /wp-content/uploads/2026/07/ABA-English-s2-300x300.webp HTTP/2" 200 9718 "https://digikeyland.ir/product-category/educational-tools/" "Mozilla/5.0 (Windows NT 10.0; Win64; x64) AppleWebKit/537.36 (KHTML, like Gecko) Chrome/152.0.0.0 Safari/537.36"
5.123.117.132 - - [11/Sep/2026:15:52:49 +0330] "GET /wp-content/uploads/2026/07/Rosetta-Ston-sc1-300x300.webp HTTP/2" 200 14574 "https://digikeyland.ir/product-category/educational-tools/" "Mozilla/5.0 (Windows NT 10.0; Win64; x64) AppleWebKit/537.36 (KHTML, like Gecko) Chrome/152.0.0.0 Safari/537.36"
5.123.117.132 - - [11/Sep/2026:15:52:49 +0330] "GET /wp-content/uploads/2026/07/Rosetta-Ston-sc2-300x300.webp HTTP/2" 200 9348 "https://digikeyland.ir/product-category/educational-tools/" "Mozilla/5.0 (Windows NT 10.0; Win64; x64) AppleWebKit/537.36 (KHTML, like Gecko) Chrome/152.0.0.0 Safari/537.36"
5.123.117.132 - - [11/Sep/2026:15:52:49 +0330] "GET /wp-content/uploads/2026/07/Midjourney-sc1-300x300.webp HTTP/2" 200 6922 "https://digikeyland.ir/product-category/educational-tools/" "Mozilla/5.0 (Windows NT 10.0; Win64; x64) AppleWebKit/537.36 (KHTML, like Gecko) Chrome/152.0.0.0 Safari/537.36"
5.123.117.132 - - [11/Sep/2026:15:52:49 +0330] "GET /wp-content/uploads/2026/07/Midjourney-sc2-300x300.webp HTTP/2" 200 7016 "https://digikeyland.ir/product-category/educational-tools/" "Mozilla/5.0 (Windows NT 10.0; Win64; x64) AppleWebKit/537.36 (KHTML, like Gecko) Chrome/152.0.0.0 Safari/537.36"
5.123.117.132 - - [11/Sep/2026:15:52:49 +0330] "GET /wp-content/uploads/2026/07/VOICEMOD-PRO-sc1-300x300.webp HTTP/2" 200 14672 "https://digikeyland.ir/product-category/educational-tools/" "Mozilla/5.0 (Windows NT 10.0; Win64; x64) AppleWebKit/537.36 (KHTML, like Gecko) Chrome/152.0.0.0 Safari/537.36"
5.123.117.132 - - [11/Sep/2026:15:52:49 +0330] "GET /wp-content/uploads/2026/07/VOICEMOD-PRO-sc2-300x300.webp HTTP/2" 200 7962 "https://digikeyland.ir/product-category/educational-tools/" "Mozilla/5.0 (Windows NT 10.0; Win64; x64) AppleWebKit/537.36 (KHTML, like Gecko) Chrome/152.0.0.0 Safari/537.36"
5.123.117.132 - - [11/Sep/2026:15:52:49 +0330] "GET /wp-content/uploads/2025/12/CODECADEMY-300x300.webp HTTP/2" 200 12660 "https://digikeyland.ir/product-category/educational-tools/" "Mozilla/5.0 (Windows NT 10.0; Win64; x64) AppleWebKit/537.36 (KHTML, like Gecko) Chrome/152.0.0.0 Safari/537.36"
5.123.117.132 - - [11/Sep/2026:15:52:49 +0330] "GET /wp-content/uploads/2025/12/CODECADEMY-HOWER-300x300.webp HTTP/2" 200 5904 "https://digikeyland.ir/product-category/educational-tools/" "Mozilla/5.0 (Windows NT 10.0; Win64; x64) AppleWebKit/537.36 (KHTML, like Gecko) Chrome/152.0.0.0 Safari/537.36"
5.123.117.132 - - [11/Sep/2026:15:52:49 +0330] "GET /wp-content/uploads/2025/12/Grammarly-300x300.webp HTTP/2" 200 10000 "https://digikeyland.ir/product-category/educational-tools/" "Mozilla/5.0 (Windows NT 10.0; Win64; x64) AppleWebKit/537.36 (KHTML, like Gecko) Chrome/152.0.0.0 Safari/537.36"
5.123.117.132 - - [11/Sep/2026:15:52:49 +0330] "GET /wp-content/uploads/2025/12/Grammarly-hower-300x300.webp HTTP/2" 200 5426 "https://digikeyland.ir/product-category/educational-tools/" "Mozilla/5.0 (Windows NT 10.0; Win64; x64) AppleWebKit/537.36 (KHTML, like Gecko) Chrome/152.0.0.0 Safari/537.36"
5.123.117.132 - - [11/Sep/2026:15:52:49 +0330] "GET /wp-content/uploads/2025/12/Autodesk-pics-300x300.webp HTTP/2" 200 10670 "https://digikeyland.ir/product-category/educational-tools/" "Mozilla/5.0 (Windows NT 10.0; Win64; x64) AppleWebKit/537.36 (KHTML, like Gecko) Chrome/152.0.0.0 Safari/537.36"
5.123.117.132 - - [11/Sep/2026:15:52:49 +0330] "GET /wp-content/uploads/2025/12/Autodesk-pics-hower-300x300.webp HTTP/2" 200 6000 "https://digikeyland.ir/product-category/educational-tools/" "Mozilla/5.0 (Windows NT 10.0; Win64; x64) AppleWebKit/537.36 (KHTML, like Gecko) Chrome/152.0.0.0 Safari/537.36"
5.123.117.132 - - [11/Sep/2026:15:52:49 +0330] "GET /wp-content/uploads/2025/12/mondly-300x300.webp HTTP/2" 200 13532 "https://digikeyland.ir/product-category/educational-tools/" "Mozilla/5.0 (Windows NT 10.0; Win64; x64) AppleWebKit/537.36 (KHTML, like Gecko) Chrome/152.0.0.0 Safari/537.36"
5.123.117.132 - - [11/Sep/2026:15:52:49 +0330] "GET /wp-content/uploads/2025/12/mondly-hower-300x300.webp HTTP/2" 200 5866 "https://digikeyland.ir/product-category/educational-tools/" "Mozilla/5.0 (Windows NT 10.0; Win64; x64) AppleWebKit/537.36 (KHTML, like Gecko) Chrome/152.0.0.0 Safari/537.36"
5.123.117.132 - - [11/Sep/2026:15:52:49 +0330] "GET /wp-content/uploads/2025/12/quillbot-300x300.webp HTTP/2" 200 10492 "https://digikeyland.ir/product-category/educational-tools/" "Mozilla/5.0 (Windows NT 10.0; Win64; x64) AppleWebKit/537.36 (KHTML, like Gecko) Chrome/152.0.0.0 Safari/537.36"
5.123.117.132 - - [11/Sep/2026:15:52:49 +0330] "GET /wp-content/uploads/2025/12/quillbot-hower-300x300.webp HTTP/2" 200 6652 "https://digikeyland.ir/product-category/educational-tools/" "Mozilla/5.0 (Windows NT 10.0; Win64; x64) AppleWebKit/537.36 (KHTML, like Gecko) Chrome/152.0.0.0 Safari/537.36"
176.123.101.160 - - [11/Sep/2026:15:52:47 +0330] "GET /wp-content/uploads/2024/11/6.png HTTP/1.1" 200 3032 "https://digikeyland.ir/product/chatgpt-plus/?attribute_pa_plan=%D8%A7%D8%B4%D8%AA%D8%B1%D8%A7%DA%A9%DB%8C-%D8%A8%D8%A7-%D8%B6%D9%85%D8%A7%D9%86%D8%AA-%DA%A9%D8%A7%D9%85%D9%84-%D9%82%D8%A7%D8%A8%D9%84-%D8%AA%D9%85%D8%AF%DB%8C%D8%AF-%D9%84%D8%A7%DA%AF%DB%8C-2&utm_medium=PPC&utm_source=Torob&torob_clid=01a0906a-f92f-73c6-8599-211625a56271" "Mozilla/5.0 (Linux; Android 16; SM-A356E) AppleWebKit/537.36 (KHTML, like Gecko) Chrome/89.0.4389.105 Mobile Safari/537.36 OPR/63.1.3216.58602"
5.121.201.134 - - [11/Sep/2026:15:52:34 +0330] "GET /wp-json/wp/v2/users/me?context=edit&_locale=user HTTP/2" 200 1496 "https://digikeyland.ir/wp-admin/post.php?post=6371&action=edit" "Mozilla/5.0 (Windows NT 10.0; Win64; x64) AppleWebKit/537.36 (KHTML, like Gecko) Chrome/153.0.0.0 Safari/537.36"
5.121.201.134 - - [11/Sep/2026:15:52:34 +0330] "GET /wp-json/wc-analytics/activity-panel/counts?_locale=user HTTP/2" 200 95 "https://digikeyland.ir/wp-admin/post.php?post=6371&action=edit" "Mozilla/5.0 (Windows NT 10.0; Win64; x64) AppleWebKit/537.36 (KHTML, like Gecko) Chrome/153.0.0.0 Safari/537.36"
176.123.101.160 - - [11/Sep/2026:15:52:36 +0330] "POST /wp-admin/admin-ajax.php HTTP/1.1" 200 1409 "https://digikeyland.ir/product/chatgpt-plus/?attribute_pa_plan=%D8%A7%D8%B4%D8%AA%D8%B1%D8%A7%DA%A9%DB%8C-%D8%A8%D8%A7-%D8%B6%D9%85%D8%A7%D9%86%D8%AA-%DA%A9%D8%A7%D9%85%D9%84-%D9%82%D8%A7%D8%A8%D9%84-%D8%AA%D9%85%D8%AF%DB%8C%D8%AF-%D9%84%D8%A7%DA%AF%DB%8C-2&utm_medium=PPC&utm_source=Torob&torob_clid=01a0906a-f92f-73c6-8599-211625a56271" "Mozilla/5.0 (Linux; Android 16; SM-A356E) AppleWebKit/537.36 (KHTML, like Gecko) Chrome/89.0.4389.105 Mobile Safari/537.36 OPR/63.1.3216.58602"
5.121.201.134 - - [11/Sep/2026:15:52:34 +0330] "GET /wp-admin/admin-ajax.php?action=oembed-cache&post=6371 HTTP/2" 200 21 "https://digikeyland.ir/wp-admin/post.php?post=6371&action=edit" "Mozilla/5.0 (Windows NT 10.0; Win64; x64) AppleWebKit/537.36 (KHTML, like Gecko) Chrome/153.0.0.0 Safari/537.36"
5.121.201.134 - - [11/Sep/2026:15:52:34 +0330] "POST /wp-admin/admin-ajax.php HTTP/2" 200 20 "https://digikeyland.ir/wp-admin/post.php?post=6371&action=edit" "Mozilla/5.0 (Windows NT 10.0; Win64; x64) AppleWebKit/537.36 (KHTML, like Gecko) Chrome/153.0.0.0 Safari/537.36"
5.121.201.134 - - [11/Sep/2026:15:52:34 +0330] "GET /wp-json/wc-admin/onboarding/tasks?_locale=user HTTP/2" 200 1843 "https://digikeyland.ir/wp-admin/post.php?post=6371&action=edit" "Mozilla/5.0 (Windows NT 10.0; Win64; x64) AppleWebKit/537.36 (KHTML, like Gecko) Chrome/153.0.0.0 Safari/537.36"
5.121.201.134 - - [11/Sep/2026:15:52:34 +0330] "GET /wp-json/wc-admin/options?options=woocommerce_ces_tracks_queue&_locale=user HTTP/2" 200 58 "https://digikeyland.ir/wp-admin/post.php?post=6371&action=edit" "Mozilla/5.0 (Windows NT 10.0; Win64; x64) AppleWebKit/537.36 (KHTML, like Gecko) Chrome/153.0.0.0 Safari/537.36"
5.121.201.134 - - [11/Sep/2026:15:52:34 +0330] "GET /wp-json/wc-admin/options?options=woocommerce_admin_transient_notices_queue%2Cwoocommerce_admin_install_timestamp&_locale=user HTTP/2" 200 101 "https://digikeyland.ir/wp-admin/post.php?post=6371&action=edit" "Mozilla/5.0 (Windows NT 10.0; Win64; x64) AppleWebKit/537.36 (KHTML, like Gecko) Chrome/153.0.0.0 Safari/537.36"
176.123.101.160 - - [11/Sep/2026:15:52:47 +0330] "POST /wp-admin/admin-ajax.php HTTP/1.1" 200 1225 "https://digikeyland.ir/product/chatgpt-plus/?attribute_pa_plan=%D8%A7%D8%B4%D8%AA%D8%B1%D8%A7%DA%A9%DB%8C-%D8%A8%D8%A7-%D8%B6%D9%85%D8%A7%D9%86%D8%AA-%DA%A9%D8%A7%D9%85%D9%84-%D9%82%D8%A7%D8%A8%D9%84-%D8%AA%D9%85%D8%AF%DB%8C%D8%AF-%D9%84%D8%A7%DA%AF%DB%8C-2&utm_medium=PPC&utm_source=Torob&torob_clid=01a0906a-f92f-73c6-8599-211625a56271" "Mozilla/5.0 (Linux; Android 16; SM-A356E) AppleWebKit/537.36 (KHTML, like Gecko) Chrome/89.0.4389.105 Mobile Safari/537.36 OPR/63.1.3216.58602"
5.121.201.134 - - [11/Sep/2026:15:52:34 +0330] "POST /wp-admin/admin-ajax.php HTTP/2" 200 20 "https://digikeyland.ir/wp-admin/post.php?post=6371&action=edit" "Mozilla/5.0 (Windows NT 10.0; Win64; x64) AppleWebKit/537.36 (KHTML, like Gecko) Chrome/153.0.0.0 Safari/537.36"
5.121.201.134 - - [11/Sep/2026:15:52:34 +0330] "GET /wp-json/wc-analytics/admin/notes?page=1&per_page=25&type=error%2Cupdate&status=unactioned&_locale=user HTTP/2" 200 22 "https://digikeyland.ir/wp-admin/post.php?post=6371&action=edit" "Mozilla/5.0 (Windows NT 10.0; Win64; x64) AppleWebKit/537.36 (KHTML, like Gecko) Chrome/153.0.0.0 Safari/537.36"
5.121.201.134 - - [11/Sep/2026:15:52:34 +0330] "POST /wp-admin/admin-ajax.php HTTP/2" 200 21 "https://digikeyland.ir/wp-admin/post.php?post=6371&action=edit" "Mozilla/5.0 (Windows NT 10.0; Win64; x64) AppleWebKit/537.36 (KHTML, like Gecko) Chrome/153.0.0.0 Safari/537.36"
5.121.201.134 - - [11/Sep/2026:15:52:34 +0330] "POST /wp-admin/admin-ajax.php HTTP/2" 200 101 "https://digikeyland.ir/wp-admin/post.php?post=6371&action=edit" "Mozilla/5.0 (Windows NT 10.0; Win64; x64) AppleWebKit/537.36 (KHTML, like Gecko) Chrome/153.0.0.0 Safari/537.36"
5.121.201.134 - - [11/Sep/2026:15:52:53 +0330] "GET /wp-admin/edit.php?post_type=shop_order HTTP/2" 200 241221 "https://digikeyland.ir/wp-admin/post.php?post=6371&action=edit" "Mozilla/5.0 (Windows NT 10.0; Win64; x64) AppleWebKit/537.36 (KHTML, like Gecko) Chrome/153.0.0.0 Safari/537.36"
176.123.101.160 - - [11/Sep/2026:15:52:56 +0330] "POST /wp-admin/admin-ajax.php HTTP/1.1" 200 1123 "https://digikeyland.ir/product/chatgpt-plus/?attribute_pa_plan=%D8%A7%D8%B4%D8%AA%D8%B1%D8%A7%DA%A9%DB%8C-%D8%A8%D8%A7-%D8%B6%D9%85%D8%A7%D9%86%D8%AA-%DA%A9%D8%A7%D9%85%D9%84-%D9%82%D8%A7%D8%A8%D9%84-%D8%AA%D9%85%D8%AF%DB%8C%D8%AF-%D9%84%D8%A7%DA%AF%DB%8C-2&utm_medium=PPC&utm_source=Torob&torob_clid=01a0906a-f92f-73c6-8599-211625a56271" "Mozilla/5.0 (Linux; Android 16; SM-A356E) AppleWebKit/537.36 (KHTML, like Gecko) Chrome/89.0.4389.105 Mobile Safari/537.36 OPR/63.1.3216.58602"
5.121.201.134 - - [11/Sep/2026:15:52:54 +0330] "POST /wp-admin/admin-ajax.php HTTP/2" 200 0 "https://digikeyland.ir/wp-admin/post.php?post=6371&action=edit" "Mozilla/5.0 (Windows NT 10.0; Win64; x64) AppleWebKit/537.36 (KHTML, like Gecko) Chrome/153.0.0.0 Safari/537.36"
5.121.201.134 - - [11/Sep/2026:15:52:58 +0330] "GET /wp-content/themes/shopi/includes/redux-core/assets/css/redux.css?ver=7.1 HTTP/2" 404 71997 "https://digikeyland.ir/wp-admin/edit.php?post_type=shop_order" "Mozilla/5.0 (Windows NT 10.0; Win64; x64) AppleWebKit/537.36 (KHTML, like Gecko) Chrome/153.0.0.0 Safari/537.36"
5.121.201.134 - - [11/Sep/2026:15:52:58 +0330] "POST /wp-admin/admin-ajax.php HTTP/2" 200 21 "https://digikeyland.ir/wp-admin/post.php?post=6371&action=edit" "Mozilla/5.0 (Windows NT 10.0; Win64; x64) AppleWebKit/537.36 (KHTML, like Gecko) Chrome/153.0.0.0 Safari/537.36"
5.121.201.134 - - [11/Sep/2026:15:53:00 +0330] "GET /wp-json/wp/v2/users/me?context=edit&_locale=user HTTP/2" 200 1496 "https://digikeyland.ir/wp-admin/edit.php?post_type=shop_order" "Mozilla/5.0 (Windows NT 10.0; Win64; x64) AppleWebKit/537.36 (KHTML, like Gecko) Chrome/153.0.0.0 Safari/537.36"
5.121.201.134 - - [11/Sep/2026:15:53:00 +0330] "GET /wp-json/wc-admin/onboarding/tasks?_locale=user HTTP/2" 200 1843 "https://digikeyland.ir/wp-admin/edit.php?post_type=shop_order" "Mozilla/5.0 (Windows NT 10.0; Win64; x64) AppleWebKit/537.36 (KHTML, like Gecko) Chrome/153.0.0.0 Safari/537.36"
5.121.201.134 - - [11/Sep/2026:15:53:01 +0330] "GET /wp-json/wc-admin/options?options=woocommerce_admin_transient_notices_queue%2Cwoocommerce_admin_install_timestamp&_locale=user HTTP/2" 200 101 "https://digikeyland.ir/wp-admin/edit.php?post_type=shop_order" "Mozilla/5.0 (Windows NT 10.0; Win64; x64) AppleWebKit/537.36 (KHTML, like Gecko) Chrome/153.0.0.0 Safari/537.36"
5.121.201.134 - - [11/Sep/2026:15:53:00 +0330] "POST /wp-admin/admin-ajax.php HTTP/2" 200 20 "https://digikeyland.ir/wp-admin/edit.php?post_type=shop_order" "Mozilla/5.0 (Windows NT 10.0; Win64; x64) AppleWebKit/537.36 (KHTML, like Gecko) Chrome/153.0.0.0 Safari/537.36"
5.121.201.134 - - [11/Sep/2026:15:53:00 +0330] "POST /wp-admin/admin-ajax.php HTTP/2" 200 21 "https://digikeyland.ir/wp-admin/edit.php?post_type=shop_order" "Mozilla/5.0 (Windows NT 10.0; Win64; x64) AppleWebKit/537.36 (KHTML, like Gecko) Chrome/153.0.0.0 Safari/537.36"
5.121.201.134 - - [11/Sep/2026:15:53:00 +0330] "GET /wp-json/wc-analytics/admin/notes?page=1&per_page=25&type=error%2Cupdate&status=unactioned&_locale=user HTTP/2" 200 22 "https://digikeyland.ir/wp-admin/edit.php?post_type=shop_order" "Mozilla/5.0 (Windows NT 10.0; Win64; x64) AppleWebKit/537.36 (KHTML, like Gecko) Chrome/153.0.0.0 Safari/537.36"
5.121.201.134 - - [11/Sep/2026:15:53:00 +0330] "GET /wp-json/wc-analytics/activity-panel/counts?_locale=user HTTP/2" 200 95 "https://digikeyland.ir/wp-admin/edit.php?post_type=shop_order" "Mozilla/5.0 (Windows NT 10.0; Win64; x64) AppleWebKit/537.36 (KHTML, like Gecko) Chrome/153.0.0.0 Safari/537.36"
5.121.201.134 - - [11/Sep/2026:15:53:02 +0330] "GET /wp-admin/post.php?post=6372&action=edit HTTP/2" 200 250826 "https://digikeyland.ir/wp-admin/edit.php?post_type=shop_order" "Mozilla/5.0 (Windows NT 10.0; Win64; x64) AppleWebKit/537.36 (KHTML, like Gecko) Chrome/153.0.0.0 Safari/537.36"
5.121.201.134 - - [11/Sep/2026:15:53:00 +0330] "POST /wp-admin/admin-ajax.php HTTP/2" 200 0 "https://digikeyland.ir/wp-admin/edit.php?post_type=shop_order" "Mozilla/5.0 (Windows NT 10.0; Win64; x64) AppleWebKit/537.36 (KHTML, like Gecko) Chrome/153.0.0.0 Safari/537.36"
5.121.201.134 - - [11/Sep/2026:15:53:00 +0330] "GET /wp-json/wc-admin/options?options=woocommerce_ces_tracks_queue&_locale=user HTTP/2" 200 0 "https://digikeyland.ir/wp-admin/edit.php?post_type=shop_order" "Mozilla/5.0 (Windows NT 10.0; Win64; x64) AppleWebKit/537.36 (KHTML, like Gecko) Chrome/153.0.0.0 Safari/537.36"
5.121.201.134 - - [11/Sep/2026:15:53:00 +0330] "POST /wp-admin/admin-ajax.php HTTP/2" 200 0 "https://digikeyland.ir/wp-admin/edit.php?post_type=shop_order" "Mozilla/5.0 (Windows NT 10.0; Win64; x64) AppleWebKit/537.36 (KHTML, like Gecko) Chrome/153.0.0.0 Safari/537.36"
5.121.201.134 - - [11/Sep/2026:15:53:10 +0330] "POST /wp-admin/admin-ajax.php HTTP/2" 200 67 "https://digikeyland.ir/wp-admin/edit.php?post_type=product" "Mozilla/5.0 (Windows NT 10.0; Win64; x64) AppleWebKit/537.36 (KHTML, like Gecko) Chrome/153.0.0.0 Safari/537.36"
5.121.201.134 - - [11/Sep/2026:15:53:08 +0330] "POST /wp-admin/admin-ajax.php HTTP/2" 200 101 "https://digikeyland.ir/wp-admin/post.php?post=5173&action=edit" "Mozilla/5.0 (Windows NT 10.0; Win64; x64) AppleWebKit/537.36 (KHTML, like Gecko) Chrome/153.0.0.0 Safari/537.36"
5.121.201.134 - - [11/Sep/2026:15:53:16 +0330] "GET /wp-content/themes/shopi/includes/redux-core/assets/css/redux.css?ver=7.1 HTTP/2" 404 72064 "https://digikeyland.ir/wp-admin/post.php?post=6372&action=edit" "Mozilla/5.0 (Windows NT 10.0; Win64; x64) AppleWebKit/537.36 (KHTML, like Gecko) Chrome/153.0.0.0 Safari/537.36"
5.121.201.134 - - [11/Sep/2026:15:53:20 +0330] "GET /wp-json/wp/v2/users/me?context=edit&_locale=user HTTP/2" 200 1496 "https://digikeyland.ir/wp-admin/post.php?post=6372&action=edit" "Mozilla/5.0 (Windows NT 10.0; Win64; x64) AppleWebKit/537.36 (KHTML, like Gecko) Chrome/153.0.0.0 Safari/537.36"
5.121.201.134 - - [11/Sep/2026:15:53:20 +0330] "GET /wp-json/wc-admin/options?options=woocommerce_ces_tracks_queue&_locale=user HTTP/2" 200 58 "https://digikeyland.ir/wp-admin/post.php?post=6372&action=edit" "Mozilla/5.0 (Windows NT 10.0; Win64; x64) AppleWebKit/537.36 (KHTML, like Gecko) Chrome/153.0.0.0 Safari/537.36"
5.123.117.132 - - [11/Sep/2026:15:52:49 +0330] "GET /wp-content/uploads/2025/12/duolingo-300x300.webp HTTP/2" 200 11518 "https://digikeyland.ir/product-category/educational-tools/" "Mozilla/5.0 (Windows NT 10.0; Win64; x64) AppleWebKit/537.36 (KHTML, like Gecko) Chrome/152.0.0.0 Safari/537.36"
5.123.117.132 - - [11/Sep/2026:15:52:49 +0330] "GET /wp-content/uploads/2025/12/duolingo-hower-300x300.webp HTTP/2" 200 7330 "https://digikeyland.ir/product-category/educational-tools/" "Mozilla/5.0 (Windows NT 10.0; Win64; x64) AppleWebKit/537.36 (KHTML, like Gecko) Chrome/152.0.0.0 Safari/537.36"
85.17.180.28 - - [11/Sep/2026:15:52:45 +0330] "POST /wp-admin/admin-ajax.php HTTP/2" 200 103 "https://digikeyland.ir/product/netflix/" "Mozilla/5.0 (Linux; Android 10; K) AppleWebKit/537.36 (KHTML, like Gecko) Chrome/131.0.0.0 Mobile Safari/537.36"
5.123.117.132 - - [11/Sep/2026:15:53:03 +0330] "GET /product-category/educational-tools/ HTTP/2" 200 0 "https://digikeyland.ir/product-category/educational-tools/" "Mozilla/5.0 (Windows NT 10.0; Win64; x64) AppleWebKit/537.36 (KHTML, like Gecko) Chrome/152.0.0.0 Safari/537.36"
5.123.117.132 - - [11/Sep/2026:15:53:11 +0330] "GET / HTTP/2" 200 88594 "https://digikeyland.ir/product-category/educational-tools/" "Mozilla/5.0 (Windows NT 10.0; Win64; x64) AppleWebKit/537.36 (KHTML, like Gecko) Chrome/152.0.0.0 Safari/537.36"
185.130.50.10 - - [11/Sep/2026:15:53:31 +0330] "POST /wp-cron.php?doing_wp_cron=1789129411.1647291183471679687500 HTTP/1.1" 200 20 "-" "WordPress/7.1; https://digikeyland.ir"
185.130.50.10 - - [11/Sep/2026:15:53:34 +0330] "POST /wp-cron.php?doing_wp_cron=1789129414.3088240623474121093750 HTTP/1.1" 200 20 "-" "WordPress/7.1; https://digikeyland.ir"
5.123.117.132 - - [11/Sep/2026:15:53:21 +0330] "GET /product/canva-pro/ HTTP/2" 200 107314 "https://digikeyland.ir/" "Mozilla/5.0 (Windows NT 10.0; Win64; x64) AppleWebKit/537.36 (KHTML, like Gecko) Chrome/152.0.0.0 Safari/537.36"
5.123.117.132 - - [11/Sep/2026:15:53:34 +0330] "GET /wp-content/plugins/elementor/assets/css/widget-divider-rtl.min.css?ver=4.2.4 HTTP/2" 200 678 "https://digikeyland.ir/product/canva-pro/" "Mozilla/5.0 (Windows NT 10.0; Win64; x64) AppleWebKit/537.36 (KHTML, like Gecko) Chrome/152.0.0.0 Safari/537.36"
5.123.117.132 - - [11/Sep/2026:15:53:34 +0330] "GET /wp-content/plugins/elementor-pro/assets/css/modules/motion-fx.min.css?ver=3.33.2 HTTP/2" 200 240 "https://digikeyland.ir/product/canva-pro/" "Mozilla/5.0 (Windows NT 10.0; Win64; x64) AppleWebKit/537.36 (KHTML, like Gecko) Chrome/152.0.0.0 Safari/537.36"
5.123.117.132 - - [11/Sep/2026:15:53:34 +0330] "GET /wp-content/uploads/elementor/css/post-3202.css?ver=1789045769 HTTP/2" 200 2467 "https://digikeyland.ir/product/canva-pro/" "Mozilla/5.0 (Windows NT 10.0; Win64; x64) AppleWebKit/537.36 (KHTML, like Gecko) Chrome/152.0.0.0 Safari/537.36"
5.123.117.132 - - [11/Sep/2026:15:53:34 +0330] "GET /wp-content/themes/shopi/assets/css/glightbox.css?ver=2.0.0 HTTP/2" 200 2728 "https://digikeyland.ir/product/canva-pro/" "Mozilla/5.0 (Windows NT 10.0; Win64; x64) AppleWebKit/537.36 (KHTML, like Gecko) Chrome/152.0.0.0 Safari/537.36"
5.123.117.132 - - [11/Sep/2026:15:53:34 +0330] "GET /wp-content/themes/shopi/assets/js/glightbox.min.js?ver=2.0.0 HTTP/2" 200 14895 "https://digikeyland.ir/product/canva-pro/" "Mozilla/5.0 (Windows NT 10.0; Win64; x64) AppleWebKit/537.36 (KHTML, like Gecko) Chrome/152.0.0.0 Safari/537.36"
5.123.117.132 - - [11/Sep/2026:15:53:34 +0330] "GET /wp-content/plugins/woocommerce/assets/js/frontend/single-product.min.js?ver=11.1.0 HTTP/2" 200 3558 "https://digikeyland.ir/product/canva-pro/" "Mozilla/5.0 (Windows NT 10.0; Win64; x64) AppleWebKit/537.36 (KHTML, like Gecko) Chrome/152.0.0.0 Safari/537.36"
5.123.117.132 - - [11/Sep/2026:15:53:34 +0330] "GET /wp-includes/js/comment-reply.min.js?ver=7.1 HTTP/2" 200 1224 "https://digikeyland.ir/product/canva-pro/" "Mozilla/5.0 (Windows NT 10.0; Win64; x64) AppleWebKit/537.36 (KHTML, like Gecko) Chrome/152.0.0.0 Safari/537.36"
