84.13.153.129 - - [11/Sep/2026:17:01:19 +0330] "GET /wp-admin/index.php HTTP/1.1" 302 20 "https://digikeyland.ir/wp-login.php" "Mozilla/5.0 (X11; Linux x86_64) AppleWebKit/537.36 (KHTML, like Gecko) Chrome/93.0.4577.63 Safari/537.36"
84.13.153.129 - - [11/Sep/2026:17:01:20 +0330] "GET /wp-login.php?redirect_to=https%3A%2F%2Fdigikeyland.ir%2Fwp-admin%2Findex.php&reauth=1 HTTP/1.1" 200 3804 "https://digikeyland.ir/wp-login.php" "Mozilla/5.0 (X11; Linux x86_64) AppleWebKit/537.36 (KHTML, like Gecko) Chrome/93.0.4577.63 Safari/537.36"
84.13.153.129 - - [11/Sep/2026:17:01:22 +0330] "GET /wp-admin/index.php HTTP/1.1" 302 20 "https://digikeyland.ir/wp-login.php" "Mozilla/5.0 (X11; Linux x86_64) AppleWebKit/537.36 (KHTML, like Gecko) Chrome/93.0.4577.63 Safari/537.36"
84.13.153.129 - - [11/Sep/2026:17:01:24 +0330] "GET /wp-login.php?redirect_to=https%3A%2F%2Fdigikeyland.ir%2Fwp-admin%2Findex.php&reauth=1 HTTP/1.1" 200 3804 "https://digikeyland.ir/wp-login.php" "Mozilla/5.0 (X11; Linux x86_64) AppleWebKit/537.36 (KHTML, like Gecko) Chrome/93.0.4577.63 Safari/537.36"
84.13.153.129 - - [11/Sep/2026:17:01:25 +0330] "POST /wp-login.php HTTP/1.1" 200 3971 "https://digikeyland.ir/wp-login.php" "Mozilla/5.0 (X11; Linux x86_64) AppleWebKit/537.36 (KHTML, like Gecko) Chrome/92.0.4515.131 Safari/537.36"
84.13.153.129 - - [11/Sep/2026:17:01:27 +0330] "GET /wp-admin/index.php HTTP/1.1" 302 20 "https://digikeyland.ir/wp-login.php" "Mozilla/5.0 (X11; Linux x86_64) AppleWebKit/537.36 (KHTML, like Gecko) Chrome/93.0.4577.63 Safari/537.36"
46.100.87.66 - - [11/Sep/2026:17:01:28 +0330] "POST /wp-admin/admin-ajax.php HTTP/2" 200 67 "https://digikeyland.ir/wp-admin/edit.php?s=6052&post_status=all&post_type=shop_order&action=-1&m=0&pwp_m=0&_created_via&_customer_user&paged=1&action2=-1" "Mozilla/5.0 (Windows NT 10.0; Win64; x64) AppleWebKit/537.36 (KHTML, like Gecko) Chrome/153.0.0.0 Safari/537.36"
84.13.153.129 - - [11/Sep/2026:17:01:28 +0330] "GET /wp-login.php?redirect_to=https%3A%2F%2Fdigikeyland.ir%2Fwp-admin%2Findex.php&reauth=1 HTTP/1.1" 200 3804 "https://digikeyland.ir/wp-login.php" "Mozilla/5.0 (X11; Linux x86_64) AppleWebKit/537.36 (KHTML, like Gecko) Chrome/93.0.4577.63 Safari/537.36"
84.13.153.129 - - [11/Sep/2026:17:01:30 +0330] "GET /wp-admin/index.php HTTP/1.1" 302 20 "https://digikeyland.ir/wp-login.php" "Mozilla/5.0 (X11; Linux x86_64) AppleWebKit/537.36 (KHTML, like Gecko) Chrome/93.0.4577.63 Safari/537.36"
46.100.87.66 - - [11/Sep/2026:17:01:31 +0330] "GET /wp-admin/admin-ajax.php?order_id=6052&action=woocommerce_get_order_details&security=4a6a82c7f6 HTTP/2" 200 1132 "https://digikeyland.ir/wp-admin/edit.php?s=6052&post_status=all&post_type=shop_order&action=-1&m=0&pwp_m=0&_created_via&_customer_user&paged=1&action2=-1" "Mozilla/5.0 (Windows NT 10.0; Win64; x64) AppleWebKit/537.36 (KHTML, like Gecko) Chrome/153.0.0.0 Safari/537.36"
84.13.153.129 - - [11/Sep/2026:17:01:31 +0330] "GET /wp-login.php?redirect_to=https%3A%2F%2Fdigikeyland.ir%2Fwp-admin%2Findex.php&reauth=1 HTTP/1.1" 200 3804 "https://digikeyland.ir/wp-login.php" "Mozilla/5.0 (X11; Linux x86_64) AppleWebKit/537.36 (KHTML, like Gecko) Chrome/93.0.4577.63 Safari/537.36"
84.13.153.129 - - [11/Sep/2026:17:01:33 +0330] "POST /wp-login.php HTTP/1.1" 200 3978 "https://digikeyland.ir/wp-login.php" "Mozilla/5.0 (Macintosh; Intel Mac OS X 10_15_7) AppleWebKit/537.36 (KHTML, like Gecko) Chrome/92.0.4515.131 Safari/537.36"
84.13.153.129 - - [11/Sep/2026:17:01:35 +0330] "GET /wp-admin/index.php HTTP/1.1" 302 20 "https://digikeyland.ir/wp-login.php" "Mozilla/5.0 (Macintosh; Intel Mac OS X 10_15_7) AppleWebKit/537.36 (KHTML, like Gecko) Chrome/94.0.4606.71 Safari/537.36"
84.13.153.129 - - [11/Sep/2026:17:01:37 +0330] "GET /wp-login.php?redirect_to=https%3A%2F%2Fdigikeyland.ir%2Fwp-admin%2Findex.php&reauth=1 HTTP/1.1" 200 3804 "https://digikeyland.ir/wp-login.php" "Mozilla/5.0 (Macintosh; Intel Mac OS X 10_15_7) AppleWebKit/537.36 (KHTML, like Gecko) Chrome/94.0.4606.71 Safari/537.36"
46.100.87.66 - - [11/Sep/2026:17:01:37 +0330] "POST /wp-admin/admin-ajax.php HTTP/2" 200 67 "https://digikeyland.ir/wp-admin/edit.php?s=6052&post_status=all&post_type=shop_order&action=-1&m=0&pwp_m=0&_created_via&_customer_user&paged=1&action2=-1" "Mozilla/5.0 (Windows NT 10.0; Win64; x64) AppleWebKit/537.36 (KHTML, like Gecko) Chrome/153.0.0.0 Safari/537.36"
84.13.153.129 - - [11/Sep/2026:17:01:38 +0330] "GET /wp-admin/index.php HTTP/1.1" 302 20 "https://digikeyland.ir/wp-login.php" "Mozilla/5.0 (Macintosh; Intel Mac OS X 10_15_7) AppleWebKit/537.36 (KHTML, like Gecko) Chrome/94.0.4606.71 Safari/537.36"
84.13.153.129 - - [11/Sep/2026:17:01:40 +0330] "GET /wp-login.php?redirect_to=https%3A%2F%2Fdigikeyland.ir%2Fwp-admin%2Findex.php&reauth=1 HTTP/1.1" 200 3804 "https://digikeyland.ir/wp-login.php" "Mozilla/5.0 (Macintosh; Intel Mac OS X 10_15_7) AppleWebKit/537.36 (KHTML, like Gecko) Chrome/94.0.4606.71 Safari/537.36"
84.13.153.129 - - [11/Sep/2026:17:01:42 +0330] "POST /wp-login.php HTTP/1.1" 200 3972 "https://digikeyland.ir/wp-login.php" "Mozilla/5.0 (Windows NT 10.0; Win64; x64) AppleWebKit/605.1.15 (KHTML, like Gecko) Version/14.1 Safari/605.1.15"
46.100.87.66 - - [11/Sep/2026:17:01:42 +0330] "POST /wp-admin/admin-ajax.php HTTP/2" 200 101 "https://digikeyland.ir/wp-admin/post.php?post=5173&action=edit" "Mozilla/5.0 (Windows NT 10.0; Win64; x64) AppleWebKit/537.36 (KHTML, like Gecko) Chrome/153.0.0.0 Safari/537.36"
84.13.153.129 - - [11/Sep/2026:17:01:43 +0330] "GET /wp-admin/index.php HTTP/1.1" 302 20 "https://digikeyland.ir/wp-login.php" "Mozilla/5.0 (Macintosh; Intel Mac OS X 10_15_7) AppleWebKit/537.36 (KHTML, like Gecko) Chrome/93.0.4577.63 Safari/537.36"
84.13.153.129 - - [11/Sep/2026:17:01:46 +0330] "GET /wp-login.php?redirect_to=https%3A%2F%2Fdigikeyland.ir%2Fwp-admin%2Findex.php&reauth=1 HTTP/1.1" 200 3804 "https://digikeyland.ir/wp-login.php" "Mozilla/5.0 (Macintosh; Intel Mac OS X 10_15_7) AppleWebKit/537.36 (KHTML, like Gecko) Chrome/93.0.4577.63 Safari/537.36"
46.100.87.66 - - [11/Sep/2026:17:01:47 +0330] "POST /wp-admin/admin-ajax.php HTTP/2" 200 67 "https://digikeyland.ir/wp-admin/edit.php?s=6052&post_status=all&post_type=shop_order&action=-1&m=0&pwp_m=0&_created_via&_customer_user&paged=1&action2=-1" "Mozilla/5.0 (Windows NT 10.0; Win64; x64) AppleWebKit/537.36 (KHTML, like Gecko) Chrome/153.0.0.0 Safari/537.36"
84.13.153.129 - - [11/Sep/2026:17:01:48 +0330] "GET /wp-admin/index.php HTTP/1.1" 302 20 "https://digikeyland.ir/wp-login.php" "Mozilla/5.0 (Macintosh; Intel Mac OS X 10_15_7) AppleWebKit/537.36 (KHTML, like Gecko) Chrome/93.0.4577.63 Safari/537.36"
84.13.153.129 - - [11/Sep/2026:17:01:50 +0330] "GET /wp-login.php?redirect_to=https%3A%2F%2Fdigikeyland.ir%2Fwp-admin%2Findex.php&reauth=1 HTTP/1.1" 200 3804 "https://digikeyland.ir/wp-login.php" "Mozilla/5.0 (Macintosh; Intel Mac OS X 10_15_7) AppleWebKit/537.36 (KHTML, like Gecko) Chrome/93.0.4577.63 Safari/537.36"
5.215.11.21 - - [11/Sep/2026:16:47:11 +0330] "GET /wp-content/uploads/2025/12/RT-logo-2.webp HTTP/2" 200 678 "https://digikeyland.ir/product/chatgpt-plus/?utm_medium=PPC&utm_source=Torob&torob_clid=01a0909d-0fb1-7777-8a6d-4a001a266062" "Mozilla/5.0 (Linux; Android 10; K) AppleWebKit/537.36 (KHTML, like Gecko) Chrome/152.0.0.0 Mobile Safari/537.36"
5.215.11.21 - - [11/Sep/2026:16:49:22 +0330] "GET /product/chatgpt-plus/?utm_medium=PPC&utm_source=Torob&torob_clid=01a0909f-6ac8-7088-9f65-a369cbd7efe6 HTTP/2" 200 86027 "https://api.torob.com/" "Mozilla/5.0 (Linux; Android 10; K) AppleWebKit/537.36 (KHTML, like Gecko) Chrome/152.0.0.0 Mobile Safari/537.36"
5.215.11.21 - - [11/Sep/2026:16:49:42 +0330] "POST /wp-admin/admin-ajax.php HTTP/2" 200 1225 "https://digikeyland.ir/product/chatgpt-plus/?utm_medium=PPC&utm_source=Torob&torob_clid=01a0909f-6ac8-7088-9f65-a369cbd7efe6" "Mozilla/5.0 (Linux; Android 10; K) AppleWebKit/537.36 (KHTML, like Gecko) Chrome/152.0.0.0 Mobile Safari/537.36"
5.215.11.21 - - [11/Sep/2026:16:49:59 +0330] "POST /wp-admin/admin-ajax.php HTTP/2" 200 1123 "https://digikeyland.ir/product/chatgpt-plus/?utm_medium=PPC&utm_source=Torob&torob_clid=01a0909f-6ac8-7088-9f65-a369cbd7efe6" "Mozilla/5.0 (Linux; Android 10; K) AppleWebKit/537.36 (KHTML, like Gecko) Chrome/152.0.0.0 Mobile Safari/537.36"
5.215.11.21 - - [11/Sep/2026:16:50:05 +0330] "GET /product/chatgpt-plus/?utm_medium=PPC&utm_source=Torob&torob_clid=01a0909f-6ac8-7088-9f65-a369cbd7efe6 HTTP/2" 200 81645 "https://api.torob.com/" "Mozilla/5.0 (Linux; Android 10; K) AppleWebKit/537.36 (KHTML, like Gecko) Chrome/152.0.0.0 Mobile Safari/537.36"
5.215.11.21 - - [11/Sep/2026:16:50:33 +0330] "POST /wp-admin/admin-ajax.php HTTP/2" 200 1200 "https://digikeyland.ir/product/chatgpt-plus/?utm_medium=PPC&utm_source=Torob&torob_clid=01a0909f-6ac8-7088-9f65-a369cbd7efe6" "Mozilla/5.0 (Linux; Android 10; K) AppleWebKit/537.36 (KHTML, like Gecko) Chrome/152.0.0.0 Mobile Safari/537.36"
185.130.50.10 - - [11/Sep/2026:16:55:30 +0330] "POST /wp-cron.php?doing_wp_cron=1789133130.2952210903167724609375 HTTP/1.1" 200 20 "-" "WordPress/7.1; https://digikeyland.ir"
193.36.225.178 - - [11/Sep/2026:16:55:24 +0330] "POST /wp-login.php HTTP/1.1" 200 3974 "-" "Mozilla/5.0 (Windows NT 10.0; Win64; rv:143.0) Gecko/20100101 Firefox/143.0"
173.252.69.112 - - [11/Sep/2026:16:56:40 +0330] "GET /robots.txt HTTP/2" 206 186 "-" "facebookexternalhit/1.1 (+http://www.facebook.com/externalhit_uatext.php)"
185.130.50.10 - - [11/Sep/2026:16:46:51 +0330] "POST /wp-cron.php?doing_wp_cron=1789132611.7850029468536376953125 HTTP/1.1" 200 20 "-" "WordPress/7.1; https://digikeyland.ir"
185.130.50.10 - - [11/Sep/2026:16:49:26 +0330] "POST /wp-cron.php?doing_wp_cron=1789132766.6170730590820312500000 HTTP/1.1" 200 20 "-" "WordPress/7.1; https://digikeyland.ir"
185.130.50.10 - - [11/Sep/2026:16:50:35 +0330] "POST /wp-cron.php?doing_wp_cron=1789132835.4434959888458251953125 HTTP/1.1" 200 20 "-" "WordPress/7.1; https://digikeyland.ir"
84.13.153.129 - - [11/Sep/2026:17:01:52 +0330] "POST /wp-login.php HTTP/1.1" 200 3969 "https://digikeyland.ir/wp-login.php" "Mozilla/5.0 (Windows NT 10.0; Win64; x64) AppleWebKit/537.36 (KHTML, like Gecko) Chrome/92.0.4515.131 Safari/537.36"
84.13.153.129 - - [11/Sep/2026:17:01:53 +0330] "GET /wp-admin/index.php HTTP/1.1" 302 20 "https://digikeyland.ir/wp-login.php" "Mozilla/5.0 (Windows NT 6.1; Win64; x64) AppleWebKit/537.36 (KHTML, like Gecko) Chrome/93.0.4577.63 Safari/537.36"
84.13.153.129 - - [11/Sep/2026:17:01:55 +0330] "GET /wp-login.php?redirect_to=https%3A%2F%2Fdigikeyland.ir%2Fwp-admin%2Findex.php&reauth=1 HTTP/1.1" 200 3804 "https://digikeyland.ir/wp-login.php" "Mozilla/5.0 (Windows NT 6.1; Win64; x64) AppleWebKit/537.36 (KHTML, like Gecko) Chrome/93.0.4577.63 Safari/537.36"
84.13.153.129 - - [11/Sep/2026:17:01:57 +0330] "GET /wp-admin/index.php HTTP/1.1" 302 20 "https://digikeyland.ir/wp-login.php" "Mozilla/5.0 (Windows NT 6.1; Win64; x64) AppleWebKit/537.36 (KHTML, like Gecko) Chrome/93.0.4577.63 Safari/537.36"
84.13.153.129 - - [11/Sep/2026:17:01:59 +0330] "GET /wp-login.php?redirect_to=https%3A%2F%2Fdigikeyland.ir%2Fwp-admin%2Findex.php&reauth=1 HTTP/1.1" 200 3804 "https://digikeyland.ir/wp-login.php" "Mozilla/5.0 (Windows NT 6.1; Win64; x64) AppleWebKit/537.36 (KHTML, like Gecko) Chrome/93.0.4577.63 Safari/537.36"
84.13.153.129 - - [11/Sep/2026:17:02:00 +0330] "POST /wp-login.php HTTP/1.1" 200 3969 "https://digikeyland.ir/wp-login.php" "Mozilla/5.0 (Windows NT 10.0; Win64; x64; rv:90.0) Gecko/20100101 Firefox/90.0.1"
84.13.153.129 - - [11/Sep/2026:17:02:02 +0330] "GET /wp-admin/index.php HTTP/1.1" 302 20 "https://digikeyland.ir/wp-login.php" "Mozilla/5.0 (Windows NT 10.0; Win64; x64) AppleWebKit/537.36 (KHTML, like Gecko) Chrome/90.0.4430.212 Safari/537.36"
46.100.87.66 - - [11/Sep/2026:17:02:03 +0330] "POST /wp-admin/admin-ajax.php HTTP/2" 200 67 "https://digikeyland.ir/wp-admin/edit.php?s=6052&post_status=all&post_type=shop_order&action=-1&m=0&pwp_m=0&_created_via&_customer_user&paged=1&action2=-1" "Mozilla/5.0 (Windows NT 10.0; Win64; x64) AppleWebKit/537.36 (KHTML, like Gecko) Chrome/153.0.0.0 Safari/537.36"
46.100.87.66 - - [11/Sep/2026:17:02:03 +0330] "GET /wp-admin/edit.php?s=6058&post_status=all&post_type=shop_order&_wpnonce=030e759eea&_wp_http_referer=%2Fwp-admin%2Fedit.php%3Fs%3D6052%26post_status%3Dall%26post_type%3Dshop_order%26action%3D-1%26m%3D0%26pwp_m%3D0%26_created_via%26_customer_user%26paged%3D1%26action2%3D-1&action=-1&m=0&pwp_m=0&_created_via=&_customer_user=&paged=1&action2=-1 HTTP/2" 302 20 "https://digikeyland.ir/wp-admin/edit.php?s=6052&post_status=all&post_type=shop_order&action=-1&m=0&pwp_m=0&_created_via&_customer_user&paged=1&action2=-1" "Mozilla/5.0 (Windows NT 10.0; Win64; x64) AppleWebKit/537.36 (KHTML, like Gecko) Chrome/153.0.0.0 Safari/537.36"
84.13.153.129 - - [11/Sep/2026:17:02:04 +0330] "GET /wp-login.php?redirect_to=https%3A%2F%2Fdigikeyland.ir%2Fwp-admin%2Findex.php&reauth=1 HTTP/1.1" 200 3804 "https://digikeyland.ir/wp-login.php" "Mozilla/5.0 (Windows NT 10.0; Win64; x64) AppleWebKit/537.36 (KHTML, like Gecko) Chrome/90.0.4430.212 Safari/537.36"
46.100.87.66 - - [11/Sep/2026:17:02:05 +0330] "POST /wp-admin/admin-ajax.php HTTP/2" 200 101 "https://digikeyland.ir/wp-admin/post.php?post=5173&action=edit" "Mozilla/5.0 (Windows NT 10.0; Win64; x64) AppleWebKit/537.36 (KHTML, like Gecko) Chrome/153.0.0.0 Safari/537.36"
84.13.153.129 - - [11/Sep/2026:17:02:07 +0330] "GET /wp-admin/index.php HTTP/1.1" 302 20 "https://digikeyland.ir/wp-login.php" "Mozilla/5.0 (Windows NT 10.0; Win64; x64) AppleWebKit/537.36 (KHTML, like Gecko) Chrome/90.0.4430.212 Safari/537.36"
46.100.87.66 - - [11/Sep/2026:17:02:06 +0330] "GET /wp-admin/edit.php?s=6058&post_status=all&post_type=shop_order&action=-1&m=0&pwp_m=0&_created_via&_customer_user&paged=1&action2=-1 HTTP/2" 200 237347 "https://digikeyland.ir/wp-admin/edit.php?s=6052&post_status=all&post_type=shop_order&action=-1&m=0&pwp_m=0&_created_via&_customer_user&paged=1&action2=-1" "Mozilla/5.0 (Windows NT 10.0; Win64; x64) AppleWebKit/537.36 (KHTML, like Gecko) Chrome/153.0.0.0 Safari/537.36"
84.13.153.129 - - [11/Sep/2026:17:02:09 +0330] "GET /wp-login.php?redirect_to=https%3A%2F%2Fdigikeyland.ir%2Fwp-admin%2Findex.php&reauth=1 HTTP/1.1" 200 3804 "https://digikeyland.ir/wp-login.php" "Mozilla/5.0 (Windows NT 10.0; Win64; x64) AppleWebKit/537.36 (KHTML, like Gecko) Chrome/90.0.4430.212 Safari/537.36"
46.100.87.66 - - [11/Sep/2026:17:02:09 +0330] "GET /wp-content/themes/shopi/includes/redux-core/assets/css/redux.css?ver=7.1 HTTP/2" 404 72052 "https://digikeyland.ir/wp-admin/edit.php?s=6058&post_status=all&post_type=shop_order&action=-1&m=0&pwp_m=0&_created_via&_customer_user&paged=1&action2=-1" "Mozilla/5.0 (Windows NT 10.0; Win64; x64) AppleWebKit/537.36 (KHTML, like Gecko) Chrome/153.0.0.0 Safari/537.36"
46.100.87.66 - - [11/Sep/2026:17:02:09 +0330] "POST /wp-admin/admin-ajax.php HTTP/2" 200 21 "https://digikeyland.ir/wp-admin/post.php?post=5173&action=edit" "Mozilla/5.0 (Windows NT 10.0; Win64; x64) AppleWebKit/537.36 (KHTML, like Gecko) Chrome/153.0.0.0 Safari/537.36"
84.13.153.129 - - [11/Sep/2026:17:02:11 +0330] "POST /wp-login.php HTTP/1.1" 200 3971 "https://digikeyland.ir/wp-login.php" "Mozilla/5.0 (Windows NT 10.0; Win64; x64) AppleWebKit/537.36 (KHTML, like Gecko) Chrome/91.0.4472.124 Safari/537.36"
84.13.153.129 - - [11/Sep/2026:17:02:14 +0330] "GET /wp-admin/index.php HTTP/1.1" 200 0 "https://digikeyland.ir/wp-login.php" "Mozilla/5.0 (Windows NT 6.1; Win64; x64) AppleWebKit/537.36 (KHTML, like Gecko) Chrome/90.0.4430.212 Safari/537.36"
185.130.50.10 - - [11/Sep/2026:17:02:25 +0330] "POST /wp-cron.php?doing_wp_cron=1789133545.5640881061553955078125 HTTP/1.1" 200 20 "-" "WordPress/7.1; https://digikeyland.ir"
46.100.87.66 - - [11/Sep/2026:17:02:12 +0330] "GET /wp-json/wc-admin/options?options=woocommerce_ces_tracks_queue&_locale=user HTTP/2" 200 58 "https://digikeyland.ir/wp-admin/edit.php?s=6058&post_status=all&post_type=shop_order&action=-1&m=0&pwp_m=0&_created_via&_customer_user&paged=1&action2=-1" "Mozilla/5.0 (Windows NT 10.0; Win64; x64) AppleWebKit/537.36 (KHTML, like Gecko) Chrome/153.0.0.0 Safari/537.36"
46.100.87.66 - - [11/Sep/2026:17:02:12 +0330] "GET /wp-json/wc-admin/onboarding/tasks?_locale=user HTTP/2" 200 1843 "https://digikeyland.ir/wp-admin/edit.php?s=6058&post_status=all&post_type=shop_order&action=-1&m=0&pwp_m=0&_created_via&_customer_user&paged=1&action2=-1" "Mozilla/5.0 (Windows NT 10.0; Win64; x64) AppleWebKit/537.36 (KHTML, like Gecko) Chrome/153.0.0.0 Safari/537.36"
46.100.87.66 - - [11/Sep/2026:17:02:13 +0330] "POST /wp-admin/admin-ajax.php HTTP/2" 200 67 "https://digikeyland.ir/wp-admin/edit.php?s=6058&post_status=all&post_type=shop_order&action=-1&m=0&pwp_m=0&_created_via&_customer_user&paged=1&action2=-1" "Mozilla/5.0 (Windows NT 10.0; Win64; x64) AppleWebKit/537.36 (KHTML, like Gecko) Chrome/153.0.0.0 Safari/537.36"
46.100.87.66 - - [11/Sep/2026:17:02:12 +0330] "GET /wp-json/wc-analytics/activity-panel/counts?_locale=user HTTP/2" 200 94 "https://digikeyland.ir/wp-admin/edit.php?s=6058&post_status=all&post_type=shop_order&action=-1&m=0&pwp_m=0&_created_via&_customer_user&paged=1&action2=-1" "Mozilla/5.0 (Windows NT 10.0; Win64; x64) AppleWebKit/537.36 (KHTML, like Gecko) Chrome/153.0.0.0 Safari/537.36"
46.100.87.66 - - [11/Sep/2026:17:02:12 +0330] "POST /wp-admin/admin-ajax.php HTTP/2" 200 21 "https://digikeyland.ir/wp-admin/edit.php?s=6058&post_status=all&post_type=shop_order&action=-1&m=0&pwp_m=0&_created_via&_customer_user&paged=1&action2=-1" "Mozilla/5.0 (Windows NT 10.0; Win64; x64) AppleWebKit/537.36 (KHTML, like Gecko) Chrome/153.0.0.0 Safari/537.36"
46.100.87.66 - - [11/Sep/2026:17:02:12 +0330] "GET /wp-json/wc-analytics/admin/notes?page=1&per_page=25&type=error%2Cupdate&status=unactioned&_locale=user HTTP/2" 200 22 "https://digikeyland.ir/wp-admin/edit.php?s=6058&post_status=all&post_type=shop_order&action=-1&m=0&pwp_m=0&_created_via&_customer_user&paged=1&action2=-1" "Mozilla/5.0 (Windows NT 10.0; Win64; x64) AppleWebKit/537.36 (KHTML, like Gecko) Chrome/153.0.0.0 Safari/537.36"
185.130.50.10 - - [11/Sep/2026:17:02:30 +0330] "POST /wp-cron.php?doing_wp_cron=1789133550.9560730457305908203125 HTTP/1.1" 200 20 "-" "WordPress/7.1; https://digikeyland.ir"
46.100.87.66 - - [11/Sep/2026:17:02:13 +0330] "POST /wp-admin/admin-ajax.php HTTP/2" 200 20 "https://digikeyland.ir/wp-admin/edit.php?s=6058&post_status=all&post_type=shop_order&action=-1&m=0&pwp_m=0&_created_via&_customer_user&paged=1&action2=-1" "Mozilla/5.0 (Windows NT 10.0; Win64; x64) AppleWebKit/537.36 (KHTML, like Gecko) Chrome/153.0.0.0 Safari/537.36"
46.100.87.66 - - [11/Sep/2026:17:02:13 +0330] "POST /wp-admin/admin-ajax.php HTTP/2" 200 67 "https://digikeyland.ir/wp-admin/edit.php?post_type=shop_order" "Mozilla/5.0 (Windows NT 10.0; Win64; x64) AppleWebKit/537.36 (KHTML, like Gecko) Chrome/153.0.0.0 Safari/537.36"
84.13.153.129 - - [11/Sep/2026:17:02:26 +0330] "POST /wp-login.php HTTP/1.1" 200 3983 "https://digikeyland.ir/wp-login.php" "Mozilla/5.0 (Windows NT 10.0; Win64; x64) AppleWebKit/605.1.15 (KHTML, like Gecko) Version/14.0.3 Safari/605.1.15"
46.100.87.66 - - [11/Sep/2026:17:02:12 +0330] "GET /wp-json/wp/v2/users/me?context=edit&_locale=user HTTP/2" 200 1496 "https://digikeyland.ir/wp-admin/edit.php?s=6058&post_status=all&post_type=shop_order&action=-1&m=0&pwp_m=0&_created_via&_customer_user&paged=1&action2=-1" "Mozilla/5.0 (Windows NT 10.0; Win64; x64) AppleWebKit/537.36 (KHTML, like Gecko) Chrome/153.0.0.0 Safari/537.36"
46.100.87.66 - - [11/Sep/2026:17:02:13 +0330] "GET /wp-json/wc-admin/options?options=woocommerce_admin_transient_notices_queue%2Cwoocommerce_admin_install_timestamp&_locale=user HTTP/2" 200 101 "https://digikeyland.ir/wp-admin/edit.php?s=6058&post_status=all&post_type=shop_order&action=-1&m=0&pwp_m=0&_created_via&_customer_user&paged=1&action2=-1" "Mozilla/5.0 (Windows NT 10.0; Win64; x64) AppleWebKit/537.36 (KHTML, like Gecko) Chrome/153.0.0.0 Safari/537.36"
46.100.87.66 - - [11/Sep/2026:17:02:13 +0330] "POST /wp-admin/admin-ajax.php HTTP/2" 200 20 "https://digikeyland.ir/wp-admin/edit.php?s=6058&post_status=all&post_type=shop_order&action=-1&m=0&pwp_m=0&_created_via&_customer_user&paged=1&action2=-1" "Mozilla/5.0 (Windows NT 10.0; Win64; x64) AppleWebKit/537.36 (KHTML, like Gecko) Chrome/153.0.0.0 Safari/537.36"
46.100.87.66 - - [11/Sep/2026:17:02:15 +0330] "GET /wp-admin/admin-ajax.php?order_id=6058&action=woocommerce_get_order_details&security=4a6a82c7f6 HTTP/2" 200 1146 "https://digikeyland.ir/wp-admin/edit.php?s=6058&post_status=all&post_type=shop_order&action=-1&m=0&pwp_m=0&_created_via&_customer_user&paged=1&action2=-1" "Mozilla/5.0 (Windows NT 10.0; Win64; x64) AppleWebKit/537.36 (KHTML, like Gecko) Chrome/153.0.0.0 Safari/537.36"
46.100.87.66 - - [11/Sep/2026:17:02:27 +0330] "POST /wp-admin/admin-ajax.php HTTP/2" 200 67 "https://digikeyland.ir/wp-admin/edit.php?s=6058&post_status=all&post_type=shop_order&action=-1&m=0&pwp_m=0&_created_via&_customer_user&paged=1&action2=-1" "Mozilla/5.0 (Windows NT 10.0; Win64; x64) AppleWebKit/537.36 (KHTML, like Gecko) Chrome/153.0.0.0 Safari/537.36"
84.13.153.129 - - [11/Sep/2026:17:02:31 +0330] "GET /wp-admin/index.php HTTP/1.1" 302 20 "https://digikeyland.ir/wp-login.php" "Mozilla/5.0 (Windows NT 6.1; Win64; x64) AppleWebKit/537.36 (KHTML, like Gecko) Chrome/90.0.4430.212 Safari/537.36"
84.13.153.129 - - [11/Sep/2026:17:02:35 +0330] "GET /wp-login.php?redirect_to=https%3A%2F%2Fdigikeyland.ir%2Fwp-admin%2Findex.php&reauth=1 HTTP/1.1" 200 3804 "https://digikeyland.ir/wp-login.php" "Mozilla/5.0 (Windows NT 6.1; Win64; x64) AppleWebKit/537.36 (KHTML, like Gecko) Chrome/90.0.4430.212 Safari/537.36"
46.100.87.66 - - [11/Sep/2026:17:00:03 +0330] "POST /wp-admin/admin-ajax.php HTTP/2" 200 20 "https://digikeyland.ir/wp-admin/edit.php?s=6052&post_status=all&post_type=shop_order&action=-1&m=0&pwp_m=0&_created_via&_customer_user&paged=1&action2=-1" "Mozilla/5.0 (Windows NT 10.0; Win64; x64) AppleWebKit/537.36 (KHTML, like Gecko) Chrome/153.0.0.0 Safari/537.36"
5.123.117.132 - - [11/Sep/2026:17:00:53 +0330] "GET /cart/ HTTP/2" 200 57392 "https://digikeyland.ir/product/chatgpt-plus/" "Mozilla/5.0 (Windows NT 10.0; Win64; x64) AppleWebKit/537.36 (KHTML, like Gecko) Chrome/152.0.0.0 Safari/537.36"
5.123.117.132 - - [11/Sep/2026:17:01:02 +0330] "GET /product/chatgpt-plus/ HTTP/2" 200 87795 "https://digikeyland.ir/" "Mozilla/5.0 (Windows NT 10.0; Win64; x64) AppleWebKit/537.36 (KHTML, like Gecko) Chrome/152.0.0.0 Safari/537.36"
5.123.117.132 - - [11/Sep/2026:17:01:42 +0330] "POST /product/chatgpt-plus/ HTTP/2" 200 87878 "https://digikeyland.ir/product/chatgpt-plus/" "Mozilla/5.0 (Windows NT 10.0; Win64; x64) AppleWebKit/537.36 (KHTML, like Gecko) Chrome/152.0.0.0 Safari/537.36"
136.144.33.19 - - [11/Sep/2026:17:01:51 +0330] "POST /wp-login.php HTTP/1.1" 200 3974 "-" "Mozilla/5.0 (Windows NT 10.0; Win64; rv:143.0) Gecko/20100101 Firefox/143.0"
5.123.117.132 - - [11/Sep/2026:17:01:52 +0330] "POST /product/chatgpt-plus/ HTTP/2" 200 87824 "https://digikeyland.ir/product/chatgpt-plus/" "Mozilla/5.0 (Windows NT 10.0; Win64; x64) AppleWebKit/537.36 (KHTML, like Gecko) Chrome/152.0.0.0 Safari/537.36"
5.123.117.132 - - [11/Sep/2026:17:02:14 +0330] "GET /cart/ HTTP/2" 200 0 "https://digikeyland.ir/product/chatgpt-plus/" "Mozilla/5.0 (Windows NT 10.0; Win64; x64) AppleWebKit/537.36 (KHTML, like Gecko) Chrome/152.0.0.0 Safari/537.36"
5.123.117.132 - - [11/Sep/2026:17:02:25 +0330] "GET /cart/ HTTP/2" 200 0 "https://digikeyland.ir/product/chatgpt-plus/" "Mozilla/5.0 (Windows NT 10.0; Win64; x64) AppleWebKit/537.36 (KHTML, like Gecko) Chrome/152.0.0.0 Safari/537.36"
84.13.153.129 - - [11/Sep/2026:17:02:20 +0330] "GET /wp-admin/index.php HTTP/1.1" 302 20 "https://digikeyland.ir/wp-login.php" "Mozilla/5.0 (Windows NT 6.1; Win64; x64) AppleWebKit/537.36 (KHTML, like Gecko) Chrome/90.0.4430.212 Safari/537.36"
5.123.117.132 - - [11/Sep/2026:17:02:29 +0330] "GET /cart/ HTTP/2" 200 57393 "https://digikeyland.ir/product/chatgpt-plus/" "Mozilla/5.0 (Windows NT 10.0; Win64; x64) AppleWebKit/537.36 (KHTML, like Gecko) Chrome/152.0.0.0 Safari/537.36"
5.210.75.8 - - [11/Sep/2026:17:02:36 +0330] "GET /product/chatgpt-plus/?utm_medium=PPC&utm_source=Torob&torob_clid=01a090ab-8b68-7538-b46f-94b513288f21 HTTP/2" 200 86029 "https://api.torob.com/" "Mozilla/5.0 (Linux; Android 15; motorola edge 40 Build/V1TLS35.73-60-3-14; wv) AppleWebKit/537.36 (KHTML, like Gecko) Version/4.0 Chrome/151.0.7922.200 Mobile Safari/537.36"
5.210.75.8 - - [11/Sep/2026:17:02:41 +0330] "GET /wp-content/plugins/contact-form-7/includes/css/styles.css?ver=6.1.7 HTTP/2" 200 902 "https://digikeyland.ir/product/chatgpt-plus/?utm_medium=PPC&utm_source=Torob&torob_clid=01a090ab-8b68-7538-b46f-94b513288f21" "Mozilla/5.0 (Linux; Android 15; motorola edge 40 Build/V1TLS35.73-60-3-14; wv) AppleWebKit/537.36 (KHTML, like Gecko) Version/4.0 Chrome/151.0.7922.200 Mobile Safari/537.36"
5.210.75.8 - - [11/Sep/2026:17:02:41 +0330] "GET /wp-content/plugins/contact-form-7/includes/css/styles-rtl.css?ver=6.1.7 HTTP/2" 200 152 "https://digikeyland.ir/product/chatgpt-plus/?utm_medium=PPC&utm_source=Torob&torob_clid=01a090ab-8b68-7538-b46f-94b513288f21" "Mozilla/5.0 (Linux; Android 15; motorola edge 40 Build/V1TLS35.73-60-3-14; wv) AppleWebKit/537.36 (KHTML, like Gecko) Version/4.0 Chrome/151.0.7922.200 Mobile Safari/537.36"
5.210.75.8 - - [11/Sep/2026:17:02:41 +0330] "GET /wp-content/plugins/sheyda-hamarz/assets/css/frontend/hamarz.min.css?ver=3.5.0.0 HTTP/2" 200 416 "https://digikeyland.ir/product/chatgpt-plus/?utm_medium=PPC&utm_source=Torob&torob_clid=01a090ab-8b68-7538-b46f-94b513288f21" "Mozilla/5.0 (Linux; Android 15; motorola edge 40 Build/V1TLS35.73-60-3-14; wv) AppleWebKit/537.36 (KHTML, like Gecko) Version/4.0 Chrome/151.0.7922.200 Mobile Safari/537.36"
5.210.75.8 - - [11/Sep/2026:17:02:41 +0330] "GET /wp-content/plugins/ar-contactus/res/css/contactus.min.css?ver=2.2.8 HTTP/2" 200 14107 "https://digikeyland.ir/product/chatgpt-plus/?utm_medium=PPC&utm_source=Torob&torob_clid=01a090ab-8b68-7538-b46f-94b513288f21" "Mozilla/5.0 (Linux; Android 15; motorola edge 40 Build/V1TLS35.73-60-3-14; wv) AppleWebKit/537.36 (KHTML, like Gecko) Version/4.0 Chrome/151.0.7922.200 Mobile Safari/537.36"
5.210.75.8 - - [11/Sep/2026:17:02:41 +0330] "GET /wp-content/plugins/ar-contactus/res/css/generated-mobile.css?ver=1789045161 HTTP/2" 200 471 "https://digikeyland.ir/product/chatgpt-plus/?utm_medium=PPC&utm_source=Torob&torob_clid=01a090ab-8b68-7538-b46f-94b513288f21" "Mozilla/5.0 (Linux; Android 15; motorola edge 40 Build/V1TLS35.73-60-3-14; wv) AppleWebKit/537.36 (KHTML, like Gecko) Version/4.0 Chrome/151.0.7922.200 Mobile Safari/537.36"
5.210.75.8 - - [11/Sep/2026:17:02:41 +0330] "GET /wp-content/plugins/woo-variation-swatches/assets/css/frontend.min.css?ver=2.4.0 HTTP/2" 200 4326 "https://digikeyland.ir/product/chatgpt-plus/?utm_medium=PPC&utm_source=Torob&torob_clid=01a090ab-8b68-7538-b46f-94b513288f21" "Mozilla/5.0 (Linux; Android 15; motorola edge 40 Build/V1TLS35.73-60-3-14; wv) AppleWebKit/537.36 (KHTML, like Gecko) Version/4.0 Chrome/151.0.7922.200 Mobile Safari/537.36"
5.210.75.8 - - [11/Sep/2026:17:02:41 +0330] "GET /wp-content/themes/shopi/includes/redux-core/assets/css/extendify-utilities.css?ver=4.4.11 HTTP/2" 200 5382 "https://digikeyland.ir/product/chatgpt-plus/?utm_medium=PPC&utm_source=Torob&torob_clid=01a090ab-8b68-7538-b46f-94b513288f21" "Mozilla/5.0 (Linux; Android 15; motorola edge 40 Build/V1TLS35.73-60-3-14; wv) AppleWebKit/537.36 (KHTML, like Gecko) Version/4.0 Chrome/151.0.7922.200 Mobile Safari/537.36"
5.210.75.8 - - [11/Sep/2026:17:02:41 +0330] "GET /wp-content/uploads/elementor/css/custom-frontend.min.css?ver=1789045198 HTTP/2" 200 6649 "https://digikeyland.ir/product/chatgpt-plus/?utm_medium=PPC&utm_source=Torob&torob_clid=01a090ab-8b68-7538-b46f-94b513288f21" "Mozilla/5.0 (Linux; Android 15; motorola edge 40 Build/V1TLS35.73-60-3-14; wv) AppleWebKit/537.36 (KHTML, like Gecko) Version/4.0 Chrome/151.0.7922.200 Mobile Safari/537.36"
5.210.75.8 - - [11/Sep/2026:17:02:41 +0330] "GET /wp-content/plugins/elementor/assets/css/widget-heading-rtl.min.css?ver=4.2.4 HTTP/2" 200 126 "https://digikeyland.ir/product/chatgpt-plus/?utm_medium=PPC&utm_source=Torob&torob_clid=01a090ab-8b68-7538-b46f-94b513288f21" "Mozilla/5.0 (Linux; Android 15; motorola edge 40 Build/V1TLS35.73-60-3-14; wv) AppleWebKit/537.36 (KHTML, like Gecko) Version/4.0 Chrome/151.0.7922.200 Mobile Safari/537.36"
5.210.75.8 - - [11/Sep/2026:17:02:41 +0330] "GET /wp-content/uploads/elementor/css/custom-pro-widget-nav-menu-rtl.min.css?ver=1789045198 HTTP/2" 200 3228 "https://digikeyland.ir/product/chatgpt-plus/?utm_medium=PPC&utm_source=Torob&torob_clid=01a090ab-8b68-7538-b46f-94b513288f21" "Mozilla/5.0 (Linux; Android 15; motorola edge 40 Build/V1TLS35.73-60-3-14; wv) AppleWebKit/537.36 (KHTML, like Gecko) Version/4.0 Chrome/151.0.7922.200 Mobile Safari/537.36"
5.210.75.8 - - [11/Sep/2026:17:02:41 +0330] "GET /wp-content/plugins/elementor/assets/css/widget-image-rtl.min.css?ver=4.2.4 HTTP/2" 200 96 "https://digikeyland.ir/product/chatgpt-plus/?utm_medium=PPC&utm_source=Torob&torob_clid=01a090ab-8b68-7538-b46f-94b513288f21" "Mozilla/5.0 (Linux; Android 15; motorola edge 40 Build/V1TLS35.73-60-3-14; wv) AppleWebKit/537.36 (KHTML, like Gecko) Version/4.0 Chrome/151.0.7922.200 Mobile Safari/537.36"
5.210.75.8 - - [11/Sep/2026:17:02:41 +0330] "GET /wp-content/plugins/elementor-pro/assets/css/modules/sticky.min.css?ver=3.33.2 HTTP/2" 200 162 "https://digikeyland.ir/product/chatgpt-plus/?utm_medium=PPC&utm_source=Torob&torob_clid=01a090ab-8b68-7538-b46f-94b513288f21" "Mozilla/5.0 (Linux; Android 15; motorola edge 40 Build/V1TLS35.73-60-3-14; wv) AppleWebKit/537.36 (KHTML, like Gecko) Version/4.0 Chrome/151.0.7922.200 Mobile Safari/537.36"
5.210.75.8 - - [11/Sep/2026:17:02:41 +0330] "GET /wp-content/plugins/elementor/assets/css/widget-divider-rtl.min.css?ver=4.2.4 HTTP/2" 200 678 "https://digikeyland.ir/product/chatgpt-plus/?utm_medium=PPC&utm_source=Torob&torob_clid=01a090ab-8b68-7538-b46f-94b513288f21" "Mozilla/5.0 (Linux; Android 15; motorola edge 40 Build/V1TLS35.73-60-3-14; wv) AppleWebKit/537.36 (KHTML, like Gecko) Version/4.0 Chrome/151.0.7922.200 Mobile Safari/537.36"
5.210.75.8 - - [11/Sep/2026:17:02:41 +0330] "GET /wp-content/plugins/elementor-pro/assets/css/modules/motion-fx.min.css?ver=3.33.2 HTTP/2" 200 240 "https://digikeyland.ir/product/chatgpt-plus/?utm_medium=PPC&utm_source=Torob&torob_clid=01a090ab-8b68-7538-b46f-94b513288f21" "Mozilla/5.0 (Linux; Android 15; motorola edge 40 Build/V1TLS35.73-60-3-14; wv) AppleWebKit/537.36 (KHTML, like Gecko) Version/4.0 Chrome/151.0.7922.200 Mobile Safari/537.36"
5.210.75.8 - - [11/Sep/2026:17:02:41 +0330] "GET /wp-content/uploads/elementor/css/post-329.css?ver=1789045199 HTTP/2" 200 373 "https://digikeyland.ir/product/chatgpt-plus/?utm_medium=PPC&utm_source=Torob&torob_clid=01a090ab-8b68-7538-b46f-94b513288f21" "Mozilla/5.0 (Linux; Android 15; motorola edge 40 Build/V1TLS35.73-60-3-14; wv) AppleWebKit/537.36 (KHTML, like Gecko) Version/4.0 Chrome/151.0.7922.200 Mobile Safari/537.36"
5.210.75.8 - - [11/Sep/2026:17:02:41 +0330] "GET /wp-content/uploads/elementor/css/post-2837.css?ver=1789045415 HTTP/2" 200 2205 "https://digikeyland.ir/product/chatgpt-plus/?utm_medium=PPC&utm_source=Torob&torob_clid=01a090ab-8b68-7538-b46f-94b513288f21" "Mozilla/5.0 (Linux; Android 15; motorola edge 40 Build/V1TLS35.73-60-3-14; wv) AppleWebKit/537.36 (KHTML, like Gecko) Version/4.0 Chrome/151.0.7922.200 Mobile Safari/537.36"
5.210.75.8 - - [11/Sep/2026:17:02:41 +0330] "GET /wp-content/uploads/elementor/css/post-2667.css?ver=1789045201 HTTP/2" 200 3038 "https://digikeyland.ir/product/chatgpt-plus/?utm_medium=PPC&utm_source=Torob&torob_clid=01a090ab-8b68-7538-b46f-94b513288f21" "Mozilla/5.0 (Linux; Android 15; motorola edge 40 Build/V1TLS35.73-60-3-14; wv) AppleWebKit/537.36 (KHTML, like Gecko) Version/4.0 Chrome/151.0.7922.200 Mobile Safari/537.36"
5.210.75.8 - - [11/Sep/2026:17:02:41 +0330] "GET /wp-content/uploads/elementor/css/post-3202.css?ver=1789045769 HTTP/2" 200 2467 "https://digikeyland.ir/product/chatgpt-plus/?utm_medium=PPC&utm_source=Torob&torob_clid=01a090ab-8b68-7538-b46f-94b513288f21" "Mozilla/5.0 (Linux; Android 15; motorola edge 40 Build/V1TLS35.73-60-3-14; wv) AppleWebKit/537.36 (KHTML, like Gecko) Version/4.0 Chrome/151.0.7922.200 Mobile Safari/537.36"
5.210.75.8 - - [11/Sep/2026:17:02:41 +0330] "GET /wp-content/plugins/sheyda-hamarz/panel/assets/css/frontend/sheyda.min.css?ver=2.3.0.0 HTTP/2" 200 75 "https://digikeyland.ir/product/chatgpt-plus/?utm_medium=PPC&utm_source=Torob&torob_clid=01a090ab-8b68-7538-b46f-94b513288f21" "Mozilla/5.0 (Linux; Android 15; motorola edge 40 Build/V1TLS35.73-60-3-14; wv) AppleWebKit/537.36 (KHTML, like Gecko) Version/4.0 Chrome/151.0.7922.200 Mobile Safari/537.36"
5.210.75.8 - - [11/Sep/2026:17:02:41 +0330] "GET /wp-content/plugins/sheyda-hamarz/panel/assets/css/icons.min.css?ver=2.3.0.0 HTTP/2" 200 784 "https://digikeyland.ir/product/chatgpt-plus/?utm_medium=PPC&utm_source=Torob&torob_clid=01a090ab-8b68-7538-b46f-94b513288f21" "Mozilla/5.0 (Linux; Android 15; motorola edge 40 Build/V1TLS35.73-60-3-14; wv) AppleWebKit/537.36 (KHTML, like Gecko) Version/4.0 Chrome/151.0.7922.200 Mobile Safari/537.36"
5.210.75.8 - - [11/Sep/2026:17:02:41 +0330] "GET /wp-content/plugins/woocommerce/assets/css/select2.css?ver=11.1.0 HTTP/2" 200 1750 "https://digikeyland.ir/product/chatgpt-plus/?utm_medium=PPC&utm_source=Torob&torob_clid=01a090ab-8b68-7538-b46f-94b513288f21" "Mozilla/5.0 (Linux; Android 15; motorola edge 40 Build/V1TLS35.73-60-3-14; wv) AppleWebKit/537.36 (KHTML, like Gecko) Version/4.0 Chrome/151.0.7922.200 Mobile Safari/537.36"
5.210.75.8 - - [11/Sep/2026:17:02:41 +0330] "GET /wp-content/themes/shopi/assets/css/glightbox.css?ver=2.0.0 HTTP/2" 200 2728 "https://digikeyland.ir/product/chatgpt-plus/?utm_medium=PPC&utm_source=Torob&torob_clid=01a090ab-8b68-7538-b46f-94b513288f21" "Mozilla/5.0 (Linux; Android 15; motorola edge 40 Build/V1TLS35.73-60-3-14; wv) AppleWebKit/537.36 (KHTML, like Gecko) Version/4.0 Chrome/151.0.7922.200 Mobile Safari/537.36"
5.210.75.8 - - [11/Sep/2026:17:02:41 +0330] "GET /wp-content/themes/shopi/assets/css/jquery-ui.css?ver=2.0.0 HTTP/2" 200 7927 "https://digikeyland.ir/product/chatgpt-plus/?utm_medium=PPC&utm_source=Torob&torob_clid=01a090ab-8b68-7538-b46f-94b513288f21" "Mozilla/5.0 (Linux; Android 15; motorola edge 40 Build/V1TLS35.73-60-3-14; wv) AppleWebKit/537.36 (KHTML, like Gecko) Version/4.0 Chrome/151.0.7922.200 Mobile Safari/537.36"
5.210.75.8 - - [11/Sep/2026:17:02:41 +0330] "GET /wp-content/themes/shopi/assets/css/plugins.css?ver=2.0.0 HTTP/2" 200 9964 "https://digikeyland.ir/product/chatgpt-plus/?utm_medium=PPC&utm_source=Torob&torob_clid=01a090ab-8b68-7538-b46f-94b513288f21" "Mozilla/5.0 (Linux; Android 15; motorola edge 40 Build/V1TLS35.73-60-3-14; wv) AppleWebKit/537.36 (KHTML, like Gecko) Version/4.0 Chrome/151.0.7922.200 Mobile Safari/537.36"
5.210.75.8 - - [11/Sep/2026:17:02:41 +0330] "GET /wp-content/themes/shopi/assets/css/tailwind.css?ver=2.0.0 HTTP/2" 200 12246 "https://digikeyland.ir/product/chatgpt-plus/?utm_medium=PPC&utm_source=Torob&torob_clid=01a090ab-8b68-7538-b46f-94b513288f21" "Mozilla/5.0 (Linux; Android 15; motorola edge 40 Build/V1TLS35.73-60-3-14; wv) AppleWebKit/537.36 (KHTML, like Gecko) Version/4.0 Chrome/151.0.7922.200 Mobile Safari/537.36"
5.210.75.8 - - [11/Sep/2026:17:02:41 +0330] "GET /wp-content/themes/shopi/style.css?ver=2.0.0 HTTP/2" 200 16877 "https://digikeyland.ir/product/chatgpt-plus/?utm_medium=PPC&utm_source=Torob&torob_clid=01a090ab-8b68-7538-b46f-94b513288f21" "Mozilla/5.0 (Linux; Android 15; motorola edge 40 Build/V1TLS35.73-60-3-14; wv) AppleWebKit/537.36 (KHTML, like Gecko) Version/4.0 Chrome/151.0.7922.200 Mobile Safari/537.36"
5.210.75.8 - - [11/Sep/2026:17:02:41 +0330] "GET /wp-includes/js/jquery/jquery.min.js?ver=3.7.1 HTTP/2" 200 29744 "https://digikeyland.ir/product/chatgpt-plus/?utm_medium=PPC&utm_source=Torob&torob_clid=01a090ab-8b68-7538-b46f-94b513288f21" "Mozilla/5.0 (Linux; Android 15; motorola edge 40 Build/V1TLS35.73-60-3-14; wv) AppleWebKit/537.36 (KHTML, like Gecko) Version/4.0 Chrome/151.0.7922.200 Mobile Safari/537.36"
5.210.75.8 - - [11/Sep/2026:17:02:41 +0330] "GET /wp-includes/js/jquery/jquery-migrate.min.js?ver=3.4.1 HTTP/2" 200 4678 "https://digikeyland.ir/product/chatgpt-plus/?utm_medium=PPC&utm_source=Torob&torob_clid=01a090ab-8b68-7538-b46f-94b513288f21" "Mozilla/5.0 (Linux; Android 15; motorola edge 40 Build/V1TLS35.73-60-3-14; wv) AppleWebKit/537.36 (KHTML, like Gecko) Version/4.0 Chrome/151.0.7922.200 Mobile Safari/537.36"
5.210.75.8 - - [11/Sep/2026:17:02:41 +0330] "GET /wp-content/plugins/woocommerce/assets/js/jquery-blockui/jquery.blockUI.min.js?ver=2.7.0-wc.11.1.0 HTTP/2" 200 3277 "https://digikeyland.ir/product/chatgpt-plus/?utm_medium=PPC&utm_source=Torob&torob_clid=01a090ab-8b68-7538-b46f-94b513288f21" "Mozilla/5.0 (Linux; Android 15; motorola edge 40 Build/V1TLS35.73-60-3-14; wv) AppleWebKit/537.36 (KHTML, like Gecko) Version/4.0 Chrome/151.0.7922.200 Mobile Safari/537.36"
5.210.75.8 - - [11/Sep/2026:17:02:41 +0330] "GET /wp-content/plugins/ar-contactus/res/js/contactus.min.js?ver=2.2.8 HTTP/2" 200 9625 "https://digikeyland.ir/product/chatgpt-plus/?utm_medium=PPC&utm_source=Torob&torob_clid=01a090ab-8b68-7538-b46f-94b513288f21" "Mozilla/5.0 (Linux; Android 15; motorola edge 40 Build/V1TLS35.73-60-3-14; wv) AppleWebKit/537.36 (KHTML, like Gecko) Version/4.0 Chrome/151.0.7922.200 Mobile Safari/537.36"
5.210.75.8 - - [11/Sep/2026:17:02:41 +0330] "GET /wp-content/plugins/ar-contactus/res/js/scripts.js?ver=2.2.8 HTTP/2" 200 960 "https://digikeyland.ir/product/chatgpt-plus/?utm_medium=PPC&utm_source=Torob&torob_clid=01a090ab-8b68-7538-b46f-94b513288f21" "Mozilla/5.0 (Linux; Android 15; motorola edge 40 Build/V1TLS35.73-60-3-14; wv) AppleWebKit/537.36 (KHTML, like Gecko) Version/4.0 Chrome/151.0.7922.200 Mobile Safari/537.36"
5.210.75.8 - - [11/Sep/2026:17:02:41 +0330] "GET /wp-content/uploads/2025/12/DIGIKEYLAND-BANNER-01.webp HTTP/2" 200 8142 "https://digikeyland.ir/product/chatgpt-plus/?utm_medium=PPC&utm_source=Torob&torob_clid=01a090ab-8b68-7538-b46f-94b513288f21" "Mozilla/5.0 (Linux; Android 15; motorola edge 40 Build/V1TLS35.73-60-3-14; wv) AppleWebKit/537.36 (KHTML, like Gecko) Version/4.0 Chrome/151.0.7922.200 Mobile Safari/537.36"
5.210.75.8 - - [11/Sep/2026:17:02:41 +0330] "GET /wp-content/uploads/2025/10/Digikeyland-logo-svg.svg HTTP/2" 200 1756 "https://digikeyland.ir/product/chatgpt-plus/?utm_medium=PPC&utm_source=Torob&torob_clid=01a090ab-8b68-7538-b46f-94b513288f21" "Mozilla/5.0 (Linux; Android 15; motorola edge 40 Build/V1TLS35.73-60-3-14; wv) AppleWebKit/537.36 (KHTML, like Gecko) Version/4.0 Chrome/151.0.7922.200 Mobile Safari/537.36"
5.210.75.8 - - [11/Sep/2026:17:02:41 +0330] "GET /wp-content/plugins/ar-contactus/res/js/maskedinput.min.js?version=2.2.8 HTTP/2" 200 21 "https://digikeyland.ir/product/chatgpt-plus/?utm_medium=PPC&utm_source=Torob&torob_clid=01a090ab-8b68-7538-b46f-94b513288f21" "Mozilla/5.0 (Linux; Android 15; motorola edge 40 Build/V1TLS35.73-60-3-14; wv) AppleWebKit/537.36 (KHTML, like Gecko) Version/4.0 Chrome/151.0.7922.200 Mobile Safari/537.36"
5.123.117.132 - - [11/Sep/2026:17:02:38 +0330] "GET /checkout/ HTTP/2" 200 58950 "https://digikeyland.ir/cart/" "Mozilla/5.0 (Windows NT 10.0; Win64; x64) AppleWebKit/537.36 (KHTML, like Gecko) Chrome/152.0.0.0 Safari/537.36"
5.210.75.8 - - [11/Sep/2026:17:02:41 +0330] "GET /wp-includes/js/dist/hooks.min.js?ver=f0f188028580e8dc1255 HTTP/2" 200 1759 "https://digikeyland.ir/product/chatgpt-plus/?utm_medium=PPC&utm_source=Torob&torob_clid=01a090ab-8b68-7538-b46f-94b513288f21" "Mozilla/5.0 (Linux; Android 15; motorola edge 40 Build/V1TLS35.73-60-3-14; wv) AppleWebKit/537.36 (KHTML, like Gecko) Version/4.0 Chrome/151.0.7922.200 Mobile Safari/537.36"
5.210.75.8 - - [11/Sep/2026:17:02:41 +0330] "GET /wp-includes/js/dist/i18n.min.js?ver=1dfe7db3940c23ea9216 HTTP/2" 200 2379 "https://digikeyland.ir/product/chatgpt-plus/?utm_medium=PPC&utm_source=Torob&torob_clid=01a090ab-8b68-7538-b46f-94b513288f21" "Mozilla/5.0 (Linux; Android 15; motorola edge 40 Build/V1TLS35.73-60-3-14; wv) AppleWebKit/537.36 (KHTML, like Gecko) Version/4.0 Chrome/151.0.7922.200 Mobile Safari/537.36"
5.210.75.8 - - [11/Sep/2026:17:02:41 +0330] "GET /wp-content/plugins/contact-form-7/includes/js/index.js?ver=6.1.7 HTTP/2" 200 4008 "https://digikeyland.ir/product/chatgpt-plus/?utm_medium=PPC&utm_source=Torob&torob_clid=01a090ab-8b68-7538-b46f-94b513288f21" "Mozilla/5.0 (Linux; Android 15; motorola edge 40 Build/V1TLS35.73-60-3-14; wv) AppleWebKit/537.36 (KHTML, like Gecko) Version/4.0 Chrome/151.0.7922.200 Mobile Safari/537.36"
5.210.75.8 - - [11/Sep/2026:17:02:41 +0330] "GET /wp-content/plugins/contact-form-7/includes/swv/js/index.js?ver=6.1.7 HTTP/2" 200 3369 "https://digikeyland.ir/product/chatgpt-plus/?utm_medium=PPC&utm_source=Torob&torob_clid=01a090ab-8b68-7538-b46f-94b513288f21" "Mozilla/5.0 (Linux; Android 15; motorola edge 40 Build/V1TLS35.73-60-3-14; wv) AppleWebKit/537.36 (KHTML, like Gecko) Version/4.0 Chrome/151.0.7922.200 Mobile Safari/537.36"
5.210.75.8 - - [11/Sep/2026:17:02:41 +0330] "GET /wp-content/plugins/sheyda-hamarz/assets/js/frontend/hamarz.min.js?ver=3.5.0.0 HTTP/2" 200 382 "https://digikeyland.ir/product/chatgpt-plus/?utm_medium=PPC&utm_source=Torob&torob_clid=01a090ab-8b68-7538-b46f-94b513288f21" "Mozilla/5.0 (Linux; Android 15; motorola edge 40 Build/V1TLS35.73-60-3-14; wv) AppleWebKit/537.36 (KHTML, like Gecko) Version/4.0 Chrome/151.0.7922.200 Mobile Safari/537.36"
5.210.75.8 - - [11/Sep/2026:17:02:41 +0330] "GET /wp-includes/js/underscore.min.js?ver=1.13.8 HTTP/2" 200 7228 "https://digikeyland.ir/product/chatgpt-plus/?utm_medium=PPC&utm_source=Torob&torob_clid=01a090ab-8b68-7538-b46f-94b513288f21" "Mozilla/5.0 (Linux; Android 15; motorola edge 40 Build/V1TLS35.73-60-3-14; wv) AppleWebKit/537.36 (KHTML, like Gecko) Version/4.0 Chrome/151.0.7922.200 Mobile Safari/537.36"
5.210.75.8 - - [11/Sep/2026:17:02:41 +0330] "GET /wp-includes/js/wp-util.min.js?ver=7.1 HTTP/2" 200 693 "https://digikeyland.ir/product/chatgpt-plus/?utm_medium=PPC&utm_source=Torob&torob_clid=01a090ab-8b68-7538-b46f-94b513288f21" "Mozilla/5.0 (Linux; Android 15; motorola edge 40 Build/V1TLS35.73-60-3-14; wv) AppleWebKit/537.36 (KHTML, like Gecko) Version/4.0 Chrome/151.0.7922.200 Mobile Safari/537.36"
5.210.75.8 - - [11/Sep/2026:17:02:41 +0330] "GET /wp-includes/js/api-request.min.js?ver=7.1 HTTP/2" 200 530 "https://digikeyland.ir/product/chatgpt-plus/?utm_medium=PPC&utm_source=Torob&torob_clid=01a090ab-8b68-7538-b46f-94b513288f21" "Mozilla/5.0 (Linux; Android 15; motorola edge 40 Build/V1TLS35.73-60-3-14; wv) AppleWebKit/537.36 (KHTML, like Gecko) Version/4.0 Chrome/151.0.7922.200 Mobile Safari/537.36"
5.210.75.8 - - [11/Sep/2026:17:02:41 +0330] "GET /wp-includes/js/dist/private-apis.min.js?ver=eb85f28c4c729bb4f002 HTTP/2" 200 1068 "https://digikeyland.ir/product/chatgpt-plus/?utm_medium=PPC&utm_source=Torob&torob_clid=01a090ab-8b68-7538-b46f-94b513288f21" "Mozilla/5.0 (Linux; Android 15; motorola edge 40 Build/V1TLS35.73-60-3-14; wv) AppleWebKit/537.36 (KHTML, like Gecko) Version/4.0 Chrome/151.0.7922.200 Mobile Safari/537.36"
5.210.75.8 - - [11/Sep/2026:17:02:41 +0330] "GET /wp-includes/js/dist/url.min.js?ver=7b0de086d4ae11d55704 HTTP/2" 200 3654 "https://digikeyland.ir/product/chatgpt-plus/?utm_medium=PPC&utm_source=Torob&torob_clid=01a090ab-8b68-7538-b46f-94b513288f21" "Mozilla/5.0 (Linux; Android 15; motorola edge 40 Build/V1TLS35.73-60-3-14; wv) AppleWebKit/537.36 (KHTML, like Gecko) Version/4.0 Chrome/151.0.7922.200 Mobile Safari/537.36"
5.210.75.8 - - [11/Sep/2026:17:02:41 +0330] "GET /wp-includes/js/dist/api-fetch.min.js?ver=6f2a4faeee3c722b1e57 HTTP/2" 200 3151 "https://digikeyland.ir/product/chatgpt-plus/?utm_medium=PPC&utm_source=Torob&torob_clid=01a090ab-8b68-7538-b46f-94b513288f21" "Mozilla/5.0 (Linux; Android 15; motorola edge 40 Build/V1TLS35.73-60-3-14; wv) AppleWebKit/537.36 (KHTML, like Gecko) Version/4.0 Chrome/151.0.7922.200 Mobile Safari/537.36"
5.210.75.8 - - [11/Sep/2026:17:02:41 +0330] "GET /wp-includes/js/dist/vendor/wp-polyfill.min.js?ver=3.15.0 HTTP/2" 200 10454 "https://digikeyland.ir/product/chatgpt-plus/?utm_medium=PPC&utm_source=Torob&torob_clid=01a090ab-8b68-7538-b46f-94b513288f21" "Mozilla/5.0 (Linux; Android 15; motorola edge 40 Build/V1TLS35.73-60-3-14; wv) AppleWebKit/537.36 (KHTML, like Gecko) Version/4.0 Chrome/151.0.7922.200 Mobile Safari/537.36"
5.210.75.8 - - [11/Sep/2026:17:02:41 +0330] "GET /wp-content/plugins/woo-variation-swatches/assets/js/frontend.min.js?ver=2.4.0 HTTP/2" 200 4728 "https://digikeyland.ir/product/chatgpt-plus/?utm_medium=PPC&utm_source=Torob&torob_clid=01a090ab-8b68-7538-b46f-94b513288f21" "Mozilla/5.0 (Linux; Android 15; motorola edge 40 Build/V1TLS35.73-60-3-14; wv) AppleWebKit/537.36 (KHTML, like Gecko) Version/4.0 Chrome/151.0.7922.200 Mobile Safari/537.36"
5.210.75.8 - - [11/Sep/2026:17:02:41 +0330] "GET /wp-content/plugins/elementor/assets/js/webpack.runtime.min.js?ver=4.2.4 HTTP/2" 200 2335 "https://digikeyland.ir/product/chatgpt-plus/?utm_medium=PPC&utm_source=Torob&torob_clid=01a090ab-8b68-7538-b46f-94b513288f21" "Mozilla/5.0 (Linux; Android 15; motorola edge 40 Build/V1TLS35.73-60-3-14; wv) AppleWebKit/537.36 (KHTML, like Gecko) Version/4.0 Chrome/151.0.7922.200 Mobile Safari/537.36"
5.210.75.8 - - [11/Sep/2026:17:02:41 +0330] "GET /wp-content/plugins/elementor/assets/js/frontend-modules.min.js?ver=4.2.4 HTTP/2" 200 15445 "https://digikeyland.ir/product/chatgpt-plus/?utm_medium=PPC&utm_source=Torob&torob_clid=01a090ab-8b68-7538-b46f-94b513288f21" "Mozilla/5.0 (Linux; Android 15; motorola edge 40 Build/V1TLS35.73-60-3-14; wv) AppleWebKit/537.36 (KHTML, like Gecko) Version/4.0 Chrome/151.0.7922.200 Mobile Safari/537.36"
5.210.75.8 - - [11/Sep/2026:17:02:41 +0330] "GET /wp-includes/js/jquery/ui/core.min.js?ver=1.14.2 HTTP/2" 200 6276 "https://digikeyland.ir/product/chatgpt-plus/?utm_medium=PPC&utm_source=Torob&torob_clid=01a090ab-8b68-7538-b46f-94b513288f21" "Mozilla/5.0 (Linux; Android 15; motorola edge 40 Build/V1TLS35.73-60-3-14; wv) AppleWebKit/537.36 (KHTML, like Gecko) Version/4.0 Chrome/151.0.7922.200 Mobile Safari/537.36"
5.210.75.8 - - [11/Sep/2026:17:02:41 +0330] "GET /wp-content/plugins/elementor/assets/js/frontend.min.js?ver=4.2.4 HTTP/2" 200 10124 "https://digikeyland.ir/product/chatgpt-plus/?utm_medium=PPC&utm_source=Torob&torob_clid=01a090ab-8b68-7538-b46f-94b513288f21" "Mozilla/5.0 (Linux; Android 15; motorola edge 40 Build/V1TLS35.73-60-3-14; wv) AppleWebKit/537.36 (KHTML, like Gecko) Version/4.0 Chrome/151.0.7922.200 Mobile Safari/537.36"
5.210.75.8 - - [11/Sep/2026:17:02:41 +0330] "GET /wp-content/plugins/elementor-pro/assets/lib/smartmenus/jquery.smartmenus.min.js?ver=1.2.1 HTTP/2" 200 6867 "https://digikeyland.ir/product/chatgpt-plus/?utm_medium=PPC&utm_source=Torob&torob_clid=01a090ab-8b68-7538-b46f-94b513288f21" "Mozilla/5.0 (Linux; Android 15; motorola edge 40 Build/V1TLS35.73-60-3-14; wv) AppleWebKit/537.36 (KHTML, like Gecko) Version/4.0 Chrome/151.0.7922.200 Mobile Safari/537.36"
5.210.75.8 - - [11/Sep/2026:17:02:41 +0330] "GET /wp-content/plugins/elementor-pro/assets/lib/sticky/jquery.sticky.min.js?ver=3.33.2 HTTP/2" 200 1442 "https://digikeyland.ir/product/chatgpt-plus/?utm_medium=PPC&utm_source=Torob&torob_clid=01a090ab-8b68-7538-b46f-94b513288f21" "Mozilla/5.0 (Linux; Android 15; motorola edge 40 Build/V1TLS35.73-60-3-14; wv) AppleWebKit/537.36 (KHTML, like Gecko) Version/4.0 Chrome/151.0.7922.200 Mobile Safari/537.36"
5.210.75.8 - - [11/Sep/2026:17:02:41 +0330] "GET /wp-content/plugins/sheyda-hamarz/panel/assets/js/sheyda.min.js?ver=2.3.0.0 HTTP/2" 200 624 "https://digikeyland.ir/product/chatgpt-plus/?utm_medium=PPC&utm_source=Torob&torob_clid=01a090ab-8b68-7538-b46f-94b513288f21" "Mozilla/5.0 (Linux; Android 15; motorola edge 40 Build/V1TLS35.73-60-3-14; wv) AppleWebKit/537.36 (KHTML, like Gecko) Version/4.0 Chrome/151.0.7922.200 Mobile Safari/537.36"
5.210.75.8 - - [11/Sep/2026:17:02:41 +0330] "GET /wp-content/plugins/sheyda-hamarz/assets/js/frontend/wc.min.js?ver=3.5.0.0 HTTP/2" 200 246 "https://digikeyland.ir/product/chatgpt-plus/?utm_medium=PPC&utm_source=Torob&torob_clid=01a090ab-8b68-7538-b46f-94b513288f21" "Mozilla/5.0 (Linux; Android 15; motorola edge 40 Build/V1TLS35.73-60-3-14; wv) AppleWebKit/537.36 (KHTML, like Gecko) Version/4.0 Chrome/151.0.7922.200 Mobile Safari/537.36"
5.210.75.8 - - [11/Sep/2026:17:02:41 +0330] "GET /wp-content/themes/shopi/assets/js/glightbox.min.js?ver=2.0.0 HTTP/2" 200 14895 "https://digikeyland.ir/product/chatgpt-plus/?utm_medium=PPC&utm_source=Torob&torob_clid=01a090ab-8b68-7538-b46f-94b513288f21" "Mozilla/5.0 (Linux; Android 15; motorola edge 40 Build/V1TLS35.73-60-3-14; wv) AppleWebKit/537.36 (KHTML, like Gecko) Version/4.0 Chrome/151.0.7922.200 Mobile Safari/537.36"
5.210.75.8 - - [11/Sep/2026:17:02:41 +0330] "GET /wp-content/themes/shopi/assets/js/jquery-ui.js?ver=2.0.0 HTTP/2" 200 119743 "https://digikeyland.ir/product/chatgpt-plus/?utm_medium=PPC&utm_source=Torob&torob_clid=01a090ab-8b68-7538-b46f-94b513288f21" "Mozilla/5.0 (Linux; Android 15; motorola edge 40 Build/V1TLS35.73-60-3-14; wv) AppleWebKit/537.36 (KHTML, like Gecko) Version/4.0 Chrome/151.0.7922.200 Mobile Safari/537.36"
5.210.75.8 - - [11/Sep/2026:17:02:41 +0330] "GET /wp-content/themes/shopi/assets/fonts/Yekan%20Bakh%20FaNum%2004%20Regular.woff HTTP/2" 200 60576 "https://digikeyland.ir/wp-content/themes/shopi/style.css?ver=2.0.0" "Mozilla/5.0 (Linux; Android 15; motorola edge 40 Build/V1TLS35.73-60-3-14; wv) AppleWebKit/537.36 (KHTML, like Gecko) Version/4.0 Chrome/151.0.7922.200 Mobile Safari/537.36"
