5.215.191.89 - - [11/Sep/2026:17:12:29 +0330] "GET /wp-content/plugins/elementor-pro/assets/js/frontend.min.js?ver=3.33.2 HTTP/2" 200 6202 "https://digikeyland.ir/product/chatgpt-plus/?utm_medium=PPC&utm_source=Torob&torob_clid=01a090b4-8a43-72bd-8e4b-883a31ce9b50" "Mozilla/5.0 (Windows NT 10.0; Win64; x64) AppleWebKit/537.36 (KHTML, like Gecko) Chrome/153.0.0.0 Safari/537.36"
5.215.191.89 - - [11/Sep/2026:17:12:29 +0330] "GET /wp-content/plugins/elementor-pro/assets/js/elements-handlers.min.js?ver=3.33.2 HTTP/2" 200 10101 "https://digikeyland.ir/product/chatgpt-plus/?utm_medium=PPC&utm_source=Torob&torob_clid=01a090b4-8a43-72bd-8e4b-883a31ce9b50" "Mozilla/5.0 (Windows NT 10.0; Win64; x64) AppleWebKit/537.36 (KHTML, like Gecko) Chrome/153.0.0.0 Safari/537.36"
5.215.191.89 - - [11/Sep/2026:17:12:29 +0330] "GET /wp-content/themes/shopi/assets/js/plugins.js?ver=2.0.0 HTTP/2" 200 87387 "https://digikeyland.ir/product/chatgpt-plus/?utm_medium=PPC&utm_source=Torob&torob_clid=01a090b4-8a43-72bd-8e4b-883a31ce9b50" "Mozilla/5.0 (Windows NT 10.0; Win64; x64) AppleWebKit/537.36 (KHTML, like Gecko) Chrome/153.0.0.0 Safari/537.36"
5.215.191.89 - - [11/Sep/2026:17:12:29 +0330] "GET /wp-content/plugins/woocommerce/assets/js/frontend/add-to-cart.min.js?ver=11.1.0 HTTP/2" 200 1296 "https://digikeyland.ir/product/chatgpt-plus/?utm_medium=PPC&utm_source=Torob&torob_clid=01a090b4-8a43-72bd-8e4b-883a31ce9b50" "Mozilla/5.0 (Windows NT 10.0; Win64; x64) AppleWebKit/537.36 (KHTML, like Gecko) Chrome/153.0.0.0 Safari/537.36"
5.215.191.89 - - [11/Sep/2026:17:12:29 +0330] "GET /wp-content/plugins/woocommerce/assets/js/frontend/single-product.min.js?ver=11.1.0 HTTP/2" 200 3558 "https://digikeyland.ir/product/chatgpt-plus/?utm_medium=PPC&utm_source=Torob&torob_clid=01a090b4-8a43-72bd-8e4b-883a31ce9b50" "Mozilla/5.0 (Windows NT 10.0; Win64; x64) AppleWebKit/537.36 (KHTML, like Gecko) Chrome/153.0.0.0 Safari/537.36"
5.215.191.89 - - [11/Sep/2026:17:12:29 +0330] "GET /wp-content/plugins/woocommerce/assets/js/js-cookie/js.cookie.min.js?ver=2.1.4-wc.11.1.0 HTTP/2" 200 760 "https://digikeyland.ir/product/chatgpt-plus/?utm_medium=PPC&utm_source=Torob&torob_clid=01a090b4-8a43-72bd-8e4b-883a31ce9b50" "Mozilla/5.0 (Windows NT 10.0; Win64; x64) AppleWebKit/537.36 (KHTML, like Gecko) Chrome/153.0.0.0 Safari/537.36"
5.215.191.89 - - [11/Sep/2026:17:12:29 +0330] "GET /wp-content/plugins/woocommerce/assets/js/frontend/woocommerce.min.js?ver=11.1.0 HTTP/2" 200 1385 "https://digikeyland.ir/product/chatgpt-plus/?utm_medium=PPC&utm_source=Torob&torob_clid=01a090b4-8a43-72bd-8e4b-883a31ce9b50" "Mozilla/5.0 (Windows NT 10.0; Win64; x64) AppleWebKit/537.36 (KHTML, like Gecko) Chrome/153.0.0.0 Safari/537.36"
5.215.191.89 - - [11/Sep/2026:17:12:29 +0330] "GET /wp-content/uploads/2024/11/1-2.png HTTP/2" 200 1635 "https://digikeyland.ir/product/chatgpt-plus/?utm_medium=PPC&utm_source=Torob&torob_clid=01a090b4-8a43-72bd-8e4b-883a31ce9b50" "Mozilla/5.0 (Windows NT 10.0; Win64; x64) AppleWebKit/537.36 (KHTML, like Gecko) Chrome/153.0.0.0 Safari/537.36"
5.215.191.89 - - [11/Sep/2026:17:12:29 +0330] "GET /wp-includes/js/comment-reply.min.js?ver=7.1 HTTP/2" 200 1224 "https://digikeyland.ir/product/chatgpt-plus/?utm_medium=PPC&utm_source=Torob&torob_clid=01a090b4-8a43-72bd-8e4b-883a31ce9b50" "Mozilla/5.0 (Windows NT 10.0; Win64; x64) AppleWebKit/537.36 (KHTML, like Gecko) Chrome/153.0.0.0 Safari/537.36"
5.215.191.89 - - [11/Sep/2026:17:12:29 +0330] "GET /wp-content/plugins/woocommerce/assets/js/frontend/add-to-cart-variation.min.js?ver=11.1.0 HTTP/2" 200 4131 "https://digikeyland.ir/product/chatgpt-plus/?utm_medium=PPC&utm_source=Torob&torob_clid=01a090b4-8a43-72bd-8e4b-883a31ce9b50" "Mozilla/5.0 (Windows NT 10.0; Win64; x64) AppleWebKit/537.36 (KHTML, like Gecko) Chrome/153.0.0.0 Safari/537.36"
5.215.191.89 - - [11/Sep/2026:17:12:29 +0330] "GET /wp-content/uploads/2025/10/Untitled.png HTTP/2" 200 16833 "https://digikeyland.ir/wp-content/uploads/elementor/css/post-2837.css?ver=1789045415" "Mozilla/5.0 (Windows NT 10.0; Win64; x64) AppleWebKit/537.36 (KHTML, like Gecko) Chrome/153.0.0.0 Safari/537.36"
5.215.191.89 - - [11/Sep/2026:17:12:29 +0330] "GET /wp-content/uploads/2025/12/chatgpt.webp HTTP/2" 200 64396 "https://digikeyland.ir/product/chatgpt-plus/?utm_medium=PPC&utm_source=Torob&torob_clid=01a090b4-8a43-72bd-8e4b-883a31ce9b50" "Mozilla/5.0 (Windows NT 10.0; Win64; x64) AppleWebKit/537.36 (KHTML, like Gecko) Chrome/153.0.0.0 Safari/537.36"
5.215.191.89 - - [11/Sep/2026:17:12:29 +0330] "GET /wp-content/themes/shopi/assets/fonts/Yekan%20Bakh%20FaNum%2004%20Regular.woff HTTP/2" 200 60576 "https://digikeyland.ir/wp-content/themes/shopi/style.css?ver=2.0.0" "Mozilla/5.0 (Windows NT 10.0; Win64; x64) AppleWebKit/537.36 (KHTML, like Gecko) Chrome/153.0.0.0 Safari/537.36"
5.215.191.89 - - [11/Sep/2026:17:12:29 +0330] "GET /wp-content/themes/shopi/assets/fonts/Yekan%20Bakh%20FaNum%2006%20Bold.woff HTTP/2" 200 60024 "https://digikeyland.ir/wp-content/themes/shopi/style.css?ver=2.0.0" "Mozilla/5.0 (Windows NT 10.0; Win64; x64) AppleWebKit/537.36 (KHTML, like Gecko) Chrome/153.0.0.0 Safari/537.36"
5.215.191.89 - - [11/Sep/2026:17:12:29 +0330] "GET /wp-content/uploads/2025/12/chatgpt-150x150.webp HTTP/2" 200 4918 "https://digikeyland.ir/product/chatgpt-plus/?utm_medium=PPC&utm_source=Torob&torob_clid=01a090b4-8a43-72bd-8e4b-883a31ce9b50" "Mozilla/5.0 (Windows NT 10.0; Win64; x64) AppleWebKit/537.36 (KHTML, like Gecko) Chrome/153.0.0.0 Safari/537.36"
5.215.191.89 - - [11/Sep/2026:17:12:29 +0330] "GET /wp-content/uploads/2025/12/chatgpt-hower-150x150.webp HTTP/2" 200 4082 "https://digikeyland.ir/product/chatgpt-plus/?utm_medium=PPC&utm_source=Torob&torob_clid=01a090b4-8a43-72bd-8e4b-883a31ce9b50" "Mozilla/5.0 (Windows NT 10.0; Win64; x64) AppleWebKit/537.36 (KHTML, like Gecko) Chrome/153.0.0.0 Safari/537.36"
5.215.191.89 - - [11/Sep/2026:17:12:29 +0330] "GET /wp-content/uploads/2025/12/software-tools-100x100.webp HTTP/2" 200 3074 "https://digikeyland.ir/product/chatgpt-plus/?utm_medium=PPC&utm_source=Torob&torob_clid=01a090b4-8a43-72bd-8e4b-883a31ce9b50" "Mozilla/5.0 (Windows NT 10.0; Win64; x64) AppleWebKit/537.36 (KHTML, like Gecko) Chrome/153.0.0.0 Safari/537.36"
5.215.191.89 - - [11/Sep/2026:17:12:29 +0330] "GET /wp-content/uploads/2024/11/4.png HTTP/2" 200 2750 "https://digikeyland.ir/product/chatgpt-plus/?utm_medium=PPC&utm_source=Torob&torob_clid=01a090b4-8a43-72bd-8e4b-883a31ce9b50" "Mozilla/5.0 (Windows NT 10.0; Win64; x64) AppleWebKit/537.36 (KHTML, like Gecko) Chrome/153.0.0.0 Safari/537.36"
5.215.191.89 - - [11/Sep/2026:17:12:29 +0330] "GET /wp-content/uploads/2024/11/1-3.png HTTP/2" 200 1717 "https://digikeyland.ir/product/chatgpt-plus/?utm_medium=PPC&utm_source=Torob&torob_clid=01a090b4-8a43-72bd-8e4b-883a31ce9b50" "Mozilla/5.0 (Windows NT 10.0; Win64; x64) AppleWebKit/537.36 (KHTML, like Gecko) Chrome/153.0.0.0 Safari/537.36"
5.215.191.89 - - [11/Sep/2026:17:12:29 +0330] "GET /wp-content/uploads/2024/11/2-1.png HTTP/2" 200 2545 "https://digikeyland.ir/product/chatgpt-plus/?utm_medium=PPC&utm_source=Torob&torob_clid=01a090b4-8a43-72bd-8e4b-883a31ce9b50" "Mozilla/5.0 (Windows NT 10.0; Win64; x64) AppleWebKit/537.36 (KHTML, like Gecko) Chrome/153.0.0.0 Safari/537.36"
5.215.191.89 - - [11/Sep/2026:17:12:29 +0330] "GET /wp-content/uploads/2025/12/chatgpt-hower.webp HTTP/2" 200 33248 "https://digikeyland.ir/product/chatgpt-plus/?utm_medium=PPC&utm_source=Torob&torob_clid=01a090b4-8a43-72bd-8e4b-883a31ce9b50" "Mozilla/5.0 (Windows NT 10.0; Win64; x64) AppleWebKit/537.36 (KHTML, like Gecko) Chrome/153.0.0.0 Safari/537.36"
5.215.191.89 - - [11/Sep/2026:17:12:30 +0330] "GET /wp-content/plugins/elementor/assets/css/conditionals/dialog.min.css?ver=4.2.4 HTTP/2" 200 1428 "https://digikeyland.ir/product/chatgpt-plus/?utm_medium=PPC&utm_source=Torob&torob_clid=01a090b4-8a43-72bd-8e4b-883a31ce9b50" "Mozilla/5.0 (Windows NT 10.0; Win64; x64) AppleWebKit/537.36 (KHTML, like Gecko) Chrome/153.0.0.0 Safari/537.36"
5.215.191.89 - - [11/Sep/2026:17:12:30 +0330] "GET /wp-content/plugins/elementor/assets/lib/swiper/v8/css/swiper.min.css?ver=8.4.5 HTTP/2" 200 4248 "https://digikeyland.ir/product/chatgpt-plus/?utm_medium=PPC&utm_source=Torob&torob_clid=01a090b4-8a43-72bd-8e4b-883a31ce9b50" "Mozilla/5.0 (Windows NT 10.0; Win64; x64) AppleWebKit/537.36 (KHTML, like Gecko) Chrome/153.0.0.0 Safari/537.36"
5.215.191.89 - - [11/Sep/2026:17:12:30 +0330] "GET /wp-content/uploads/elementor/css/custom-lightbox.min.css?ver=4.2.4 HTTP/2" 200 1757 "https://digikeyland.ir/product/chatgpt-plus/?utm_medium=PPC&utm_source=Torob&torob_clid=01a090b4-8a43-72bd-8e4b-883a31ce9b50" "Mozilla/5.0 (Windows NT 10.0; Win64; x64) AppleWebKit/537.36 (KHTML, like Gecko) Chrome/153.0.0.0 Safari/537.36"
5.215.191.89 - - [11/Sep/2026:17:12:30 +0330] "GET /wp-content/plugins/elementor/assets/js/397f2d183c19202777d6.bundle.min.js HTTP/2" 200 8468 "https://digikeyland.ir/product/chatgpt-plus/?utm_medium=PPC&utm_source=Torob&torob_clid=01a090b4-8a43-72bd-8e4b-883a31ce9b50" "Mozilla/5.0 (Windows NT 10.0; Win64; x64) AppleWebKit/537.36 (KHTML, like Gecko) Chrome/153.0.0.0 Safari/537.36"
5.215.191.89 - - [11/Sep/2026:17:12:30 +0330] "GET /wp-content/plugins/elementor/assets/js/lightbox.3f9b3a051b2336dd5372.bundle.min.js HTTP/2" 200 9252 "https://digikeyland.ir/product/chatgpt-plus/?utm_medium=PPC&utm_source=Torob&torob_clid=01a090b4-8a43-72bd-8e4b-883a31ce9b50" "Mozilla/5.0 (Windows NT 10.0; Win64; x64) AppleWebKit/537.36 (KHTML, like Gecko) Chrome/153.0.0.0 Safari/537.36"
5.215.191.89 - - [11/Sep/2026:17:12:30 +0330] "GET /wp-content/plugins/elementor/assets/lib/dialog/dialog.min.js?ver=4.9.3 HTTP/2" 200 3593 "https://digikeyland.ir/product/chatgpt-plus/?utm_medium=PPC&utm_source=Torob&torob_clid=01a090b4-8a43-72bd-8e4b-883a31ce9b50" "Mozilla/5.0 (Windows NT 10.0; Win64; x64) AppleWebKit/537.36 (KHTML, like Gecko) Chrome/153.0.0.0 Safari/537.36"
5.215.191.89 - - [11/Sep/2026:17:12:30 +0330] "GET /wp-content/plugins/elementor/assets/lib/share-link/share-link.min.js?ver=4.2.4 HTTP/2" 200 1072 "https://digikeyland.ir/product/chatgpt-plus/?utm_medium=PPC&utm_source=Torob&torob_clid=01a090b4-8a43-72bd-8e4b-883a31ce9b50" "Mozilla/5.0 (Windows NT 10.0; Win64; x64) AppleWebKit/537.36 (KHTML, like Gecko) Chrome/153.0.0.0 Safari/537.36"
5.215.191.89 - - [11/Sep/2026:17:12:30 +0330] "GET /wp-content/plugins/elementor/assets/js/shared-frontend-handlers.03caa53373b56d3bab67.bundle.min.js HTTP/2" 200 2511 "https://digikeyland.ir/product/chatgpt-plus/?utm_medium=PPC&utm_source=Torob&torob_clid=01a090b4-8a43-72bd-8e4b-883a31ce9b50" "Mozilla/5.0 (Windows NT 10.0; Win64; x64) AppleWebKit/537.36 (KHTML, like Gecko) Chrome/153.0.0.0 Safari/537.36"
5.215.191.89 - - [11/Sep/2026:17:12:30 +0330] "GET /wp-content/plugins/elementor-pro/assets/js/nav-menu.8521a0597c50611efdc6.bundle.min.js HTTP/2" 200 1733 "https://digikeyland.ir/product/chatgpt-plus/?utm_medium=PPC&utm_source=Torob&torob_clid=01a090b4-8a43-72bd-8e4b-883a31ce9b50" "Mozilla/5.0 (Windows NT 10.0; Win64; x64) AppleWebKit/537.36 (KHTML, like Gecko) Chrome/153.0.0.0 Safari/537.36"
5.215.191.89 - - [11/Sep/2026:17:12:30 +0330] "GET /wp-content/plugins/elementor/assets/js/text-editor.45609661e409413f1cef.bundle.min.js HTTP/2" 200 592 "https://digikeyland.ir/product/chatgpt-plus/?utm_medium=PPC&utm_source=Torob&torob_clid=01a090b4-8a43-72bd-8e4b-883a31ce9b50" "Mozilla/5.0 (Windows NT 10.0; Win64; x64) AppleWebKit/537.36 (KHTML, like Gecko) Chrome/153.0.0.0 Safari/537.36"
5.215.191.89 - - [11/Sep/2026:17:12:30 +0330] "GET /wp-content/uploads/2025/12/chatgpt-600x600.webp HTTP/2" 200 29708 "https://digikeyland.ir/product/chatgpt-plus/?utm_medium=PPC&utm_source=Torob&torob_clid=01a090b4-8a43-72bd-8e4b-883a31ce9b50" "Mozilla/5.0 (Windows NT 10.0; Win64; x64) AppleWebKit/537.36 (KHTML, like Gecko) Chrome/153.0.0.0 Safari/537.36"
5.215.191.89 - - [11/Sep/2026:17:12:30 +0330] "GET /wp-includes/js/wp-emoji-release.min.js?ver=7.1 HTTP/2" 200 4974 "https://digikeyland.ir/product/chatgpt-plus/?utm_medium=PPC&utm_source=Torob&torob_clid=01a090b4-8a43-72bd-8e4b-883a31ce9b50" "Mozilla/5.0 (Windows NT 10.0; Win64; x64) AppleWebKit/537.36 (KHTML, like Gecko) Chrome/153.0.0.0 Safari/537.36"
5.215.191.89 - - [11/Sep/2026:17:12:30 +0330] "GET /wp-content/uploads/2025/12/cropped-digikeyland-flaticon-1-32x32.webp HTTP/2" 200 718 "https://digikeyland.ir/product/chatgpt-plus/?utm_medium=PPC&utm_source=Torob&torob_clid=01a090b4-8a43-72bd-8e4b-883a31ce9b50" "Mozilla/5.0 (Windows NT 10.0; Win64; x64) AppleWebKit/537.36 (KHTML, like Gecko) Chrome/153.0.0.0 Safari/537.36"
5.215.191.89 - - [11/Sep/2026:17:12:34 +0330] "GET /wp-content/uploads/2026/07/Adobe-Creative-Cloud-sc1-600x600.webp HTTP/2" 200 28548 "https://digikeyland.ir/product/chatgpt-plus/?utm_medium=PPC&utm_source=Torob&torob_clid=01a090b4-8a43-72bd-8e4b-883a31ce9b50" "Mozilla/5.0 (Windows NT 10.0; Win64; x64) AppleWebKit/537.36 (KHTML, like Gecko) Chrome/153.0.0.0 Safari/537.36"
5.215.191.89 - - [11/Sep/2026:17:12:34 +0330] "GET /wp-content/uploads/2026/07/IPTorrent-sc1-600x600.webp HTTP/2" 200 30106 "https://digikeyland.ir/product/chatgpt-plus/?utm_medium=PPC&utm_source=Torob&torob_clid=01a090b4-8a43-72bd-8e4b-883a31ce9b50" "Mozilla/5.0 (Windows NT 10.0; Win64; x64) AppleWebKit/537.36 (KHTML, like Gecko) Chrome/153.0.0.0 Safari/537.36"
5.215.191.89 - - [11/Sep/2026:17:12:34 +0330] "GET /wp-content/uploads/2026/07/Chess.com-%C3%B7sc1-600x600.webp HTTP/2" 200 30068 "https://digikeyland.ir/product/chatgpt-plus/?utm_medium=PPC&utm_source=Torob&torob_clid=01a090b4-8a43-72bd-8e4b-883a31ce9b50" "Mozilla/5.0 (Windows NT 10.0; Win64; x64) AppleWebKit/537.36 (KHTML, like Gecko) Chrome/153.0.0.0 Safari/537.36"
5.215.191.89 - - [11/Sep/2026:17:12:34 +0330] "GET /wp-content/uploads/2026/07/MS-Visio-Pro-sc1-600x600.webp HTTP/2" 200 29400 "https://digikeyland.ir/product/chatgpt-plus/?utm_medium=PPC&utm_source=Torob&torob_clid=01a090b4-8a43-72bd-8e4b-883a31ce9b50" "Mozilla/5.0 (Windows NT 10.0; Win64; x64) AppleWebKit/537.36 (KHTML, like Gecko) Chrome/153.0.0.0 Safari/537.36"
5.215.191.89 - - [11/Sep/2026:17:12:34 +0330] "GET /wp-content/uploads/2026/07/Claude-sc1-600x600.webp HTTP/2" 200 30572 "https://digikeyland.ir/product/chatgpt-plus/?utm_medium=PPC&utm_source=Torob&torob_clid=01a090b4-8a43-72bd-8e4b-883a31ce9b50" "Mozilla/5.0 (Windows NT 10.0; Win64; x64) AppleWebKit/537.36 (KHTML, like Gecko) Chrome/153.0.0.0 Safari/537.36"
5.215.191.89 - - [11/Sep/2026:17:12:34 +0330] "GET /wp-content/uploads/2026/07/Adguard-qsc1-600x600.webp HTTP/2" 200 25630 "https://digikeyland.ir/product/chatgpt-plus/?utm_medium=PPC&utm_source=Torob&torob_clid=01a090b4-8a43-72bd-8e4b-883a31ce9b50" "Mozilla/5.0 (Windows NT 10.0; Win64; x64) AppleWebKit/537.36 (KHTML, like Gecko) Chrome/153.0.0.0 Safari/537.36"
5.215.191.89 - - [11/Sep/2026:17:12:34 +0330] "GET /wp-content/uploads/2026/07/Poweramp-Music-Player-600x600.webp HTTP/2" 200 33420 "https://digikeyland.ir/product/chatgpt-plus/?utm_medium=PPC&utm_source=Torob&torob_clid=01a090b4-8a43-72bd-8e4b-883a31ce9b50" "Mozilla/5.0 (Windows NT 10.0; Win64; x64) AppleWebKit/537.36 (KHTML, like Gecko) Chrome/153.0.0.0 Safari/537.36"
5.215.191.89 - - [11/Sep/2026:17:12:41 +0330] "GET /wp-content/uploads/2024/11/4-4.png HTTP/2" 200 2833 "https://digikeyland.ir/product/chatgpt-plus/?utm_medium=PPC&utm_source=Torob&torob_clid=01a090b4-8a43-72bd-8e4b-883a31ce9b50" "Mozilla/5.0 (Windows NT 10.0; Win64; x64) AppleWebKit/537.36 (KHTML, like Gecko) Chrome/153.0.0.0 Safari/537.36"
5.215.191.89 - - [11/Sep/2026:17:12:41 +0330] "GET /wp-content/uploads/2024/11/1-12.png HTTP/2" 200 2778 "https://digikeyland.ir/product/chatgpt-plus/?utm_medium=PPC&utm_source=Torob&torob_clid=01a090b4-8a43-72bd-8e4b-883a31ce9b50" "Mozilla/5.0 (Windows NT 10.0; Win64; x64) AppleWebKit/537.36 (KHTML, like Gecko) Chrome/153.0.0.0 Safari/537.36"
5.215.191.89 - - [11/Sep/2026:17:12:41 +0330] "GET /wp-content/uploads/2024/11/7.png HTTP/2" 200 2546 "https://digikeyland.ir/product/chatgpt-plus/?utm_medium=PPC&utm_source=Torob&torob_clid=01a090b4-8a43-72bd-8e4b-883a31ce9b50" "Mozilla/5.0 (Windows NT 10.0; Win64; x64) AppleWebKit/537.36 (KHTML, like Gecko) Chrome/153.0.0.0 Safari/537.36"
84.13.153.129 - - [11/Sep/2026:17:12:23 +0330] "GET /wp-login.php?redirect_to=https%3A%2F%2Fdigikeyland.ir%2Fwp-admin%2Findex.php&reauth=1 HTTP/1.1" 200 3804 "https://digikeyland.ir/wp-login.php" "Mozilla/5.0 (Macintosh; Intel Mac OS X 10_15_7) AppleWebKit/537.36 (KHTML, like Gecko) Chrome/94.0.4606.71 Safari/537.36"
84.13.153.129 - - [11/Sep/2026:17:12:24 +0330] "POST /wp-login.php HTTP/1.1" 200 3974 "https://digikeyland.ir/wp-login.php" "Mozilla/5.0 (Windows NT 6.1; Win64; x64) AppleWebKit/537.36 (KHTML, like Gecko) Chrome/90.0.4430.212 Safari/537.36"
84.13.153.129 - - [11/Sep/2026:17:12:26 +0330] "GET /wp-admin/index.php HTTP/1.1" 302 20 "https://digikeyland.ir/wp-login.php" "Mozilla/5.0 (Windows NT 10.0; Win64; x64; rv:93.0) Gecko/20100101 Firefox/93.0"
84.13.153.129 - - [11/Sep/2026:17:12:27 +0330] "GET /wp-login.php?redirect_to=https%3A%2F%2Fdigikeyland.ir%2Fwp-admin%2Findex.php&reauth=1 HTTP/1.1" 200 3804 "https://digikeyland.ir/wp-login.php" "Mozilla/5.0 (Windows NT 10.0; Win64; x64; rv:93.0) Gecko/20100101 Firefox/93.0"
84.13.153.129 - - [11/Sep/2026:17:12:29 +0330] "GET /wp-admin/index.php HTTP/1.1" 302 20 "https://digikeyland.ir/wp-login.php" "Mozilla/5.0 (Windows NT 10.0; Win64; x64; rv:93.0) Gecko/20100101 Firefox/93.0"
84.13.153.129 - - [11/Sep/2026:17:12:30 +0330] "GET /wp-login.php?redirect_to=https%3A%2F%2Fdigikeyland.ir%2Fwp-admin%2Findex.php&reauth=1 HTTP/1.1" 200 3804 "https://digikeyland.ir/wp-login.php" "Mozilla/5.0 (Windows NT 10.0; Win64; x64; rv:93.0) Gecko/20100101 Firefox/93.0"
84.13.153.129 - - [11/Sep/2026:17:12:32 +0330] "POST /wp-login.php HTTP/1.1" 200 3973 "https://digikeyland.ir/wp-login.php" "Mozilla/5.0 (Windows NT 6.1; Win64; x64) AppleWebKit/537.36 (KHTML, like Gecko) Chrome/91.0.4472.124 Safari/537.36"
84.13.153.129 - - [11/Sep/2026:17:12:33 +0330] "GET /wp-admin/index.php HTTP/1.1" 302 20 "https://digikeyland.ir/wp-login.php" "Mozilla/5.0 (X11; Linux x86_64) AppleWebKit/537.36 (KHTML, like Gecko) Chrome/90.0.4430.212 Safari/537.36"
84.13.153.129 - - [11/Sep/2026:17:12:35 +0330] "GET /wp-login.php?redirect_to=https%3A%2F%2Fdigikeyland.ir%2Fwp-admin%2Findex.php&reauth=1 HTTP/1.1" 200 3804 "https://digikeyland.ir/wp-login.php" "Mozilla/5.0 (X11; Linux x86_64) AppleWebKit/537.36 (KHTML, like Gecko) Chrome/90.0.4430.212 Safari/537.36"
84.13.153.129 - - [11/Sep/2026:17:12:36 +0330] "GET /wp-admin/index.php HTTP/1.1" 302 20 "https://digikeyland.ir/wp-login.php" "Mozilla/5.0 (X11; Linux x86_64) AppleWebKit/537.36 (KHTML, like Gecko) Chrome/90.0.4430.212 Safari/537.36"
84.13.153.129 - - [11/Sep/2026:17:12:37 +0330] "GET /wp-login.php?redirect_to=https%3A%2F%2Fdigikeyland.ir%2Fwp-admin%2Findex.php&reauth=1 HTTP/1.1" 200 3804 "https://digikeyland.ir/wp-login.php" "Mozilla/5.0 (X11; Linux x86_64) AppleWebKit/537.36 (KHTML, like Gecko) Chrome/90.0.4430.212 Safari/537.36"
84.13.153.129 - - [11/Sep/2026:17:12:39 +0330] "POST /wp-login.php HTTP/1.1" 200 3968 "https://digikeyland.ir/wp-login.php" "Mozilla/5.0 (Macintosh; Intel Mac OS X 10_15_7) AppleWebKit/537.36 (KHTML, like Gecko) Chrome/91.0.4472.124 Safari/537.36"
84.13.153.129 - - [11/Sep/2026:17:12:40 +0330] "GET /wp-admin/index.php HTTP/1.1" 302 20 "https://digikeyland.ir/wp-login.php" "Mozilla/5.0 (X11; Linux x86_64) AppleWebKit/537.36 (KHTML, like Gecko) Chrome/92.0.4515.131 Safari/537.36"
84.13.153.129 - - [11/Sep/2026:17:12:42 +0330] "GET /wp-login.php?redirect_to=https%3A%2F%2Fdigikeyland.ir%2Fwp-admin%2Findex.php&reauth=1 HTTP/1.1" 200 3804 "https://digikeyland.ir/wp-login.php" "Mozilla/5.0 (X11; Linux x86_64) AppleWebKit/537.36 (KHTML, like Gecko) Chrome/92.0.4515.131 Safari/537.36"
84.13.153.129 - - [11/Sep/2026:17:12:43 +0330] "GET /wp-admin/index.php HTTP/1.1" 302 20 "https://digikeyland.ir/wp-login.php" "Mozilla/5.0 (X11; Linux x86_64) AppleWebKit/537.36 (KHTML, like Gecko) Chrome/92.0.4515.131 Safari/537.36"
84.13.153.129 - - [11/Sep/2026:17:12:45 +0330] "GET /wp-login.php?redirect_to=https%3A%2F%2Fdigikeyland.ir%2Fwp-admin%2Findex.php&reauth=1 HTTP/1.1" 200 3804 "https://digikeyland.ir/wp-login.php" "Mozilla/5.0 (X11; Linux x86_64) AppleWebKit/537.36 (KHTML, like Gecko) Chrome/92.0.4515.131 Safari/537.36"
84.13.153.129 - - [11/Sep/2026:17:12:46 +0330] "POST /wp-login.php HTTP/1.1" 200 3973 "https://digikeyland.ir/wp-login.php" "Mozilla/5.0 (Windows NT 10.0; Win64; x64) AppleWebKit/537.36 (KHTML, like Gecko) Chrome/90.0.4430.212 Safari/537.36"
84.13.153.129 - - [11/Sep/2026:17:12:48 +0330] "GET /wp-admin/index.php HTTP/1.1" 302 20 "https://digikeyland.ir/wp-login.php" "Mozilla/5.0 (X11; Linux x86_64) AppleWebKit/537.36 (KHTML, like Gecko) Chrome/94.0.4606.71 Safari/537.36"
84.13.153.129 - - [11/Sep/2026:17:12:49 +0330] "GET /wp-login.php?redirect_to=https%3A%2F%2Fdigikeyland.ir%2Fwp-admin%2Findex.php&reauth=1 HTTP/1.1" 200 3804 "https://digikeyland.ir/wp-login.php" "Mozilla/5.0 (X11; Linux x86_64) AppleWebKit/537.36 (KHTML, like Gecko) Chrome/94.0.4606.71 Safari/537.36"
84.13.153.129 - - [11/Sep/2026:17:12:51 +0330] "GET /wp-admin/index.php HTTP/1.1" 302 20 "https://digikeyland.ir/wp-login.php" "Mozilla/5.0 (X11; Linux x86_64) AppleWebKit/537.36 (KHTML, like Gecko) Chrome/94.0.4606.71 Safari/537.36"
84.13.153.129 - - [11/Sep/2026:17:12:53 +0330] "GET /wp-login.php?redirect_to=https%3A%2F%2Fdigikeyland.ir%2Fwp-admin%2Findex.php&reauth=1 HTTP/1.1" 200 3804 "https://digikeyland.ir/wp-login.php" "Mozilla/5.0 (X11; Linux x86_64) AppleWebKit/537.36 (KHTML, like Gecko) Chrome/94.0.4606.71 Safari/537.36"
84.13.153.129 - - [11/Sep/2026:17:12:54 +0330] "POST /wp-login.php HTTP/1.1" 200 3968 "https://digikeyland.ir/wp-login.php" "Mozilla/5.0 (Windows NT 10.0; Win64; x64) AppleWebKit/605.1.15 (KHTML, like Gecko) Version/15.0 Safari/605.1.15"
84.13.153.129 - - [11/Sep/2026:17:12:56 +0330] "GET /wp-admin/index.php HTTP/1.1" 302 20 "https://digikeyland.ir/wp-login.php" "Mozilla/5.0 (Windows NT 10.0; Win64; x64) AppleWebKit/605.1.15 (KHTML, like Gecko) Version/14.1.1 Safari/605.1.15"
185.130.50.10 - - [11/Sep/2026:17:12:58 +0330] "POST /wp-cron.php?doing_wp_cron=1789134178.9509119987487792968750 HTTP/1.1" 200 20 "-" "WordPress/7.1; https://digikeyland.ir"
84.13.153.129 - - [11/Sep/2026:17:12:57 +0330] "GET /wp-login.php?redirect_to=https%3A%2F%2Fdigikeyland.ir%2Fwp-admin%2Findex.php&reauth=1 HTTP/1.1" 200 3804 "https://digikeyland.ir/wp-login.php" "Mozilla/5.0 (Windows NT 10.0; Win64; x64) AppleWebKit/605.1.15 (KHTML, like Gecko) Version/14.1.1 Safari/605.1.15"
84.13.153.129 - - [11/Sep/2026:17:12:59 +0330] "GET /wp-admin/index.php HTTP/1.1" 302 20 "https://digikeyland.ir/wp-login.php" "Mozilla/5.0 (Windows NT 10.0; Win64; x64) AppleWebKit/605.1.15 (KHTML, like Gecko) Version/14.1.1 Safari/605.1.15"
84.13.153.129 - - [11/Sep/2026:17:13:00 +0330] "GET /wp-login.php?redirect_to=https%3A%2F%2Fdigikeyland.ir%2Fwp-admin%2Findex.php&reauth=1 HTTP/1.1" 200 3804 "https://digikeyland.ir/wp-login.php" "Mozilla/5.0 (Windows NT 10.0; Win64; x64) AppleWebKit/605.1.15 (KHTML, like Gecko) Version/14.1.1 Safari/605.1.15"
84.13.153.129 - - [11/Sep/2026:17:13:02 +0330] "POST /wp-login.php HTTP/1.1" 200 3980 "https://digikeyland.ir/wp-login.php" "Mozilla/5.0 (Macintosh; Intel Mac OS X 10_15_7) AppleWebKit/537.36 (KHTML, like Gecko) Chrome/91.0.4472.124 Safari/537.36"
84.13.153.129 - - [11/Sep/2026:17:13:04 +0330] "GET /wp-admin/index.php HTTP/1.1" 302 20 "https://digikeyland.ir/wp-login.php" "Mozilla/5.0 (X11; Linux x86_64) AppleWebKit/537.36 (KHTML, like Gecko) Chrome/92.0.4515.131 Safari/537.36"
84.13.153.129 - - [11/Sep/2026:17:13:05 +0330] "GET /wp-login.php?redirect_to=https%3A%2F%2Fdigikeyland.ir%2Fwp-admin%2Findex.php&reauth=1 HTTP/1.1" 200 3804 "https://digikeyland.ir/wp-login.php" "Mozilla/5.0 (X11; Linux x86_64) AppleWebKit/537.36 (KHTML, like Gecko) Chrome/92.0.4515.131 Safari/537.36"
84.13.153.129 - - [11/Sep/2026:17:13:07 +0330] "GET /wp-admin/index.php HTTP/1.1" 302 20 "https://digikeyland.ir/wp-login.php" "Mozilla/5.0 (X11; Linux x86_64) AppleWebKit/537.36 (KHTML, like Gecko) Chrome/92.0.4515.131 Safari/537.36"
84.13.153.129 - - [11/Sep/2026:17:13:08 +0330] "GET /wp-login.php?redirect_to=https%3A%2F%2Fdigikeyland.ir%2Fwp-admin%2Findex.php&reauth=1 HTTP/1.1" 200 3804 "https://digikeyland.ir/wp-login.php" "Mozilla/5.0 (X11; Linux x86_64) AppleWebKit/537.36 (KHTML, like Gecko) Chrome/92.0.4515.131 Safari/537.36"
84.13.153.129 - - [11/Sep/2026:17:13:10 +0330] "POST /wp-login.php HTTP/1.1" 200 3973 "https://digikeyland.ir/wp-login.php" "Mozilla/5.0 (Macintosh; Intel Mac OS X 10_15_7) AppleWebKit/537.36 (KHTML, like Gecko) Chrome/91.0.4472.124 Safari/537.36"
84.13.153.129 - - [11/Sep/2026:17:13:11 +0330] "GET /wp-admin/index.php HTTP/1.1" 302 20 "https://digikeyland.ir/wp-login.php" "Mozilla/5.0 (Macintosh; Intel Mac OS X 10_15_7) AppleWebKit/605.1.15 (KHTML, like Gecko) Version/15.0 Safari/605.1.15"
84.13.153.129 - - [11/Sep/2026:17:13:13 +0330] "GET /wp-login.php?redirect_to=https%3A%2F%2Fdigikeyland.ir%2Fwp-admin%2Findex.php&reauth=1 HTTP/1.1" 200 3804 "https://digikeyland.ir/wp-login.php" "Mozilla/5.0 (Macintosh; Intel Mac OS X 10_15_7) AppleWebKit/605.1.15 (KHTML, like Gecko) Version/15.0 Safari/605.1.15"
84.13.153.129 - - [11/Sep/2026:17:13:14 +0330] "GET /wp-admin/index.php HTTP/1.1" 302 20 "https://digikeyland.ir/wp-login.php" "Mozilla/5.0 (Macintosh; Intel Mac OS X 10_15_7) AppleWebKit/605.1.15 (KHTML, like Gecko) Version/15.0 Safari/605.1.15"
84.13.153.129 - - [11/Sep/2026:17:13:16 +0330] "GET /wp-login.php?redirect_to=https%3A%2F%2Fdigikeyland.ir%2Fwp-admin%2Findex.php&reauth=1 HTTP/1.1" 200 3804 "https://digikeyland.ir/wp-login.php" "Mozilla/5.0 (Macintosh; Intel Mac OS X 10_15_7) AppleWebKit/605.1.15 (KHTML, like Gecko) Version/15.0 Safari/605.1.15"
84.13.153.129 - - [11/Sep/2026:17:13:17 +0330] "POST /wp-login.php HTTP/1.1" 200 3967 "https://digikeyland.ir/wp-login.php" "Mozilla/5.0 (Windows NT 10.0; Win64; x64) AppleWebKit/537.36 (KHTML, like Gecko) Chrome/90.0.4430.212 Safari/537.36"
84.13.153.129 - - [11/Sep/2026:17:13:19 +0330] "GET /wp-admin/index.php HTTP/1.1" 302 20 "https://digikeyland.ir/wp-login.php" "Mozilla/5.0 (Windows NT 6.1; Win64; x64) AppleWebKit/537.36 (KHTML, like Gecko) Chrome/94.0.4606.71 Safari/537.36"
84.13.153.129 - - [11/Sep/2026:17:13:20 +0330] "GET /wp-login.php?redirect_to=https%3A%2F%2Fdigikeyland.ir%2Fwp-admin%2Findex.php&reauth=1 HTTP/1.1" 200 3804 "https://digikeyland.ir/wp-login.php" "Mozilla/5.0 (Windows NT 6.1; Win64; x64) AppleWebKit/537.36 (KHTML, like Gecko) Chrome/94.0.4606.71 Safari/537.36"
84.13.153.129 - - [11/Sep/2026:17:13:22 +0330] "GET /wp-admin/index.php HTTP/1.1" 302 20 "https://digikeyland.ir/wp-login.php" "Mozilla/5.0 (Windows NT 6.1; Win64; x64) AppleWebKit/537.36 (KHTML, like Gecko) Chrome/94.0.4606.71 Safari/537.36"
84.13.153.129 - - [11/Sep/2026:17:13:24 +0330] "GET /wp-login.php?redirect_to=https%3A%2F%2Fdigikeyland.ir%2Fwp-admin%2Findex.php&reauth=1 HTTP/1.1" 200 3804 "https://digikeyland.ir/wp-login.php" "Mozilla/5.0 (Windows NT 6.1; Win64; x64) AppleWebKit/537.36 (KHTML, like Gecko) Chrome/94.0.4606.71 Safari/537.36"
84.13.153.129 - - [11/Sep/2026:17:13:25 +0330] "POST /wp-login.php HTTP/1.1" 200 3969 "https://digikeyland.ir/wp-login.php" "Mozilla/5.0 (Macintosh; Intel Mac OS X 10_15_7) AppleWebKit/605.1.15 (KHTML, like Gecko) Version/14.1.2 Safari/605.1.15"
84.13.153.129 - - [11/Sep/2026:17:13:27 +0330] "GET /wp-admin/index.php HTTP/1.1" 302 20 "https://digikeyland.ir/wp-login.php" "Mozilla/5.0 (Windows NT 10.0; Win64; x64) AppleWebKit/537.36 (KHTML, like Gecko) Chrome/94.0.4606.71 Safari/537.36"
84.13.153.129 - - [11/Sep/2026:17:13:28 +0330] "GET /wp-login.php?redirect_to=https%3A%2F%2Fdigikeyland.ir%2Fwp-admin%2Findex.php&reauth=1 HTTP/1.1" 200 3804 "https://digikeyland.ir/wp-login.php" "Mozilla/5.0 (Windows NT 10.0; Win64; x64) AppleWebKit/537.36 (KHTML, like Gecko) Chrome/94.0.4606.71 Safari/537.36"
84.13.153.129 - - [11/Sep/2026:17:13:30 +0330] "GET /wp-admin/index.php HTTP/1.1" 302 20 "https://digikeyland.ir/wp-login.php" "Mozilla/5.0 (Windows NT 10.0; Win64; x64) AppleWebKit/537.36 (KHTML, like Gecko) Chrome/94.0.4606.71 Safari/537.36"
84.13.153.129 - - [11/Sep/2026:17:13:31 +0330] "GET /wp-login.php?redirect_to=https%3A%2F%2Fdigikeyland.ir%2Fwp-admin%2Findex.php&reauth=1 HTTP/1.1" 200 3804 "https://digikeyland.ir/wp-login.php" "Mozilla/5.0 (Windows NT 10.0; Win64; x64) AppleWebKit/537.36 (KHTML, like Gecko) Chrome/94.0.4606.71 Safari/537.36"
84.13.153.129 - - [11/Sep/2026:17:13:33 +0330] "POST /wp-login.php HTTP/1.1" 200 3970 "https://digikeyland.ir/wp-login.php" "Mozilla/5.0 (Windows NT 6.1; Win64; x64) AppleWebKit/537.36 (KHTML, like Gecko) Chrome/92.0.4515.131 Safari/537.36"
84.13.153.129 - - [11/Sep/2026:17:13:34 +0330] "GET /wp-admin/index.php HTTP/1.1" 302 20 "https://digikeyland.ir/wp-login.php" "Mozilla/5.0 (Macintosh; Intel Mac OS X 10_15_7) AppleWebKit/537.36 (KHTML, like Gecko) Chrome/91.0.4472.124 Safari/537.36"
84.13.153.129 - - [11/Sep/2026:17:13:36 +0330] "GET /wp-login.php?redirect_to=https%3A%2F%2Fdigikeyland.ir%2Fwp-admin%2Findex.php&reauth=1 HTTP/1.1" 200 3804 "https://digikeyland.ir/wp-login.php" "Mozilla/5.0 (Macintosh; Intel Mac OS X 10_15_7) AppleWebKit/537.36 (KHTML, like Gecko) Chrome/91.0.4472.124 Safari/537.36"
84.13.153.129 - - [11/Sep/2026:17:13:37 +0330] "GET /wp-admin/index.php HTTP/1.1" 302 20 "https://digikeyland.ir/wp-login.php" "Mozilla/5.0 (Macintosh; Intel Mac OS X 10_15_7) AppleWebKit/537.36 (KHTML, like Gecko) Chrome/91.0.4472.124 Safari/537.36"
84.13.153.129 - - [11/Sep/2026:17:13:39 +0330] "GET /wp-login.php?redirect_to=https%3A%2F%2Fdigikeyland.ir%2Fwp-admin%2Findex.php&reauth=1 HTTP/1.1" 200 3804 "https://digikeyland.ir/wp-login.php" "Mozilla/5.0 (Macintosh; Intel Mac OS X 10_15_7) AppleWebKit/537.36 (KHTML, like Gecko) Chrome/91.0.4472.124 Safari/537.36"
84.13.153.129 - - [11/Sep/2026:17:13:40 +0330] "POST /wp-login.php HTTP/1.1" 200 3968 "https://digikeyland.ir/wp-login.php" "Mozilla/5.0 (Macintosh; Intel Mac OS X 10_15_7; rv:93.0) Gecko/20100101 Firefox/93.0"
84.13.153.129 - - [11/Sep/2026:17:13:42 +0330] "GET /wp-admin/index.php HTTP/1.1" 302 20 "https://digikeyland.ir/wp-login.php" "Mozilla/5.0 (Windows NT 10.0; Win64; x64; rv:93.0) Gecko/20100101 Firefox/93.0"
46.100.87.66 - - [11/Sep/2026:17:13:43 +0330] "POST /wp-admin/admin-ajax.php HTTP/2" 200 67 "https://digikeyland.ir/wp-admin/edit.php?s&post_status=all&post_type=shop_order&action=-1&m=0&pwp_m=0&_created_via&_customer_user&paged=9&action2=-1" "Mozilla/5.0 (Windows NT 10.0; Win64; x64) AppleWebKit/537.36 (KHTML, like Gecko) Chrome/153.0.0.0 Safari/537.36"
84.13.153.129 - - [11/Sep/2026:17:13:43 +0330] "GET /wp-login.php?redirect_to=https%3A%2F%2Fdigikeyland.ir%2Fwp-admin%2Findex.php&reauth=1 HTTP/1.1" 200 3804 "https://digikeyland.ir/wp-login.php" "Mozilla/5.0 (Windows NT 10.0; Win64; x64; rv:93.0) Gecko/20100101 Firefox/93.0"
84.13.153.129 - - [11/Sep/2026:17:13:46 +0330] "GET /wp-admin/index.php HTTP/1.1" 302 20 "https://digikeyland.ir/wp-login.php" "Mozilla/5.0 (Windows NT 10.0; Win64; x64; rv:93.0) Gecko/20100101 Firefox/93.0"
46.100.87.66 - - [11/Sep/2026:17:13:46 +0330] "POST /wp-admin/admin-ajax.php HTTP/2" 200 67 "https://digikeyland.ir/wp-admin/edit.php?post_type=product" "Mozilla/5.0 (Windows NT 10.0; Win64; x64) AppleWebKit/537.36 (KHTML, like Gecko) Chrome/153.0.0.0 Safari/537.36"
84.13.153.129 - - [11/Sep/2026:17:13:48 +0330] "GET /wp-login.php?redirect_to=https%3A%2F%2Fdigikeyland.ir%2Fwp-admin%2Findex.php&reauth=1 HTTP/1.1" 200 3804 "https://digikeyland.ir/wp-login.php" "Mozilla/5.0 (Windows NT 10.0; Win64; x64; rv:93.0) Gecko/20100101 Firefox/93.0"
84.13.153.129 - - [11/Sep/2026:17:13:49 +0330] "POST /wp-login.php HTTP/1.1" 200 3967 "https://digikeyland.ir/wp-login.php" "Mozilla/5.0 (Macintosh; Intel Mac OS X 10_15_7; rv:89.0) Gecko/20100101 Firefox/89.0.2"
84.13.153.129 - - [11/Sep/2026:17:13:51 +0330] "GET /wp-admin/index.php HTTP/1.1" 302 20 "https://digikeyland.ir/wp-login.php" "Mozilla/5.0 (Macintosh; Intel Mac OS X 10_15_7) AppleWebKit/537.36 (KHTML, like Gecko) Chrome/94.0.4606.71 Safari/537.36"
84.13.153.129 - - [11/Sep/2026:17:13:53 +0330] "GET /wp-login.php?redirect_to=https%3A%2F%2Fdigikeyland.ir%2Fwp-admin%2Findex.php&reauth=1 HTTP/1.1" 200 3804 "https://digikeyland.ir/wp-login.php" "Mozilla/5.0 (Macintosh; Intel Mac OS X 10_15_7) AppleWebKit/537.36 (KHTML, like Gecko) Chrome/94.0.4606.71 Safari/537.36"
84.13.153.129 - - [11/Sep/2026:17:13:54 +0330] "GET /wp-admin/index.php HTTP/1.1" 302 20 "https://digikeyland.ir/wp-login.php" "Mozilla/5.0 (Macintosh; Intel Mac OS X 10_15_7) AppleWebKit/537.36 (KHTML, like Gecko) Chrome/94.0.4606.71 Safari/537.36"
84.13.153.129 - - [11/Sep/2026:17:13:56 +0330] "GET /wp-login.php?redirect_to=https%3A%2F%2Fdigikeyland.ir%2Fwp-admin%2Findex.php&reauth=1 HTTP/1.1" 200 3804 "https://digikeyland.ir/wp-login.php" "Mozilla/5.0 (Macintosh; Intel Mac OS X 10_15_7) AppleWebKit/537.36 (KHTML, like Gecko) Chrome/94.0.4606.71 Safari/537.36"
84.13.153.129 - - [11/Sep/2026:17:13:57 +0330] "POST /wp-login.php HTTP/1.1" 200 3974 "https://digikeyland.ir/wp-login.php" "Mozilla/5.0 (Macintosh; Intel Mac OS X 10_15_7) AppleWebKit/537.36 (KHTML, like Gecko) Chrome/92.0.4515.131 Safari/537.36"
185.130.50.10 - - [11/Sep/2026:17:14:00 +0330] "POST /wp-cron.php?doing_wp_cron=1789134240.8113560676574707031250 HTTP/1.1" 200 20 "-" "WordPress/7.1; https://digikeyland.ir"
84.13.153.129 - - [11/Sep/2026:17:13:59 +0330] "GET /wp-admin/index.php HTTP/1.1" 302 20 "https://digikeyland.ir/wp-login.php" "Mozilla/5.0 (X11; Linux x86_64) AppleWebKit/537.36 (KHTML, like Gecko) Chrome/93.0.4577.63 Safari/537.36"
142.250.32.99 - - [11/Sep/2026:17:14:00 +0330] "GET /product/chatgpt-plus HTTP/1.1" 301 20 "-" "Mozilla/5.0 (X11; Linux x86_64) AppleWebKit/537.36 (KHTML, like Gecko) Chrome/139.0.0.0 Safari/537.36"
84.13.153.129 - - [11/Sep/2026:17:14:01 +0330] "GET /wp-login.php?redirect_to=https%3A%2F%2Fdigikeyland.ir%2Fwp-admin%2Findex.php&reauth=1 HTTP/1.1" 200 3804 "https://digikeyland.ir/wp-login.php" "Mozilla/5.0 (X11; Linux x86_64) AppleWebKit/537.36 (KHTML, like Gecko) Chrome/93.0.4577.63 Safari/537.36"
74.125.208.228 - - [11/Sep/2026:17:14:00 +0330] "GET /product/chatgpt-plus HTTP/1.1" 301 20 "-" "Mozilla/5.0 (X11; Linux x86_64) AppleWebKit/537.36 (KHTML, like Gecko) Chrome/139.0.0.0 Safari/537.36"
84.13.153.129 - - [11/Sep/2026:17:14:04 +0330] "GET /wp-admin/index.php HTTP/1.1" 302 20 "https://digikeyland.ir/wp-login.php" "Mozilla/5.0 (X11; Linux x86_64) AppleWebKit/537.36 (KHTML, like Gecko) Chrome/93.0.4577.63 Safari/537.36"
185.130.50.10 - - [11/Sep/2026:17:14:07 +0330] "GET / HTTP/1.1" 200 82829 "-" "WordPress/7.1; https://digikeyland.ir"
185.130.50.10 - - [11/Sep/2026:17:14:07 +0330] "GET / HTTP/1.1" 200 82829 "-" "WordPress/7.1; https://digikeyland.ir"
185.130.50.10 - - [11/Sep/2026:17:14:08 +0330] "POST /wp-cron.php?doing_wp_cron=1789134248.1151978969573974609375 HTTP/1.1" 200 20 "-" "WordPress/7.1; https://digikeyland.ir"
84.13.153.129 - - [11/Sep/2026:17:14:06 +0330] "GET /wp-login.php?redirect_to=https%3A%2F%2Fdigikeyland.ir%2Fwp-admin%2Findex.php&reauth=1 HTTP/1.1" 200 3804 "https://digikeyland.ir/wp-login.php" "Mozilla/5.0 (X11; Linux x86_64) AppleWebKit/537.36 (KHTML, like Gecko) Chrome/93.0.4577.63 Safari/537.36"
74.125.214.165 - - [11/Sep/2026:17:14:08 +0330] "GET /product/chatgpt-plus HTTP/1.1" 301 1 "-" "Mozilla/5.0 (X11; Linux x86_64) AppleWebKit/537.36 (KHTML, like Gecko) Chrome/139.0.0.0 Safari/537.36"
84.13.153.129 - - [11/Sep/2026:17:14:08 +0330] "POST /wp-login.php HTTP/1.1" 200 3968 "https://digikeyland.ir/wp-login.php" "Mozilla/5.0 (X11; Linux x86_64) AppleWebKit/537.36 (KHTML, like Gecko) Chrome/91.0.4472.124 Safari/537.36"
84.13.153.129 - - [11/Sep/2026:17:14:10 +0330] "GET /wp-admin/index.php HTTP/1.1" 302 20 "https://digikeyland.ir/wp-login.php" "Mozilla/5.0 (Windows NT 10.0; Win64; x64) AppleWebKit/537.36 (KHTML, like Gecko) Chrome/91.0.4472.124 Safari/537.36"
84.13.153.129 - - [11/Sep/2026:17:14:12 +0330] "GET /wp-login.php?redirect_to=https%3A%2F%2Fdigikeyland.ir%2Fwp-admin%2Findex.php&reauth=1 HTTP/1.1" 200 3804 "https://digikeyland.ir/wp-login.php" "Mozilla/5.0 (Windows NT 10.0; Win64; x64) AppleWebKit/537.36 (KHTML, like Gecko) Chrome/91.0.4472.124 Safari/537.36"
84.13.153.129 - - [11/Sep/2026:17:14:14 +0330] "GET /wp-admin/index.php HTTP/1.1" 302 20 "https://digikeyland.ir/wp-login.php" "Mozilla/5.0 (Windows NT 10.0; Win64; x64) AppleWebKit/537.36 (KHTML, like Gecko) Chrome/91.0.4472.124 Safari/537.36"
84.13.153.129 - - [11/Sep/2026:17:14:15 +0330] "GET /wp-login.php?redirect_to=https%3A%2F%2Fdigikeyland.ir%2Fwp-admin%2Findex.php&reauth=1 HTTP/1.1" 200 3804 "https://digikeyland.ir/wp-login.php" "Mozilla/5.0 (Windows NT 10.0; Win64; x64) AppleWebKit/537.36 (KHTML, like Gecko) Chrome/91.0.4472.124 Safari/537.36"
84.13.153.129 - - [11/Sep/2026:17:14:17 +0330] "POST /wp-login.php HTTP/1.1" 200 3975 "https://digikeyland.ir/wp-login.php" "Mozilla/5.0 (Macintosh; Intel Mac OS X 10_15_7) AppleWebKit/605.1.15 (KHTML, like Gecko) Version/15.0 Safari/605.1.15"
84.13.153.129 - - [11/Sep/2026:17:14:18 +0330] "GET /wp-admin/index.php HTTP/1.1" 302 20 "https://digikeyland.ir/wp-login.php" "Mozilla/5.0 (Windows NT 6.1; Win64; x64) AppleWebKit/537.36 (KHTML, like Gecko) Chrome/90.0.4430.212 Safari/537.36"
46.100.87.66 - - [11/Sep/2026:17:14:19 +0330] "POST /wp-admin/admin-ajax.php HTTP/2" 200 67 "https://digikeyland.ir/wp-admin/edit.php?post_type=shop_order" "Mozilla/5.0 (Windows NT 10.0; Win64; x64) AppleWebKit/537.36 (KHTML, like Gecko) Chrome/153.0.0.0 Safari/537.36"
84.13.153.129 - - [11/Sep/2026:17:14:20 +0330] "GET /wp-login.php?redirect_to=https%3A%2F%2Fdigikeyland.ir%2Fwp-admin%2Findex.php&reauth=1 HTTP/1.1" 200 3804 "https://digikeyland.ir/wp-login.php" "Mozilla/5.0 (Windows NT 6.1; Win64; x64) AppleWebKit/537.36 (KHTML, like Gecko) Chrome/90.0.4430.212 Safari/537.36"
84.13.153.129 - - [11/Sep/2026:17:14:21 +0330] "GET /wp-admin/index.php HTTP/1.1" 302 20 "https://digikeyland.ir/wp-login.php" "Mozilla/5.0 (Windows NT 6.1; Win64; x64) AppleWebKit/537.36 (KHTML, like Gecko) Chrome/90.0.4430.212 Safari/537.36"
84.13.153.129 - - [11/Sep/2026:17:14:23 +0330] "GET /wp-login.php?redirect_to=https%3A%2F%2Fdigikeyland.ir%2Fwp-admin%2Findex.php&reauth=1 HTTP/1.1" 200 3804 "https://digikeyland.ir/wp-login.php" "Mozilla/5.0 (Windows NT 6.1; Win64; x64) AppleWebKit/537.36 (KHTML, like Gecko) Chrome/90.0.4430.212 Safari/537.36"
84.13.153.129 - - [11/Sep/2026:17:14:24 +0330] "POST /wp-login.php HTTP/1.1" 200 3972 "https://digikeyland.ir/wp-login.php" "Mozilla/5.0 (Windows NT 10.0; Win64; x64) AppleWebKit/605.1.15 (KHTML, like Gecko) Version/15.0 Safari/605.1.15"
84.13.153.129 - - [11/Sep/2026:17:14:26 +0330] "GET /wp-admin/index.php HTTP/1.1" 302 20 "https://digikeyland.ir/wp-login.php" "Mozilla/5.0 (Macintosh; Intel Mac OS X 10_15_7) AppleWebKit/537.36 (KHTML, like Gecko) Chrome/92.0.4515.131 Safari/537.36"
84.13.153.129 - - [11/Sep/2026:17:14:27 +0330] "GET /wp-login.php?redirect_to=https%3A%2F%2Fdigikeyland.ir%2Fwp-admin%2Findex.php&reauth=1 HTTP/1.1" 200 3804 "https://digikeyland.ir/wp-login.php" "Mozilla/5.0 (Macintosh; Intel Mac OS X 10_15_7) AppleWebKit/537.36 (KHTML, like Gecko) Chrome/92.0.4515.131 Safari/537.36"
84.13.153.129 - - [11/Sep/2026:17:14:29 +0330] "GET /wp-admin/index.php HTTP/1.1" 302 20 "https://digikeyland.ir/wp-login.php" "Mozilla/5.0 (Macintosh; Intel Mac OS X 10_15_7) AppleWebKit/537.36 (KHTML, like Gecko) Chrome/92.0.4515.131 Safari/537.36"
84.13.153.129 - - [11/Sep/2026:17:14:31 +0330] "GET /wp-login.php?redirect_to=https%3A%2F%2Fdigikeyland.ir%2Fwp-admin%2Findex.php&reauth=1 HTTP/1.1" 200 3804 "https://digikeyland.ir/wp-login.php" "Mozilla/5.0 (Macintosh; Intel Mac OS X 10_15_7) AppleWebKit/537.36 (KHTML, like Gecko) Chrome/92.0.4515.131 Safari/537.36"
84.13.153.129 - - [11/Sep/2026:17:14:33 +0330] "POST /wp-login.php HTTP/1.1" 200 3975 "https://digikeyland.ir/wp-login.php" "Mozilla/5.0 (X11; Linux x86_64; rv:92.0) Gecko/20100101 Firefox/92.0"
84.13.153.129 - - [11/Sep/2026:17:14:34 +0330] "GET /wp-admin/index.php HTTP/1.1" 302 20 "https://digikeyland.ir/wp-login.php" "Mozilla/5.0 (X11; Linux x86_64) AppleWebKit/537.36 (KHTML, like Gecko) Chrome/94.0.4606.71 Safari/537.36"
84.13.153.129 - - [11/Sep/2026:17:14:36 +0330] "GET /wp-login.php?redirect_to=https%3A%2F%2Fdigikeyland.ir%2Fwp-admin%2Findex.php&reauth=1 HTTP/1.1" 200 3804 "https://digikeyland.ir/wp-login.php" "Mozilla/5.0 (X11; Linux x86_64) AppleWebKit/537.36 (KHTML, like Gecko) Chrome/94.0.4606.71 Safari/537.36"
84.13.153.129 - - [11/Sep/2026:17:14:38 +0330] "GET /wp-admin/index.php HTTP/1.1" 302 20 "https://digikeyland.ir/wp-login.php" "Mozilla/5.0 (X11; Linux x86_64) AppleWebKit/537.36 (KHTML, like Gecko) Chrome/94.0.4606.71 Safari/537.36"
84.13.153.129 - - [11/Sep/2026:17:14:40 +0330] "GET /wp-login.php?redirect_to=https%3A%2F%2Fdigikeyland.ir%2Fwp-admin%2Findex.php&reauth=1 HTTP/1.1" 200 3804 "https://digikeyland.ir/wp-login.php" "Mozilla/5.0 (X11; Linux x86_64) AppleWebKit/537.36 (KHTML, like Gecko) Chrome/94.0.4606.71 Safari/537.36"
84.13.153.129 - - [11/Sep/2026:17:14:41 +0330] "POST /wp-login.php HTTP/1.1" 200 3973 "https://digikeyland.ir/wp-login.php" "Mozilla/5.0 (Windows NT 10.0; Win64; x64) AppleWebKit/537.36 (KHTML, like Gecko) Chrome/91.0.4472.124 Safari/537.36"
84.13.153.129 - - [11/Sep/2026:17:14:43 +0330] "GET /wp-admin/index.php HTTP/1.1" 302 20 "https://digikeyland.ir/wp-login.php" "Mozilla/5.0 (Macintosh; Intel Mac OS X 10_15_7) AppleWebKit/605.1.15 (KHTML, like Gecko) Version/14.1.1 Safari/605.1.15"
84.13.153.129 - - [11/Sep/2026:17:14:45 +0330] "GET /wp-login.php?redirect_to=https%3A%2F%2Fdigikeyland.ir%2Fwp-admin%2Findex.php&reauth=1 HTTP/1.1" 200 3804 "https://digikeyland.ir/wp-login.php" "Mozilla/5.0 (Macintosh; Intel Mac OS X 10_15_7) AppleWebKit/605.1.15 (KHTML, like Gecko) Version/14.1.1 Safari/605.1.15"
84.13.153.129 - - [11/Sep/2026:17:14:46 +0330] "GET /wp-admin/index.php HTTP/1.1" 302 20 "https://digikeyland.ir/wp-login.php" "Mozilla/5.0 (Macintosh; Intel Mac OS X 10_15_7) AppleWebKit/605.1.15 (KHTML, like Gecko) Version/14.1.1 Safari/605.1.15"
84.13.153.129 - - [11/Sep/2026:17:14:48 +0330] "GET /wp-login.php?redirect_to=https%3A%2F%2Fdigikeyland.ir%2Fwp-admin%2Findex.php&reauth=1 HTTP/1.1" 200 3804 "https://digikeyland.ir/wp-login.php" "Mozilla/5.0 (Macintosh; Intel Mac OS X 10_15_7) AppleWebKit/605.1.15 (KHTML, like Gecko) Version/14.1.1 Safari/605.1.15"
84.13.153.129 - - [11/Sep/2026:17:14:49 +0330] "POST /wp-login.php HTTP/1.1" 200 3970 "https://digikeyland.ir/wp-login.php" "Mozilla/5.0 (Windows NT 10.0; Win64; x64) AppleWebKit/605.1.15 (KHTML, like Gecko) Version/15.0 Safari/605.1.15"
84.13.153.129 - - [11/Sep/2026:17:14:51 +0330] "GET /wp-admin/index.php HTTP/1.1" 302 20 "https://digikeyland.ir/wp-login.php" "Mozilla/5.0 (X11; Linux x86_64) AppleWebKit/537.36 (KHTML, like Gecko) Chrome/91.0.4472.124 Safari/537.36"
84.13.153.129 - - [11/Sep/2026:17:14:53 +0330] "GET /wp-login.php?redirect_to=https%3A%2F%2Fdigikeyland.ir%2Fwp-admin%2Findex.php&reauth=1 HTTP/1.1" 200 3804 "https://digikeyland.ir/wp-login.php" "Mozilla/5.0 (X11; Linux x86_64) AppleWebKit/537.36 (KHTML, like Gecko) Chrome/91.0.4472.124 Safari/537.36"
84.13.153.129 - - [11/Sep/2026:17:14:54 +0330] "GET /wp-admin/index.php HTTP/1.1" 302 20 "https://digikeyland.ir/wp-login.php" "Mozilla/5.0 (X11; Linux x86_64) AppleWebKit/537.36 (KHTML, like Gecko) Chrome/91.0.4472.124 Safari/537.36"
5.215.191.89 - - [11/Sep/2026:17:12:41 +0330] "GET /wp-content/uploads/2024/11/2-4.png HTTP/2" 200 3403 "https://digikeyland.ir/product/chatgpt-plus/?utm_medium=PPC&utm_source=Torob&torob_clid=01a090b4-8a43-72bd-8e4b-883a31ce9b50" "Mozilla/5.0 (Windows NT 10.0; Win64; x64) AppleWebKit/537.36 (KHTML, like Gecko) Chrome/153.0.0.0 Safari/537.36"
5.215.191.89 - - [11/Sep/2026:17:12:41 +0330] "GET /wp-content/uploads/2024/11/3-3.png HTTP/2" 200 2091 "https://digikeyland.ir/product/chatgpt-plus/?utm_medium=PPC&utm_source=Torob&torob_clid=01a090b4-8a43-72bd-8e4b-883a31ce9b50" "Mozilla/5.0 (Windows NT 10.0; Win64; x64) AppleWebKit/537.36 (KHTML, like Gecko) Chrome/153.0.0.0 Safari/537.36"
5.215.191.89 - - [11/Sep/2026:17:12:41 +0330] "GET /wp-content/uploads/2024/11/6.png HTTP/2" 200 3032 "https://digikeyland.ir/product/chatgpt-plus/?utm_medium=PPC&utm_source=Torob&torob_clid=01a090b4-8a43-72bd-8e4b-883a31ce9b50" "Mozilla/5.0 (Windows NT 10.0; Win64; x64) AppleWebKit/537.36 (KHTML, like Gecko) Chrome/153.0.0.0 Safari/537.36"
5.215.191.89 - - [11/Sep/2026:17:12:44 +0330] "GET /wp-content/uploads/2024/10/7-1.png HTTP/2" 200 18824 "https://digikeyland.ir/product/chatgpt-plus/?utm_medium=PPC&utm_source=Torob&torob_clid=01a090b4-8a43-72bd-8e4b-883a31ce9b50" "Mozilla/5.0 (Windows NT 10.0; Win64; x64) AppleWebKit/537.36 (KHTML, like Gecko) Chrome/153.0.0.0 Safari/537.36"
5.215.191.89 - - [11/Sep/2026:17:12:44 +0330] "GET /wp-content/uploads/2026/04/6-2.png HTTP/2" 200 5967 "https://digikeyland.ir/product/chatgpt-plus/?utm_medium=PPC&utm_source=Torob&torob_clid=01a090b4-8a43-72bd-8e4b-883a31ce9b50" "Mozilla/5.0 (Windows NT 10.0; Win64; x64) AppleWebKit/537.36 (KHTML, like Gecko) Chrome/153.0.0.0 Safari/537.36"
5.215.191.89 - - [11/Sep/2026:17:12:44 +0330] "GET /wp-content/uploads/2026/04/4-2.png HTTP/2" 200 10804 "https://digikeyland.ir/product/chatgpt-plus/?utm_medium=PPC&utm_source=Torob&torob_clid=01a090b4-8a43-72bd-8e4b-883a31ce9b50" "Mozilla/5.0 (Windows NT 10.0; Win64; x64) AppleWebKit/537.36 (KHTML, like Gecko) Chrome/153.0.0.0 Safari/537.36"
5.215.191.89 - - [11/Sep/2026:17:12:44 +0330] "GET /wp-content/uploads/2026/04/3-2.png HTTP/2" 200 23592 "https://digikeyland.ir/product/chatgpt-plus/?utm_medium=PPC&utm_source=Torob&torob_clid=01a090b4-8a43-72bd-8e4b-883a31ce9b50" "Mozilla/5.0 (Windows NT 10.0; Win64; x64) AppleWebKit/537.36 (KHTML, like Gecko) Chrome/153.0.0.0 Safari/537.36"
5.215.191.89 - - [11/Sep/2026:17:12:44 +0330] "GET /wp-content/uploads/2026/04/85.png HTTP/2" 200 2678 "https://digikeyland.ir/product/chatgpt-plus/?utm_medium=PPC&utm_source=Torob&torob_clid=01a090b4-8a43-72bd-8e4b-883a31ce9b50" "Mozilla/5.0 (Windows NT 10.0; Win64; x64) AppleWebKit/537.36 (KHTML, like Gecko) Chrome/153.0.0.0 Safari/537.36"
5.215.191.89 - - [11/Sep/2026:17:12:44 +0330] "GET /wp-content/uploads/2025/12/RT-logo-2.webp HTTP/2" 200 678 "https://digikeyland.ir/product/chatgpt-plus/?utm_medium=PPC&utm_source=Torob&torob_clid=01a090b4-8a43-72bd-8e4b-883a31ce9b50" "Mozilla/5.0 (Windows NT 10.0; Win64; x64) AppleWebKit/537.36 (KHTML, like Gecko) Chrome/153.0.0.0 Safari/537.36"
185.130.50.10 - - [11/Sep/2026:17:13:00 +0330] "POST /wp-cron.php?doing_wp_cron=1789134180.5563950538635253906250 HTTP/1.1" 200 20 "-" "WordPress/7.1; https://digikeyland.ir"
74.125.208.228 - - [11/Sep/2026:17:14:00 +0330] "GET /product/chatgpt-plus HTTP/1.1" 301 20 "-" "Mozilla/5.0 (X11; Linux x86_64) AppleWebKit/537.36 (KHTML, like Gecko) Chrome/139.0.0.0 Safari/537.36"
185.130.50.10 - - [11/Sep/2026:17:14:07 +0330] "POST /wp-cron.php HTTP/1.1" 200 20 "-" "WordPress/7.1; https://digikeyland.ir"
185.130.50.10 - - [11/Sep/2026:17:14:07 +0330] "GET / HTTP/1.1" 200 82829 "-" "WordPress/7.1; https://digikeyland.ir"
185.130.50.10 - - [11/Sep/2026:17:14:07 +0330] "GET / HTTP/1.1" 200 82829 "-" "WordPress/7.1; https://digikeyland.ir"
74.125.214.163 - - [11/Sep/2026:17:14:09 +0330] "GET /product/chatgpt-plus/ HTTP/1.1" 200 85693 "-" "Mozilla/5.0 (X11; Linux x86_64) AppleWebKit/537.36 (KHTML, like Gecko) Chrome/139.0.0.0 Safari/537.36"
84.13.153.129 - - [11/Sep/2026:17:14:56 +0330] "GET /wp-login.php?redirect_to=https%3A%2F%2Fdigikeyland.ir%2Fwp-admin%2Findex.php&reauth=1 HTTP/1.1" 200 3804 "https://digikeyland.ir/wp-login.php" "Mozilla/5.0 (X11; Linux x86_64) AppleWebKit/537.36 (KHTML, like Gecko) Chrome/91.0.4472.124 Safari/537.36"
84.13.153.129 - - [11/Sep/2026:17:14:57 +0330] "POST /wp-login.php HTTP/1.1" 200 3969 "https://digikeyland.ir/wp-login.php" "Mozilla/5.0 (Macintosh; Intel Mac OS X 10_15_7) AppleWebKit/537.36 (KHTML, like Gecko) Chrome/91.0.4472.124 Safari/537.36"
84.13.153.129 - - [11/Sep/2026:17:14:59 +0330] "GET /wp-admin/index.php HTTP/1.1" 302 20 "https://digikeyland.ir/wp-login.php" "Mozilla/5.0 (Windows NT 10.0; Win64; x64; rv:90.0) Gecko/20100101 Firefox/90.0.1"
84.13.153.129 - - [11/Sep/2026:17:15:01 +0330] "GET /wp-login.php?redirect_to=https%3A%2F%2Fdigikeyland.ir%2Fwp-admin%2Findex.php&reauth=1 HTTP/1.1" 200 3804 "https://digikeyland.ir/wp-login.php" "Mozilla/5.0 (Windows NT 10.0; Win64; x64; rv:90.0) Gecko/20100101 Firefox/90.0.1"
84.13.153.129 - - [11/Sep/2026:17:15:02 +0330] "GET /wp-admin/index.php HTTP/1.1" 302 20 "https://digikeyland.ir/wp-login.php" "Mozilla/5.0 (Windows NT 10.0; Win64; x64; rv:90.0) Gecko/20100101 Firefox/90.0.1"
84.13.153.129 - - [11/Sep/2026:17:15:05 +0330] "GET /wp-login.php?redirect_to=https%3A%2F%2Fdigikeyland.ir%2Fwp-admin%2Findex.php&reauth=1 HTTP/1.1" 200 3804 "https://digikeyland.ir/wp-login.php" "Mozilla/5.0 (Windows NT 10.0; Win64; x64; rv:90.0) Gecko/20100101 Firefox/90.0.1"
84.13.153.129 - - [11/Sep/2026:17:15:06 +0330] "POST /wp-login.php HTTP/1.1" 200 3968 "https://digikeyland.ir/wp-login.php" "Mozilla/5.0 (Windows NT 6.1; Win64; x64) AppleWebKit/537.36 (KHTML, like Gecko) Chrome/92.0.4515.131 Safari/537.36"
185.130.50.10 - - [11/Sep/2026:17:15:10 +0330] "POST /wp-cron.php?doing_wp_cron=1789134310.6482880115509033203125 HTTP/1.1" 200 20 "-" "WordPress/7.1; https://digikeyland.ir"
84.13.153.129 - - [11/Sep/2026:17:15:09 +0330] "GET /wp-admin/index.php HTTP/1.1" 302 20 "https://digikeyland.ir/wp-login.php" "Mozilla/5.0 (X11; Linux x86_64) AppleWebKit/537.36 (KHTML, like Gecko) Chrome/91.0.4472.124 Safari/537.36"
