5.121.201.134 - - [11/Sep/2026:16:05:19 +0330] "POST /wp-admin/admin-ajax.php HTTP/2" 200 67 "https://digikeyland.ir/wp-admin/edit.php?s=6039&post_status=all&post_type=shop_order&action=-1&m=0&pwp_m=0&_created_via&_customer_user&paged=1&action2=-1" "Mozilla/5.0 (Windows NT 10.0; Win64; x64) AppleWebKit/537.36 (KHTML, like Gecko) Chrome/153.0.0.0 Safari/537.36"
5.121.201.134 - - [11/Sep/2026:16:05:29 +0330] "POST /wp-admin/admin-ajax.php HTTP/2" 200 67 "https://digikeyland.ir/wp-admin/edit.php?s=6039&post_status=all&post_type=shop_order&action=-1&m=0&pwp_m=0&_created_via&_customer_user&paged=1&action2=-1" "Mozilla/5.0 (Windows NT 10.0; Win64; x64) AppleWebKit/537.36 (KHTML, like Gecko) Chrome/153.0.0.0 Safari/537.36"
85.17.180.28 - - [11/Sep/2026:16:05:31 +0330] "POST /wp-admin/admin-ajax.php HTTP/2" 200 1191 "https://digikeyland.ir/product/netflix/" "Mozilla/5.0 (Linux; Android 10; K) AppleWebKit/537.36 (KHTML, like Gecko) Chrome/131.0.0.0 Mobile Safari/537.36"
5.121.201.134 - - [11/Sep/2026:16:05:39 +0330] "POST /wp-admin/admin-ajax.php HTTP/2" 200 67 "https://digikeyland.ir/wp-admin/edit.php?s=6039&post_status=all&post_type=shop_order&action=-1&m=0&pwp_m=0&_created_via&_customer_user&paged=1&action2=-1" "Mozilla/5.0 (Windows NT 10.0; Win64; x64) AppleWebKit/537.36 (KHTML, like Gecko) Chrome/153.0.0.0 Safari/537.36"
5.121.201.134 - - [11/Sep/2026:16:05:45 +0330] "POST /wp-admin/admin-ajax.php HTTP/2" 200 67 "https://digikeyland.ir/wp-admin/edit.php?post_type=shop_order" "Mozilla/5.0 (Windows NT 10.0; Win64; x64) AppleWebKit/537.36 (KHTML, like Gecko) Chrome/153.0.0.0 Safari/537.36"
5.121.201.134 - - [11/Sep/2026:16:05:49 +0330] "POST /wp-admin/admin-ajax.php HTTP/2" 200 67 "https://digikeyland.ir/wp-admin/edit.php?s=6039&post_status=all&post_type=shop_order&action=-1&m=0&pwp_m=0&_created_via&_customer_user&paged=1&action2=-1" "Mozilla/5.0 (Windows NT 10.0; Win64; x64) AppleWebKit/537.36 (KHTML, like Gecko) Chrome/153.0.0.0 Safari/537.36"
5.121.201.134 - - [11/Sep/2026:16:05:59 +0330] "POST /wp-admin/admin-ajax.php HTTP/2" 200 67 "https://digikeyland.ir/wp-admin/edit.php?s=6039&post_status=all&post_type=shop_order&action=-1&m=0&pwp_m=0&_created_via&_customer_user&paged=1&action2=-1" "Mozilla/5.0 (Windows NT 10.0; Win64; x64) AppleWebKit/537.36 (KHTML, like Gecko) Chrome/153.0.0.0 Safari/537.36"
5.121.201.134 - - [11/Sep/2026:16:06:09 +0330] "POST /wp-admin/admin-ajax.php HTTP/2" 200 67 "https://digikeyland.ir/wp-admin/edit.php?s=6039&post_status=all&post_type=shop_order&action=-1&m=0&pwp_m=0&_created_via&_customer_user&paged=1&action2=-1" "Mozilla/5.0 (Windows NT 10.0; Win64; x64) AppleWebKit/537.36 (KHTML, like Gecko) Chrome/153.0.0.0 Safari/537.36"
5.121.201.134 - - [11/Sep/2026:16:06:19 +0330] "POST /wp-admin/admin-ajax.php HTTP/2" 200 67 "https://digikeyland.ir/wp-admin/edit.php?s=6039&post_status=all&post_type=shop_order&action=-1&m=0&pwp_m=0&_created_via&_customer_user&paged=1&action2=-1" "Mozilla/5.0 (Windows NT 10.0; Win64; x64) AppleWebKit/537.36 (KHTML, like Gecko) Chrome/153.0.0.0 Safari/537.36"
5.121.201.134 - - [11/Sep/2026:16:06:29 +0330] "POST /wp-admin/admin-ajax.php HTTP/2" 200 67 "https://digikeyland.ir/wp-admin/edit.php?s=6039&post_status=all&post_type=shop_order&action=-1&m=0&pwp_m=0&_created_via&_customer_user&paged=1&action2=-1" "Mozilla/5.0 (Windows NT 10.0; Win64; x64) AppleWebKit/537.36 (KHTML, like Gecko) Chrome/153.0.0.0 Safari/537.36"
5.121.201.134 - - [11/Sep/2026:16:06:39 +0330] "POST /wp-admin/admin-ajax.php HTTP/2" 200 67 "https://digikeyland.ir/wp-admin/edit.php?s=6039&post_status=all&post_type=shop_order&action=-1&m=0&pwp_m=0&_created_via&_customer_user&paged=1&action2=-1" "Mozilla/5.0 (Windows NT 10.0; Win64; x64) AppleWebKit/537.36 (KHTML, like Gecko) Chrome/153.0.0.0 Safari/537.36"
5.121.201.134 - - [11/Sep/2026:16:06:49 +0330] "POST /wp-admin/admin-ajax.php HTTP/2" 200 67 "https://digikeyland.ir/wp-admin/edit.php?s=6039&post_status=all&post_type=shop_order&action=-1&m=0&pwp_m=0&_created_via&_customer_user&paged=1&action2=-1" "Mozilla/5.0 (Windows NT 10.0; Win64; x64) AppleWebKit/537.36 (KHTML, like Gecko) Chrome/153.0.0.0 Safari/537.36"
5.121.201.134 - - [11/Sep/2026:16:06:59 +0330] "POST /wp-admin/admin-ajax.php HTTP/2" 200 67 "https://digikeyland.ir/wp-admin/edit.php?s=6039&post_status=all&post_type=shop_order&action=-1&m=0&pwp_m=0&_created_via&_customer_user&paged=1&action2=-1" "Mozilla/5.0 (Windows NT 10.0; Win64; x64) AppleWebKit/537.36 (KHTML, like Gecko) Chrome/153.0.0.0 Safari/537.36"
185.130.50.10 - - [11/Sep/2026:16:07:11 +0330] "POST /wp-cron.php?doing_wp_cron=1789130231.0739030838012695312500 HTTP/1.1" 200 20 "-" "WordPress/7.1; https://digikeyland.ir"
5.121.201.134 - - [11/Sep/2026:16:07:09 +0330] "POST /wp-admin/admin-ajax.php HTTP/2" 200 67 "https://digikeyland.ir/wp-admin/edit.php?s=6039&post_status=all&post_type=shop_order&action=-1&m=0&pwp_m=0&_created_via&_customer_user&paged=1&action2=-1" "Mozilla/5.0 (Windows NT 10.0; Win64; x64) AppleWebKit/537.36 (KHTML, like Gecko) Chrome/153.0.0.0 Safari/537.36"
5.121.201.134 - - [11/Sep/2026:16:07:15 +0330] "POST /wp-admin/admin-ajax.php HTTP/2" 200 101 "https://digikeyland.ir/wp-admin/post.php?post=5173&action=edit" "Mozilla/5.0 (Windows NT 10.0; Win64; x64) AppleWebKit/537.36 (KHTML, like Gecko) Chrome/153.0.0.0 Safari/537.36"
5.121.201.134 - - [11/Sep/2026:16:07:19 +0330] "POST /wp-admin/admin-ajax.php HTTP/2" 200 67 "https://digikeyland.ir/wp-admin/edit.php?s=6039&post_status=all&post_type=shop_order&action=-1&m=0&pwp_m=0&_created_via&_customer_user&paged=1&action2=-1" "Mozilla/5.0 (Windows NT 10.0; Win64; x64) AppleWebKit/537.36 (KHTML, like Gecko) Chrome/153.0.0.0 Safari/537.36"
85.17.180.28 - - [11/Sep/2026:16:07:21 +0330] "POST /wp-admin/admin-ajax.php HTTP/2" 200 1195 "https://digikeyland.ir/product/netflix/" "Mozilla/5.0 (Linux; Android 10; K) AppleWebKit/537.36 (KHTML, like Gecko) Chrome/131.0.0.0 Mobile Safari/537.36"
5.121.201.134 - - [11/Sep/2026:16:07:29 +0330] "POST /wp-admin/admin-ajax.php HTTP/2" 200 67 "https://digikeyland.ir/wp-admin/edit.php?s=6039&post_status=all&post_type=shop_order&action=-1&m=0&pwp_m=0&_created_via&_customer_user&paged=1&action2=-1" "Mozilla/5.0 (Windows NT 10.0; Win64; x64) AppleWebKit/537.36 (KHTML, like Gecko) Chrome/153.0.0.0 Safari/537.36"
5.121.201.134 - - [11/Sep/2026:16:07:39 +0330] "POST /wp-admin/admin-ajax.php HTTP/2" 200 67 "https://digikeyland.ir/wp-admin/edit.php?s=6039&post_status=all&post_type=shop_order&action=-1&m=0&pwp_m=0&_created_via&_customer_user&paged=1&action2=-1" "Mozilla/5.0 (Windows NT 10.0; Win64; x64) AppleWebKit/537.36 (KHTML, like Gecko) Chrome/153.0.0.0 Safari/537.36"
5.121.201.134 - - [11/Sep/2026:16:07:46 +0330] "POST /wp-admin/admin-ajax.php HTTP/2" 200 67 "https://digikeyland.ir/wp-admin/edit.php?post_type=shop_order" "Mozilla/5.0 (Windows NT 10.0; Win64; x64) AppleWebKit/537.36 (KHTML, like Gecko) Chrome/153.0.0.0 Safari/537.36"
5.121.201.134 - - [11/Sep/2026:16:07:49 +0330] "POST /wp-admin/admin-ajax.php HTTP/2" 200 67 "https://digikeyland.ir/wp-admin/edit.php?s=6039&post_status=all&post_type=shop_order&action=-1&m=0&pwp_m=0&_created_via&_customer_user&paged=1&action2=-1" "Mozilla/5.0 (Windows NT 10.0; Win64; x64) AppleWebKit/537.36 (KHTML, like Gecko) Chrome/153.0.0.0 Safari/537.36"
5.121.201.134 - - [11/Sep/2026:16:07:59 +0330] "POST /wp-admin/admin-ajax.php HTTP/2" 200 67 "https://digikeyland.ir/wp-admin/edit.php?s=6039&post_status=all&post_type=shop_order&action=-1&m=0&pwp_m=0&_created_via&_customer_user&paged=1&action2=-1" "Mozilla/5.0 (Windows NT 10.0; Win64; x64) AppleWebKit/537.36 (KHTML, like Gecko) Chrome/153.0.0.0 Safari/537.36"
5.121.201.134 - - [11/Sep/2026:16:08:09 +0330] "POST /wp-admin/admin-ajax.php HTTP/2" 200 67 "https://digikeyland.ir/wp-admin/edit.php?s=6039&post_status=all&post_type=shop_order&action=-1&m=0&pwp_m=0&_created_via&_customer_user&paged=1&action2=-1" "Mozilla/5.0 (Windows NT 10.0; Win64; x64) AppleWebKit/537.36 (KHTML, like Gecko) Chrome/153.0.0.0 Safari/537.36"
5.121.201.134 - - [11/Sep/2026:16:08:19 +0330] "POST /wp-admin/admin-ajax.php HTTP/2" 200 67 "https://digikeyland.ir/wp-admin/edit.php?s=6039&post_status=all&post_type=shop_order&action=-1&m=0&pwp_m=0&_created_via&_customer_user&paged=1&action2=-1" "Mozilla/5.0 (Windows NT 10.0; Win64; x64) AppleWebKit/537.36 (KHTML, like Gecko) Chrome/153.0.0.0 Safari/537.36"
5.121.201.134 - - [11/Sep/2026:16:08:29 +0330] "POST /wp-admin/admin-ajax.php HTTP/2" 200 67 "https://digikeyland.ir/wp-admin/edit.php?s=6039&post_status=all&post_type=shop_order&action=-1&m=0&pwp_m=0&_created_via&_customer_user&paged=1&action2=-1" "Mozilla/5.0 (Windows NT 10.0; Win64; x64) AppleWebKit/537.36 (KHTML, like Gecko) Chrome/153.0.0.0 Safari/537.36"
5.121.201.134 - - [11/Sep/2026:16:08:39 +0330] "POST /wp-admin/admin-ajax.php HTTP/2" 200 67 "https://digikeyland.ir/wp-admin/edit.php?s=6039&post_status=all&post_type=shop_order&action=-1&m=0&pwp_m=0&_created_via&_customer_user&paged=1&action2=-1" "Mozilla/5.0 (Windows NT 10.0; Win64; x64) AppleWebKit/537.36 (KHTML, like Gecko) Chrome/153.0.0.0 Safari/537.36"
5.121.201.134 - - [11/Sep/2026:16:08:49 +0330] "POST /wp-admin/admin-ajax.php HTTP/2" 200 67 "https://digikeyland.ir/wp-admin/edit.php?s=6039&post_status=all&post_type=shop_order&action=-1&m=0&pwp_m=0&_created_via&_customer_user&paged=1&action2=-1" "Mozilla/5.0 (Windows NT 10.0; Win64; x64) AppleWebKit/537.36 (KHTML, like Gecko) Chrome/153.0.0.0 Safari/537.36"
5.121.201.134 - - [11/Sep/2026:16:08:59 +0330] "POST /wp-admin/admin-ajax.php HTTP/2" 200 67 "https://digikeyland.ir/wp-admin/edit.php?s=6039&post_status=all&post_type=shop_order&action=-1&m=0&pwp_m=0&_created_via&_customer_user&paged=1&action2=-1" "Mozilla/5.0 (Windows NT 10.0; Win64; x64) AppleWebKit/537.36 (KHTML, like Gecko) Chrome/153.0.0.0 Safari/537.36"
5.121.201.134 - - [11/Sep/2026:16:09:09 +0330] "POST /wp-admin/admin-ajax.php HTTP/2" 200 67 "https://digikeyland.ir/wp-admin/edit.php?s=6039&post_status=all&post_type=shop_order&action=-1&m=0&pwp_m=0&_created_via&_customer_user&paged=1&action2=-1" "Mozilla/5.0 (Windows NT 10.0; Win64; x64) AppleWebKit/537.36 (KHTML, like Gecko) Chrome/153.0.0.0 Safari/537.36"
5.121.201.134 - - [11/Sep/2026:16:09:16 +0330] "POST /wp-admin/admin-ajax.php HTTP/2" 200 101 "https://digikeyland.ir/wp-admin/post.php?post=5173&action=edit" "Mozilla/5.0 (Windows NT 10.0; Win64; x64) AppleWebKit/537.36 (KHTML, like Gecko) Chrome/153.0.0.0 Safari/537.36"
5.121.201.134 - - [11/Sep/2026:16:09:19 +0330] "POST /wp-admin/admin-ajax.php HTTP/2" 200 67 "https://digikeyland.ir/wp-admin/edit.php?s=6039&post_status=all&post_type=shop_order&action=-1&m=0&pwp_m=0&_created_via&_customer_user&paged=1&action2=-1" "Mozilla/5.0 (Windows NT 10.0; Win64; x64) AppleWebKit/537.36 (KHTML, like Gecko) Chrome/153.0.0.0 Safari/537.36"
98.82.38.120 - - [11/Sep/2026:16:01:26 +0330] "GET /product/disney-plus/embed/?sort=popular HTTP/1.1" 200 82278 "-" "Mozilla/5.0 AppleWebKit/537.36 (KHTML, like Gecko; compatible; Amazonbot/0.1; +https://developer.amazon.com/support/amazonbot) Chrome/119.0.6045.214 Safari/537.36"
3.221.156.96 - - [11/Sep/2026:16:01:34 +0330] "GET /product/moz-pro/?sort=newest HTTP/1.1" 200 82959 "-" "Mozilla/5.0 AppleWebKit/537.36 (KHTML, like Gecko; compatible; Amazonbot/0.1; +https://developer.amazon.com/support/amazonbot) Chrome/119.0.6045.214 Safari/537.36"
185.130.50.10 - - [11/Sep/2026:16:04:10 +0330] "POST /wp-cron.php?doing_wp_cron=1789130050.9618349075317382812500 HTTP/1.1" 200 20 "-" "WordPress/7.1; https://digikeyland.ir"
185.130.50.10 - - [11/Sep/2026:16:05:11 +0330] "POST /wp-cron.php?doing_wp_cron=1789130110.8752069473266601562500 HTTP/1.1" 200 20 "-" "WordPress/7.1; https://digikeyland.ir"
5.134.143.148 - - [11/Sep/2026:16:05:56 +0330] "GET /wp-content/uploads/2026/07/gta-vi-sc1-1.webp HTTP/2" 200 125532 "https://emalls.ir/%D9%85%D8%B4%D8%AE%D8%B5%D8%A7%D8%AA_%D9%BE%DB%8C%D8%B4-%D8%AE%D8%B1%DB%8C%D8%AF-GTA-VI--%D8%A7%DA%A9%D8%A7%D9%86%D8%AA-%D9%82%D8%A7%D9%86%D9%88%D9%86%DB%8C-%D8%A8%D8%A7%D8%B2%DB%8C-%D8%AC%DB%8C-%D8%AA%DB%8C-%D8%A7%DB%8C-6-%D8%A8%D8%B1%D8%A7%DB%8C-PS5--%D8%A7%DA%A9%D8%A7%D9%86%D8%AA-%D8%A8%D8%A7%D8%B2%DB%8C-%D8%AC%DB%8C-%D8%AA%DB%8C-%D8%A7%DB%8C-6-(%D8%A2%D9%84%D8%AA%DB%8C%D9%85%DB%8C%D8%AA--%D8%B8%D8%B1%D9%81%DB%8C%D8%AA-%DB%B2--PS5)~id~27484627" "Mozilla/5.0 (Windows NT 10.0; Win64; x64) AppleWebKit/537.36 (KHTML, like Gecko) Chrome/152.0.0.0 Safari/537.36"
185.130.50.10 - - [11/Sep/2026:16:06:11 +0330] "POST /wp-cron.php?doing_wp_cron=1789130171.2329080104827880859375 HTTP/1.1" 200 20 "-" "WordPress/7.1; https://digikeyland.ir"
185.130.50.10 - - [11/Sep/2026:16:08:11 +0330] "POST /wp-cron.php?doing_wp_cron=1789130291.0675580501556396484375 HTTP/1.1" 200 20 "-" "WordPress/7.1; https://digikeyland.ir"
185.130.50.10 - - [11/Sep/2026:16:08:31 +0330] "POST /wp-cron.php?doing_wp_cron=1789130311.1129040718078613281250 HTTP/1.1" 200 20 "-" "WordPress/7.1; https://digikeyland.ir"
85.17.180.28 - - [11/Sep/2026:16:08:32 +0330] "GET /product/youtube-premium/ HTTP/2" 200 81960 "https://digikeyland.ir/product/netflix/" "Mozilla/5.0 (Linux; Android 10; K) AppleWebKit/537.36 (KHTML, like Gecko) Chrome/131.0.0.0 Mobile Safari/537.36"
85.17.180.28 - - [11/Sep/2026:16:08:35 +0330] "GET /wp-content/uploads/2025/12/youtubepermium-header-pics.webp HTTP/2" 200 61630 "https://digikeyland.ir/product/youtube-premium/" "Mozilla/5.0 (Linux; Android 10; K) AppleWebKit/537.36 (KHTML, like Gecko) Chrome/131.0.0.0 Mobile Safari/537.36"
85.17.180.28 - - [11/Sep/2026:16:08:36 +0330] "GET /wp-content/uploads/2025/12/youtubepermium-hower-pics.webp HTTP/2" 200 22048 "https://digikeyland.ir/product/youtube-premium/" "Mozilla/5.0 (Linux; Android 10; K) AppleWebKit/537.36 (KHTML, like Gecko) Chrome/131.0.0.0 Mobile Safari/537.36"
85.17.180.28 - - [11/Sep/2026:16:08:36 +0330] "GET /wp-content/uploads/2025/12/youtubepermium-header-pics-150x150.webp HTTP/2" 200 4708 "https://digikeyland.ir/product/youtube-premium/" "Mozilla/5.0 (Linux; Android 10; K) AppleWebKit/537.36 (KHTML, like Gecko) Chrome/131.0.0.0 Mobile Safari/537.36"
85.17.180.28 - - [11/Sep/2026:16:08:36 +0330] "GET /wp-content/uploads/2025/12/youtubepermium-hower-pics-150x150.webp HTTP/2" 200 3118 "https://digikeyland.ir/product/youtube-premium/" "Mozilla/5.0 (Linux; Android 10; K) AppleWebKit/537.36 (KHTML, like Gecko) Chrome/131.0.0.0 Mobile Safari/537.36"
185.130.50.10 - - [11/Sep/2026:16:09:11 +0330] "POST /wp-cron.php?doing_wp_cron=1789130351.0483369827270507812500 HTTP/1.1" 200 20 "-" "WordPress/7.1; https://digikeyland.ir"
85.17.180.28 - - [11/Sep/2026:16:10:25 +0330] "GET /product/spotify-premium/ HTTP/2" 200 469861 "https://digikeyland.ir/product/youtube-premium/" "Mozilla/5.0 (Linux; Android 10; K) AppleWebKit/537.36 (KHTML, like Gecko) Chrome/131.0.0.0 Mobile Safari/537.36"
5.121.201.134 - - [11/Sep/2026:16:09:29 +0330] "POST /wp-admin/admin-ajax.php HTTP/2" 200 67 "https://digikeyland.ir/wp-admin/edit.php?s=6039&post_status=all&post_type=shop_order&action=-1&m=0&pwp_m=0&_created_via&_customer_user&paged=1&action2=-1" "Mozilla/5.0 (Windows NT 10.0; Win64; x64) AppleWebKit/537.36 (KHTML, like Gecko) Chrome/153.0.0.0 Safari/537.36"
5.121.201.134 - - [11/Sep/2026:16:09:39 +0330] "POST /wp-admin/admin-ajax.php HTTP/2" 200 67 "https://digikeyland.ir/wp-admin/edit.php?s=6039&post_status=all&post_type=shop_order&action=-1&m=0&pwp_m=0&_created_via&_customer_user&paged=1&action2=-1" "Mozilla/5.0 (Windows NT 10.0; Win64; x64) AppleWebKit/537.36 (KHTML, like Gecko) Chrome/153.0.0.0 Safari/537.36"
5.121.201.134 - - [11/Sep/2026:16:09:47 +0330] "POST /wp-admin/admin-ajax.php HTTP/2" 200 67 "https://digikeyland.ir/wp-admin/edit.php?post_type=shop_order" "Mozilla/5.0 (Windows NT 10.0; Win64; x64) AppleWebKit/537.36 (KHTML, like Gecko) Chrome/153.0.0.0 Safari/537.36"
5.121.201.134 - - [11/Sep/2026:16:09:49 +0330] "POST /wp-admin/admin-ajax.php HTTP/2" 200 67 "https://digikeyland.ir/wp-admin/edit.php?s=6039&post_status=all&post_type=shop_order&action=-1&m=0&pwp_m=0&_created_via&_customer_user&paged=1&action2=-1" "Mozilla/5.0 (Windows NT 10.0; Win64; x64) AppleWebKit/537.36 (KHTML, like Gecko) Chrome/153.0.0.0 Safari/537.36"
5.121.201.134 - - [11/Sep/2026:16:09:59 +0330] "POST /wp-admin/admin-ajax.php HTTP/2" 200 67 "https://digikeyland.ir/wp-admin/edit.php?s=6039&post_status=all&post_type=shop_order&action=-1&m=0&pwp_m=0&_created_via&_customer_user&paged=1&action2=-1" "Mozilla/5.0 (Windows NT 10.0; Win64; x64) AppleWebKit/537.36 (KHTML, like Gecko) Chrome/153.0.0.0 Safari/537.36"
44.215.235.20 - - [11/Sep/2026:16:10:02 +0330] "GET /shop/?orderby=price&s=chat HTTP/1.1" 200 65265 "-" "Mozilla/5.0 AppleWebKit/537.36 (KHTML, like Gecko; compatible; Amazonbot/0.1; +https://developer.amazon.com/support/amazonbot) Chrome/119.0.6045.214 Safari/537.36"
185.130.50.10 - - [11/Sep/2026:16:10:11 +0330] "POST /wp-cron.php?doing_wp_cron=1789130411.0672791004180908203125 HTTP/1.1" 200 20 "-" "WordPress/7.1; https://digikeyland.ir"
5.121.201.134 - - [11/Sep/2026:16:10:09 +0330] "POST /wp-admin/admin-ajax.php HTTP/2" 200 67 "https://digikeyland.ir/wp-admin/edit.php?s=6039&post_status=all&post_type=shop_order&action=-1&m=0&pwp_m=0&_created_via&_customer_user&paged=1&action2=-1" "Mozilla/5.0 (Windows NT 10.0; Win64; x64) AppleWebKit/537.36 (KHTML, like Gecko) Chrome/153.0.0.0 Safari/537.36"
5.121.201.134 - - [11/Sep/2026:16:10:19 +0330] "POST /wp-admin/admin-ajax.php HTTP/2" 200 67 "https://digikeyland.ir/wp-admin/edit.php?s=6039&post_status=all&post_type=shop_order&action=-1&m=0&pwp_m=0&_created_via&_customer_user&paged=1&action2=-1" "Mozilla/5.0 (Windows NT 10.0; Win64; x64) AppleWebKit/537.36 (KHTML, like Gecko) Chrome/153.0.0.0 Safari/537.36"
5.121.201.134 - - [11/Sep/2026:16:10:29 +0330] "POST /wp-admin/admin-ajax.php HTTP/2" 200 67 "https://digikeyland.ir/wp-admin/edit.php?s=6039&post_status=all&post_type=shop_order&action=-1&m=0&pwp_m=0&_created_via&_customer_user&paged=1&action2=-1" "Mozilla/5.0 (Windows NT 10.0; Win64; x64) AppleWebKit/537.36 (KHTML, like Gecko) Chrome/153.0.0.0 Safari/537.36"
52.6.232.201 - - [11/Sep/2026:16:10:30 +0330] "GET /product/psn-gift-card-india/embed/?sort=newest HTTP/1.1" 200 87596 "-" "Mozilla/5.0 AppleWebKit/537.36 (KHTML, like Gecko; compatible; Amazonbot/0.1; +https://developer.amazon.com/support/amazonbot) Chrome/119.0.6045.214 Safari/537.36"
5.121.201.134 - - [11/Sep/2026:16:10:39 +0330] "POST /wp-admin/admin-ajax.php HTTP/2" 200 67 "https://digikeyland.ir/wp-admin/edit.php?s=6039&post_status=all&post_type=shop_order&action=-1&m=0&pwp_m=0&_created_via&_customer_user&paged=1&action2=-1" "Mozilla/5.0 (Windows NT 10.0; Win64; x64) AppleWebKit/537.36 (KHTML, like Gecko) Chrome/153.0.0.0 Safari/537.36"
85.17.180.28 - - [11/Sep/2026:16:10:35 +0330] "POST /wp-admin/admin-ajax.php HTTP/2" 200 1381 "https://digikeyland.ir/product/spotify-premium/" "Mozilla/5.0 (Linux; Android 10; K) AppleWebKit/537.36 (KHTML, like Gecko) Chrome/131.0.0.0 Mobile Safari/537.36"
85.17.180.28 - - [11/Sep/2026:16:10:37 +0330] "POST /wp-admin/admin-ajax.php HTTP/2" 200 1178 "https://digikeyland.ir/product/spotify-premium/" "Mozilla/5.0 (Linux; Android 10; K) AppleWebKit/537.36 (KHTML, like Gecko) Chrome/131.0.0.0 Mobile Safari/537.36"
85.17.180.28 - - [11/Sep/2026:16:10:39 +0330] "POST /wp-admin/admin-ajax.php HTTP/2" 200 1178 "https://digikeyland.ir/product/spotify-premium/" "Mozilla/5.0 (Linux; Android 10; K) AppleWebKit/537.36 (KHTML, like Gecko) Chrome/131.0.0.0 Mobile Safari/537.36"
85.17.180.28 - - [11/Sep/2026:16:10:40 +0330] "POST /wp-admin/admin-ajax.php HTTP/2" 200 1180 "https://digikeyland.ir/product/spotify-premium/" "Mozilla/5.0 (Linux; Android 10; K) AppleWebKit/537.36 (KHTML, like Gecko) Chrome/131.0.0.0 Mobile Safari/537.36"
85.17.180.28 - - [11/Sep/2026:16:10:42 +0330] "POST /wp-admin/admin-ajax.php HTTP/2" 200 1181 "https://digikeyland.ir/product/spotify-premium/" "Mozilla/5.0 (Linux; Android 10; K) AppleWebKit/537.36 (KHTML, like Gecko) Chrome/131.0.0.0 Mobile Safari/537.36"
85.17.180.28 - - [11/Sep/2026:16:10:46 +0330] "POST /wp-admin/admin-ajax.php HTTP/2" 200 1147 "https://digikeyland.ir/product/spotify-premium/" "Mozilla/5.0 (Linux; Android 10; K) AppleWebKit/537.36 (KHTML, like Gecko) Chrome/131.0.0.0 Mobile Safari/537.36"
185.130.50.10 - - [11/Sep/2026:16:11:11 +0330] "POST /wp-cron.php?doing_wp_cron=1789130471.1195969581604003906250 HTTP/1.1" 200 20 "-" "WordPress/7.1; https://digikeyland.ir"
85.17.180.28 - - [11/Sep/2026:16:11:26 +0330] "POST /wp-admin/admin-ajax.php HTTP/2" 200 1178 "https://digikeyland.ir/product/spotify-premium/" "Mozilla/5.0 (Linux; Android 10; K) AppleWebKit/537.36 (KHTML, like Gecko) Chrome/131.0.0.0 Mobile Safari/537.36"
85.17.180.28 - - [11/Sep/2026:16:11:29 +0330] "POST /wp-admin/admin-ajax.php HTTP/2" 200 1381 "https://digikeyland.ir/product/spotify-premium/" "Mozilla/5.0 (Linux; Android 10; K) AppleWebKit/537.36 (KHTML, like Gecko) Chrome/131.0.0.0 Mobile Safari/537.36"
91.251.57.200 - - [11/Sep/2026:16:11:57 +0330] "GET /product/gemini-advance/?utm_medium=PPC&utm_source=Torob&torob_clid=01a0907d-29ca-7124-a4d6-bbfef27fe446 HTTP/2" 200 98142 "https://api.torob.com/" "Mozilla/5.0 (Linux; Android 16; SM-A546E Build/BP4A.251205.006; wv) AppleWebKit/537.36 (KHTML, like Gecko) Version/4.0 Chrome/152.0.7977.87 Mobile Safari/537.36"
91.251.57.200 - - [11/Sep/2026:16:12:00 +0330] "GET /wp-content/plugins/ar-contactus/res/css/contactus.min.css?ver=2.2.8 HTTP/2" 200 14107 "https://digikeyland.ir/product/gemini-advance/?utm_medium=PPC&utm_source=Torob&torob_clid=01a0907d-29ca-7124-a4d6-bbfef27fe446" "Mozilla/5.0 (Linux; Android 16; SM-A546E Build/BP4A.251205.006; wv) AppleWebKit/537.36 (KHTML, like Gecko) Version/4.0 Chrome/152.0.7977.87 Mobile Safari/537.36"
91.251.57.200 - - [11/Sep/2026:16:12:00 +0330] "GET /wp-content/plugins/woo-variation-swatches/assets/css/frontend.min.css?ver=2.4.0 HTTP/2" 200 4326 "https://digikeyland.ir/product/gemini-advance/?utm_medium=PPC&utm_source=Torob&torob_clid=01a0907d-29ca-7124-a4d6-bbfef27fe446" "Mozilla/5.0 (Linux; Android 16; SM-A546E Build/BP4A.251205.006; wv) AppleWebKit/537.36 (KHTML, like Gecko) Version/4.0 Chrome/152.0.7977.87 Mobile Safari/537.36"
91.251.57.200 - - [11/Sep/2026:16:12:00 +0330] "GET /wp-content/themes/shopi/includes/redux-core/assets/css/extendify-utilities.css?ver=4.4.11 HTTP/2" 200 5382 "https://digikeyland.ir/product/gemini-advance/?utm_medium=PPC&utm_source=Torob&torob_clid=01a0907d-29ca-7124-a4d6-bbfef27fe446" "Mozilla/5.0 (Linux; Android 16; SM-A546E Build/BP4A.251205.006; wv) AppleWebKit/537.36 (KHTML, like Gecko) Version/4.0 Chrome/152.0.7977.87 Mobile Safari/537.36"
91.251.57.200 - - [11/Sep/2026:16:12:00 +0330] "GET /wp-content/uploads/elementor/css/custom-frontend.min.css?ver=1789045198 HTTP/2" 200 6649 "https://digikeyland.ir/product/gemini-advance/?utm_medium=PPC&utm_source=Torob&torob_clid=01a0907d-29ca-7124-a4d6-bbfef27fe446" "Mozilla/5.0 (Linux; Android 16; SM-A546E Build/BP4A.251205.006; wv) AppleWebKit/537.36 (KHTML, like Gecko) Version/4.0 Chrome/152.0.7977.87 Mobile Safari/537.36"
91.251.57.200 - - [11/Sep/2026:16:12:00 +0330] "GET /wp-content/uploads/elementor/css/custom-pro-widget-nav-menu-rtl.min.css?ver=1789045198 HTTP/2" 200 3228 "https://digikeyland.ir/product/gemini-advance/?utm_medium=PPC&utm_source=Torob&torob_clid=01a0907d-29ca-7124-a4d6-bbfef27fe446" "Mozilla/5.0 (Linux; Android 16; SM-A546E Build/BP4A.251205.006; wv) AppleWebKit/537.36 (KHTML, like Gecko) Version/4.0 Chrome/152.0.7977.87 Mobile Safari/537.36"
91.251.57.200 - - [11/Sep/2026:16:12:00 +0330] "GET /wp-content/uploads/elementor/css/post-2837.css?ver=1789045415 HTTP/2" 200 2205 "https://digikeyland.ir/product/gemini-advance/?utm_medium=PPC&utm_source=Torob&torob_clid=01a0907d-29ca-7124-a4d6-bbfef27fe446" "Mozilla/5.0 (Linux; Android 16; SM-A546E Build/BP4A.251205.006; wv) AppleWebKit/537.36 (KHTML, like Gecko) Version/4.0 Chrome/152.0.7977.87 Mobile Safari/537.36"
91.251.57.200 - - [11/Sep/2026:16:12:00 +0330] "GET /wp-content/uploads/elementor/css/post-2667.css?ver=1789045201 HTTP/2" 200 3038 "https://digikeyland.ir/product/gemini-advance/?utm_medium=PPC&utm_source=Torob&torob_clid=01a0907d-29ca-7124-a4d6-bbfef27fe446" "Mozilla/5.0 (Linux; Android 16; SM-A546E Build/BP4A.251205.006; wv) AppleWebKit/537.36 (KHTML, like Gecko) Version/4.0 Chrome/152.0.7977.87 Mobile Safari/537.36"
91.251.57.200 - - [11/Sep/2026:16:12:00 +0330] "GET /wp-content/uploads/elementor/css/post-3202.css?ver=1789045769 HTTP/2" 200 2467 "https://digikeyland.ir/product/gemini-advance/?utm_medium=PPC&utm_source=Torob&torob_clid=01a0907d-29ca-7124-a4d6-bbfef27fe446" "Mozilla/5.0 (Linux; Android 16; SM-A546E Build/BP4A.251205.006; wv) AppleWebKit/537.36 (KHTML, like Gecko) Version/4.0 Chrome/152.0.7977.87 Mobile Safari/537.36"
91.251.57.200 - - [11/Sep/2026:16:12:00 +0330] "GET /wp-content/plugins/woocommerce/assets/css/select2.css?ver=11.1.0 HTTP/2" 200 1750 "https://digikeyland.ir/product/gemini-advance/?utm_medium=PPC&utm_source=Torob&torob_clid=01a0907d-29ca-7124-a4d6-bbfef27fe446" "Mozilla/5.0 (Linux; Android 16; SM-A546E Build/BP4A.251205.006; wv) AppleWebKit/537.36 (KHTML, like Gecko) Version/4.0 Chrome/152.0.7977.87 Mobile Safari/537.36"
91.251.57.200 - - [11/Sep/2026:16:12:00 +0330] "GET /wp-content/themes/shopi/assets/css/glightbox.css?ver=2.0.0 HTTP/2" 200 2728 "https://digikeyland.ir/product/gemini-advance/?utm_medium=PPC&utm_source=Torob&torob_clid=01a0907d-29ca-7124-a4d6-bbfef27fe446" "Mozilla/5.0 (Linux; Android 16; SM-A546E Build/BP4A.251205.006; wv) AppleWebKit/537.36 (KHTML, like Gecko) Version/4.0 Chrome/152.0.7977.87 Mobile Safari/537.36"
91.251.57.200 - - [11/Sep/2026:16:12:00 +0330] "GET /wp-content/themes/shopi/assets/css/jquery-ui.css?ver=2.0.0 HTTP/2" 200 7927 "https://digikeyland.ir/product/gemini-advance/?utm_medium=PPC&utm_source=Torob&torob_clid=01a0907d-29ca-7124-a4d6-bbfef27fe446" "Mozilla/5.0 (Linux; Android 16; SM-A546E Build/BP4A.251205.006; wv) AppleWebKit/537.36 (KHTML, like Gecko) Version/4.0 Chrome/152.0.7977.87 Mobile Safari/537.36"
91.251.57.200 - - [11/Sep/2026:16:12:00 +0330] "GET /wp-content/themes/shopi/assets/css/plugins.css?ver=2.0.0 HTTP/2" 200 9964 "https://digikeyland.ir/product/gemini-advance/?utm_medium=PPC&utm_source=Torob&torob_clid=01a0907d-29ca-7124-a4d6-bbfef27fe446" "Mozilla/5.0 (Linux; Android 16; SM-A546E Build/BP4A.251205.006; wv) AppleWebKit/537.36 (KHTML, like Gecko) Version/4.0 Chrome/152.0.7977.87 Mobile Safari/537.36"
91.251.57.200 - - [11/Sep/2026:16:12:00 +0330] "GET /wp-content/themes/shopi/assets/css/tailwind.css?ver=2.0.0 HTTP/2" 200 12246 "https://digikeyland.ir/product/gemini-advance/?utm_medium=PPC&utm_source=Torob&torob_clid=01a0907d-29ca-7124-a4d6-bbfef27fe446" "Mozilla/5.0 (Linux; Android 16; SM-A546E Build/BP4A.251205.006; wv) AppleWebKit/537.36 (KHTML, like Gecko) Version/4.0 Chrome/152.0.7977.87 Mobile Safari/537.36"
91.251.57.200 - - [11/Sep/2026:16:12:00 +0330] "GET /wp-content/themes/shopi/style.css?ver=2.0.0 HTTP/2" 200 16877 "https://digikeyland.ir/product/gemini-advance/?utm_medium=PPC&utm_source=Torob&torob_clid=01a0907d-29ca-7124-a4d6-bbfef27fe446" "Mozilla/5.0 (Linux; Android 16; SM-A546E Build/BP4A.251205.006; wv) AppleWebKit/537.36 (KHTML, like Gecko) Version/4.0 Chrome/152.0.7977.87 Mobile Safari/537.36"
91.251.57.200 - - [11/Sep/2026:16:12:00 +0330] "GET /wp-includes/js/jquery/jquery.min.js?ver=3.7.1 HTTP/2" 200 29744 "https://digikeyland.ir/product/gemini-advance/?utm_medium=PPC&utm_source=Torob&torob_clid=01a0907d-29ca-7124-a4d6-bbfef27fe446" "Mozilla/5.0 (Linux; Android 16; SM-A546E Build/BP4A.251205.006; wv) AppleWebKit/537.36 (KHTML, like Gecko) Version/4.0 Chrome/152.0.7977.87 Mobile Safari/537.36"
91.251.57.200 - - [11/Sep/2026:16:12:00 +0330] "GET /wp-includes/js/jquery/jquery-migrate.min.js?ver=3.4.1 HTTP/2" 200 4678 "https://digikeyland.ir/product/gemini-advance/?utm_medium=PPC&utm_source=Torob&torob_clid=01a0907d-29ca-7124-a4d6-bbfef27fe446" "Mozilla/5.0 (Linux; Android 16; SM-A546E Build/BP4A.251205.006; wv) AppleWebKit/537.36 (KHTML, like Gecko) Version/4.0 Chrome/152.0.7977.87 Mobile Safari/537.36"
91.251.57.200 - - [11/Sep/2026:16:12:00 +0330] "GET /wp-content/plugins/woocommerce/assets/js/jquery-blockui/jquery.blockUI.min.js?ver=2.7.0-wc.11.1.0 HTTP/2" 200 3277 "https://digikeyland.ir/product/gemini-advance/?utm_medium=PPC&utm_source=Torob&torob_clid=01a0907d-29ca-7124-a4d6-bbfef27fe446" "Mozilla/5.0 (Linux; Android 16; SM-A546E Build/BP4A.251205.006; wv) AppleWebKit/537.36 (KHTML, like Gecko) Version/4.0 Chrome/152.0.7977.87 Mobile Safari/537.36"
91.251.57.200 - - [11/Sep/2026:16:12:00 +0330] "GET /wp-content/plugins/ar-contactus/res/js/contactus.min.js?ver=2.2.8 HTTP/2" 200 9625 "https://digikeyland.ir/product/gemini-advance/?utm_medium=PPC&utm_source=Torob&torob_clid=01a0907d-29ca-7124-a4d6-bbfef27fe446" "Mozilla/5.0 (Linux; Android 16; SM-A546E Build/BP4A.251205.006; wv) AppleWebKit/537.36 (KHTML, like Gecko) Version/4.0 Chrome/152.0.7977.87 Mobile Safari/537.36"
91.251.57.200 - - [11/Sep/2026:16:12:00 +0330] "GET /wp-content/uploads/2025/12/DIGIKEYLAND-BANNER-01.webp HTTP/2" 200 8142 "https://digikeyland.ir/product/gemini-advance/?utm_medium=PPC&utm_source=Torob&torob_clid=01a0907d-29ca-7124-a4d6-bbfef27fe446" "Mozilla/5.0 (Linux; Android 16; SM-A546E Build/BP4A.251205.006; wv) AppleWebKit/537.36 (KHTML, like Gecko) Version/4.0 Chrome/152.0.7977.87 Mobile Safari/537.36"
91.251.57.200 - - [11/Sep/2026:16:12:00 +0330] "GET /wp-content/uploads/2025/10/Digikeyland-logo-svg.svg HTTP/2" 200 1756 "https://digikeyland.ir/product/gemini-advance/?utm_medium=PPC&utm_source=Torob&torob_clid=01a0907d-29ca-7124-a4d6-bbfef27fe446" "Mozilla/5.0 (Linux; Android 16; SM-A546E Build/BP4A.251205.006; wv) AppleWebKit/537.36 (KHTML, like Gecko) Version/4.0 Chrome/152.0.7977.87 Mobile Safari/537.36"
91.251.57.200 - - [11/Sep/2026:16:12:00 +0330] "GET /wp-includes/js/dist/hooks.min.js?ver=f0f188028580e8dc1255 HTTP/2" 200 1759 "https://digikeyland.ir/product/gemini-advance/?utm_medium=PPC&utm_source=Torob&torob_clid=01a0907d-29ca-7124-a4d6-bbfef27fe446" "Mozilla/5.0 (Linux; Android 16; SM-A546E Build/BP4A.251205.006; wv) AppleWebKit/537.36 (KHTML, like Gecko) Version/4.0 Chrome/152.0.7977.87 Mobile Safari/537.36"
91.251.57.200 - - [11/Sep/2026:16:12:00 +0330] "GET /wp-includes/js/dist/i18n.min.js?ver=1dfe7db3940c23ea9216 HTTP/2" 200 2379 "https://digikeyland.ir/product/gemini-advance/?utm_medium=PPC&utm_source=Torob&torob_clid=01a0907d-29ca-7124-a4d6-bbfef27fe446" "Mozilla/5.0 (Linux; Android 16; SM-A546E Build/BP4A.251205.006; wv) AppleWebKit/537.36 (KHTML, like Gecko) Version/4.0 Chrome/152.0.7977.87 Mobile Safari/537.36"
91.251.57.200 - - [11/Sep/2026:16:12:00 +0330] "GET /wp-content/plugins/contact-form-7/includes/swv/js/index.js?ver=6.1.7 HTTP/2" 200 3369 "https://digikeyland.ir/product/gemini-advance/?utm_medium=PPC&utm_source=Torob&torob_clid=01a0907d-29ca-7124-a4d6-bbfef27fe446" "Mozilla/5.0 (Linux; Android 16; SM-A546E Build/BP4A.251205.006; wv) AppleWebKit/537.36 (KHTML, like Gecko) Version/4.0 Chrome/152.0.7977.87 Mobile Safari/537.36"
91.251.57.200 - - [11/Sep/2026:16:12:00 +0330] "GET /wp-content/plugins/contact-form-7/includes/js/index.js?ver=6.1.7 HTTP/2" 200 4008 "https://digikeyland.ir/product/gemini-advance/?utm_medium=PPC&utm_source=Torob&torob_clid=01a0907d-29ca-7124-a4d6-bbfef27fe446" "Mozilla/5.0 (Linux; Android 16; SM-A546E Build/BP4A.251205.006; wv) AppleWebKit/537.36 (KHTML, like Gecko) Version/4.0 Chrome/152.0.7977.87 Mobile Safari/537.36"
91.251.57.200 - - [11/Sep/2026:16:12:00 +0330] "GET /wp-includes/js/underscore.min.js?ver=1.13.8 HTTP/2" 200 7228 "https://digikeyland.ir/product/gemini-advance/?utm_medium=PPC&utm_source=Torob&torob_clid=01a0907d-29ca-7124-a4d6-bbfef27fe446" "Mozilla/5.0 (Linux; Android 16; SM-A546E Build/BP4A.251205.006; wv) AppleWebKit/537.36 (KHTML, like Gecko) Version/4.0 Chrome/152.0.7977.87 Mobile Safari/537.36"
91.251.57.200 - - [11/Sep/2026:16:12:00 +0330] "GET /wp-includes/js/dist/url.min.js?ver=7b0de086d4ae11d55704 HTTP/2" 200 3654 "https://digikeyland.ir/product/gemini-advance/?utm_medium=PPC&utm_source=Torob&torob_clid=01a0907d-29ca-7124-a4d6-bbfef27fe446" "Mozilla/5.0 (Linux; Android 16; SM-A546E Build/BP4A.251205.006; wv) AppleWebKit/537.36 (KHTML, like Gecko) Version/4.0 Chrome/152.0.7977.87 Mobile Safari/537.36"
91.251.57.200 - - [11/Sep/2026:16:12:00 +0330] "GET /wp-includes/js/dist/api-fetch.min.js?ver=6f2a4faeee3c722b1e57 HTTP/2" 200 3151 "https://digikeyland.ir/product/gemini-advance/?utm_medium=PPC&utm_source=Torob&torob_clid=01a0907d-29ca-7124-a4d6-bbfef27fe446" "Mozilla/5.0 (Linux; Android 16; SM-A546E Build/BP4A.251205.006; wv) AppleWebKit/537.36 (KHTML, like Gecko) Version/4.0 Chrome/152.0.7977.87 Mobile Safari/537.36"
91.251.57.200 - - [11/Sep/2026:16:12:00 +0330] "GET /wp-includes/js/dist/vendor/wp-polyfill.min.js?ver=3.15.0 HTTP/2" 200 10454 "https://digikeyland.ir/product/gemini-advance/?utm_medium=PPC&utm_source=Torob&torob_clid=01a0907d-29ca-7124-a4d6-bbfef27fe446" "Mozilla/5.0 (Linux; Android 16; SM-A546E Build/BP4A.251205.006; wv) AppleWebKit/537.36 (KHTML, like Gecko) Version/4.0 Chrome/152.0.7977.87 Mobile Safari/537.36"
91.251.57.200 - - [11/Sep/2026:16:12:00 +0330] "GET /wp-content/plugins/woo-variation-swatches/assets/js/frontend.min.js?ver=2.4.0 HTTP/2" 200 4728 "https://digikeyland.ir/product/gemini-advance/?utm_medium=PPC&utm_source=Torob&torob_clid=01a0907d-29ca-7124-a4d6-bbfef27fe446" "Mozilla/5.0 (Linux; Android 16; SM-A546E Build/BP4A.251205.006; wv) AppleWebKit/537.36 (KHTML, like Gecko) Version/4.0 Chrome/152.0.7977.87 Mobile Safari/537.36"
91.251.57.200 - - [11/Sep/2026:16:12:00 +0330] "GET /wp-content/plugins/elementor/assets/js/webpack.runtime.min.js?ver=4.2.4 HTTP/2" 200 2335 "https://digikeyland.ir/product/gemini-advance/?utm_medium=PPC&utm_source=Torob&torob_clid=01a0907d-29ca-7124-a4d6-bbfef27fe446" "Mozilla/5.0 (Linux; Android 16; SM-A546E Build/BP4A.251205.006; wv) AppleWebKit/537.36 (KHTML, like Gecko) Version/4.0 Chrome/152.0.7977.87 Mobile Safari/537.36"
91.251.57.200 - - [11/Sep/2026:16:12:00 +0330] "GET /wp-content/plugins/elementor/assets/js/frontend-modules.min.js?ver=4.2.4 HTTP/2" 200 15445 "https://digikeyland.ir/product/gemini-advance/?utm_medium=PPC&utm_source=Torob&torob_clid=01a0907d-29ca-7124-a4d6-bbfef27fe446" "Mozilla/5.0 (Linux; Android 16; SM-A546E Build/BP4A.251205.006; wv) AppleWebKit/537.36 (KHTML, like Gecko) Version/4.0 Chrome/152.0.7977.87 Mobile Safari/537.36"
91.251.57.200 - - [11/Sep/2026:16:12:00 +0330] "GET /wp-includes/js/jquery/ui/core.min.js?ver=1.14.2 HTTP/2" 200 6276 "https://digikeyland.ir/product/gemini-advance/?utm_medium=PPC&utm_source=Torob&torob_clid=01a0907d-29ca-7124-a4d6-bbfef27fe446" "Mozilla/5.0 (Linux; Android 16; SM-A546E Build/BP4A.251205.006; wv) AppleWebKit/537.36 (KHTML, like Gecko) Version/4.0 Chrome/152.0.7977.87 Mobile Safari/537.36"
91.251.57.200 - - [11/Sep/2026:16:12:00 +0330] "GET /wp-content/plugins/elementor/assets/js/frontend.min.js?ver=4.2.4 HTTP/2" 200 10124 "https://digikeyland.ir/product/gemini-advance/?utm_medium=PPC&utm_source=Torob&torob_clid=01a0907d-29ca-7124-a4d6-bbfef27fe446" "Mozilla/5.0 (Linux; Android 16; SM-A546E Build/BP4A.251205.006; wv) AppleWebKit/537.36 (KHTML, like Gecko) Version/4.0 Chrome/152.0.7977.87 Mobile Safari/537.36"
91.251.57.200 - - [11/Sep/2026:16:12:00 +0330] "GET /wp-content/plugins/elementor-pro/assets/lib/smartmenus/jquery.smartmenus.min.js?ver=1.2.1 HTTP/2" 200 6867 "https://digikeyland.ir/product/gemini-advance/?utm_medium=PPC&utm_source=Torob&torob_clid=01a0907d-29ca-7124-a4d6-bbfef27fe446" "Mozilla/5.0 (Linux; Android 16; SM-A546E Build/BP4A.251205.006; wv) AppleWebKit/537.36 (KHTML, like Gecko) Version/4.0 Chrome/152.0.7977.87 Mobile Safari/537.36"
91.251.57.200 - - [11/Sep/2026:16:12:00 +0330] "GET /wp-content/themes/shopi/assets/js/glightbox.min.js?ver=2.0.0 HTTP/2" 200 14895 "https://digikeyland.ir/product/gemini-advance/?utm_medium=PPC&utm_source=Torob&torob_clid=01a0907d-29ca-7124-a4d6-bbfef27fe446" "Mozilla/5.0 (Linux; Android 16; SM-A546E Build/BP4A.251205.006; wv) AppleWebKit/537.36 (KHTML, like Gecko) Version/4.0 Chrome/152.0.7977.87 Mobile Safari/537.36"
91.251.57.200 - - [11/Sep/2026:16:12:00 +0330] "GET /wp-content/plugins/woocommerce/assets/js/selectWoo/selectWoo.full.min.js?ver=1.0.9-wc.11.1.0 HTTP/2" 200 20246 "https://digikeyland.ir/product/gemini-advance/?utm_medium=PPC&utm_source=Torob&torob_clid=01a0907d-29ca-7124-a4d6-bbfef27fe446" "Mozilla/5.0 (Linux; Android 16; SM-A546E Build/BP4A.251205.006; wv) AppleWebKit/537.36 (KHTML, like Gecko) Version/4.0 Chrome/152.0.7977.87 Mobile Safari/537.36"
91.251.57.200 - - [11/Sep/2026:16:12:00 +0330] "GET /wp-content/themes/shopi/assets/js/main.js?ver=2.0.0 HTTP/2" 200 12132 "https://digikeyland.ir/product/gemini-advance/?utm_medium=PPC&utm_source=Torob&torob_clid=01a0907d-29ca-7124-a4d6-bbfef27fe446" "Mozilla/5.0 (Linux; Android 16; SM-A546E Build/BP4A.251205.006; wv) AppleWebKit/537.36 (KHTML, like Gecko) Version/4.0 Chrome/152.0.7977.87 Mobile Safari/537.36"
91.251.57.200 - - [11/Sep/2026:16:12:00 +0330] "GET /wp-content/themes/shopi/assets/js/jquery-ui.js?ver=2.0.0 HTTP/2" 200 119743 "https://digikeyland.ir/product/gemini-advance/?utm_medium=PPC&utm_source=Torob&torob_clid=01a0907d-29ca-7124-a4d6-bbfef27fe446" "Mozilla/5.0 (Linux; Android 16; SM-A546E Build/BP4A.251205.006; wv) AppleWebKit/537.36 (KHTML, like Gecko) Version/4.0 Chrome/152.0.7977.87 Mobile Safari/537.36"
91.251.57.200 - - [11/Sep/2026:16:12:00 +0330] "GET /wp-content/themes/shopi/assets/js/plugins.js?ver=2.0.0 HTTP/2" 200 87387 "https://digikeyland.ir/product/gemini-advance/?utm_medium=PPC&utm_source=Torob&torob_clid=01a0907d-29ca-7124-a4d6-bbfef27fe446" "Mozilla/5.0 (Linux; Android 16; SM-A546E Build/BP4A.251205.006; wv) AppleWebKit/537.36 (KHTML, like Gecko) Version/4.0 Chrome/152.0.7977.87 Mobile Safari/537.36"
91.251.57.200 - - [11/Sep/2026:16:12:00 +0330] "GET /wp-content/plugins/elementor-pro/assets/js/webpack-pro.runtime.min.js?ver=3.33.2 HTTP/2" 200 2622 "https://digikeyland.ir/product/gemini-advance/?utm_medium=PPC&utm_source=Torob&torob_clid=01a0907d-29ca-7124-a4d6-bbfef27fe446" "Mozilla/5.0 (Linux; Android 16; SM-A546E Build/BP4A.251205.006; wv) AppleWebKit/537.36 (KHTML, like Gecko) Version/4.0 Chrome/152.0.7977.87 Mobile Safari/537.36"
91.251.57.200 - - [11/Sep/2026:16:12:00 +0330] "GET /wp-content/plugins/elementor-pro/assets/js/frontend.min.js?ver=3.33.2 HTTP/2" 200 6202 "https://digikeyland.ir/product/gemini-advance/?utm_medium=PPC&utm_source=Torob&torob_clid=01a0907d-29ca-7124-a4d6-bbfef27fe446" "Mozilla/5.0 (Linux; Android 16; SM-A546E Build/BP4A.251205.006; wv) AppleWebKit/537.36 (KHTML, like Gecko) Version/4.0 Chrome/152.0.7977.87 Mobile Safari/537.36"
91.251.57.200 - - [11/Sep/2026:16:12:00 +0330] "GET /wp-content/plugins/elementor-pro/assets/js/elements-handlers.min.js?ver=3.33.2 HTTP/2" 200 10101 "https://digikeyland.ir/product/gemini-advance/?utm_medium=PPC&utm_source=Torob&torob_clid=01a0907d-29ca-7124-a4d6-bbfef27fe446" "Mozilla/5.0 (Linux; Android 16; SM-A546E Build/BP4A.251205.006; wv) AppleWebKit/537.36 (KHTML, like Gecko) Version/4.0 Chrome/152.0.7977.87 Mobile Safari/537.36"
91.251.57.200 - - [11/Sep/2026:16:12:00 +0330] "GET /wp-content/plugins/woocommerce/assets/js/frontend/single-product.min.js?ver=11.1.0 HTTP/2" 200 3558 "https://digikeyland.ir/product/gemini-advance/?utm_medium=PPC&utm_source=Torob&torob_clid=01a0907d-29ca-7124-a4d6-bbfef27fe446" "Mozilla/5.0 (Linux; Android 16; SM-A546E Build/BP4A.251205.006; wv) AppleWebKit/537.36 (KHTML, like Gecko) Version/4.0 Chrome/152.0.7977.87 Mobile Safari/537.36"
91.251.57.200 - - [11/Sep/2026:16:12:00 +0330] "GET /wp-content/plugins/woocommerce/assets/js/frontend/woocommerce.min.js?ver=11.1.0 HTTP/2" 200 1385 "https://digikeyland.ir/product/gemini-advance/?utm_medium=PPC&utm_source=Torob&torob_clid=01a0907d-29ca-7124-a4d6-bbfef27fe446" "Mozilla/5.0 (Linux; Android 16; SM-A546E Build/BP4A.251205.006; wv) AppleWebKit/537.36 (KHTML, like Gecko) Version/4.0 Chrome/152.0.7977.87 Mobile Safari/537.36"
91.251.57.200 - - [11/Sep/2026:16:12:00 +0330] "GET /wp-content/plugins/woocommerce/assets/js/frontend/add-to-cart-variation.min.js?ver=11.1.0 HTTP/2" 200 4131 "https://digikeyland.ir/product/gemini-advance/?utm_medium=PPC&utm_source=Torob&torob_clid=01a0907d-29ca-7124-a4d6-bbfef27fe446" "Mozilla/5.0 (Linux; Android 16; SM-A546E Build/BP4A.251205.006; wv) AppleWebKit/537.36 (KHTML, like Gecko) Version/4.0 Chrome/152.0.7977.87 Mobile Safari/537.36"
91.251.57.200 - - [11/Sep/2026:16:12:00 +0330] "GET /wp-content/themes/shopi/assets/fonts/Yekan%20Bakh%20FaNum%2006%20Bold.woff HTTP/2" 200 60024 "https://digikeyland.ir/wp-content/themes/shopi/style.css?ver=2.0.0" "Mozilla/5.0 (Linux; Android 16; SM-A546E Build/BP4A.251205.006; wv) AppleWebKit/537.36 (KHTML, like Gecko) Version/4.0 Chrome/152.0.7977.87 Mobile Safari/537.36"
91.251.57.200 - - [11/Sep/2026:16:12:00 +0330] "GET /wp-content/themes/shopi/assets/fonts/Yekan%20Bakh%20FaNum%2004%20Regular.woff HTTP/2" 200 60576 "https://digikeyland.ir/wp-content/themes/shopi/style.css?ver=2.0.0" "Mozilla/5.0 (Linux; Android 16; SM-A546E Build/BP4A.251205.006; wv) AppleWebKit/537.36 (KHTML, like Gecko) Version/4.0 Chrome/152.0.7977.87 Mobile Safari/537.36"
91.251.57.200 - - [11/Sep/2026:16:12:00 +0330] "GET /wp-content/uploads/2025/12/digikeyland-logo.webp HTTP/2" 200 5490 "https://digikeyland.ir/product/gemini-advance/?utm_medium=PPC&utm_source=Torob&torob_clid=01a0907d-29ca-7124-a4d6-bbfef27fe446" "Mozilla/5.0 (Linux; Android 16; SM-A546E Build/BP4A.251205.006; wv) AppleWebKit/537.36 (KHTML, like Gecko) Version/4.0 Chrome/152.0.7977.87 Mobile Safari/537.36"
91.251.57.200 - - [11/Sep/2026:16:12:00 +0330] "GET /wp-content/uploads/2025/12/gemini.webp HTTP/2" 200 68408 "https://digikeyland.ir/product/gemini-advance/?utm_medium=PPC&utm_source=Torob&torob_clid=01a0907d-29ca-7124-a4d6-bbfef27fe446" "Mozilla/5.0 (Linux; Android 16; SM-A546E Build/BP4A.251205.006; wv) AppleWebKit/537.36 (KHTML, like Gecko) Version/4.0 Chrome/152.0.7977.87 Mobile Safari/537.36"
91.251.57.200 - - [11/Sep/2026:16:12:00 +0330] "GET /wp-content/uploads/2025/12/gemini-hower.webp HTTP/2" 200 28176 "https://digikeyland.ir/product/gemini-advance/?utm_medium=PPC&utm_source=Torob&torob_clid=01a0907d-29ca-7124-a4d6-bbfef27fe446" "Mozilla/5.0 (Linux; Android 16; SM-A546E Build/BP4A.251205.006; wv) AppleWebKit/537.36 (KHTML, like Gecko) Version/4.0 Chrome/152.0.7977.87 Mobile Safari/537.36"
91.251.57.200 - - [11/Sep/2026:16:12:00 +0330] "GET /wp-content/uploads/2025/12/gemini-150x150.webp HTTP/2" 200 6404 "https://digikeyland.ir/product/gemini-advance/?utm_medium=PPC&utm_source=Torob&torob_clid=01a0907d-29ca-7124-a4d6-bbfef27fe446" "Mozilla/5.0 (Linux; Android 16; SM-A546E Build/BP4A.251205.006; wv) AppleWebKit/537.36 (KHTML, like Gecko) Version/4.0 Chrome/152.0.7977.87 Mobile Safari/537.36"
91.251.57.200 - - [11/Sep/2026:16:12:00 +0330] "GET /wp-content/uploads/2025/12/gemini-hower-150x150.webp HTTP/2" 200 3422 "https://digikeyland.ir/product/gemini-advance/?utm_medium=PPC&utm_source=Torob&torob_clid=01a0907d-29ca-7124-a4d6-bbfef27fe446" "Mozilla/5.0 (Linux; Android 16; SM-A546E Build/BP4A.251205.006; wv) AppleWebKit/537.36 (KHTML, like Gecko) Version/4.0 Chrome/152.0.7977.87 Mobile Safari/537.36"
91.251.57.200 - - [11/Sep/2026:16:12:00 +0330] "GET /wp-content/uploads/2025/12/software-tools.webp HTTP/2" 200 4452 "https://digikeyland.ir/product/gemini-advance/?utm_medium=PPC&utm_source=Torob&torob_clid=01a0907d-29ca-7124-a4d6-bbfef27fe446" "Mozilla/5.0 (Linux; Android 16; SM-A546E Build/BP4A.251205.006; wv) AppleWebKit/537.36 (KHTML, like Gecko) Version/4.0 Chrome/152.0.7977.87 Mobile Safari/537.36"
91.251.57.200 - - [11/Sep/2026:16:12:00 +0330] "GET /wp-content/uploads/2024/11/4.png HTTP/2" 200 2750 "https://digikeyland.ir/product/gemini-advance/?utm_medium=PPC&utm_source=Torob&torob_clid=01a0907d-29ca-7124-a4d6-bbfef27fe446" "Mozilla/5.0 (Linux; Android 16; SM-A546E Build/BP4A.251205.006; wv) AppleWebKit/537.36 (KHTML, like Gecko) Version/4.0 Chrome/152.0.7977.87 Mobile Safari/537.36"
91.251.57.200 - - [11/Sep/2026:16:12:00 +0330] "GET /wp-content/uploads/2024/11/1-3.png HTTP/2" 200 1717 "https://digikeyland.ir/product/gemini-advance/?utm_medium=PPC&utm_source=Torob&torob_clid=01a0907d-29ca-7124-a4d6-bbfef27fe446" "Mozilla/5.0 (Linux; Android 16; SM-A546E Build/BP4A.251205.006; wv) AppleWebKit/537.36 (KHTML, like Gecko) Version/4.0 Chrome/152.0.7977.87 Mobile Safari/537.36"
91.251.57.200 - - [11/Sep/2026:16:12:00 +0330] "GET /wp-content/uploads/2024/11/2-1.png HTTP/2" 200 2545 "https://digikeyland.ir/product/gemini-advance/?utm_medium=PPC&utm_source=Torob&torob_clid=01a0907d-29ca-7124-a4d6-bbfef27fe446" "Mozilla/5.0 (Linux; Android 16; SM-A546E Build/BP4A.251205.006; wv) AppleWebKit/537.36 (KHTML, like Gecko) Version/4.0 Chrome/152.0.7977.87 Mobile Safari/537.36"
91.251.57.200 - - [11/Sep/2026:16:12:01 +0330] "GET /wp-content/uploads/2025/02/svgviewer-png-output3.png HTTP/2" 200 1602 "https://digikeyland.ir/product/gemini-advance/?utm_medium=PPC&utm_source=Torob&torob_clid=01a0907d-29ca-7124-a4d6-bbfef27fe446" "Mozilla/5.0 (Linux; Android 16; SM-A546E Build/BP4A.251205.006; wv) AppleWebKit/537.36 (KHTML, like Gecko) Version/4.0 Chrome/152.0.7977.87 Mobile Safari/537.36"
91.251.57.200 - - [11/Sep/2026:16:12:01 +0330] "GET /wp-content/plugins/elementor/assets/js/397f2d183c19202777d6.bundle.min.js HTTP/2" 200 8468 "https://digikeyland.ir/product/gemini-advance/?utm_medium=PPC&utm_source=Torob&torob_clid=01a0907d-29ca-7124-a4d6-bbfef27fe446" "Mozilla/5.0 (Linux; Android 16; SM-A546E Build/BP4A.251205.006; wv) AppleWebKit/537.36 (KHTML, like Gecko) Version/4.0 Chrome/152.0.7977.87 Mobile Safari/537.36"
91.251.57.200 - - [11/Sep/2026:16:12:01 +0330] "GET /wp-content/plugins/elementor/assets/css/conditionals/dialog.min.css?ver=4.2.4 HTTP/2" 200 1428 "https://digikeyland.ir/product/gemini-advance/?utm_medium=PPC&utm_source=Torob&torob_clid=01a0907d-29ca-7124-a4d6-bbfef27fe446" "Mozilla/5.0 (Linux; Android 16; SM-A546E Build/BP4A.251205.006; wv) AppleWebKit/537.36 (KHTML, like Gecko) Version/4.0 Chrome/152.0.7977.87 Mobile Safari/537.36"
91.251.57.200 - - [11/Sep/2026:16:12:01 +0330] "GET /wp-content/plugins/elementor/assets/js/lightbox.3f9b3a051b2336dd5372.bundle.min.js HTTP/2" 200 9252 "https://digikeyland.ir/product/gemini-advance/?utm_medium=PPC&utm_source=Torob&torob_clid=01a0907d-29ca-7124-a4d6-bbfef27fe446" "Mozilla/5.0 (Linux; Android 16; SM-A546E Build/BP4A.251205.006; wv) AppleWebKit/537.36 (KHTML, like Gecko) Version/4.0 Chrome/152.0.7977.87 Mobile Safari/537.36"
91.251.57.200 - - [11/Sep/2026:16:12:01 +0330] "GET /wp-content/plugins/elementor/assets/lib/swiper/v8/css/swiper.min.css?ver=8.4.5 HTTP/2" 200 4248 "https://digikeyland.ir/product/gemini-advance/?utm_medium=PPC&utm_source=Torob&torob_clid=01a0907d-29ca-7124-a4d6-bbfef27fe446" "Mozilla/5.0 (Linux; Android 16; SM-A546E Build/BP4A.251205.006; wv) AppleWebKit/537.36 (KHTML, like Gecko) Version/4.0 Chrome/152.0.7977.87 Mobile Safari/537.36"
91.251.57.200 - - [11/Sep/2026:16:12:01 +0330] "GET /wp-content/plugins/elementor/assets/lib/dialog/dialog.min.js?ver=4.9.3 HTTP/2" 200 3593 "https://digikeyland.ir/product/gemini-advance/?utm_medium=PPC&utm_source=Torob&torob_clid=01a0907d-29ca-7124-a4d6-bbfef27fe446" "Mozilla/5.0 (Linux; Android 16; SM-A546E Build/BP4A.251205.006; wv) AppleWebKit/537.36 (KHTML, like Gecko) Version/4.0 Chrome/152.0.7977.87 Mobile Safari/537.36"
91.251.57.200 - - [11/Sep/2026:16:12:01 +0330] "GET /wp-content/uploads/elementor/css/custom-lightbox.min.css?ver=4.2.4 HTTP/2" 200 1757 "https://digikeyland.ir/product/gemini-advance/?utm_medium=PPC&utm_source=Torob&torob_clid=01a0907d-29ca-7124-a4d6-bbfef27fe446" "Mozilla/5.0 (Linux; Android 16; SM-A546E Build/BP4A.251205.006; wv) AppleWebKit/537.36 (KHTML, like Gecko) Version/4.0 Chrome/152.0.7977.87 Mobile Safari/537.36"
91.251.57.200 - - [11/Sep/2026:16:12:01 +0330] "GET /wp-content/uploads/2025/12/cropped-digikeyland-flaticon-1-192x192.webp HTTP/2" 200 3776 "https://digikeyland.ir/product/gemini-advance/?utm_medium=PPC&utm_source=Torob&torob_clid=01a0907d-29ca-7124-a4d6-bbfef27fe446" "Mozilla/5.0 (Linux; Android 16; SM-A546E Build/BP4A.251205.006; wv) AppleWebKit/537.36 (KHTML, like Gecko) Version/4.0 Chrome/152.0.7977.87 Mobile Safari/537.36"
91.251.57.200 - - [11/Sep/2026:16:12:01 +0330] "GET /wp-content/plugins/elementor/assets/js/shared-frontend-handlers.03caa53373b56d3bab67.bundle.min.js HTTP/2" 200 2511 "https://digikeyland.ir/product/gemini-advance/?utm_medium=PPC&utm_source=Torob&torob_clid=01a0907d-29ca-7124-a4d6-bbfef27fe446" "Mozilla/5.0 (Linux; Android 16; SM-A546E Build/BP4A.251205.006; wv) AppleWebKit/537.36 (KHTML, like Gecko) Version/4.0 Chrome/152.0.7977.87 Mobile Safari/537.36"
91.251.57.200 - - [11/Sep/2026:16:12:01 +0330] "GET /wp-content/plugins/elementor-pro/assets/js/nav-menu.8521a0597c50611efdc6.bundle.min.js HTTP/2" 200 1733 "https://digikeyland.ir/product/gemini-advance/?utm_medium=PPC&utm_source=Torob&torob_clid=01a0907d-29ca-7124-a4d6-bbfef27fe446" "Mozilla/5.0 (Linux; Android 16; SM-A546E Build/BP4A.251205.006; wv) AppleWebKit/537.36 (KHTML, like Gecko) Version/4.0 Chrome/152.0.7977.87 Mobile Safari/537.36"
91.251.57.200 - - [11/Sep/2026:16:12:01 +0330] "GET /wp-content/uploads/2025/12/gemini-600x600.webp HTTP/2" 200 37462 "https://digikeyland.ir/product/gemini-advance/?utm_medium=PPC&utm_source=Torob&torob_clid=01a0907d-29ca-7124-a4d6-bbfef27fe446" "Mozilla/5.0 (Linux; Android 16; SM-A546E Build/BP4A.251205.006; wv) AppleWebKit/537.36 (KHTML, like Gecko) Version/4.0 Chrome/152.0.7977.87 Mobile Safari/537.36"
