5.123.117.132 - - [11/Sep/2026:15:53:34 +0330] "GET /wp-content/plugins/woocommerce/assets/js/frontend/add-to-cart-variation.min.js?ver=11.1.0 HTTP/2" 200 4131 "https://digikeyland.ir/product/canva-pro/" "Mozilla/5.0 (Windows NT 10.0; Win64; x64) AppleWebKit/537.36 (KHTML, like Gecko) Chrome/152.0.0.0 Safari/537.36"
5.123.117.132 - - [11/Sep/2026:15:53:34 +0330] "GET /wp-content/uploads/2025/12/canva-pics.webp HTTP/2" 200 51792 "https://digikeyland.ir/product/canva-pro/" "Mozilla/5.0 (Windows NT 10.0; Win64; x64) AppleWebKit/537.36 (KHTML, like Gecko) Chrome/152.0.0.0 Safari/537.36"
5.123.117.132 - - [11/Sep/2026:15:53:34 +0330] "GET /wp-content/uploads/2025/12/canva-pics-hower.webp HTTP/2" 200 26750 "https://digikeyland.ir/product/canva-pro/" "Mozilla/5.0 (Windows NT 10.0; Win64; x64) AppleWebKit/537.36 (KHTML, like Gecko) Chrome/152.0.0.0 Safari/537.36"
5.123.117.132 - - [11/Sep/2026:15:53:34 +0330] "GET /wp-content/uploads/2025/12/canva-pics-150x150.webp HTTP/2" 200 4546 "https://digikeyland.ir/product/canva-pro/" "Mozilla/5.0 (Windows NT 10.0; Win64; x64) AppleWebKit/537.36 (KHTML, like Gecko) Chrome/152.0.0.0 Safari/537.36"
5.123.117.132 - - [11/Sep/2026:15:53:34 +0330] "GET /wp-content/uploads/2025/12/canva-pics-hower-150x150.webp HTTP/2" 200 3228 "https://digikeyland.ir/product/canva-pro/" "Mozilla/5.0 (Windows NT 10.0; Win64; x64) AppleWebKit/537.36 (KHTML, like Gecko) Chrome/152.0.0.0 Safari/537.36"
5.123.117.132 - - [11/Sep/2026:15:53:34 +0330] "GET /wp-content/uploads/2024/11/4.png HTTP/2" 200 2750 "https://digikeyland.ir/product/canva-pro/" "Mozilla/5.0 (Windows NT 10.0; Win64; x64) AppleWebKit/537.36 (KHTML, like Gecko) Chrome/152.0.0.0 Safari/537.36"
5.123.117.132 - - [11/Sep/2026:15:53:34 +0330] "GET /wp-content/uploads/2024/11/1-3.png HTTP/2" 200 1717 "https://digikeyland.ir/product/canva-pro/" "Mozilla/5.0 (Windows NT 10.0; Win64; x64) AppleWebKit/537.36 (KHTML, like Gecko) Chrome/152.0.0.0 Safari/537.36"
5.123.117.132 - - [11/Sep/2026:15:53:34 +0330] "GET /wp-content/uploads/2024/11/2-1.png HTTP/2" 200 2545 "https://digikeyland.ir/product/canva-pro/" "Mozilla/5.0 (Windows NT 10.0; Win64; x64) AppleWebKit/537.36 (KHTML, like Gecko) Chrome/152.0.0.0 Safari/537.36"
5.123.117.132 - - [11/Sep/2026:15:53:35 +0330] "GET /wp-content/plugins/elementor/assets/js/397f2d183c19202777d6.bundle.min.js HTTP/2" 200 8468 "https://digikeyland.ir/product/canva-pro/" "Mozilla/5.0 (Windows NT 10.0; Win64; x64) AppleWebKit/537.36 (KHTML, like Gecko) Chrome/152.0.0.0 Safari/537.36"
5.123.117.132 - - [11/Sep/2026:15:53:35 +0330] "GET /wp-content/plugins/elementor/assets/js/lightbox.3f9b3a051b2336dd5372.bundle.min.js HTTP/2" 200 9252 "https://digikeyland.ir/product/canva-pro/" "Mozilla/5.0 (Windows NT 10.0; Win64; x64) AppleWebKit/537.36 (KHTML, like Gecko) Chrome/152.0.0.0 Safari/537.36"
5.123.117.132 - - [11/Sep/2026:15:53:35 +0330] "GET /wp-content/plugins/elementor/assets/css/conditionals/dialog.min.css?ver=4.2.4 HTTP/2" 200 1428 "https://digikeyland.ir/product/canva-pro/" "Mozilla/5.0 (Windows NT 10.0; Win64; x64) AppleWebKit/537.36 (KHTML, like Gecko) Chrome/152.0.0.0 Safari/537.36"
5.123.117.132 - - [11/Sep/2026:15:53:35 +0330] "GET /wp-content/plugins/elementor/assets/lib/dialog/dialog.min.js?ver=4.9.3 HTTP/2" 200 3593 "https://digikeyland.ir/product/canva-pro/" "Mozilla/5.0 (Windows NT 10.0; Win64; x64) AppleWebKit/537.36 (KHTML, like Gecko) Chrome/152.0.0.0 Safari/537.36"
5.123.117.132 - - [11/Sep/2026:15:53:35 +0330] "GET /wp-content/plugins/elementor/assets/lib/swiper/v8/css/swiper.min.css?ver=8.4.5 HTTP/2" 200 4248 "https://digikeyland.ir/product/canva-pro/" "Mozilla/5.0 (Windows NT 10.0; Win64; x64) AppleWebKit/537.36 (KHTML, like Gecko) Chrome/152.0.0.0 Safari/537.36"
5.123.117.132 - - [11/Sep/2026:15:53:35 +0330] "GET /wp-content/uploads/elementor/css/custom-lightbox.min.css?ver=4.2.4 HTTP/2" 200 1757 "https://digikeyland.ir/product/canva-pro/" "Mozilla/5.0 (Windows NT 10.0; Win64; x64) AppleWebKit/537.36 (KHTML, like Gecko) Chrome/152.0.0.0 Safari/537.36"
5.121.201.134 - - [11/Sep/2026:15:53:20 +0330] "GET /wp-json/wc-analytics/admin/notes?page=1&per_page=25&type=error%2Cupdate&status=unactioned&_locale=user HTTP/2" 200 22 "https://digikeyland.ir/wp-admin/post.php?post=6372&action=edit" "Mozilla/5.0 (Windows NT 10.0; Win64; x64) AppleWebKit/537.36 (KHTML, like Gecko) Chrome/153.0.0.0 Safari/537.36"
5.121.201.134 - - [11/Sep/2026:15:53:20 +0330] "POST /wp-admin/admin-ajax.php HTTP/2" 200 21 "https://digikeyland.ir/wp-admin/post.php?post=6372&action=edit" "Mozilla/5.0 (Windows NT 10.0; Win64; x64) AppleWebKit/537.36 (KHTML, like Gecko) Chrome/153.0.0.0 Safari/537.36"
5.121.201.134 - - [11/Sep/2026:15:53:20 +0330] "GET /wp-json/wc-admin/onboarding/tasks?_locale=user HTTP/2" 200 1843 "https://digikeyland.ir/wp-admin/post.php?post=6372&action=edit" "Mozilla/5.0 (Windows NT 10.0; Win64; x64) AppleWebKit/537.36 (KHTML, like Gecko) Chrome/153.0.0.0 Safari/537.36"
5.121.201.134 - - [11/Sep/2026:15:53:20 +0330] "POST /wp-admin/admin-ajax.php HTTP/2" 200 20 "https://digikeyland.ir/wp-admin/post.php?post=6372&action=edit" "Mozilla/5.0 (Windows NT 10.0; Win64; x64) AppleWebKit/537.36 (KHTML, like Gecko) Chrome/153.0.0.0 Safari/537.36"
5.121.201.134 - - [11/Sep/2026:15:53:20 +0330] "GET /wp-json/wc-analytics/activity-panel/counts?_locale=user HTTP/2" 200 95 "https://digikeyland.ir/wp-admin/post.php?post=6372&action=edit" "Mozilla/5.0 (Windows NT 10.0; Win64; x64) AppleWebKit/537.36 (KHTML, like Gecko) Chrome/153.0.0.0 Safari/537.36"
5.121.201.134 - - [11/Sep/2026:15:53:20 +0330] "POST /wp-admin/admin-ajax.php HTTP/2" 200 101 "https://digikeyland.ir/wp-admin/post.php?post=6372&action=edit" "Mozilla/5.0 (Windows NT 10.0; Win64; x64) AppleWebKit/537.36 (KHTML, like Gecko) Chrome/153.0.0.0 Safari/537.36"
5.121.201.134 - - [11/Sep/2026:15:53:25 +0330] "POST /wp-admin/admin-ajax.php HTTP/2" 200 455 "https://digikeyland.ir/wp-admin/post.php?post=6372&action=edit" "Mozilla/5.0 (Windows NT 10.0; Win64; x64) AppleWebKit/537.36 (KHTML, like Gecko) Chrome/153.0.0.0 Safari/537.36"
5.121.201.134 - - [11/Sep/2026:15:53:23 +0330] "GET /wp-json/wc-admin/options?options=woocommerce_admin_transient_notices_queue%2Cwoocommerce_admin_install_timestamp&_locale=user HTTP/2" 200 101 "https://digikeyland.ir/wp-admin/post.php?post=6372&action=edit" "Mozilla/5.0 (Windows NT 10.0; Win64; x64) AppleWebKit/537.36 (KHTML, like Gecko) Chrome/153.0.0.0 Safari/537.36"
5.121.201.134 - - [11/Sep/2026:15:53:20 +0330] "POST /wp-admin/admin-ajax.php HTTP/2" 200 20 "https://digikeyland.ir/wp-admin/post.php?post=6372&action=edit" "Mozilla/5.0 (Windows NT 10.0; Win64; x64) AppleWebKit/537.36 (KHTML, like Gecko) Chrome/153.0.0.0 Safari/537.36"
5.121.201.134 - - [11/Sep/2026:15:53:34 +0330] "POST /wp-admin/admin-ajax.php HTTP/2" 200 101 "https://digikeyland.ir/wp-admin/post.php?post=6372&action=edit" "Mozilla/5.0 (Windows NT 10.0; Win64; x64) AppleWebKit/537.36 (KHTML, like Gecko) Chrome/153.0.0.0 Safari/537.36"
5.121.201.134 - - [11/Sep/2026:15:53:39 +0330] "POST /wp-admin/admin-ajax.php HTTP/2" 200 67 "https://digikeyland.ir/wp-admin/edit.php?post_type=shop_order" "Mozilla/5.0 (Windows NT 10.0; Win64; x64) AppleWebKit/537.36 (KHTML, like Gecko) Chrome/153.0.0.0 Safari/537.36"
5.121.201.134 - - [11/Sep/2026:15:53:39 +0330] "POST /wp-admin/post.php HTTP/2" 302 20 "https://digikeyland.ir/wp-admin/post.php?post=6372&action=edit" "Mozilla/5.0 (Windows NT 10.0; Win64; x64) AppleWebKit/537.36 (KHTML, like Gecko) Chrome/153.0.0.0 Safari/537.36"
5.121.201.134 - - [11/Sep/2026:15:53:44 +0330] "GET /wp-admin/post.php?post=6372&action=edit&message=1 HTTP/2" 200 251054 "https://digikeyland.ir/wp-admin/post.php?post=6372&action=edit" "Mozilla/5.0 (Windows NT 10.0; Win64; x64) AppleWebKit/537.36 (KHTML, like Gecko) Chrome/153.0.0.0 Safari/537.36"
5.121.201.134 - - [11/Sep/2026:15:53:44 +0330] "POST /wp-admin/admin-ajax.php HTTP/2" 200 0 "https://digikeyland.ir/wp-admin/post.php?post=6372&action=edit" "Mozilla/5.0 (Windows NT 10.0; Win64; x64) AppleWebKit/537.36 (KHTML, like Gecko) Chrome/153.0.0.0 Safari/537.36"
5.121.201.134 - - [11/Sep/2026:15:53:48 +0330] "POST /wp-admin/admin-ajax.php HTTP/2" 200 21 "https://digikeyland.ir/wp-admin/post.php?post=6372&action=edit" "Mozilla/5.0 (Windows NT 10.0; Win64; x64) AppleWebKit/537.36 (KHTML, like Gecko) Chrome/153.0.0.0 Safari/537.36"
5.121.201.134 - - [11/Sep/2026:15:53:48 +0330] "GET /wp-content/themes/shopi/includes/redux-core/assets/css/redux.css?ver=7.1 HTTP/2" 404 72089 "https://digikeyland.ir/wp-admin/post.php?post=6372&action=edit&message=1" "Mozilla/5.0 (Windows NT 10.0; Win64; x64) AppleWebKit/537.36 (KHTML, like Gecko) Chrome/153.0.0.0 Safari/537.36"
5.121.201.134 - - [11/Sep/2026:15:53:53 +0330] "GET /wp-json/wp/v2/users/me?context=edit&_locale=user HTTP/2" 200 1496 "https://digikeyland.ir/wp-admin/post.php?post=6372&action=edit" "Mozilla/5.0 (Windows NT 10.0; Win64; x64) AppleWebKit/537.36 (KHTML, like Gecko) Chrome/153.0.0.0 Safari/537.36"
5.121.201.134 - - [11/Sep/2026:15:53:54 +0330] "GET /wp-json/wc-admin/onboarding/tasks?_locale=user HTTP/2" 200 1843 "https://digikeyland.ir/wp-admin/post.php?post=6372&action=edit" "Mozilla/5.0 (Windows NT 10.0; Win64; x64) AppleWebKit/537.36 (KHTML, like Gecko) Chrome/153.0.0.0 Safari/537.36"
5.121.201.134 - - [11/Sep/2026:15:53:54 +0330] "POST /wp-admin/admin-ajax.php HTTP/2" 200 20 "https://digikeyland.ir/wp-admin/post.php?post=6372&action=edit" "Mozilla/5.0 (Windows NT 10.0; Win64; x64) AppleWebKit/537.36 (KHTML, like Gecko) Chrome/153.0.0.0 Safari/537.36"
5.121.201.134 - - [11/Sep/2026:15:53:54 +0330] "GET /wp-json/wc-analytics/activity-panel/counts?_locale=user HTTP/2" 200 94 "https://digikeyland.ir/wp-admin/post.php?post=6372&action=edit" "Mozilla/5.0 (Windows NT 10.0; Win64; x64) AppleWebKit/537.36 (KHTML, like Gecko) Chrome/153.0.0.0 Safari/537.36"
5.121.201.134 - - [11/Sep/2026:15:53:54 +0330] "GET /wp-json/wc-admin/options?options=woocommerce_ces_tracks_queue&_locale=user HTTP/2" 200 58 "https://digikeyland.ir/wp-admin/post.php?post=6372&action=edit" "Mozilla/5.0 (Windows NT 10.0; Win64; x64) AppleWebKit/537.36 (KHTML, like Gecko) Chrome/153.0.0.0 Safari/537.36"
5.121.201.134 - - [11/Sep/2026:15:53:54 +0330] "POST /wp-admin/admin-ajax.php HTTP/2" 200 101 "https://digikeyland.ir/wp-admin/post.php?post=6372&action=edit" "Mozilla/5.0 (Windows NT 10.0; Win64; x64) AppleWebKit/537.36 (KHTML, like Gecko) Chrome/153.0.0.0 Safari/537.36"
5.121.201.134 - - [11/Sep/2026:15:53:54 +0330] "GET /wp-json/wc-analytics/admin/notes?page=1&per_page=25&type=error%2Cupdate&status=unactioned&_locale=user HTTP/2" 200 22 "https://digikeyland.ir/wp-admin/post.php?post=6372&action=edit" "Mozilla/5.0 (Windows NT 10.0; Win64; x64) AppleWebKit/537.36 (KHTML, like Gecko) Chrome/153.0.0.0 Safari/537.36"
5.121.201.134 - - [11/Sep/2026:15:53:54 +0330] "GET /wp-admin/admin-ajax.php?action=oembed-cache&post=6372 HTTP/2" 200 21 "https://digikeyland.ir/wp-admin/post.php?post=6372&action=edit" "Mozilla/5.0 (Windows NT 10.0; Win64; x64) AppleWebKit/537.36 (KHTML, like Gecko) Chrome/153.0.0.0 Safari/537.36"
5.121.201.134 - - [11/Sep/2026:15:53:54 +0330] "POST /wp-admin/admin-ajax.php HTTP/2" 200 21 "https://digikeyland.ir/wp-admin/post.php?post=6372&action=edit" "Mozilla/5.0 (Windows NT 10.0; Win64; x64) AppleWebKit/537.36 (KHTML, like Gecko) Chrome/153.0.0.0 Safari/537.36"
5.121.201.134 - - [11/Sep/2026:15:53:54 +0330] "POST /wp-admin/admin-ajax.php HTTP/2" 200 20 "https://digikeyland.ir/wp-admin/post.php?post=6372&action=edit" "Mozilla/5.0 (Windows NT 10.0; Win64; x64) AppleWebKit/537.36 (KHTML, like Gecko) Chrome/153.0.0.0 Safari/537.36"
5.121.201.134 - - [11/Sep/2026:15:54:13 +0330] "GET /wp-json/wc-admin/options?options=woocommerce_admin_transient_notices_queue%2Cwoocommerce_admin_install_timestamp&_locale=user HTTP/2" 200 101 "https://digikeyland.ir/wp-admin/post.php?post=6372&action=edit" "Mozilla/5.0 (Windows NT 10.0; Win64; x64) AppleWebKit/537.36 (KHTML, like Gecko) Chrome/153.0.0.0 Safari/537.36"
5.123.117.132 - - [11/Sep/2026:15:53:35 +0330] "GET /wp-content/plugins/elementor/assets/lib/share-link/share-link.min.js?ver=4.2.4 HTTP/2" 200 1072 "https://digikeyland.ir/product/canva-pro/" "Mozilla/5.0 (Windows NT 10.0; Win64; x64) AppleWebKit/537.36 (KHTML, like Gecko) Chrome/152.0.0.0 Safari/537.36"
5.123.117.132 - - [11/Sep/2026:15:53:35 +0330] "GET /wp-content/uploads/2025/12/canva-pics-600x600.webp HTTP/2" 200 26916 "https://digikeyland.ir/product/canva-pro/" "Mozilla/5.0 (Windows NT 10.0; Win64; x64) AppleWebKit/537.36 (KHTML, like Gecko) Chrome/152.0.0.0 Safari/537.36"
5.123.117.132 - - [11/Sep/2026:15:53:40 +0330] "GET / HTTP/2" 200 88594 "https://digikeyland.ir/product-category/educational-tools/" "Mozilla/5.0 (Windows NT 10.0; Win64; x64) AppleWebKit/537.36 (KHTML, like Gecko) Chrome/152.0.0.0 Safari/537.36"
5.123.117.132 - - [11/Sep/2026:15:53:49 +0330] "GET /product/chatgpt-plus/ HTTP/2" 200 0 "https://digikeyland.ir/" "Mozilla/5.0 (Windows NT 10.0; Win64; x64) AppleWebKit/537.36 (KHTML, like Gecko) Chrome/152.0.0.0 Safari/537.36"
5.123.117.132 - - [11/Sep/2026:15:53:49 +0330] "GET /product/chatgpt-plus/ HTTP/2" 200 85376 "https://digikeyland.ir/" "Mozilla/5.0 (Windows NT 10.0; Win64; x64) AppleWebKit/537.36 (KHTML, like Gecko) Chrome/152.0.0.0 Safari/537.36"
5.123.117.132 - - [11/Sep/2026:15:54:01 +0330] "GET /wp-content/uploads/2025/12/chatgpt.webp HTTP/2" 200 64396 "https://digikeyland.ir/product/chatgpt-plus/" "Mozilla/5.0 (Windows NT 10.0; Win64; x64) AppleWebKit/537.36 (KHTML, like Gecko) Chrome/152.0.0.0 Safari/537.36"
5.123.117.132 - - [11/Sep/2026:15:54:01 +0330] "GET /wp-content/uploads/2025/12/chatgpt-150x150.webp HTTP/2" 200 4918 "https://digikeyland.ir/product/chatgpt-plus/" "Mozilla/5.0 (Windows NT 10.0; Win64; x64) AppleWebKit/537.36 (KHTML, like Gecko) Chrome/152.0.0.0 Safari/537.36"
5.123.117.132 - - [11/Sep/2026:15:54:01 +0330] "GET /wp-content/uploads/2025/12/chatgpt-hower-150x150.webp HTTP/2" 200 4082 "https://digikeyland.ir/product/chatgpt-plus/" "Mozilla/5.0 (Windows NT 10.0; Win64; x64) AppleWebKit/537.36 (KHTML, like Gecko) Chrome/152.0.0.0 Safari/537.36"
5.123.117.132 - - [11/Sep/2026:15:54:01 +0330] "GET /wp-content/uploads/2025/12/chatgpt-hower.webp HTTP/2" 200 33248 "https://digikeyland.ir/product/chatgpt-plus/" "Mozilla/5.0 (Windows NT 10.0; Win64; x64) AppleWebKit/537.36 (KHTML, like Gecko) Chrome/152.0.0.0 Safari/537.36"
5.123.117.132 - - [11/Sep/2026:15:54:02 +0330] "GET /wp-content/uploads/2025/12/chatgpt-600x600.webp HTTP/2" 200 29708 "https://digikeyland.ir/product/chatgpt-plus/" "Mozilla/5.0 (Windows NT 10.0; Win64; x64) AppleWebKit/537.36 (KHTML, like Gecko) Chrome/152.0.0.0 Safari/537.36"
5.123.117.132 - - [11/Sep/2026:15:54:06 +0330] "POST /wp-admin/admin-ajax.php HTTP/2" 200 1224 "https://digikeyland.ir/product/chatgpt-plus/" "Mozilla/5.0 (Windows NT 10.0; Win64; x64) AppleWebKit/537.36 (KHTML, like Gecko) Chrome/152.0.0.0 Safari/537.36"
5.123.117.132 - - [11/Sep/2026:15:54:08 +0330] "POST /wp-admin/admin-ajax.php HTTP/2" 200 1225 "https://digikeyland.ir/product/chatgpt-plus/" "Mozilla/5.0 (Windows NT 10.0; Win64; x64) AppleWebKit/537.36 (KHTML, like Gecko) Chrome/152.0.0.0 Safari/537.36"
5.123.117.132 - - [11/Sep/2026:15:54:08 +0330] "POST /wp-admin/admin-ajax.php HTTP/2" 200 1123 "https://digikeyland.ir/product/chatgpt-plus/" "Mozilla/5.0 (Windows NT 10.0; Win64; x64) AppleWebKit/537.36 (KHTML, like Gecko) Chrome/152.0.0.0 Safari/537.36"
5.123.117.132 - - [11/Sep/2026:15:54:22 +0330] "POST /wp-admin/admin-ajax.php HTTP/2" 200 1225 "https://digikeyland.ir/product/chatgpt-plus/" "Mozilla/5.0 (Windows NT 10.0; Win64; x64) AppleWebKit/537.36 (KHTML, like Gecko) Chrome/152.0.0.0 Safari/537.36"
5.123.117.132 - - [11/Sep/2026:15:54:22 +0330] "POST /wp-admin/admin-ajax.php HTTP/2" 200 1218 "https://digikeyland.ir/product/chatgpt-plus/" "Mozilla/5.0 (Windows NT 10.0; Win64; x64) AppleWebKit/537.36 (KHTML, like Gecko) Chrome/152.0.0.0 Safari/537.36"
185.130.50.10 - - [11/Sep/2026:15:54:35 +0330] "POST /wp-cron.php?doing_wp_cron=1789129474.5810089111328125000000 HTTP/1.1" 200 20 "-" "WordPress/7.1; https://digikeyland.ir"
5.123.117.132 - - [11/Sep/2026:15:54:24 +0330] "POST /wp-admin/admin-ajax.php HTTP/2" 200 1123 "https://digikeyland.ir/product/chatgpt-plus/" "Mozilla/5.0 (Windows NT 10.0; Win64; x64) AppleWebKit/537.36 (KHTML, like Gecko) Chrome/152.0.0.0 Safari/537.36"
5.123.117.132 - - [11/Sep/2026:15:54:39 +0330] "POST /wp-admin/admin-ajax.php HTTP/2" 200 1420 "https://digikeyland.ir/product/chatgpt-plus/" "Mozilla/5.0 (Windows NT 10.0; Win64; x64) AppleWebKit/537.36 (KHTML, like Gecko) Chrome/152.0.0.0 Safari/537.36"
5.121.201.134 - - [11/Sep/2026:15:54:40 +0330] "GET /wp-json/wc-admin/options?options=woocommerce_admin_transient_notices_queue%2Cwoocommerce_admin_install_timestamp&_locale=user HTTP/2" 200 101 "https://digikeyland.ir/wp-admin/edit.php?post_type=shop_order" "Mozilla/5.0 (Windows NT 10.0; Win64; x64) AppleWebKit/537.36 (KHTML, like Gecko) Chrome/153.0.0.0 Safari/537.36"
5.121.201.134 - - [11/Sep/2026:15:54:40 +0330] "POST /wp-admin/admin-ajax.php HTTP/2" 200 67 "https://digikeyland.ir/wp-admin/edit.php?post_type=shop_order" "Mozilla/5.0 (Windows NT 10.0; Win64; x64) AppleWebKit/537.36 (KHTML, like Gecko) Chrome/153.0.0.0 Safari/537.36"
5.121.201.134 - - [11/Sep/2026:15:54:40 +0330] "GET /wp-admin/edit.php?s=6025&post_status=all&post_type=shop_order&_wpnonce=030e759eea&_wp_http_referer=%2Fwp-admin%2Fedit.php%3Fpost_type%3Dshop_order&action=-1&m=0&pwp_m=0&_created_via=&_customer_user=&paged=1&action2=-1 HTTP/2" 302 20 "https://digikeyland.ir/wp-admin/edit.php?post_type=shop_order" "Mozilla/5.0 (Windows NT 10.0; Win64; x64) AppleWebKit/537.36 (KHTML, like Gecko) Chrome/153.0.0.0 Safari/537.36"
5.121.201.134 - - [11/Sep/2026:15:54:45 +0330] "POST /wp-admin/admin-ajax.php HTTP/2" 200 0 "https://digikeyland.ir/wp-admin/edit.php?post_type=shop_order" "Mozilla/5.0 (Windows NT 10.0; Win64; x64) AppleWebKit/537.36 (KHTML, like Gecko) Chrome/153.0.0.0 Safari/537.36"
5.121.201.134 - - [11/Sep/2026:15:54:43 +0330] "GET /wp-admin/edit.php?s=6025&post_status=all&post_type=shop_order&action=-1&m=0&pwp_m=0&_created_via&_customer_user&paged=1&action2=-1 HTTP/2" 200 237282 "https://digikeyland.ir/wp-admin/edit.php?post_type=shop_order" "Mozilla/5.0 (Windows NT 10.0; Win64; x64) AppleWebKit/537.36 (KHTML, like Gecko) Chrome/153.0.0.0 Safari/537.36"
5.121.201.134 - - [11/Sep/2026:15:54:45 +0330] "GET /wp-content/themes/shopi/includes/redux-core/assets/css/redux.css?ver=7.1 HTTP/2" 404 72053 "https://digikeyland.ir/wp-admin/edit.php?s=6025&post_status=all&post_type=shop_order&action=-1&m=0&pwp_m=0&_created_via&_customer_user&paged=1&action2=-1" "Mozilla/5.0 (Windows NT 10.0; Win64; x64) AppleWebKit/537.36 (KHTML, like Gecko) Chrome/153.0.0.0 Safari/537.36"
5.121.201.134 - - [11/Sep/2026:15:54:48 +0330] "GET /wp-json/wp/v2/users/me?context=edit&_locale=user HTTP/2" 200 1496 "https://digikeyland.ir/wp-admin/edit.php?s=6025&post_status=all&post_type=shop_order&action=-1&m=0&pwp_m=0&_created_via&_customer_user&paged=1&action2=-1" "Mozilla/5.0 (Windows NT 10.0; Win64; x64) AppleWebKit/537.36 (KHTML, like Gecko) Chrome/153.0.0.0 Safari/537.36"
5.121.201.134 - - [11/Sep/2026:15:54:49 +0330] "GET /wp-json/wc-admin/onboarding/tasks?_locale=user HTTP/2" 200 1843 "https://digikeyland.ir/wp-admin/edit.php?s=6025&post_status=all&post_type=shop_order&action=-1&m=0&pwp_m=0&_created_via&_customer_user&paged=1&action2=-1" "Mozilla/5.0 (Windows NT 10.0; Win64; x64) AppleWebKit/537.36 (KHTML, like Gecko) Chrome/153.0.0.0 Safari/537.36"
5.121.201.134 - - [11/Sep/2026:15:54:49 +0330] "GET /wp-json/wc-admin/options?options=woocommerce_admin_transient_notices_queue%2Cwoocommerce_admin_install_timestamp&_locale=user HTTP/2" 200 101 "https://digikeyland.ir/wp-admin/edit.php?s=6025&post_status=all&post_type=shop_order&action=-1&m=0&pwp_m=0&_created_via&_customer_user&paged=1&action2=-1" "Mozilla/5.0 (Windows NT 10.0; Win64; x64) AppleWebKit/537.36 (KHTML, like Gecko) Chrome/153.0.0.0 Safari/537.36"
5.121.201.134 - - [11/Sep/2026:15:54:49 +0330] "GET /wp-json/wc-admin/options?options=woocommerce_ces_tracks_queue&_locale=user HTTP/2" 200 58 "https://digikeyland.ir/wp-admin/edit.php?s=6025&post_status=all&post_type=shop_order&action=-1&m=0&pwp_m=0&_created_via&_customer_user&paged=1&action2=-1" "Mozilla/5.0 (Windows NT 10.0; Win64; x64) AppleWebKit/537.36 (KHTML, like Gecko) Chrome/153.0.0.0 Safari/537.36"
5.121.201.134 - - [11/Sep/2026:15:54:49 +0330] "POST /wp-admin/admin-ajax.php HTTP/2" 200 67 "https://digikeyland.ir/wp-admin/edit.php?s=6025&post_status=all&post_type=shop_order&action=-1&m=0&pwp_m=0&_created_via&_customer_user&paged=1&action2=-1" "Mozilla/5.0 (Windows NT 10.0; Win64; x64) AppleWebKit/537.36 (KHTML, like Gecko) Chrome/153.0.0.0 Safari/537.36"
5.121.201.134 - - [11/Sep/2026:15:54:49 +0330] "POST /wp-admin/admin-ajax.php HTTP/2" 200 21 "https://digikeyland.ir/wp-admin/edit.php?s=6025&post_status=all&post_type=shop_order&action=-1&m=0&pwp_m=0&_created_via&_customer_user&paged=1&action2=-1" "Mozilla/5.0 (Windows NT 10.0; Win64; x64) AppleWebKit/537.36 (KHTML, like Gecko) Chrome/153.0.0.0 Safari/537.36"
5.121.201.134 - - [11/Sep/2026:15:54:49 +0330] "POST /wp-admin/admin-ajax.php HTTP/2" 200 20 "https://digikeyland.ir/wp-admin/edit.php?s=6025&post_status=all&post_type=shop_order&action=-1&m=0&pwp_m=0&_created_via&_customer_user&paged=1&action2=-1" "Mozilla/5.0 (Windows NT 10.0; Win64; x64) AppleWebKit/537.36 (KHTML, like Gecko) Chrome/153.0.0.0 Safari/537.36"
5.121.201.134 - - [11/Sep/2026:15:54:49 +0330] "POST /wp-admin/admin-ajax.php HTTP/2" 200 20 "https://digikeyland.ir/wp-admin/edit.php?s=6025&post_status=all&post_type=shop_order&action=-1&m=0&pwp_m=0&_created_via&_customer_user&paged=1&action2=-1" "Mozilla/5.0 (Windows NT 10.0; Win64; x64) AppleWebKit/537.36 (KHTML, like Gecko) Chrome/153.0.0.0 Safari/537.36"
5.121.201.134 - - [11/Sep/2026:15:54:52 +0330] "GET /wp-admin/admin-ajax.php?order_id=6025&action=woocommerce_get_order_details&security=4a6a82c7f6 HTTP/2" 200 1140 "https://digikeyland.ir/wp-admin/edit.php?s=6025&post_status=all&post_type=shop_order&action=-1&m=0&pwp_m=0&_created_via&_customer_user&paged=1&action2=-1" "Mozilla/5.0 (Windows NT 10.0; Win64; x64) AppleWebKit/537.36 (KHTML, like Gecko) Chrome/153.0.0.0 Safari/537.36"
5.121.201.134 - - [11/Sep/2026:15:54:49 +0330] "GET /wp-json/wc-analytics/activity-panel/counts?_locale=user HTTP/2" 200 94 "https://digikeyland.ir/wp-admin/edit.php?s=6025&post_status=all&post_type=shop_order&action=-1&m=0&pwp_m=0&_created_via&_customer_user&paged=1&action2=-1" "Mozilla/5.0 (Windows NT 10.0; Win64; x64) AppleWebKit/537.36 (KHTML, like Gecko) Chrome/153.0.0.0 Safari/537.36"
5.121.201.134 - - [11/Sep/2026:15:54:49 +0330] "GET /wp-json/wc-analytics/admin/notes?page=1&per_page=25&type=error%2Cupdate&status=unactioned&_locale=user HTTP/2" 200 22 "https://digikeyland.ir/wp-admin/edit.php?s=6025&post_status=all&post_type=shop_order&action=-1&m=0&pwp_m=0&_created_via&_customer_user&paged=1&action2=-1" "Mozilla/5.0 (Windows NT 10.0; Win64; x64) AppleWebKit/537.36 (KHTML, like Gecko) Chrome/153.0.0.0 Safari/537.36"
5.121.201.134 - - [11/Sep/2026:15:55:00 +0330] "POST /wp-admin/admin-ajax.php HTTP/2" 200 67 "https://digikeyland.ir/wp-admin/edit.php?s=6025&post_status=all&post_type=shop_order&action=-1&m=0&pwp_m=0&_created_via&_customer_user&paged=1&action2=-1" "Mozilla/5.0 (Windows NT 10.0; Win64; x64) AppleWebKit/537.36 (KHTML, like Gecko) Chrome/153.0.0.0 Safari/537.36"
5.123.117.132 - - [11/Sep/2026:15:55:04 +0330] "POST /wp-admin/admin-ajax.php HTTP/2" 200 1218 "https://digikeyland.ir/product/chatgpt-plus/" "Mozilla/5.0 (Windows NT 10.0; Win64; x64) AppleWebKit/537.36 (KHTML, like Gecko) Chrome/152.0.0.0 Safari/537.36"
185.130.50.10 - - [11/Sep/2026:15:55:12 +0330] "POST /wp-cron.php?doing_wp_cron=1789129511.5815260410308837890625 HTTP/1.1" 200 20 "-" "WordPress/7.1; https://digikeyland.ir"
5.121.201.134 - - [11/Sep/2026:15:55:09 +0330] "POST /wp-admin/admin-ajax.php HTTP/2" 200 101 "https://digikeyland.ir/wp-admin/post.php?post=5173&action=edit" "Mozilla/5.0 (Windows NT 10.0; Win64; x64) AppleWebKit/537.36 (KHTML, like Gecko) Chrome/153.0.0.0 Safari/537.36"
5.123.117.132 - - [11/Sep/2026:15:55:09 +0330] "POST /wp-admin/admin-ajax.php HTTP/2" 200 1225 "https://digikeyland.ir/product/chatgpt-plus/" "Mozilla/5.0 (Windows NT 10.0; Win64; x64) AppleWebKit/537.36 (KHTML, like Gecko) Chrome/152.0.0.0 Safari/537.36"
5.121.201.134 - - [11/Sep/2026:15:55:10 +0330] "POST /wp-admin/admin-ajax.php HTTP/2" 200 67 "https://digikeyland.ir/wp-admin/edit.php?s=6025&post_status=all&post_type=shop_order&action=-1&m=0&pwp_m=0&_created_via&_customer_user&paged=1&action2=-1" "Mozilla/5.0 (Windows NT 10.0; Win64; x64) AppleWebKit/537.36 (KHTML, like Gecko) Chrome/153.0.0.0 Safari/537.36"
5.123.117.132 - - [11/Sep/2026:15:55:10 +0330] "POST /wp-admin/admin-ajax.php HTTP/2" 200 1123 "https://digikeyland.ir/product/chatgpt-plus/" "Mozilla/5.0 (Windows NT 10.0; Win64; x64) AppleWebKit/537.36 (KHTML, like Gecko) Chrome/152.0.0.0 Safari/537.36"
185.130.50.10 - - [11/Sep/2026:15:55:15 +0330] "POST /wp-cron.php?doing_wp_cron=1789129515.3942029476165771484375 HTTP/1.1" 200 20 "-" "WordPress/7.1; https://digikeyland.ir"
5.121.201.134 - - [11/Sep/2026:15:55:11 +0330] "POST /wp-admin/admin-ajax.php HTTP/2" 200 67 "https://digikeyland.ir/wp-admin/edit.php?post_type=product" "Mozilla/5.0 (Windows NT 10.0; Win64; x64) AppleWebKit/537.36 (KHTML, like Gecko) Chrome/153.0.0.0 Safari/537.36"
5.123.117.132 - - [11/Sep/2026:15:55:16 +0330] "POST /wp-admin/admin-ajax.php HTTP/2" 200 1218 "https://digikeyland.ir/product/chatgpt-plus/" "Mozilla/5.0 (Windows NT 10.0; Win64; x64) AppleWebKit/537.36 (KHTML, like Gecko) Chrome/152.0.0.0 Safari/537.36"
5.121.201.134 - - [11/Sep/2026:15:55:20 +0330] "POST /wp-admin/admin-ajax.php HTTP/2" 200 67 "https://digikeyland.ir/wp-admin/edit.php?s=6025&post_status=all&post_type=shop_order&action=-1&m=0&pwp_m=0&_created_via&_customer_user&paged=1&action2=-1" "Mozilla/5.0 (Windows NT 10.0; Win64; x64) AppleWebKit/537.36 (KHTML, like Gecko) Chrome/153.0.0.0 Safari/537.36"
5.123.117.132 - - [11/Sep/2026:15:55:21 +0330] "POST /wp-admin/admin-ajax.php HTTP/2" 200 1200 "https://digikeyland.ir/product/chatgpt-plus/" "Mozilla/5.0 (Windows NT 10.0; Win64; x64) AppleWebKit/537.36 (KHTML, like Gecko) Chrome/152.0.0.0 Safari/537.36"
5.123.117.132 - - [11/Sep/2026:15:55:22 +0330] "POST /wp-admin/admin-ajax.php HTTP/2" 200 1224 "https://digikeyland.ir/product/chatgpt-plus/" "Mozilla/5.0 (Windows NT 10.0; Win64; x64) AppleWebKit/537.36 (KHTML, like Gecko) Chrome/152.0.0.0 Safari/537.36"
5.123.117.132 - - [11/Sep/2026:15:55:25 +0330] "POST /wp-admin/admin-ajax.php HTTP/2" 200 1420 "https://digikeyland.ir/product/chatgpt-plus/" "Mozilla/5.0 (Windows NT 10.0; Win64; x64) AppleWebKit/537.36 (KHTML, like Gecko) Chrome/152.0.0.0 Safari/537.36"
5.121.201.134 - - [11/Sep/2026:15:55:26 +0330] "GET /wp-admin/edit.php?s=66030&post_status=all&post_type=shop_order&_wpnonce=030e759eea&_wp_http_referer=%2Fwp-admin%2Fedit.php%3Fs%3D6025%26post_status%3Dall%26post_type%3Dshop_order%26action%3D-1%26m%3D0%26pwp_m%3D0%26_created_via%26_customer_user%26paged%3D1%26action2%3D-1&action=-1&m=0&pwp_m=0&_created_via=&_customer_user=&paged=1&action2=-1 HTTP/2" 302 20 "https://digikeyland.ir/wp-admin/edit.php?s=6025&post_status=all&post_type=shop_order&action=-1&m=0&pwp_m=0&_created_via&_customer_user&paged=1&action2=-1" "Mozilla/5.0 (Windows NT 10.0; Win64; x64) AppleWebKit/537.36 (KHTML, like Gecko) Chrome/153.0.0.0 Safari/537.36"
5.121.201.134 - - [11/Sep/2026:15:55:28 +0330] "GET /wp-admin/edit.php?s=66030&post_status=all&post_type=shop_order&action=-1&m=0&pwp_m=0&_created_via&_customer_user&paged=1&action2=-1 HTTP/2" 200 0 "https://digikeyland.ir/wp-admin/edit.php?s=6025&post_status=all&post_type=shop_order&action=-1&m=0&pwp_m=0&_created_via&_customer_user&paged=1&action2=-1" "Mozilla/5.0 (Windows NT 10.0; Win64; x64) AppleWebKit/537.36 (KHTML, like Gecko) Chrome/153.0.0.0 Safari/537.36"
5.121.201.134 - - [11/Sep/2026:15:55:29 +0330] "GET /wp-admin/edit.php?s=6030&post_status=all&post_type=shop_order&_wpnonce=030e759eea&_wp_http_referer=%2Fwp-admin%2Fedit.php%3Fs%3D6025%26post_status%3Dall%26post_type%3Dshop_order%26action%3D-1%26m%3D0%26pwp_m%3D0%26_created_via%26_customer_user%26paged%3D1%26action2%3D-1&action=-1&m=0&pwp_m=0&_created_via=&_customer_user=&paged=1&action2=-1 HTTP/2" 200 0 "https://digikeyland.ir/wp-admin/edit.php?s=6025&post_status=all&post_type=shop_order&action=-1&m=0&pwp_m=0&_created_via&_customer_user&paged=1&action2=-1" "Mozilla/5.0 (Windows NT 10.0; Win64; x64) AppleWebKit/537.36 (KHTML, like Gecko) Chrome/153.0.0.0 Safari/537.36"
5.121.201.134 - - [11/Sep/2026:15:55:30 +0330] "GET /wp-admin/edit.php?s=6030&post_status=all&post_type=shop_order&_wpnonce=030e759eea&_wp_http_referer=%2Fwp-admin%2Fedit.php%3Fs%3D6025%26post_status%3Dall%26post_type%3Dshop_order%26action%3D-1%26m%3D0%26pwp_m%3D0%26_created_via%26_customer_user%26paged%3D1%26action2%3D-1&action=-1&m=0&pwp_m=0&_created_via=&_customer_user=&paged=1&action2=-1 HTTP/2" 302 20 "https://digikeyland.ir/wp-admin/edit.php?s=6025&post_status=all&post_type=shop_order&action=-1&m=0&pwp_m=0&_created_via&_customer_user&paged=1&action2=-1" "Mozilla/5.0 (Windows NT 10.0; Win64; x64) AppleWebKit/537.36 (KHTML, like Gecko) Chrome/153.0.0.0 Safari/537.36"
5.121.201.134 - - [11/Sep/2026:15:55:30 +0330] "POST /wp-admin/admin-ajax.php HTTP/2" 200 67 "https://digikeyland.ir/wp-admin/edit.php?s=6025&post_status=all&post_type=shop_order&action=-1&m=0&pwp_m=0&_created_via&_customer_user&paged=1&action2=-1" "Mozilla/5.0 (Windows NT 10.0; Win64; x64) AppleWebKit/537.36 (KHTML, like Gecko) Chrome/153.0.0.0 Safari/537.36"
5.121.201.134 - - [11/Sep/2026:15:55:32 +0330] "GET /wp-admin/edit.php?s=6030&post_status=all&post_type=shop_order&action=-1&m=0&pwp_m=0&_created_via&_customer_user&paged=1&action2=-1 HTTP/2" 200 237327 "https://digikeyland.ir/wp-admin/edit.php?s=6025&post_status=all&post_type=shop_order&action=-1&m=0&pwp_m=0&_created_via&_customer_user&paged=1&action2=-1" "Mozilla/5.0 (Windows NT 10.0; Win64; x64) AppleWebKit/537.36 (KHTML, like Gecko) Chrome/153.0.0.0 Safari/537.36"
5.123.117.132 - - [11/Sep/2026:15:55:33 +0330] "POST /wp-admin/admin-ajax.php HTTP/2" 200 1218 "https://digikeyland.ir/product/chatgpt-plus/" "Mozilla/5.0 (Windows NT 10.0; Win64; x64) AppleWebKit/537.36 (KHTML, like Gecko) Chrome/152.0.0.0 Safari/537.36"
5.121.201.134 - - [11/Sep/2026:15:55:37 +0330] "GET /wp-content/themes/shopi/includes/redux-core/assets/css/redux.css?ver=7.1 HTTP/2" 404 71954 "https://digikeyland.ir/wp-admin/edit.php?s=6030&post_status=all&post_type=shop_order&action=-1&m=0&pwp_m=0&_created_via&_customer_user&paged=1&action2=-1" "Mozilla/5.0 (Windows NT 10.0; Win64; x64) AppleWebKit/537.36 (KHTML, like Gecko) Chrome/153.0.0.0 Safari/537.36"
5.121.201.134 - - [11/Sep/2026:15:55:41 +0330] "GET /wp-json/wc-admin/onboarding/tasks?_locale=user HTTP/2" 200 1843 "https://digikeyland.ir/wp-admin/edit.php?s=6030&post_status=all&post_type=shop_order&action=-1&m=0&pwp_m=0&_created_via&_customer_user&paged=1&action2=-1" "Mozilla/5.0 (Windows NT 10.0; Win64; x64) AppleWebKit/537.36 (KHTML, like Gecko) Chrome/153.0.0.0 Safari/537.36"
5.121.201.134 - - [11/Sep/2026:15:55:40 +0330] "GET /wp-json/wc-analytics/activity-panel/counts?_locale=user HTTP/2" 200 94 "https://digikeyland.ir/wp-admin/edit.php?s=6030&post_status=all&post_type=shop_order&action=-1&m=0&pwp_m=0&_created_via&_customer_user&paged=1&action2=-1" "Mozilla/5.0 (Windows NT 10.0; Win64; x64) AppleWebKit/537.36 (KHTML, like Gecko) Chrome/153.0.0.0 Safari/537.36"
5.123.117.132 - - [11/Sep/2026:15:55:41 +0330] "POST /wp-admin/admin-ajax.php HTTP/2" 200 1420 "https://digikeyland.ir/product/chatgpt-plus/" "Mozilla/5.0 (Windows NT 10.0; Win64; x64) AppleWebKit/537.36 (KHTML, like Gecko) Chrome/152.0.0.0 Safari/537.36"
5.121.201.134 - - [11/Sep/2026:15:55:40 +0330] "POST /wp-admin/admin-ajax.php HTTP/2" 200 67 "https://digikeyland.ir/wp-admin/edit.php?post_type=shop_order" "Mozilla/5.0 (Windows NT 10.0; Win64; x64) AppleWebKit/537.36 (KHTML, like Gecko) Chrome/153.0.0.0 Safari/537.36"
5.123.117.132 - - [11/Sep/2026:15:55:44 +0330] "POST /wp-admin/admin-ajax.php HTTP/2" 200 1218 "https://digikeyland.ir/product/chatgpt-plus/" "Mozilla/5.0 (Windows NT 10.0; Win64; x64) AppleWebKit/537.36 (KHTML, like Gecko) Chrome/152.0.0.0 Safari/537.36"
5.121.201.134 - - [11/Sep/2026:15:55:41 +0330] "POST /wp-admin/admin-ajax.php HTTP/2" 200 20 "https://digikeyland.ir/wp-admin/edit.php?s=6030&post_status=all&post_type=shop_order&action=-1&m=0&pwp_m=0&_created_via&_customer_user&paged=1&action2=-1" "Mozilla/5.0 (Windows NT 10.0; Win64; x64) AppleWebKit/537.36 (KHTML, like Gecko) Chrome/153.0.0.0 Safari/537.36"
5.123.117.132 - - [11/Sep/2026:15:55:45 +0330] "POST /wp-admin/admin-ajax.php HTTP/2" 200 1224 "https://digikeyland.ir/product/chatgpt-plus/" "Mozilla/5.0 (Windows NT 10.0; Win64; x64) AppleWebKit/537.36 (KHTML, like Gecko) Chrome/152.0.0.0 Safari/537.36"
5.121.201.134 - - [11/Sep/2026:15:55:41 +0330] "POST /wp-admin/admin-ajax.php HTTP/2" 200 20 "https://digikeyland.ir/wp-admin/edit.php?s=6030&post_status=all&post_type=shop_order&action=-1&m=0&pwp_m=0&_created_via&_customer_user&paged=1&action2=-1" "Mozilla/5.0 (Windows NT 10.0; Win64; x64) AppleWebKit/537.36 (KHTML, like Gecko) Chrome/153.0.0.0 Safari/537.36"
5.121.201.134 - - [11/Sep/2026:15:55:41 +0330] "POST /wp-admin/admin-ajax.php HTTP/2" 200 67 "https://digikeyland.ir/wp-admin/edit.php?s=6030&post_status=all&post_type=shop_order&action=-1&m=0&pwp_m=0&_created_via&_customer_user&paged=1&action2=-1" "Mozilla/5.0 (Windows NT 10.0; Win64; x64) AppleWebKit/537.36 (KHTML, like Gecko) Chrome/153.0.0.0 Safari/537.36"
5.123.117.132 - - [11/Sep/2026:15:55:50 +0330] "POST /wp-admin/admin-ajax.php HTTP/2" 200 1420 "https://digikeyland.ir/product/chatgpt-plus/" "Mozilla/5.0 (Windows NT 10.0; Win64; x64) AppleWebKit/537.36 (KHTML, like Gecko) Chrome/152.0.0.0 Safari/537.36"
5.121.201.134 - - [11/Sep/2026:15:55:41 +0330] "GET /wp-json/wc-admin/options?options=woocommerce_ces_tracks_queue&_locale=user HTTP/2" 200 58 "https://digikeyland.ir/wp-admin/edit.php?s=6030&post_status=all&post_type=shop_order&action=-1&m=0&pwp_m=0&_created_via&_customer_user&paged=1&action2=-1" "Mozilla/5.0 (Windows NT 10.0; Win64; x64) AppleWebKit/537.36 (KHTML, like Gecko) Chrome/153.0.0.0 Safari/537.36"
5.121.201.134 - - [11/Sep/2026:15:55:41 +0330] "GET /wp-json/wc-analytics/admin/notes?page=1&per_page=25&type=error%2Cupdate&status=unactioned&_locale=user HTTP/2" 200 22 "https://digikeyland.ir/wp-admin/edit.php?s=6030&post_status=all&post_type=shop_order&action=-1&m=0&pwp_m=0&_created_via&_customer_user&paged=1&action2=-1" "Mozilla/5.0 (Windows NT 10.0; Win64; x64) AppleWebKit/537.36 (KHTML, like Gecko) Chrome/153.0.0.0 Safari/537.36"
5.121.201.134 - - [11/Sep/2026:15:55:41 +0330] "POST /wp-admin/admin-ajax.php HTTP/2" 200 21 "https://digikeyland.ir/wp-admin/edit.php?s=6030&post_status=all&post_type=shop_order&action=-1&m=0&pwp_m=0&_created_via&_customer_user&paged=1&action2=-1" "Mozilla/5.0 (Windows NT 10.0; Win64; x64) AppleWebKit/537.36 (KHTML, like Gecko) Chrome/153.0.0.0 Safari/537.36"
5.123.117.132 - - [11/Sep/2026:15:55:55 +0330] "POST /wp-admin/admin-ajax.php HTTP/2" 200 1218 "https://digikeyland.ir/product/chatgpt-plus/" "Mozilla/5.0 (Windows NT 10.0; Win64; x64) AppleWebKit/537.36 (KHTML, like Gecko) Chrome/152.0.0.0 Safari/537.36"
5.121.201.134 - - [11/Sep/2026:15:55:41 +0330] "GET /wp-json/wc-admin/options?options=woocommerce_admin_transient_notices_queue%2Cwoocommerce_admin_install_timestamp&_locale=user HTTP/2" 200 101 "https://digikeyland.ir/wp-admin/edit.php?s=6030&post_status=all&post_type=shop_order&action=-1&m=0&pwp_m=0&_created_via&_customer_user&paged=1&action2=-1" "Mozilla/5.0 (Windows NT 10.0; Win64; x64) AppleWebKit/537.36 (KHTML, like Gecko) Chrome/153.0.0.0 Safari/537.36"
5.121.201.134 - - [11/Sep/2026:15:55:40 +0330] "GET /wp-json/wp/v2/users/me?context=edit&_locale=user HTTP/2" 200 1496 "https://digikeyland.ir/wp-admin/edit.php?s=6030&post_status=all&post_type=shop_order&action=-1&m=0&pwp_m=0&_created_via&_customer_user&paged=1&action2=-1" "Mozilla/5.0 (Windows NT 10.0; Win64; x64) AppleWebKit/537.36 (KHTML, like Gecko) Chrome/153.0.0.0 Safari/537.36"
5.123.117.132 - - [11/Sep/2026:15:56:04 +0330] "POST /wp-admin/admin-ajax.php HTTP/2" 200 1200 "https://digikeyland.ir/product/chatgpt-plus/" "Mozilla/5.0 (Windows NT 10.0; Win64; x64) AppleWebKit/537.36 (KHTML, like Gecko) Chrome/152.0.0.0 Safari/537.36"
5.123.117.132 - - [11/Sep/2026:15:56:14 +0330] "GET /wp-content/uploads/2026/07/IPTorrent-sc1-300x300.webp HTTP/2" 200 11882 "https://digikeyland.ir/product/chatgpt-plus/" "Mozilla/5.0 (Windows NT 10.0; Win64; x64) AppleWebKit/537.36 (KHTML, like Gecko) Chrome/152.0.0.0 Safari/537.36"
5.123.117.132 - - [11/Sep/2026:15:56:14 +0330] "GET /wp-content/uploads/2026/07/MS-Visio-Pro-sc1-300x300.webp HTTP/2" 200 11922 "https://digikeyland.ir/product/chatgpt-plus/" "Mozilla/5.0 (Windows NT 10.0; Win64; x64) AppleWebKit/537.36 (KHTML, like Gecko) Chrome/152.0.0.0 Safari/537.36"
5.123.117.132 - - [11/Sep/2026:15:56:14 +0330] "GET /wp-content/uploads/2026/07/Adobe-Creative-Cloud-sc1-300x300.webp HTTP/2" 200 12008 "https://digikeyland.ir/product/chatgpt-plus/" "Mozilla/5.0 (Windows NT 10.0; Win64; x64) AppleWebKit/537.36 (KHTML, like Gecko) Chrome/152.0.0.0 Safari/537.36"
5.123.117.132 - - [11/Sep/2026:15:56:14 +0330] "GET /wp-content/uploads/2026/07/Claude-sc1-300x300.webp HTTP/2" 200 12734 "https://digikeyland.ir/product/chatgpt-plus/" "Mozilla/5.0 (Windows NT 10.0; Win64; x64) AppleWebKit/537.36 (KHTML, like Gecko) Chrome/152.0.0.0 Safari/537.36"
5.123.117.132 - - [11/Sep/2026:15:56:14 +0330] "GET /wp-content/uploads/2026/07/Poweramp-Music-Player-300x300.webp HTTP/2" 200 14446 "https://digikeyland.ir/product/chatgpt-plus/" "Mozilla/5.0 (Windows NT 10.0; Win64; x64) AppleWebKit/537.36 (KHTML, like Gecko) Chrome/152.0.0.0 Safari/537.36"
5.123.117.132 - - [11/Sep/2026:15:56:13 +0330] "POST /wp-admin/admin-ajax.php HTTP/2" 200 1123 "https://digikeyland.ir/product/chatgpt-plus/" "Mozilla/5.0 (Windows NT 10.0; Win64; x64) AppleWebKit/537.36 (KHTML, like Gecko) Chrome/152.0.0.0 Safari/537.36"
185.130.50.10 - - [11/Sep/2026:15:56:16 +0330] "POST /wp-cron.php?doing_wp_cron=1789129576.1605908870697021484375 HTTP/1.1" 200 20 "-" "WordPress/7.1; https://digikeyland.ir"
5.121.201.134 - - [11/Sep/2026:15:56:14 +0330] "POST /wp-admin/admin-ajax.php HTTP/2" 200 67 "https://digikeyland.ir/wp-admin/edit.php?s=6030&post_status=all&post_type=shop_order&action=-1&m=0&pwp_m=0&_created_via&_customer_user&paged=1&action2=-1" "Mozilla/5.0 (Windows NT 10.0; Win64; x64) AppleWebKit/537.36 (KHTML, like Gecko) Chrome/153.0.0.0 Safari/537.36"
5.123.117.132 - - [11/Sep/2026:15:56:20 +0330] "POST /wp-admin/admin-ajax.php HTTP/2" 200 1224 "https://digikeyland.ir/product/chatgpt-plus/" "Mozilla/5.0 (Windows NT 10.0; Win64; x64) AppleWebKit/537.36 (KHTML, like Gecko) Chrome/152.0.0.0 Safari/537.36"
5.121.201.134 - - [11/Sep/2026:15:54:13 +0330] "POST /wp-admin/admin-ajax.php HTTP/2" 200 101 "https://digikeyland.ir/wp-admin/post.php?post=6372&action=edit" "Mozilla/5.0 (Windows NT 10.0; Win64; x64) AppleWebKit/537.36 (KHTML, like Gecko) Chrome/153.0.0.0 Safari/537.36"
5.121.201.134 - - [11/Sep/2026:15:54:13 +0330] "GET /wp-admin/edit.php?post_type=shop_order HTTP/2" 200 241215 "https://digikeyland.ir/wp-admin/post.php?post=6372&action=edit" "Mozilla/5.0 (Windows NT 10.0; Win64; x64) AppleWebKit/537.36 (KHTML, like Gecko) Chrome/153.0.0.0 Safari/537.36"
5.121.201.134 - - [11/Sep/2026:15:54:18 +0330] "POST /wp-admin/admin-ajax.php HTTP/2" 200 21 "https://digikeyland.ir/wp-admin/post.php?post=6372&action=edit" "Mozilla/5.0 (Windows NT 10.0; Win64; x64) AppleWebKit/537.36 (KHTML, like Gecko) Chrome/153.0.0.0 Safari/537.36"
5.121.201.134 - - [11/Sep/2026:15:54:18 +0330] "GET /wp-content/themes/shopi/includes/redux-core/assets/css/redux.css?ver=7.1 HTTP/2" 404 72059 "https://digikeyland.ir/wp-admin/edit.php?post_type=shop_order" "Mozilla/5.0 (Windows NT 10.0; Win64; x64) AppleWebKit/537.36 (KHTML, like Gecko) Chrome/153.0.0.0 Safari/537.36"
5.121.201.134 - - [11/Sep/2026:15:54:21 +0330] "GET /wp-json/wc-admin/options?options=woocommerce_ces_tracks_queue&_locale=user HTTP/2" 200 58 "https://digikeyland.ir/wp-admin/edit.php?post_type=shop_order" "Mozilla/5.0 (Windows NT 10.0; Win64; x64) AppleWebKit/537.36 (KHTML, like Gecko) Chrome/153.0.0.0 Safari/537.36"
5.121.201.134 - - [11/Sep/2026:15:54:21 +0330] "GET /wp-json/wc-analytics/activity-panel/counts?_locale=user HTTP/2" 200 94 "https://digikeyland.ir/wp-admin/edit.php?post_type=shop_order" "Mozilla/5.0 (Windows NT 10.0; Win64; x64) AppleWebKit/537.36 (KHTML, like Gecko) Chrome/153.0.0.0 Safari/537.36"
5.121.201.134 - - [11/Sep/2026:15:54:21 +0330] "GET /wp-json/wc-analytics/admin/notes?page=1&per_page=25&type=error%2Cupdate&status=unactioned&_locale=user HTTP/2" 200 22 "https://digikeyland.ir/wp-admin/edit.php?post_type=shop_order" "Mozilla/5.0 (Windows NT 10.0; Win64; x64) AppleWebKit/537.36 (KHTML, like Gecko) Chrome/153.0.0.0 Safari/537.36"
5.121.201.134 - - [11/Sep/2026:15:54:20 +0330] "GET /wp-json/wp/v2/users/me?context=edit&_locale=user HTTP/2" 200 1496 "https://digikeyland.ir/wp-admin/edit.php?post_type=shop_order" "Mozilla/5.0 (Windows NT 10.0; Win64; x64) AppleWebKit/537.36 (KHTML, like Gecko) Chrome/153.0.0.0 Safari/537.36"
5.121.201.134 - - [11/Sep/2026:15:54:21 +0330] "POST /wp-admin/admin-ajax.php HTTP/2" 200 21 "https://digikeyland.ir/wp-admin/edit.php?post_type=shop_order" "Mozilla/5.0 (Windows NT 10.0; Win64; x64) AppleWebKit/537.36 (KHTML, like Gecko) Chrome/153.0.0.0 Safari/537.36"
5.121.201.134 - - [11/Sep/2026:15:54:21 +0330] "POST /wp-admin/admin-ajax.php HTTP/2" 200 20 "https://digikeyland.ir/wp-admin/edit.php?post_type=shop_order" "Mozilla/5.0 (Windows NT 10.0; Win64; x64) AppleWebKit/537.36 (KHTML, like Gecko) Chrome/153.0.0.0 Safari/537.36"
5.121.201.134 - - [11/Sep/2026:15:54:21 +0330] "POST /wp-admin/admin-ajax.php HTTP/2" 200 67 "https://digikeyland.ir/wp-admin/edit.php?post_type=shop_order" "Mozilla/5.0 (Windows NT 10.0; Win64; x64) AppleWebKit/537.36 (KHTML, like Gecko) Chrome/153.0.0.0 Safari/537.36"
5.121.201.134 - - [11/Sep/2026:15:54:21 +0330] "POST /wp-admin/admin-ajax.php HTTP/2" 200 20 "https://digikeyland.ir/wp-admin/edit.php?post_type=shop_order" "Mozilla/5.0 (Windows NT 10.0; Win64; x64) AppleWebKit/537.36 (KHTML, like Gecko) Chrome/153.0.0.0 Safari/537.36"
5.121.201.134 - - [11/Sep/2026:15:54:21 +0330] "GET /wp-json/wc-admin/onboarding/tasks?_locale=user HTTP/2" 200 1843 "https://digikeyland.ir/wp-admin/edit.php?post_type=shop_order" "Mozilla/5.0 (Windows NT 10.0; Win64; x64) AppleWebKit/537.36 (KHTML, like Gecko) Chrome/153.0.0.0 Safari/537.36"
185.130.50.10 - - [11/Sep/2026:15:58:26 +0330] "POST /wp-cron.php?doing_wp_cron=1789129705.9974260330200195312500 HTTP/1.1" 200 20 "-" "WordPress/7.1; https://digikeyland.ir"
5.123.117.132 - - [11/Sep/2026:15:56:23 +0330] "POST /wp-admin/admin-ajax.php HTTP/2" 200 1225 "https://digikeyland.ir/product/chatgpt-plus/" "Mozilla/5.0 (Windows NT 10.0; Win64; x64) AppleWebKit/537.36 (KHTML, like Gecko) Chrome/152.0.0.0 Safari/537.36"
5.121.201.134 - - [11/Sep/2026:15:56:24 +0330] "POST /wp-admin/admin-ajax.php HTTP/2" 200 67 "https://digikeyland.ir/wp-admin/edit.php?s=6030&post_status=all&post_type=shop_order&action=-1&m=0&pwp_m=0&_created_via&_customer_user&paged=1&action2=-1" "Mozilla/5.0 (Windows NT 10.0; Win64; x64) AppleWebKit/537.36 (KHTML, like Gecko) Chrome/153.0.0.0 Safari/537.36"
185.130.50.10 - - [11/Sep/2026:15:57:12 +0330] "POST /wp-cron.php?doing_wp_cron=1789129632.1661839485168457031250 HTTP/1.1" 200 20 "-" "WordPress/7.1; https://digikeyland.ir"
5.121.201.134 - - [11/Sep/2026:15:57:10 +0330] "POST /wp-admin/admin-ajax.php HTTP/2" 200 101 "https://digikeyland.ir/wp-admin/post.php?post=5173&action=edit" "Mozilla/5.0 (Windows NT 10.0; Win64; x64) AppleWebKit/537.36 (KHTML, like Gecko) Chrome/153.0.0.0 Safari/537.36"
5.121.201.134 - - [11/Sep/2026:15:57:41 +0330] "POST /wp-admin/admin-ajax.php HTTP/2" 200 67 "https://digikeyland.ir/wp-admin/edit.php?post_type=shop_order" "Mozilla/5.0 (Windows NT 10.0; Win64; x64) AppleWebKit/537.36 (KHTML, like Gecko) Chrome/153.0.0.0 Safari/537.36"
5.121.201.134 - - [11/Sep/2026:15:58:24 +0330] "POST /wp-admin/admin-ajax.php HTTP/2" 200 67 "https://digikeyland.ir/wp-admin/edit.php?s=6030&post_status=all&post_type=shop_order&action=-1&m=0&pwp_m=0&_created_via&_customer_user&paged=1&action2=-1" "Mozilla/5.0 (Windows NT 10.0; Win64; x64) AppleWebKit/537.36 (KHTML, like Gecko) Chrome/153.0.0.0 Safari/537.36"
5.121.201.134 - - [11/Sep/2026:15:58:40 +0330] "POST /wp-admin/admin-ajax.php HTTP/2" 200 67 "https://digikeyland.ir/wp-admin/edit.php?s=6030&post_status=all&post_type=shop_order&action=-1&m=0&pwp_m=0&_created_via&_customer_user&paged=1&action2=-1" "Mozilla/5.0 (Windows NT 10.0; Win64; x64) AppleWebKit/537.36 (KHTML, like Gecko) Chrome/153.0.0.0 Safari/537.36"
5.121.201.134 - - [11/Sep/2026:15:58:50 +0330] "POST /wp-admin/admin-ajax.php HTTP/2" 200 67 "https://digikeyland.ir/wp-admin/edit.php?s=6030&post_status=all&post_type=shop_order&action=-1&m=0&pwp_m=0&_created_via&_customer_user&paged=1&action2=-1" "Mozilla/5.0 (Windows NT 10.0; Win64; x64) AppleWebKit/537.36 (KHTML, like Gecko) Chrome/153.0.0.0 Safari/537.36"
185.130.50.10 - - [11/Sep/2026:15:59:12 +0330] "POST /wp-cron.php?doing_wp_cron=1789129752.2679519653320312500000 HTTP/1.1" 200 20 "-" "WordPress/7.1; https://digikeyland.ir"
5.121.201.134 - - [11/Sep/2026:15:59:10 +0330] "POST /wp-admin/admin-ajax.php HTTP/2" 200 67 "https://digikeyland.ir/wp-admin/edit.php?s=6030&post_status=all&post_type=shop_order&action=-1&m=0&pwp_m=0&_created_via&_customer_user&paged=1&action2=-1" "Mozilla/5.0 (Windows NT 10.0; Win64; x64) AppleWebKit/537.36 (KHTML, like Gecko) Chrome/153.0.0.0 Safari/537.36"
5.121.201.134 - - [11/Sep/2026:15:59:11 +0330] "POST /wp-admin/admin-ajax.php HTTP/2" 200 101 "https://digikeyland.ir/wp-admin/post.php?post=5173&action=edit" "Mozilla/5.0 (Windows NT 10.0; Win64; x64) AppleWebKit/537.36 (KHTML, like Gecko) Chrome/153.0.0.0 Safari/537.36"
185.130.50.10 - - [11/Sep/2026:15:59:15 +0330] "POST /wp-cron.php?doing_wp_cron=1789129755.3669888973236083984375 HTTP/1.1" 200 20 "-" "WordPress/7.1; https://digikeyland.ir"
5.121.201.134 - - [11/Sep/2026:15:59:13 +0330] "GET /wp-admin/admin-ajax.php?order_id=6030&action=woocommerce_get_order_details&security=4a6a82c7f6 HTTP/2" 200 1134 "https://digikeyland.ir/wp-admin/edit.php?s=6030&post_status=all&post_type=shop_order&action=-1&m=0&pwp_m=0&_created_via&_customer_user&paged=1&action2=-1" "Mozilla/5.0 (Windows NT 10.0; Win64; x64) AppleWebKit/537.36 (KHTML, like Gecko) Chrome/153.0.0.0 Safari/537.36"
5.121.201.134 - - [11/Sep/2026:15:59:20 +0330] "POST /wp-admin/admin-ajax.php HTTP/2" 200 67 "https://digikeyland.ir/wp-admin/edit.php?s=6030&post_status=all&post_type=shop_order&action=-1&m=0&pwp_m=0&_created_via&_customer_user&paged=1&action2=-1" "Mozilla/5.0 (Windows NT 10.0; Win64; x64) AppleWebKit/537.36 (KHTML, like Gecko) Chrome/153.0.0.0 Safari/537.36"
5.123.117.132 - - [11/Sep/2026:15:59:26 +0330] "POST /wp-admin/admin-ajax.php HTTP/2" 200 1123 "https://digikeyland.ir/product/chatgpt-plus/" "Mozilla/5.0 (Windows NT 10.0; Win64; x64) AppleWebKit/537.36 (KHTML, like Gecko) Chrome/152.0.0.0 Safari/537.36"
5.121.201.134 - - [11/Sep/2026:15:59:30 +0330] "POST /wp-admin/admin-ajax.php HTTP/2" 200 67 "https://digikeyland.ir/wp-admin/edit.php?s=6030&post_status=all&post_type=shop_order&action=-1&m=0&pwp_m=0&_created_via&_customer_user&paged=1&action2=-1" "Mozilla/5.0 (Windows NT 10.0; Win64; x64) AppleWebKit/537.36 (KHTML, like Gecko) Chrome/153.0.0.0 Safari/537.36"
5.123.117.132 - - [11/Sep/2026:15:59:31 +0330] "POST /wp-admin/admin-ajax.php HTTP/2" 200 1420 "https://digikeyland.ir/product/chatgpt-plus/" "Mozilla/5.0 (Windows NT 10.0; Win64; x64) AppleWebKit/537.36 (KHTML, like Gecko) Chrome/152.0.0.0 Safari/537.36"
5.123.117.132 - - [11/Sep/2026:15:59:33 +0330] "POST /product/chatgpt-plus/ HTTP/2" 200 87879 "https://digikeyland.ir/product/chatgpt-plus/" "Mozilla/5.0 (Windows NT 10.0; Win64; x64) AppleWebKit/537.36 (KHTML, like Gecko) Chrome/152.0.0.0 Safari/537.36"
5.123.117.132 - - [11/Sep/2026:15:59:36 +0330] "GET /wp-content/uploads/2025/12/chatgpt-300x300.webp HTTP/2" 200 12056 "https://digikeyland.ir/product/chatgpt-plus/" "Mozilla/5.0 (Windows NT 10.0; Win64; x64) AppleWebKit/537.36 (KHTML, like Gecko) Chrome/152.0.0.0 Safari/537.36"
5.123.117.132 - - [11/Sep/2026:15:59:36 +0330] "GET /wp-content/uploads/2025/12/software-tools-50x50.webp HTTP/2" 200 1458 "https://digikeyland.ir/product/chatgpt-plus/" "Mozilla/5.0 (Windows NT 10.0; Win64; x64) AppleWebKit/537.36 (KHTML, like Gecko) Chrome/152.0.0.0 Safari/537.36"
5.121.201.134 - - [11/Sep/2026:15:59:37 +0330] "GET /wp-admin/edit.php?s=6034&post_status=all&post_type=shop_order&_wpnonce=030e759eea&_wp_http_referer=%2Fwp-admin%2Fedit.php%3Fs%3D6030%26post_status%3Dall%26post_type%3Dshop_order%26action%3D-1%26m%3D0%26pwp_m%3D0%26_created_via%26_customer_user%26paged%3D1%26action2%3D-1&action=-1&m=0&pwp_m=0&_created_via=&_customer_user=&paged=1&action2=-1 HTTP/2" 302 20 "https://digikeyland.ir/wp-admin/edit.php?s=6030&post_status=all&post_type=shop_order&action=-1&m=0&pwp_m=0&_created_via&_customer_user&paged=1&action2=-1" "Mozilla/5.0 (Windows NT 10.0; Win64; x64) AppleWebKit/537.36 (KHTML, like Gecko) Chrome/153.0.0.0 Safari/537.36"
