46.100.87.66 - - [11/Sep/2026:17:04:24 +0330] "GET /wp-json/wc-analytics/activity-panel/counts?_locale=user HTTP/2" 200 94 "https://digikeyland.ir/wp-admin/edit.php?post_type=shop_order&all_posts=4" "Mozilla/5.0 (Windows NT 10.0; Win64; x64) AppleWebKit/537.36 (KHTML, like Gecko) Chrome/153.0.0.0 Safari/537.36"
46.100.87.66 - - [11/Sep/2026:17:04:24 +0330] "GET /wp-json/wc-admin/onboarding/tasks?_locale=user HTTP/2" 200 1843 "https://digikeyland.ir/wp-admin/edit.php?post_type=shop_order&all_posts=4" "Mozilla/5.0 (Windows NT 10.0; Win64; x64) AppleWebKit/537.36 (KHTML, like Gecko) Chrome/153.0.0.0 Safari/537.36"
46.100.87.66 - - [11/Sep/2026:17:04:24 +0330] "POST /wp-admin/admin-ajax.php HTTP/2" 200 20 "https://digikeyland.ir/wp-admin/edit.php?post_type=shop_order&all_posts=4" "Mozilla/5.0 (Windows NT 10.0; Win64; x64) AppleWebKit/537.36 (KHTML, like Gecko) Chrome/153.0.0.0 Safari/537.36"
46.100.87.66 - - [11/Sep/2026:17:04:24 +0330] "POST /wp-admin/admin-ajax.php HTTP/2" 200 21 "https://digikeyland.ir/wp-admin/edit.php?post_type=shop_order&all_posts=4" "Mozilla/5.0 (Windows NT 10.0; Win64; x64) AppleWebKit/537.36 (KHTML, like Gecko) Chrome/153.0.0.0 Safari/537.36"
46.100.87.66 - - [11/Sep/2026:17:04:24 +0330] "POST /wp-admin/admin-ajax.php HTTP/2" 200 20 "https://digikeyland.ir/wp-admin/edit.php?post_type=shop_order&all_posts=4" "Mozilla/5.0 (Windows NT 10.0; Win64; x64) AppleWebKit/537.36 (KHTML, like Gecko) Chrome/153.0.0.0 Safari/537.36"
46.100.87.66 - - [11/Sep/2026:17:04:24 +0330] "GET /wp-json/wc-admin/options?options=woocommerce_ces_tracks_queue&_locale=user HTTP/2" 200 58 "https://digikeyland.ir/wp-admin/edit.php?post_type=shop_order&all_posts=4" "Mozilla/5.0 (Windows NT 10.0; Win64; x64) AppleWebKit/537.36 (KHTML, like Gecko) Chrome/153.0.0.0 Safari/537.36"
46.100.87.66 - - [11/Sep/2026:17:04:24 +0330] "POST /wp-admin/admin-ajax.php HTTP/2" 200 67 "https://digikeyland.ir/wp-admin/edit.php?post_type=shop_order&all_posts=4" "Mozilla/5.0 (Windows NT 10.0; Win64; x64) AppleWebKit/537.36 (KHTML, like Gecko) Chrome/153.0.0.0 Safari/537.36"
46.100.87.66 - - [11/Sep/2026:17:04:29 +0330] "GET /wp-admin/edit.php?post_type=shop_order&all_posts=8 HTTP/2" 200 241236 "-" "Mozilla/5.0 (Windows NT 10.0; Win64; x64) AppleWebKit/537.36 (KHTML, like Gecko) Chrome/153.0.0.0 Safari/537.36"
113.203.70.192 - - [11/Sep/2026:17:03:24 +0330] "GET /product/chatgpt-plus/?utm_medium=PPC&utm_source=Torob&torob_clid=01a06c7a-0f26-7255-8c71-3dd741b4f824 HTTP/2" 200 85833 "-" "Mozilla/5.0 (Windows NT 10.0; Win64; x64) AppleWebKit/537.36 (KHTML, like Gecko) Chrome/152.0.0.0 Safari/537.36"
113.203.70.192 - - [11/Sep/2026:17:03:31 +0330] "GET /wp-content/plugins/ar-contactus/res/css/generated-desktop.css?ver=1789045161 HTTP/2" 200 520 "https://digikeyland.ir/product/chatgpt-plus/?utm_medium=PPC&utm_source=Torob&torob_clid=01a06c7a-0f26-7255-8c71-3dd741b4f824" "Mozilla/5.0 (Windows NT 10.0; Win64; x64) AppleWebKit/537.36 (KHTML, like Gecko) Chrome/152.0.0.0 Safari/537.36"
113.203.70.192 - - [11/Sep/2026:17:03:32 +0330] "GET /wp-content/uploads/elementor/css/custom-frontend.min.css?ver=1789045198 HTTP/2" 200 6649 "https://digikeyland.ir/product/chatgpt-plus/?utm_medium=PPC&utm_source=Torob&torob_clid=01a06c7a-0f26-7255-8c71-3dd741b4f824" "Mozilla/5.0 (Windows NT 10.0; Win64; x64) AppleWebKit/537.36 (KHTML, like Gecko) Chrome/152.0.0.0 Safari/537.36"
113.203.70.192 - - [11/Sep/2026:17:03:32 +0330] "GET /wp-content/uploads/elementor/css/custom-pro-widget-nav-menu-rtl.min.css?ver=1789045198 HTTP/2" 200 3228 "https://digikeyland.ir/product/chatgpt-plus/?utm_medium=PPC&utm_source=Torob&torob_clid=01a06c7a-0f26-7255-8c71-3dd741b4f824" "Mozilla/5.0 (Windows NT 10.0; Win64; x64) AppleWebKit/537.36 (KHTML, like Gecko) Chrome/152.0.0.0 Safari/537.36"
113.203.70.192 - - [11/Sep/2026:17:03:34 +0330] "GET /wp-content/uploads/elementor/css/post-329.css?ver=1789045199 HTTP/2" 200 373 "https://digikeyland.ir/product/chatgpt-plus/?utm_medium=PPC&utm_source=Torob&torob_clid=01a06c7a-0f26-7255-8c71-3dd741b4f824" "Mozilla/5.0 (Windows NT 10.0; Win64; x64) AppleWebKit/537.36 (KHTML, like Gecko) Chrome/152.0.0.0 Safari/537.36"
113.203.70.192 - - [11/Sep/2026:17:03:35 +0330] "GET /wp-content/uploads/elementor/css/post-2837.css?ver=1789045415 HTTP/2" 200 2205 "https://digikeyland.ir/product/chatgpt-plus/?utm_medium=PPC&utm_source=Torob&torob_clid=01a06c7a-0f26-7255-8c71-3dd741b4f824" "Mozilla/5.0 (Windows NT 10.0; Win64; x64) AppleWebKit/537.36 (KHTML, like Gecko) Chrome/152.0.0.0 Safari/537.36"
113.203.70.192 - - [11/Sep/2026:17:03:35 +0330] "GET /wp-content/uploads/elementor/css/post-2667.css?ver=1789045201 HTTP/2" 200 3038 "https://digikeyland.ir/product/chatgpt-plus/?utm_medium=PPC&utm_source=Torob&torob_clid=01a06c7a-0f26-7255-8c71-3dd741b4f824" "Mozilla/5.0 (Windows NT 10.0; Win64; x64) AppleWebKit/537.36 (KHTML, like Gecko) Chrome/152.0.0.0 Safari/537.36"
113.203.70.192 - - [11/Sep/2026:17:03:35 +0330] "GET /wp-content/uploads/elementor/css/post-3202.css?ver=1789045769 HTTP/2" 200 2467 "https://digikeyland.ir/product/chatgpt-plus/?utm_medium=PPC&utm_source=Torob&torob_clid=01a06c7a-0f26-7255-8c71-3dd741b4f824" "Mozilla/5.0 (Windows NT 10.0; Win64; x64) AppleWebKit/537.36 (KHTML, like Gecko) Chrome/152.0.0.0 Safari/537.36"
185.130.50.10 - - [11/Sep/2026:17:03:37 +0330] "POST /wp-cron.php?doing_wp_cron=1789133617.3194060325622558593750 HTTP/1.1" 200 20 "-" "WordPress/7.1; https://digikeyland.ir"
43.164.192.151 - - [11/Sep/2026:17:03:55 +0330] "GET / HTTP/1.1" 200 88812 "https://www.digikeyland.ir/" "Mozilla/5.0 (iPhone; CPU iPhone OS 13_2_3 like Mac OS X) AppleWebKit/605.1.15 (KHTML, like Gecko) Version/13.0.3 Mobile/15E148 Safari/604.1"
84.13.153.129 - - [11/Sep/2026:17:04:29 +0330] "POST /wp-login.php HTTP/1.1" 200 3973 "https://digikeyland.ir/wp-login.php" "Mozilla/5.0 (Windows NT 10.0; Win64; x64; rv:93.0) Gecko/20100101 Firefox/93.0"
185.130.50.10 - - [11/Sep/2026:17:04:37 +0330] "POST /wp-cron.php?doing_wp_cron=1789133677.5866649150848388671875 HTTP/1.1" 200 20 "-" "WordPress/7.1; https://digikeyland.ir"
84.13.153.129 - - [11/Sep/2026:17:04:35 +0330] "GET /wp-admin/index.php HTTP/1.1" 302 20 "https://digikeyland.ir/wp-login.php" "Mozilla/5.0 (Windows NT 10.0; Win64; x64; rv:92.0) Gecko/20100101 Firefox/92.0"
46.100.87.66 - - [11/Sep/2026:17:04:24 +0330] "GET /wp-json/wc-admin/options?options=woocommerce_admin_transient_notices_queue%2Cwoocommerce_admin_install_timestamp&_locale=user HTTP/2" 200 0 "https://digikeyland.ir/wp-admin/edit.php?post_type=shop_order&all_posts=4" "Mozilla/5.0 (Windows NT 10.0; Win64; x64) AppleWebKit/537.36 (KHTML, like Gecko) Chrome/153.0.0.0 Safari/537.36"
46.100.87.66 - - [11/Sep/2026:17:04:38 +0330] "POST /wp-admin/admin-ajax.php HTTP/2" 200 0 "https://digikeyland.ir/wp-admin/edit.php?post_type=shop_order&all_posts=4" "Mozilla/5.0 (Windows NT 10.0; Win64; x64) AppleWebKit/537.36 (KHTML, like Gecko) Chrome/153.0.0.0 Safari/537.36"
46.100.87.66 - - [11/Sep/2026:17:04:24 +0330] "GET /wp-json/wc-analytics/admin/notes?page=1&per_page=25&type=error%2Cupdate&status=unactioned&_locale=user HTTP/2" 200 0 "https://digikeyland.ir/wp-admin/edit.php?post_type=shop_order&all_posts=4" "Mozilla/5.0 (Windows NT 10.0; Win64; x64) AppleWebKit/537.36 (KHTML, like Gecko) Chrome/153.0.0.0 Safari/537.36"
185.130.50.10 - - [11/Sep/2026:17:04:35 +0330] "POST /wp-admin/admin-ajax.php?action=as_async_request_queue_runner&nonce=c088a49b90 HTTP/1.1" 200 20 "-" "WordPress/7.1; https://digikeyland.ir"
46.100.87.66 - - [11/Sep/2026:17:04:40 +0330] "GET /wp-content/themes/shopi/includes/redux-core/assets/css/redux.css?ver=7.1 HTTP/2" 404 72084 "https://digikeyland.ir/wp-admin/edit.php?post_type=shop_order&all_posts=8" "Mozilla/5.0 (Windows NT 10.0; Win64; x64) AppleWebKit/537.36 (KHTML, like Gecko) Chrome/153.0.0.0 Safari/537.36"
46.100.87.66 - - [11/Sep/2026:17:04:44 +0330] "GET /wp-json/wc-analytics/admin/notes?page=1&per_page=25&type=error%2Cupdate&status=unactioned&_locale=user HTTP/2" 200 22 "https://digikeyland.ir/wp-admin/edit.php?post_type=shop_order&all_posts=8" "Mozilla/5.0 (Windows NT 10.0; Win64; x64) AppleWebKit/537.36 (KHTML, like Gecko) Chrome/153.0.0.0 Safari/537.36"
46.100.87.66 - - [11/Sep/2026:17:04:44 +0330] "GET /wp-json/wc-analytics/activity-panel/counts?_locale=user HTTP/2" 200 94 "https://digikeyland.ir/wp-admin/edit.php?post_type=shop_order&all_posts=8" "Mozilla/5.0 (Windows NT 10.0; Win64; x64) AppleWebKit/537.36 (KHTML, like Gecko) Chrome/153.0.0.0 Safari/537.36"
46.100.87.66 - - [11/Sep/2026:17:04:44 +0330] "GET /wp-json/wc-admin/onboarding/tasks?_locale=user HTTP/2" 200 1843 "https://digikeyland.ir/wp-admin/edit.php?post_type=shop_order&all_posts=8" "Mozilla/5.0 (Windows NT 10.0; Win64; x64) AppleWebKit/537.36 (KHTML, like Gecko) Chrome/153.0.0.0 Safari/537.36"
84.13.153.129 - - [11/Sep/2026:17:04:48 +0330] "POST /wp-login.php HTTP/1.1" 200 3973 "https://digikeyland.ir/wp-login.php" "Mozilla/5.0 (Windows NT 6.1; Win64; x64) AppleWebKit/537.36 (KHTML, like Gecko) Chrome/92.0.4515.131 Safari/537.36"
46.100.87.66 - - [11/Sep/2026:17:04:44 +0330] "POST /wp-admin/admin-ajax.php HTTP/2" 200 67 "https://digikeyland.ir/wp-admin/edit.php?post_type=shop_order&all_posts=8" "Mozilla/5.0 (Windows NT 10.0; Win64; x64) AppleWebKit/537.36 (KHTML, like Gecko) Chrome/153.0.0.0 Safari/537.36"
46.100.87.66 - - [11/Sep/2026:17:04:47 +0330] "GET /wp-admin/edit.php?s=&post_status=all&post_type=shop_order&_wpnonce=030e759eea&_wp_http_referer=%2Fwp-admin%2Fedit.php%3Fpost_type%3Dshop_order%26all_posts%3D8&action=-1&m=0&pwp_m=0&_created_via=&_customer_user=&paged=8&action2=-1 HTTP/2" 302 20 "https://digikeyland.ir/wp-admin/edit.php?post_type=shop_order&all_posts=8" "Mozilla/5.0 (Windows NT 10.0; Win64; x64) AppleWebKit/537.36 (KHTML, like Gecko) Chrome/153.0.0.0 Safari/537.36"
46.100.87.66 - - [11/Sep/2026:17:04:44 +0330] "GET /wp-json/wp/v2/users/me?context=edit&_locale=user HTTP/2" 200 1496 "https://digikeyland.ir/wp-admin/edit.php?post_type=shop_order&all_posts=8" "Mozilla/5.0 (Windows NT 10.0; Win64; x64) AppleWebKit/537.36 (KHTML, like Gecko) Chrome/153.0.0.0 Safari/537.36"
46.100.87.66 - - [11/Sep/2026:17:04:44 +0330] "POST /wp-admin/admin-ajax.php HTTP/2" 200 20 "https://digikeyland.ir/wp-admin/edit.php?post_type=shop_order&all_posts=8" "Mozilla/5.0 (Windows NT 10.0; Win64; x64) AppleWebKit/537.36 (KHTML, like Gecko) Chrome/153.0.0.0 Safari/537.36"
46.100.87.66 - - [11/Sep/2026:17:04:44 +0330] "POST /wp-admin/admin-ajax.php HTTP/2" 200 21 "https://digikeyland.ir/wp-admin/edit.php?post_type=shop_order&all_posts=8" "Mozilla/5.0 (Windows NT 10.0; Win64; x64) AppleWebKit/537.36 (KHTML, like Gecko) Chrome/153.0.0.0 Safari/537.36"
46.100.87.66 - - [11/Sep/2026:17:04:44 +0330] "POST /wp-admin/admin-ajax.php HTTP/2" 200 20 "https://digikeyland.ir/wp-admin/edit.php?post_type=shop_order&all_posts=8" "Mozilla/5.0 (Windows NT 10.0; Win64; x64) AppleWebKit/537.36 (KHTML, like Gecko) Chrome/153.0.0.0 Safari/537.36"
46.100.87.66 - - [11/Sep/2026:17:04:44 +0330] "GET /wp-json/wc-admin/options?options=woocommerce_admin_transient_notices_queue%2Cwoocommerce_admin_install_timestamp&_locale=user HTTP/2" 200 101 "https://digikeyland.ir/wp-admin/edit.php?post_type=shop_order&all_posts=8" "Mozilla/5.0 (Windows NT 10.0; Win64; x64) AppleWebKit/537.36 (KHTML, like Gecko) Chrome/153.0.0.0 Safari/537.36"
46.100.87.66 - - [11/Sep/2026:17:04:44 +0330] "GET /wp-json/wc-admin/options?options=woocommerce_ces_tracks_queue&_locale=user HTTP/2" 200 58 "https://digikeyland.ir/wp-admin/edit.php?post_type=shop_order&all_posts=8" "Mozilla/5.0 (Windows NT 10.0; Win64; x64) AppleWebKit/537.36 (KHTML, like Gecko) Chrome/153.0.0.0 Safari/537.36"
84.13.153.129 - - [11/Sep/2026:17:04:55 +0330] "GET /wp-admin/index.php HTTP/1.1" 302 20 "https://digikeyland.ir/wp-login.php" "Mozilla/5.0 (Macintosh; Intel Mac OS X 10_15_7; rv:91.0) Gecko/20100101 Firefox/91.0"
46.100.87.66 - - [11/Sep/2026:17:04:55 +0330] "POST /wp-admin/admin-ajax.php HTTP/2" 200 67 "https://digikeyland.ir/wp-admin/edit.php?post_type=shop_order&all_posts=8" "Mozilla/5.0 (Windows NT 10.0; Win64; x64) AppleWebKit/537.36 (KHTML, like Gecko) Chrome/153.0.0.0 Safari/537.36"
84.13.153.129 - - [11/Sep/2026:17:04:59 +0330] "GET /wp-login.php?redirect_to=https%3A%2F%2Fdigikeyland.ir%2Fwp-admin%2Findex.php&reauth=1 HTTP/1.1" 200 3804 "https://digikeyland.ir/wp-login.php" "Mozilla/5.0 (Macintosh; Intel Mac OS X 10_15_7; rv:91.0) Gecko/20100101 Firefox/91.0"
46.100.87.66 - - [11/Sep/2026:17:04:55 +0330] "GET /wp-admin/edit.php?s&post_status=all&post_type=shop_order&action=-1&m=0&pwp_m=0&_created_via&_customer_user&paged=8&action2=-1 HTTP/2" 200 241497 "https://digikeyland.ir/wp-admin/edit.php?post_type=shop_order&all_posts=8" "Mozilla/5.0 (Windows NT 10.0; Win64; x64) AppleWebKit/537.36 (KHTML, like Gecko) Chrome/153.0.0.0 Safari/537.36"
84.13.153.129 - - [11/Sep/2026:17:05:01 +0330] "GET /wp-admin/index.php HTTP/1.1" 302 20 "https://digikeyland.ir/wp-login.php" "Mozilla/5.0 (Macintosh; Intel Mac OS X 10_15_7; rv:91.0) Gecko/20100101 Firefox/91.0"
46.100.87.66 - - [11/Sep/2026:17:05:01 +0330] "GET /wp-content/themes/shopi/includes/redux-core/assets/css/redux.css?ver=7.1 HTTP/2" 404 72126 "https://digikeyland.ir/wp-admin/edit.php?s&post_status=all&post_type=shop_order&action=-1&m=0&pwp_m=0&_created_via&_customer_user&paged=8&action2=-1" "Mozilla/5.0 (Windows NT 10.0; Win64; x64) AppleWebKit/537.36 (KHTML, like Gecko) Chrome/153.0.0.0 Safari/537.36"
84.13.153.129 - - [11/Sep/2026:17:05:03 +0330] "GET /wp-login.php?redirect_to=https%3A%2F%2Fdigikeyland.ir%2Fwp-admin%2Findex.php&reauth=1 HTTP/1.1" 200 3804 "https://digikeyland.ir/wp-login.php" "Mozilla/5.0 (Macintosh; Intel Mac OS X 10_15_7; rv:91.0) Gecko/20100101 Firefox/91.0"
46.100.87.66 - - [11/Sep/2026:17:05:04 +0330] "GET /wp-json/wp/v2/users/me?context=edit&_locale=user HTTP/2" 200 1496 "https://digikeyland.ir/wp-admin/edit.php?s&post_status=all&post_type=shop_order&action=-1&m=0&pwp_m=0&_created_via&_customer_user&paged=8&action2=-1" "Mozilla/5.0 (Windows NT 10.0; Win64; x64) AppleWebKit/537.36 (KHTML, like Gecko) Chrome/153.0.0.0 Safari/537.36"
46.100.87.66 - - [11/Sep/2026:17:05:05 +0330] "GET /wp-json/wc-admin/options?options=woocommerce_ces_tracks_queue&_locale=user HTTP/2" 200 58 "https://digikeyland.ir/wp-admin/edit.php?s&post_status=all&post_type=shop_order&action=-1&m=0&pwp_m=0&_created_via&_customer_user&paged=8&action2=-1" "Mozilla/5.0 (Windows NT 10.0; Win64; x64) AppleWebKit/537.36 (KHTML, like Gecko) Chrome/153.0.0.0 Safari/537.36"
84.13.153.129 - - [11/Sep/2026:17:05:08 +0330] "POST /wp-login.php HTTP/1.1" 200 3971 "https://digikeyland.ir/wp-login.php" "Mozilla/5.0 (X11; Linux x86_64) AppleWebKit/537.36 (KHTML, like Gecko) Chrome/91.0.4472.124 Safari/537.36"
46.100.87.66 - - [11/Sep/2026:17:05:05 +0330] "GET /wp-json/wc-admin/options?options=woocommerce_admin_transient_notices_queue%2Cwoocommerce_admin_install_timestamp&_locale=user HTTP/2" 200 101 "https://digikeyland.ir/wp-admin/edit.php?s&post_status=all&post_type=shop_order&action=-1&m=0&pwp_m=0&_created_via&_customer_user&paged=8&action2=-1" "Mozilla/5.0 (Windows NT 10.0; Win64; x64) AppleWebKit/537.36 (KHTML, like Gecko) Chrome/153.0.0.0 Safari/537.36"
46.100.87.66 - - [11/Sep/2026:17:05:05 +0330] "GET /wp-json/wc-analytics/activity-panel/counts?_locale=user HTTP/2" 200 94 "https://digikeyland.ir/wp-admin/edit.php?s&post_status=all&post_type=shop_order&action=-1&m=0&pwp_m=0&_created_via&_customer_user&paged=8&action2=-1" "Mozilla/5.0 (Windows NT 10.0; Win64; x64) AppleWebKit/537.36 (KHTML, like Gecko) Chrome/153.0.0.0 Safari/537.36"
46.100.87.66 - - [11/Sep/2026:17:05:05 +0330] "POST /wp-admin/admin-ajax.php HTTP/2" 200 67 "https://digikeyland.ir/wp-admin/edit.php?s&post_status=all&post_type=shop_order&action=-1&m=0&pwp_m=0&_created_via&_customer_user&paged=8&action2=-1" "Mozilla/5.0 (Windows NT 10.0; Win64; x64) AppleWebKit/537.36 (KHTML, like Gecko) Chrome/153.0.0.0 Safari/537.36"
46.100.87.66 - - [11/Sep/2026:17:05:05 +0330] "GET /wp-json/wc-admin/onboarding/tasks?_locale=user HTTP/2" 200 1843 "https://digikeyland.ir/wp-admin/edit.php?s&post_status=all&post_type=shop_order&action=-1&m=0&pwp_m=0&_created_via&_customer_user&paged=8&action2=-1" "Mozilla/5.0 (Windows NT 10.0; Win64; x64) AppleWebKit/537.36 (KHTML, like Gecko) Chrome/153.0.0.0 Safari/537.36"
46.100.87.66 - - [11/Sep/2026:17:05:05 +0330] "POST /wp-admin/admin-ajax.php HTTP/2" 200 21 "https://digikeyland.ir/wp-admin/edit.php?s&post_status=all&post_type=shop_order&action=-1&m=0&pwp_m=0&_created_via&_customer_user&paged=8&action2=-1" "Mozilla/5.0 (Windows NT 10.0; Win64; x64) AppleWebKit/537.36 (KHTML, like Gecko) Chrome/153.0.0.0 Safari/537.36"
84.13.153.129 - - [11/Sep/2026:17:05:18 +0330] "GET /wp-admin/index.php HTTP/1.1" 302 20 "https://digikeyland.ir/wp-login.php" "Mozilla/5.0 (Macintosh; Intel Mac OS X 10_15_7; rv:89.0) Gecko/20100101 Firefox/89.0.2"
46.100.87.66 - - [11/Sep/2026:17:05:12 +0330] "GET /wp-admin/edit.php?s&post_status=all&post_type=shop_order&action=-1&m=0&pwp_m=0&_created_via&_customer_user&paged=9&action2=-1 HTTP/2" 200 241468 "https://digikeyland.ir/wp-admin/edit.php?s&post_status=all&post_type=shop_order&action=-1&m=0&pwp_m=0&_created_via&_customer_user&paged=8&action2=-1" "Mozilla/5.0 (Windows NT 10.0; Win64; x64) AppleWebKit/537.36 (KHTML, like Gecko) Chrome/153.0.0.0 Safari/537.36"
46.100.87.66 - - [11/Sep/2026:17:05:19 +0330] "POST /wp-admin/admin-ajax.php HTTP/2" 200 0 "https://digikeyland.ir/wp-admin/edit.php?s&post_status=all&post_type=shop_order&action=-1&m=0&pwp_m=0&_created_via&_customer_user&paged=8&action2=-1" "Mozilla/5.0 (Windows NT 10.0; Win64; x64) AppleWebKit/537.36 (KHTML, like Gecko) Chrome/153.0.0.0 Safari/537.36"
46.100.87.66 - - [11/Sep/2026:17:05:05 +0330] "GET /wp-json/wc-analytics/admin/notes?page=1&per_page=25&type=error%2Cupdate&status=unactioned&_locale=user HTTP/2" 200 0 "https://digikeyland.ir/wp-admin/edit.php?s&post_status=all&post_type=shop_order&action=-1&m=0&pwp_m=0&_created_via&_customer_user&paged=8&action2=-1" "Mozilla/5.0 (Windows NT 10.0; Win64; x64) AppleWebKit/537.36 (KHTML, like Gecko) Chrome/153.0.0.0 Safari/537.36"
185.130.50.10 - - [11/Sep/2026:17:04:40 +0330] "POST /wp-cron.php?doing_wp_cron=1789133680.5043060779571533203125 HTTP/1.1" 200 20 "-" "WordPress/7.1; https://digikeyland.ir"
84.13.153.129 - - [11/Sep/2026:17:04:38 +0330] "GET /wp-login.php?redirect_to=https%3A%2F%2Fdigikeyland.ir%2Fwp-admin%2Findex.php&reauth=1 HTTP/1.1" 200 3804 "https://digikeyland.ir/wp-login.php" "Mozilla/5.0 (Windows NT 10.0; Win64; x64; rv:92.0) Gecko/20100101 Firefox/92.0"
84.13.153.129 - - [11/Sep/2026:17:04:41 +0330] "GET /wp-admin/index.php HTTP/1.1" 302 20 "https://digikeyland.ir/wp-login.php" "Mozilla/5.0 (Windows NT 10.0; Win64; x64; rv:92.0) Gecko/20100101 Firefox/92.0"
84.13.153.129 - - [11/Sep/2026:17:04:43 +0330] "GET /wp-login.php?redirect_to=https%3A%2F%2Fdigikeyland.ir%2Fwp-admin%2Findex.php&reauth=1 HTTP/1.1" 200 3804 "https://digikeyland.ir/wp-login.php" "Mozilla/5.0 (Windows NT 10.0; Win64; x64; rv:92.0) Gecko/20100101 Firefox/92.0"
5.52.118.231 - - [11/Sep/2026:17:05:09 +0330] "GET /product/ps-plus-account/?attribute_pa_plan=%D9%BE%D9%84%D8%A7%D8%B3-%D8%A7%DA%A9%D8%B3%D8%AA%D8%B1%D8%A7-3-%D9%85%D8%A7%D9%87%D9%87-90-%D9%84%DB%8C%D8%B1-%D9%81%D8%A7%D9%86%D8%AF-%D8%B8%D8%B1%D9%81%DB%8C%D8%AA-%DA%A9%D8%A7%D9%85%D9%84&utm_source=EmallsCompairingPrice&utm_medium=EmallsPPC&utm_campaign=Emalls%E2%80%8C HTTP/2" 200 0 "https://click.emalls.ir/" "Mozilla/5.0 (Linux; Android 10; K) AppleWebKit/537.36 (KHTML, like Gecko) Chrome/152.0.0.0 Mobile Safari/537.36"
5.52.118.231 - - [11/Sep/2026:17:05:12 +0330] "GET /product/ps-plus-account/?attribute_pa_plan=%D9%BE%D9%84%D8%A7%D8%B3-%D8%A7%DA%A9%D8%B3%D8%AA%D8%B1%D8%A7-3-%D9%85%D8%A7%D9%87%D9%87-90-%D9%84%DB%8C%D8%B1-%D9%81%D8%A7%D9%86%D8%AF-%D8%B8%D8%B1%D9%81%DB%8C%D8%AA-%DA%A9%D8%A7%D9%85%D9%84&utm_source=EmallsCompairingPrice&utm_medium=EmallsPPC&utm_campaign=Emalls%E2%80%8C HTTP/2" 200 109521 "https://click.emalls.ir/" "Mozilla/5.0 (Linux; Android 10; K) AppleWebKit/537.36 (KHTML, like Gecko) Chrome/152.0.0.0 Mobile Safari/537.36"
5.52.118.231 - - [11/Sep/2026:17:05:24 +0330] "GET /wp-content/plugins/contact-form-7/includes/css/styles.css?ver=6.1.7 HTTP/2" 200 902 "https://digikeyland.ir/product/ps-plus-account/?attribute_pa_plan=%D9%BE%D9%84%D8%A7%D8%B3-%D8%A7%DA%A9%D8%B3%D8%AA%D8%B1%D8%A7-3-%D9%85%D8%A7%D9%87%D9%87-90-%D9%84%DB%8C%D8%B1-%D9%81%D8%A7%D9%86%D8%AF-%D8%B8%D8%B1%D9%81%DB%8C%D8%AA-%DA%A9%D8%A7%D9%85%D9%84&utm_source=EmallsCompairingPrice&utm_medium=EmallsPPC&utm_campaign=Emalls%E2%80%8C" "Mozilla/5.0 (Linux; Android 10; K) AppleWebKit/537.36 (KHTML, like Gecko) Chrome/152.0.0.0 Mobile Safari/537.36"
5.52.118.231 - - [11/Sep/2026:17:05:24 +0330] "GET /wp-content/plugins/contact-form-7/includes/css/styles-rtl.css?ver=6.1.7 HTTP/2" 200 152 "https://digikeyland.ir/product/ps-plus-account/?attribute_pa_plan=%D9%BE%D9%84%D8%A7%D8%B3-%D8%A7%DA%A9%D8%B3%D8%AA%D8%B1%D8%A7-3-%D9%85%D8%A7%D9%87%D9%87-90-%D9%84%DB%8C%D8%B1-%D9%81%D8%A7%D9%86%D8%AF-%D8%B8%D8%B1%D9%81%DB%8C%D8%AA-%DA%A9%D8%A7%D9%85%D9%84&utm_source=EmallsCompairingPrice&utm_medium=EmallsPPC&utm_campaign=Emalls%E2%80%8C" "Mozilla/5.0 (Linux; Android 10; K) AppleWebKit/537.36 (KHTML, like Gecko) Chrome/152.0.0.0 Mobile Safari/537.36"
5.52.118.231 - - [11/Sep/2026:17:05:24 +0330] "GET /wp-content/plugins/sheyda-hamarz/assets/css/frontend/hamarz.min.css?ver=3.5.0.0 HTTP/2" 200 416 "https://digikeyland.ir/product/ps-plus-account/?attribute_pa_plan=%D9%BE%D9%84%D8%A7%D8%B3-%D8%A7%DA%A9%D8%B3%D8%AA%D8%B1%D8%A7-3-%D9%85%D8%A7%D9%87%D9%87-90-%D9%84%DB%8C%D8%B1-%D9%81%D8%A7%D9%86%D8%AF-%D8%B8%D8%B1%D9%81%DB%8C%D8%AA-%DA%A9%D8%A7%D9%85%D9%84&utm_source=EmallsCompairingPrice&utm_medium=EmallsPPC&utm_campaign=Emalls%E2%80%8C" "Mozilla/5.0 (Linux; Android 10; K) AppleWebKit/537.36 (KHTML, like Gecko) Chrome/152.0.0.0 Mobile Safari/537.36"
5.52.118.231 - - [11/Sep/2026:17:05:24 +0330] "GET /wp-content/plugins/ar-contactus/res/css/contactus.min.css?ver=2.2.8 HTTP/2" 200 14107 "https://digikeyland.ir/product/ps-plus-account/?attribute_pa_plan=%D9%BE%D9%84%D8%A7%D8%B3-%D8%A7%DA%A9%D8%B3%D8%AA%D8%B1%D8%A7-3-%D9%85%D8%A7%D9%87%D9%87-90-%D9%84%DB%8C%D8%B1-%D9%81%D8%A7%D9%86%D8%AF-%D8%B8%D8%B1%D9%81%DB%8C%D8%AA-%DA%A9%D8%A7%D9%85%D9%84&utm_source=EmallsCompairingPrice&utm_medium=EmallsPPC&utm_campaign=Emalls%E2%80%8C" "Mozilla/5.0 (Linux; Android 10; K) AppleWebKit/537.36 (KHTML, like Gecko) Chrome/152.0.0.0 Mobile Safari/537.36"
5.52.118.231 - - [11/Sep/2026:17:05:24 +0330] "GET /wp-content/plugins/ar-contactus/res/css/generated-mobile.css?ver=1789045161 HTTP/2" 200 471 "https://digikeyland.ir/product/ps-plus-account/?attribute_pa_plan=%D9%BE%D9%84%D8%A7%D8%B3-%D8%A7%DA%A9%D8%B3%D8%AA%D8%B1%D8%A7-3-%D9%85%D8%A7%D9%87%D9%87-90-%D9%84%DB%8C%D8%B1-%D9%81%D8%A7%D9%86%D8%AF-%D8%B8%D8%B1%D9%81%DB%8C%D8%AA-%DA%A9%D8%A7%D9%85%D9%84&utm_source=EmallsCompairingPrice&utm_medium=EmallsPPC&utm_campaign=Emalls%E2%80%8C" "Mozilla/5.0 (Linux; Android 10; K) AppleWebKit/537.36 (KHTML, like Gecko) Chrome/152.0.0.0 Mobile Safari/537.36"
5.52.118.231 - - [11/Sep/2026:17:05:24 +0330] "GET /wp-content/plugins/woo-variation-swatches/assets/css/frontend.min.css?ver=2.4.0 HTTP/2" 200 4326 "https://digikeyland.ir/product/ps-plus-account/?attribute_pa_plan=%D9%BE%D9%84%D8%A7%D8%B3-%D8%A7%DA%A9%D8%B3%D8%AA%D8%B1%D8%A7-3-%D9%85%D8%A7%D9%87%D9%87-90-%D9%84%DB%8C%D8%B1-%D9%81%D8%A7%D9%86%D8%AF-%D8%B8%D8%B1%D9%81%DB%8C%D8%AA-%DA%A9%D8%A7%D9%85%D9%84&utm_source=EmallsCompairingPrice&utm_medium=EmallsPPC&utm_campaign=Emalls%E2%80%8C" "Mozilla/5.0 (Linux; Android 10; K) AppleWebKit/537.36 (KHTML, like Gecko) Chrome/152.0.0.0 Mobile Safari/537.36"
5.52.118.231 - - [11/Sep/2026:17:05:24 +0330] "GET /wp-content/themes/shopi/includes/redux-core/assets/css/extendify-utilities.css?ver=4.4.11 HTTP/2" 200 5382 "https://digikeyland.ir/product/ps-plus-account/?attribute_pa_plan=%D9%BE%D9%84%D8%A7%D8%B3-%D8%A7%DA%A9%D8%B3%D8%AA%D8%B1%D8%A7-3-%D9%85%D8%A7%D9%87%D9%87-90-%D9%84%DB%8C%D8%B1-%D9%81%D8%A7%D9%86%D8%AF-%D8%B8%D8%B1%D9%81%DB%8C%D8%AA-%DA%A9%D8%A7%D9%85%D9%84&utm_source=EmallsCompairingPrice&utm_medium=EmallsPPC&utm_campaign=Emalls%E2%80%8C" "Mozilla/5.0 (Linux; Android 10; K) AppleWebKit/537.36 (KHTML, like Gecko) Chrome/152.0.0.0 Mobile Safari/537.36"
5.52.118.231 - - [11/Sep/2026:17:05:24 +0330] "GET /wp-content/uploads/elementor/css/custom-frontend.min.css?ver=1789045198 HTTP/2" 200 6649 "https://digikeyland.ir/product/ps-plus-account/?attribute_pa_plan=%D9%BE%D9%84%D8%A7%D8%B3-%D8%A7%DA%A9%D8%B3%D8%AA%D8%B1%D8%A7-3-%D9%85%D8%A7%D9%87%D9%87-90-%D9%84%DB%8C%D8%B1-%D9%81%D8%A7%D9%86%D8%AF-%D8%B8%D8%B1%D9%81%DB%8C%D8%AA-%DA%A9%D8%A7%D9%85%D9%84&utm_source=EmallsCompairingPrice&utm_medium=EmallsPPC&utm_campaign=Emalls%E2%80%8C" "Mozilla/5.0 (Linux; Android 10; K) AppleWebKit/537.36 (KHTML, like Gecko) Chrome/152.0.0.0 Mobile Safari/537.36"
5.52.118.231 - - [11/Sep/2026:17:05:24 +0330] "GET /wp-content/plugins/elementor/assets/css/widget-heading-rtl.min.css?ver=4.2.4 HTTP/2" 200 126 "https://digikeyland.ir/product/ps-plus-account/?attribute_pa_plan=%D9%BE%D9%84%D8%A7%D8%B3-%D8%A7%DA%A9%D8%B3%D8%AA%D8%B1%D8%A7-3-%D9%85%D8%A7%D9%87%D9%87-90-%D9%84%DB%8C%D8%B1-%D9%81%D8%A7%D9%86%D8%AF-%D8%B8%D8%B1%D9%81%DB%8C%D8%AA-%DA%A9%D8%A7%D9%85%D9%84&utm_source=EmallsCompairingPrice&utm_medium=EmallsPPC&utm_campaign=Emalls%E2%80%8C" "Mozilla/5.0 (Linux; Android 10; K) AppleWebKit/537.36 (KHTML, like Gecko) Chrome/152.0.0.0 Mobile Safari/537.36"
5.52.118.231 - - [11/Sep/2026:17:05:24 +0330] "GET /wp-content/uploads/elementor/css/custom-pro-widget-nav-menu-rtl.min.css?ver=1789045198 HTTP/2" 200 3228 "https://digikeyland.ir/product/ps-plus-account/?attribute_pa_plan=%D9%BE%D9%84%D8%A7%D8%B3-%D8%A7%DA%A9%D8%B3%D8%AA%D8%B1%D8%A7-3-%D9%85%D8%A7%D9%87%D9%87-90-%D9%84%DB%8C%D8%B1-%D9%81%D8%A7%D9%86%D8%AF-%D8%B8%D8%B1%D9%81%DB%8C%D8%AA-%DA%A9%D8%A7%D9%85%D9%84&utm_source=EmallsCompairingPrice&utm_medium=EmallsPPC&utm_campaign=Emalls%E2%80%8C" "Mozilla/5.0 (Linux; Android 10; K) AppleWebKit/537.36 (KHTML, like Gecko) Chrome/152.0.0.0 Mobile Safari/537.36"
5.52.118.231 - - [11/Sep/2026:17:05:24 +0330] "GET /wp-content/plugins/elementor/assets/css/widget-image-rtl.min.css?ver=4.2.4 HTTP/2" 200 96 "https://digikeyland.ir/product/ps-plus-account/?attribute_pa_plan=%D9%BE%D9%84%D8%A7%D8%B3-%D8%A7%DA%A9%D8%B3%D8%AA%D8%B1%D8%A7-3-%D9%85%D8%A7%D9%87%D9%87-90-%D9%84%DB%8C%D8%B1-%D9%81%D8%A7%D9%86%D8%AF-%D8%B8%D8%B1%D9%81%DB%8C%D8%AA-%DA%A9%D8%A7%D9%85%D9%84&utm_source=EmallsCompairingPrice&utm_medium=EmallsPPC&utm_campaign=Emalls%E2%80%8C" "Mozilla/5.0 (Linux; Android 10; K) AppleWebKit/537.36 (KHTML, like Gecko) Chrome/152.0.0.0 Mobile Safari/537.36"
5.52.118.231 - - [11/Sep/2026:17:05:24 +0330] "GET /wp-content/plugins/elementor-pro/assets/css/modules/sticky.min.css?ver=3.33.2 HTTP/2" 200 162 "https://digikeyland.ir/product/ps-plus-account/?attribute_pa_plan=%D9%BE%D9%84%D8%A7%D8%B3-%D8%A7%DA%A9%D8%B3%D8%AA%D8%B1%D8%A7-3-%D9%85%D8%A7%D9%87%D9%87-90-%D9%84%DB%8C%D8%B1-%D9%81%D8%A7%D9%86%D8%AF-%D8%B8%D8%B1%D9%81%DB%8C%D8%AA-%DA%A9%D8%A7%D9%85%D9%84&utm_source=EmallsCompairingPrice&utm_medium=EmallsPPC&utm_campaign=Emalls%E2%80%8C" "Mozilla/5.0 (Linux; Android 10; K) AppleWebKit/537.36 (KHTML, like Gecko) Chrome/152.0.0.0 Mobile Safari/537.36"
5.52.118.231 - - [11/Sep/2026:17:05:24 +0330] "GET /wp-content/plugins/elementor/assets/css/widget-divider-rtl.min.css?ver=4.2.4 HTTP/2" 200 678 "https://digikeyland.ir/product/ps-plus-account/?attribute_pa_plan=%D9%BE%D9%84%D8%A7%D8%B3-%D8%A7%DA%A9%D8%B3%D8%AA%D8%B1%D8%A7-3-%D9%85%D8%A7%D9%87%D9%87-90-%D9%84%DB%8C%D8%B1-%D9%81%D8%A7%D9%86%D8%AF-%D8%B8%D8%B1%D9%81%DB%8C%D8%AA-%DA%A9%D8%A7%D9%85%D9%84&utm_source=EmallsCompairingPrice&utm_medium=EmallsPPC&utm_campaign=Emalls%E2%80%8C" "Mozilla/5.0 (Linux; Android 10; K) AppleWebKit/537.36 (KHTML, like Gecko) Chrome/152.0.0.0 Mobile Safari/537.36"
5.52.118.231 - - [11/Sep/2026:17:05:24 +0330] "GET /wp-content/plugins/elementor-pro/assets/css/modules/motion-fx.min.css?ver=3.33.2 HTTP/2" 200 240 "https://digikeyland.ir/product/ps-plus-account/?attribute_pa_plan=%D9%BE%D9%84%D8%A7%D8%B3-%D8%A7%DA%A9%D8%B3%D8%AA%D8%B1%D8%A7-3-%D9%85%D8%A7%D9%87%D9%87-90-%D9%84%DB%8C%D8%B1-%D9%81%D8%A7%D9%86%D8%AF-%D8%B8%D8%B1%D9%81%DB%8C%D8%AA-%DA%A9%D8%A7%D9%85%D9%84&utm_source=EmallsCompairingPrice&utm_medium=EmallsPPC&utm_campaign=Emalls%E2%80%8C" "Mozilla/5.0 (Linux; Android 10; K) AppleWebKit/537.36 (KHTML, like Gecko) Chrome/152.0.0.0 Mobile Safari/537.36"
5.52.118.231 - - [11/Sep/2026:17:05:24 +0330] "GET /wp-content/uploads/elementor/css/post-329.css?ver=1789045199 HTTP/2" 200 373 "https://digikeyland.ir/product/ps-plus-account/?attribute_pa_plan=%D9%BE%D9%84%D8%A7%D8%B3-%D8%A7%DA%A9%D8%B3%D8%AA%D8%B1%D8%A7-3-%D9%85%D8%A7%D9%87%D9%87-90-%D9%84%DB%8C%D8%B1-%D9%81%D8%A7%D9%86%D8%AF-%D8%B8%D8%B1%D9%81%DB%8C%D8%AA-%DA%A9%D8%A7%D9%85%D9%84&utm_source=EmallsCompairingPrice&utm_medium=EmallsPPC&utm_campaign=Emalls%E2%80%8C" "Mozilla/5.0 (Linux; Android 10; K) AppleWebKit/537.36 (KHTML, like Gecko) Chrome/152.0.0.0 Mobile Safari/537.36"
5.52.118.231 - - [11/Sep/2026:17:05:24 +0330] "GET /wp-content/uploads/elementor/css/post-2837.css?ver=1789045415 HTTP/2" 200 2205 "https://digikeyland.ir/product/ps-plus-account/?attribute_pa_plan=%D9%BE%D9%84%D8%A7%D8%B3-%D8%A7%DA%A9%D8%B3%D8%AA%D8%B1%D8%A7-3-%D9%85%D8%A7%D9%87%D9%87-90-%D9%84%DB%8C%D8%B1-%D9%81%D8%A7%D9%86%D8%AF-%D8%B8%D8%B1%D9%81%DB%8C%D8%AA-%DA%A9%D8%A7%D9%85%D9%84&utm_source=EmallsCompairingPrice&utm_medium=EmallsPPC&utm_campaign=Emalls%E2%80%8C" "Mozilla/5.0 (Linux; Android 10; K) AppleWebKit/537.36 (KHTML, like Gecko) Chrome/152.0.0.0 Mobile Safari/537.36"
5.52.118.231 - - [11/Sep/2026:17:05:24 +0330] "GET /wp-content/uploads/elementor/css/post-2667.css?ver=1789045201 HTTP/2" 200 3038 "https://digikeyland.ir/product/ps-plus-account/?attribute_pa_plan=%D9%BE%D9%84%D8%A7%D8%B3-%D8%A7%DA%A9%D8%B3%D8%AA%D8%B1%D8%A7-3-%D9%85%D8%A7%D9%87%D9%87-90-%D9%84%DB%8C%D8%B1-%D9%81%D8%A7%D9%86%D8%AF-%D8%B8%D8%B1%D9%81%DB%8C%D8%AA-%DA%A9%D8%A7%D9%85%D9%84&utm_source=EmallsCompairingPrice&utm_medium=EmallsPPC&utm_campaign=Emalls%E2%80%8C" "Mozilla/5.0 (Linux; Android 10; K) AppleWebKit/537.36 (KHTML, like Gecko) Chrome/152.0.0.0 Mobile Safari/537.36"
5.52.118.231 - - [11/Sep/2026:17:05:24 +0330] "GET /wp-content/uploads/elementor/css/post-3202.css?ver=1789045769 HTTP/2" 200 2467 "https://digikeyland.ir/product/ps-plus-account/?attribute_pa_plan=%D9%BE%D9%84%D8%A7%D8%B3-%D8%A7%DA%A9%D8%B3%D8%AA%D8%B1%D8%A7-3-%D9%85%D8%A7%D9%87%D9%87-90-%D9%84%DB%8C%D8%B1-%D9%81%D8%A7%D9%86%D8%AF-%D8%B8%D8%B1%D9%81%DB%8C%D8%AA-%DA%A9%D8%A7%D9%85%D9%84&utm_source=EmallsCompairingPrice&utm_medium=EmallsPPC&utm_campaign=Emalls%E2%80%8C" "Mozilla/5.0 (Linux; Android 10; K) AppleWebKit/537.36 (KHTML, like Gecko) Chrome/152.0.0.0 Mobile Safari/537.36"
5.52.118.231 - - [11/Sep/2026:17:05:24 +0330] "GET /wp-content/plugins/sheyda-hamarz/panel/assets/css/frontend/sheyda.min.css?ver=2.3.0.0 HTTP/2" 200 75 "https://digikeyland.ir/product/ps-plus-account/?attribute_pa_plan=%D9%BE%D9%84%D8%A7%D8%B3-%D8%A7%DA%A9%D8%B3%D8%AA%D8%B1%D8%A7-3-%D9%85%D8%A7%D9%87%D9%87-90-%D9%84%DB%8C%D8%B1-%D9%81%D8%A7%D9%86%D8%AF-%D8%B8%D8%B1%D9%81%DB%8C%D8%AA-%DA%A9%D8%A7%D9%85%D9%84&utm_source=EmallsCompairingPrice&utm_medium=EmallsPPC&utm_campaign=Emalls%E2%80%8C" "Mozilla/5.0 (Linux; Android 10; K) AppleWebKit/537.36 (KHTML, like Gecko) Chrome/152.0.0.0 Mobile Safari/537.36"
5.52.118.231 - - [11/Sep/2026:17:05:24 +0330] "GET /wp-content/plugins/sheyda-hamarz/panel/assets/css/icons.min.css?ver=2.3.0.0 HTTP/2" 200 784 "https://digikeyland.ir/product/ps-plus-account/?attribute_pa_plan=%D9%BE%D9%84%D8%A7%D8%B3-%D8%A7%DA%A9%D8%B3%D8%AA%D8%B1%D8%A7-3-%D9%85%D8%A7%D9%87%D9%87-90-%D9%84%DB%8C%D8%B1-%D9%81%D8%A7%D9%86%D8%AF-%D8%B8%D8%B1%D9%81%DB%8C%D8%AA-%DA%A9%D8%A7%D9%85%D9%84&utm_source=EmallsCompairingPrice&utm_medium=EmallsPPC&utm_campaign=Emalls%E2%80%8C" "Mozilla/5.0 (Linux; Android 10; K) AppleWebKit/537.36 (KHTML, like Gecko) Chrome/152.0.0.0 Mobile Safari/537.36"
5.52.118.231 - - [11/Sep/2026:17:05:24 +0330] "GET /wp-content/plugins/woocommerce/assets/css/select2.css?ver=11.1.0 HTTP/2" 200 1750 "https://digikeyland.ir/product/ps-plus-account/?attribute_pa_plan=%D9%BE%D9%84%D8%A7%D8%B3-%D8%A7%DA%A9%D8%B3%D8%AA%D8%B1%D8%A7-3-%D9%85%D8%A7%D9%87%D9%87-90-%D9%84%DB%8C%D8%B1-%D9%81%D8%A7%D9%86%D8%AF-%D8%B8%D8%B1%D9%81%DB%8C%D8%AA-%DA%A9%D8%A7%D9%85%D9%84&utm_source=EmallsCompairingPrice&utm_medium=EmallsPPC&utm_campaign=Emalls%E2%80%8C" "Mozilla/5.0 (Linux; Android 10; K) AppleWebKit/537.36 (KHTML, like Gecko) Chrome/152.0.0.0 Mobile Safari/537.36"
5.52.118.231 - - [11/Sep/2026:17:05:24 +0330] "GET /wp-content/themes/shopi/assets/css/glightbox.css?ver=2.0.0 HTTP/2" 200 2728 "https://digikeyland.ir/product/ps-plus-account/?attribute_pa_plan=%D9%BE%D9%84%D8%A7%D8%B3-%D8%A7%DA%A9%D8%B3%D8%AA%D8%B1%D8%A7-3-%D9%85%D8%A7%D9%87%D9%87-90-%D9%84%DB%8C%D8%B1-%D9%81%D8%A7%D9%86%D8%AF-%D8%B8%D8%B1%D9%81%DB%8C%D8%AA-%DA%A9%D8%A7%D9%85%D9%84&utm_source=EmallsCompairingPrice&utm_medium=EmallsPPC&utm_campaign=Emalls%E2%80%8C" "Mozilla/5.0 (Linux; Android 10; K) AppleWebKit/537.36 (KHTML, like Gecko) Chrome/152.0.0.0 Mobile Safari/537.36"
5.52.118.231 - - [11/Sep/2026:17:05:24 +0330] "GET /wp-content/themes/shopi/assets/css/jquery-ui.css?ver=2.0.0 HTTP/2" 200 7927 "https://digikeyland.ir/product/ps-plus-account/?attribute_pa_plan=%D9%BE%D9%84%D8%A7%D8%B3-%D8%A7%DA%A9%D8%B3%D8%AA%D8%B1%D8%A7-3-%D9%85%D8%A7%D9%87%D9%87-90-%D9%84%DB%8C%D8%B1-%D9%81%D8%A7%D9%86%D8%AF-%D8%B8%D8%B1%D9%81%DB%8C%D8%AA-%DA%A9%D8%A7%D9%85%D9%84&utm_source=EmallsCompairingPrice&utm_medium=EmallsPPC&utm_campaign=Emalls%E2%80%8C" "Mozilla/5.0 (Linux; Android 10; K) AppleWebKit/537.36 (KHTML, like Gecko) Chrome/152.0.0.0 Mobile Safari/537.36"
5.52.118.231 - - [11/Sep/2026:17:05:24 +0330] "GET /wp-content/themes/shopi/assets/css/plugins.css?ver=2.0.0 HTTP/2" 200 9964 "https://digikeyland.ir/product/ps-plus-account/?attribute_pa_plan=%D9%BE%D9%84%D8%A7%D8%B3-%D8%A7%DA%A9%D8%B3%D8%AA%D8%B1%D8%A7-3-%D9%85%D8%A7%D9%87%D9%87-90-%D9%84%DB%8C%D8%B1-%D9%81%D8%A7%D9%86%D8%AF-%D8%B8%D8%B1%D9%81%DB%8C%D8%AA-%DA%A9%D8%A7%D9%85%D9%84&utm_source=EmallsCompairingPrice&utm_medium=EmallsPPC&utm_campaign=Emalls%E2%80%8C" "Mozilla/5.0 (Linux; Android 10; K) AppleWebKit/537.36 (KHTML, like Gecko) Chrome/152.0.0.0 Mobile Safari/537.36"
5.52.118.231 - - [11/Sep/2026:17:05:24 +0330] "GET /wp-content/themes/shopi/assets/css/tailwind.css?ver=2.0.0 HTTP/2" 200 12246 "https://digikeyland.ir/product/ps-plus-account/?attribute_pa_plan=%D9%BE%D9%84%D8%A7%D8%B3-%D8%A7%DA%A9%D8%B3%D8%AA%D8%B1%D8%A7-3-%D9%85%D8%A7%D9%87%D9%87-90-%D9%84%DB%8C%D8%B1-%D9%81%D8%A7%D9%86%D8%AF-%D8%B8%D8%B1%D9%81%DB%8C%D8%AA-%DA%A9%D8%A7%D9%85%D9%84&utm_source=EmallsCompairingPrice&utm_medium=EmallsPPC&utm_campaign=Emalls%E2%80%8C" "Mozilla/5.0 (Linux; Android 10; K) AppleWebKit/537.36 (KHTML, like Gecko) Chrome/152.0.0.0 Mobile Safari/537.36"
5.52.118.231 - - [11/Sep/2026:17:05:24 +0330] "GET /wp-content/themes/shopi/style.css?ver=2.0.0 HTTP/2" 200 16877 "https://digikeyland.ir/product/ps-plus-account/?attribute_pa_plan=%D9%BE%D9%84%D8%A7%D8%B3-%D8%A7%DA%A9%D8%B3%D8%AA%D8%B1%D8%A7-3-%D9%85%D8%A7%D9%87%D9%87-90-%D9%84%DB%8C%D8%B1-%D9%81%D8%A7%D9%86%D8%AF-%D8%B8%D8%B1%D9%81%DB%8C%D8%AA-%DA%A9%D8%A7%D9%85%D9%84&utm_source=EmallsCompairingPrice&utm_medium=EmallsPPC&utm_campaign=Emalls%E2%80%8C" "Mozilla/5.0 (Linux; Android 10; K) AppleWebKit/537.36 (KHTML, like Gecko) Chrome/152.0.0.0 Mobile Safari/537.36"
5.52.118.231 - - [11/Sep/2026:17:05:24 +0330] "GET /wp-includes/js/jquery/jquery.min.js?ver=3.7.1 HTTP/2" 200 29744 "https://digikeyland.ir/product/ps-plus-account/?attribute_pa_plan=%D9%BE%D9%84%D8%A7%D8%B3-%D8%A7%DA%A9%D8%B3%D8%AA%D8%B1%D8%A7-3-%D9%85%D8%A7%D9%87%D9%87-90-%D9%84%DB%8C%D8%B1-%D9%81%D8%A7%D9%86%D8%AF-%D8%B8%D8%B1%D9%81%DB%8C%D8%AA-%DA%A9%D8%A7%D9%85%D9%84&utm_source=EmallsCompairingPrice&utm_medium=EmallsPPC&utm_campaign=Emalls%E2%80%8C" "Mozilla/5.0 (Linux; Android 10; K) AppleWebKit/537.36 (KHTML, like Gecko) Chrome/152.0.0.0 Mobile Safari/537.36"
5.52.118.231 - - [11/Sep/2026:17:05:24 +0330] "GET /wp-includes/js/jquery/jquery-migrate.min.js?ver=3.4.1 HTTP/2" 200 4678 "https://digikeyland.ir/product/ps-plus-account/?attribute_pa_plan=%D9%BE%D9%84%D8%A7%D8%B3-%D8%A7%DA%A9%D8%B3%D8%AA%D8%B1%D8%A7-3-%D9%85%D8%A7%D9%87%D9%87-90-%D9%84%DB%8C%D8%B1-%D9%81%D8%A7%D9%86%D8%AF-%D8%B8%D8%B1%D9%81%DB%8C%D8%AA-%DA%A9%D8%A7%D9%85%D9%84&utm_source=EmallsCompairingPrice&utm_medium=EmallsPPC&utm_campaign=Emalls%E2%80%8C" "Mozilla/5.0 (Linux; Android 10; K) AppleWebKit/537.36 (KHTML, like Gecko) Chrome/152.0.0.0 Mobile Safari/537.36"
5.52.118.231 - - [11/Sep/2026:17:05:24 +0330] "GET /wp-content/plugins/woocommerce/assets/js/jquery-blockui/jquery.blockUI.min.js?ver=2.7.0-wc.11.1.0 HTTP/2" 200 3277 "https://digikeyland.ir/product/ps-plus-account/?attribute_pa_plan=%D9%BE%D9%84%D8%A7%D8%B3-%D8%A7%DA%A9%D8%B3%D8%AA%D8%B1%D8%A7-3-%D9%85%D8%A7%D9%87%D9%87-90-%D9%84%DB%8C%D8%B1-%D9%81%D8%A7%D9%86%D8%AF-%D8%B8%D8%B1%D9%81%DB%8C%D8%AA-%DA%A9%D8%A7%D9%85%D9%84&utm_source=EmallsCompairingPrice&utm_medium=EmallsPPC&utm_campaign=Emalls%E2%80%8C" "Mozilla/5.0 (Linux; Android 10; K) AppleWebKit/537.36 (KHTML, like Gecko) Chrome/152.0.0.0 Mobile Safari/537.36"
5.52.118.231 - - [11/Sep/2026:17:05:24 +0330] "GET /wp-content/plugins/ar-contactus/res/js/contactus.min.js?ver=2.2.8 HTTP/2" 200 9625 "https://digikeyland.ir/product/ps-plus-account/?attribute_pa_plan=%D9%BE%D9%84%D8%A7%D8%B3-%D8%A7%DA%A9%D8%B3%D8%AA%D8%B1%D8%A7-3-%D9%85%D8%A7%D9%87%D9%87-90-%D9%84%DB%8C%D8%B1-%D9%81%D8%A7%D9%86%D8%AF-%D8%B8%D8%B1%D9%81%DB%8C%D8%AA-%DA%A9%D8%A7%D9%85%D9%84&utm_source=EmallsCompairingPrice&utm_medium=EmallsPPC&utm_campaign=Emalls%E2%80%8C" "Mozilla/5.0 (Linux; Android 10; K) AppleWebKit/537.36 (KHTML, like Gecko) Chrome/152.0.0.0 Mobile Safari/537.36"
5.52.118.231 - - [11/Sep/2026:17:05:24 +0330] "GET /wp-content/plugins/ar-contactus/res/js/scripts.js?ver=2.2.8 HTTP/2" 200 960 "https://digikeyland.ir/product/ps-plus-account/?attribute_pa_plan=%D9%BE%D9%84%D8%A7%D8%B3-%D8%A7%DA%A9%D8%B3%D8%AA%D8%B1%D8%A7-3-%D9%85%D8%A7%D9%87%D9%87-90-%D9%84%DB%8C%D8%B1-%D9%81%D8%A7%D9%86%D8%AF-%D8%B8%D8%B1%D9%81%DB%8C%D8%AA-%DA%A9%D8%A7%D9%85%D9%84&utm_source=EmallsCompairingPrice&utm_medium=EmallsPPC&utm_campaign=Emalls%E2%80%8C" "Mozilla/5.0 (Linux; Android 10; K) AppleWebKit/537.36 (KHTML, like Gecko) Chrome/152.0.0.0 Mobile Safari/537.36"
5.52.118.231 - - [11/Sep/2026:17:05:24 +0330] "GET /wp-content/uploads/2025/12/DIGIKEYLAND-BANNER-01.webp HTTP/2" 200 8142 "https://digikeyland.ir/product/ps-plus-account/?attribute_pa_plan=%D9%BE%D9%84%D8%A7%D8%B3-%D8%A7%DA%A9%D8%B3%D8%AA%D8%B1%D8%A7-3-%D9%85%D8%A7%D9%87%D9%87-90-%D9%84%DB%8C%D8%B1-%D9%81%D8%A7%D9%86%D8%AF-%D8%B8%D8%B1%D9%81%DB%8C%D8%AA-%DA%A9%D8%A7%D9%85%D9%84&utm_source=EmallsCompairingPrice&utm_medium=EmallsPPC&utm_campaign=Emalls%E2%80%8C" "Mozilla/5.0 (Linux; Android 10; K) AppleWebKit/537.36 (KHTML, like Gecko) Chrome/152.0.0.0 Mobile Safari/537.36"
5.52.118.231 - - [11/Sep/2026:17:05:24 +0330] "GET /wp-content/uploads/2025/10/Digikeyland-logo-svg.svg HTTP/2" 200 1756 "https://digikeyland.ir/product/ps-plus-account/?attribute_pa_plan=%D9%BE%D9%84%D8%A7%D8%B3-%D8%A7%DA%A9%D8%B3%D8%AA%D8%B1%D8%A7-3-%D9%85%D8%A7%D9%87%D9%87-90-%D9%84%DB%8C%D8%B1-%D9%81%D8%A7%D9%86%D8%AF-%D8%B8%D8%B1%D9%81%DB%8C%D8%AA-%DA%A9%D8%A7%D9%85%D9%84&utm_source=EmallsCompairingPrice&utm_medium=EmallsPPC&utm_campaign=Emalls%E2%80%8C" "Mozilla/5.0 (Linux; Android 10; K) AppleWebKit/537.36 (KHTML, like Gecko) Chrome/152.0.0.0 Mobile Safari/537.36"
5.52.118.231 - - [11/Sep/2026:17:05:24 +0330] "GET /wp-content/plugins/ar-contactus/res/js/maskedinput.min.js?version=2.2.8 HTTP/2" 200 21 "https://digikeyland.ir/product/ps-plus-account/?attribute_pa_plan=%D9%BE%D9%84%D8%A7%D8%B3-%D8%A7%DA%A9%D8%B3%D8%AA%D8%B1%D8%A7-3-%D9%85%D8%A7%D9%87%D9%87-90-%D9%84%DB%8C%D8%B1-%D9%81%D8%A7%D9%86%D8%AF-%D8%B8%D8%B1%D9%81%DB%8C%D8%AA-%DA%A9%D8%A7%D9%85%D9%84&utm_source=EmallsCompairingPrice&utm_medium=EmallsPPC&utm_campaign=Emalls%E2%80%8C" "Mozilla/5.0 (Linux; Android 10; K) AppleWebKit/537.36 (KHTML, like Gecko) Chrome/152.0.0.0 Mobile Safari/537.36"
5.52.118.231 - - [11/Sep/2026:17:05:24 +0330] "GET /wp-includes/js/dist/hooks.min.js?ver=f0f188028580e8dc1255 HTTP/2" 200 1759 "https://digikeyland.ir/product/ps-plus-account/?attribute_pa_plan=%D9%BE%D9%84%D8%A7%D8%B3-%D8%A7%DA%A9%D8%B3%D8%AA%D8%B1%D8%A7-3-%D9%85%D8%A7%D9%87%D9%87-90-%D9%84%DB%8C%D8%B1-%D9%81%D8%A7%D9%86%D8%AF-%D8%B8%D8%B1%D9%81%DB%8C%D8%AA-%DA%A9%D8%A7%D9%85%D9%84&utm_source=EmallsCompairingPrice&utm_medium=EmallsPPC&utm_campaign=Emalls%E2%80%8C" "Mozilla/5.0 (Linux; Android 10; K) AppleWebKit/537.36 (KHTML, like Gecko) Chrome/152.0.0.0 Mobile Safari/537.36"
5.52.118.231 - - [11/Sep/2026:17:05:24 +0330] "GET /wp-includes/js/dist/i18n.min.js?ver=1dfe7db3940c23ea9216 HTTP/2" 200 2379 "https://digikeyland.ir/product/ps-plus-account/?attribute_pa_plan=%D9%BE%D9%84%D8%A7%D8%B3-%D8%A7%DA%A9%D8%B3%D8%AA%D8%B1%D8%A7-3-%D9%85%D8%A7%D9%87%D9%87-90-%D9%84%DB%8C%D8%B1-%D9%81%D8%A7%D9%86%D8%AF-%D8%B8%D8%B1%D9%81%DB%8C%D8%AA-%DA%A9%D8%A7%D9%85%D9%84&utm_source=EmallsCompairingPrice&utm_medium=EmallsPPC&utm_campaign=Emalls%E2%80%8C" "Mozilla/5.0 (Linux; Android 10; K) AppleWebKit/537.36 (KHTML, like Gecko) Chrome/152.0.0.0 Mobile Safari/537.36"
5.52.118.231 - - [11/Sep/2026:17:05:24 +0330] "GET /wp-content/plugins/contact-form-7/includes/swv/js/index.js?ver=6.1.7 HTTP/2" 200 3369 "https://digikeyland.ir/product/ps-plus-account/?attribute_pa_plan=%D9%BE%D9%84%D8%A7%D8%B3-%D8%A7%DA%A9%D8%B3%D8%AA%D8%B1%D8%A7-3-%D9%85%D8%A7%D9%87%D9%87-90-%D9%84%DB%8C%D8%B1-%D9%81%D8%A7%D9%86%D8%AF-%D8%B8%D8%B1%D9%81%DB%8C%D8%AA-%DA%A9%D8%A7%D9%85%D9%84&utm_source=EmallsCompairingPrice&utm_medium=EmallsPPC&utm_campaign=Emalls%E2%80%8C" "Mozilla/5.0 (Linux; Android 10; K) AppleWebKit/537.36 (KHTML, like Gecko) Chrome/152.0.0.0 Mobile Safari/537.36"
5.52.118.231 - - [11/Sep/2026:17:05:25 +0330] "GET /wp-content/plugins/contact-form-7/includes/js/index.js?ver=6.1.7 HTTP/2" 200 4008 "https://digikeyland.ir/product/ps-plus-account/?attribute_pa_plan=%D9%BE%D9%84%D8%A7%D8%B3-%D8%A7%DA%A9%D8%B3%D8%AA%D8%B1%D8%A7-3-%D9%85%D8%A7%D9%87%D9%87-90-%D9%84%DB%8C%D8%B1-%D9%81%D8%A7%D9%86%D8%AF-%D8%B8%D8%B1%D9%81%DB%8C%D8%AA-%DA%A9%D8%A7%D9%85%D9%84&utm_source=EmallsCompairingPrice&utm_medium=EmallsPPC&utm_campaign=Emalls%E2%80%8C" "Mozilla/5.0 (Linux; Android 10; K) AppleWebKit/537.36 (KHTML, like Gecko) Chrome/152.0.0.0 Mobile Safari/537.36"
5.52.118.231 - - [11/Sep/2026:17:05:25 +0330] "GET /wp-content/plugins/sheyda-hamarz/assets/js/frontend/hamarz.min.js?ver=3.5.0.0 HTTP/2" 200 382 "https://digikeyland.ir/product/ps-plus-account/?attribute_pa_plan=%D9%BE%D9%84%D8%A7%D8%B3-%D8%A7%DA%A9%D8%B3%D8%AA%D8%B1%D8%A7-3-%D9%85%D8%A7%D9%87%D9%87-90-%D9%84%DB%8C%D8%B1-%D9%81%D8%A7%D9%86%D8%AF-%D8%B8%D8%B1%D9%81%DB%8C%D8%AA-%DA%A9%D8%A7%D9%85%D9%84&utm_source=EmallsCompairingPrice&utm_medium=EmallsPPC&utm_campaign=Emalls%E2%80%8C" "Mozilla/5.0 (Linux; Android 10; K) AppleWebKit/537.36 (KHTML, like Gecko) Chrome/152.0.0.0 Mobile Safari/537.36"
5.52.118.231 - - [11/Sep/2026:17:05:25 +0330] "GET /wp-includes/js/underscore.min.js?ver=1.13.8 HTTP/2" 200 7228 "https://digikeyland.ir/product/ps-plus-account/?attribute_pa_plan=%D9%BE%D9%84%D8%A7%D8%B3-%D8%A7%DA%A9%D8%B3%D8%AA%D8%B1%D8%A7-3-%D9%85%D8%A7%D9%87%D9%87-90-%D9%84%DB%8C%D8%B1-%D9%81%D8%A7%D9%86%D8%AF-%D8%B8%D8%B1%D9%81%DB%8C%D8%AA-%DA%A9%D8%A7%D9%85%D9%84&utm_source=EmallsCompairingPrice&utm_medium=EmallsPPC&utm_campaign=Emalls%E2%80%8C" "Mozilla/5.0 (Linux; Android 10; K) AppleWebKit/537.36 (KHTML, like Gecko) Chrome/152.0.0.0 Mobile Safari/537.36"
5.52.118.231 - - [11/Sep/2026:17:05:25 +0330] "GET /wp-includes/js/wp-util.min.js?ver=7.1 HTTP/2" 200 693 "https://digikeyland.ir/product/ps-plus-account/?attribute_pa_plan=%D9%BE%D9%84%D8%A7%D8%B3-%D8%A7%DA%A9%D8%B3%D8%AA%D8%B1%D8%A7-3-%D9%85%D8%A7%D9%87%D9%87-90-%D9%84%DB%8C%D8%B1-%D9%81%D8%A7%D9%86%D8%AF-%D8%B8%D8%B1%D9%81%DB%8C%D8%AA-%DA%A9%D8%A7%D9%85%D9%84&utm_source=EmallsCompairingPrice&utm_medium=EmallsPPC&utm_campaign=Emalls%E2%80%8C" "Mozilla/5.0 (Linux; Android 10; K) AppleWebKit/537.36 (KHTML, like Gecko) Chrome/152.0.0.0 Mobile Safari/537.36"
5.52.118.231 - - [11/Sep/2026:17:05:25 +0330] "GET /wp-includes/js/api-request.min.js?ver=7.1 HTTP/2" 200 530 "https://digikeyland.ir/product/ps-plus-account/?attribute_pa_plan=%D9%BE%D9%84%D8%A7%D8%B3-%D8%A7%DA%A9%D8%B3%D8%AA%D8%B1%D8%A7-3-%D9%85%D8%A7%D9%87%D9%87-90-%D9%84%DB%8C%D8%B1-%D9%81%D8%A7%D9%86%D8%AF-%D8%B8%D8%B1%D9%81%DB%8C%D8%AA-%DA%A9%D8%A7%D9%85%D9%84&utm_source=EmallsCompairingPrice&utm_medium=EmallsPPC&utm_campaign=Emalls%E2%80%8C" "Mozilla/5.0 (Linux; Android 10; K) AppleWebKit/537.36 (KHTML, like Gecko) Chrome/152.0.0.0 Mobile Safari/537.36"
5.52.118.231 - - [11/Sep/2026:17:05:25 +0330] "GET /wp-includes/js/dist/private-apis.min.js?ver=eb85f28c4c729bb4f002 HTTP/2" 200 1068 "https://digikeyland.ir/product/ps-plus-account/?attribute_pa_plan=%D9%BE%D9%84%D8%A7%D8%B3-%D8%A7%DA%A9%D8%B3%D8%AA%D8%B1%D8%A7-3-%D9%85%D8%A7%D9%87%D9%87-90-%D9%84%DB%8C%D8%B1-%D9%81%D8%A7%D9%86%D8%AF-%D8%B8%D8%B1%D9%81%DB%8C%D8%AA-%DA%A9%D8%A7%D9%85%D9%84&utm_source=EmallsCompairingPrice&utm_medium=EmallsPPC&utm_campaign=Emalls%E2%80%8C" "Mozilla/5.0 (Linux; Android 10; K) AppleWebKit/537.36 (KHTML, like Gecko) Chrome/152.0.0.0 Mobile Safari/537.36"
5.52.118.231 - - [11/Sep/2026:17:05:25 +0330] "GET /wp-includes/js/dist/url.min.js?ver=7b0de086d4ae11d55704 HTTP/2" 200 3654 "https://digikeyland.ir/product/ps-plus-account/?attribute_pa_plan=%D9%BE%D9%84%D8%A7%D8%B3-%D8%A7%DA%A9%D8%B3%D8%AA%D8%B1%D8%A7-3-%D9%85%D8%A7%D9%87%D9%87-90-%D9%84%DB%8C%D8%B1-%D9%81%D8%A7%D9%86%D8%AF-%D8%B8%D8%B1%D9%81%DB%8C%D8%AA-%DA%A9%D8%A7%D9%85%D9%84&utm_source=EmallsCompairingPrice&utm_medium=EmallsPPC&utm_campaign=Emalls%E2%80%8C" "Mozilla/5.0 (Linux; Android 10; K) AppleWebKit/537.36 (KHTML, like Gecko) Chrome/152.0.0.0 Mobile Safari/537.36"
5.52.118.231 - - [11/Sep/2026:17:05:25 +0330] "GET /wp-includes/js/dist/api-fetch.min.js?ver=6f2a4faeee3c722b1e57 HTTP/2" 200 3151 "https://digikeyland.ir/product/ps-plus-account/?attribute_pa_plan=%D9%BE%D9%84%D8%A7%D8%B3-%D8%A7%DA%A9%D8%B3%D8%AA%D8%B1%D8%A7-3-%D9%85%D8%A7%D9%87%D9%87-90-%D9%84%DB%8C%D8%B1-%D9%81%D8%A7%D9%86%D8%AF-%D8%B8%D8%B1%D9%81%DB%8C%D8%AA-%DA%A9%D8%A7%D9%85%D9%84&utm_source=EmallsCompairingPrice&utm_medium=EmallsPPC&utm_campaign=Emalls%E2%80%8C" "Mozilla/5.0 (Linux; Android 10; K) AppleWebKit/537.36 (KHTML, like Gecko) Chrome/152.0.0.0 Mobile Safari/537.36"
5.52.118.231 - - [11/Sep/2026:17:05:25 +0330] "GET /wp-includes/js/dist/vendor/wp-polyfill.min.js?ver=3.15.0 HTTP/2" 200 10454 "https://digikeyland.ir/product/ps-plus-account/?attribute_pa_plan=%D9%BE%D9%84%D8%A7%D8%B3-%D8%A7%DA%A9%D8%B3%D8%AA%D8%B1%D8%A7-3-%D9%85%D8%A7%D9%87%D9%87-90-%D9%84%DB%8C%D8%B1-%D9%81%D8%A7%D9%86%D8%AF-%D8%B8%D8%B1%D9%81%DB%8C%D8%AA-%DA%A9%D8%A7%D9%85%D9%84&utm_source=EmallsCompairingPrice&utm_medium=EmallsPPC&utm_campaign=Emalls%E2%80%8C" "Mozilla/5.0 (Linux; Android 10; K) AppleWebKit/537.36 (KHTML, like Gecko) Chrome/152.0.0.0 Mobile Safari/537.36"
5.52.118.231 - - [11/Sep/2026:17:05:25 +0330] "GET /wp-content/plugins/woo-variation-swatches/assets/js/frontend.min.js?ver=2.4.0 HTTP/2" 200 4728 "https://digikeyland.ir/product/ps-plus-account/?attribute_pa_plan=%D9%BE%D9%84%D8%A7%D8%B3-%D8%A7%DA%A9%D8%B3%D8%AA%D8%B1%D8%A7-3-%D9%85%D8%A7%D9%87%D9%87-90-%D9%84%DB%8C%D8%B1-%D9%81%D8%A7%D9%86%D8%AF-%D8%B8%D8%B1%D9%81%DB%8C%D8%AA-%DA%A9%D8%A7%D9%85%D9%84&utm_source=EmallsCompairingPrice&utm_medium=EmallsPPC&utm_campaign=Emalls%E2%80%8C" "Mozilla/5.0 (Linux; Android 10; K) AppleWebKit/537.36 (KHTML, like Gecko) Chrome/152.0.0.0 Mobile Safari/537.36"
5.52.118.231 - - [11/Sep/2026:17:05:25 +0330] "GET /wp-content/plugins/elementor/assets/js/webpack.runtime.min.js?ver=4.2.4 HTTP/2" 200 2335 "https://digikeyland.ir/product/ps-plus-account/?attribute_pa_plan=%D9%BE%D9%84%D8%A7%D8%B3-%D8%A7%DA%A9%D8%B3%D8%AA%D8%B1%D8%A7-3-%D9%85%D8%A7%D9%87%D9%87-90-%D9%84%DB%8C%D8%B1-%D9%81%D8%A7%D9%86%D8%AF-%D8%B8%D8%B1%D9%81%DB%8C%D8%AA-%DA%A9%D8%A7%D9%85%D9%84&utm_source=EmallsCompairingPrice&utm_medium=EmallsPPC&utm_campaign=Emalls%E2%80%8C" "Mozilla/5.0 (Linux; Android 10; K) AppleWebKit/537.36 (KHTML, like Gecko) Chrome/152.0.0.0 Mobile Safari/537.36"
5.52.118.231 - - [11/Sep/2026:17:05:25 +0330] "GET /wp-content/plugins/elementor/assets/js/frontend-modules.min.js?ver=4.2.4 HTTP/2" 200 15445 "https://digikeyland.ir/product/ps-plus-account/?attribute_pa_plan=%D9%BE%D9%84%D8%A7%D8%B3-%D8%A7%DA%A9%D8%B3%D8%AA%D8%B1%D8%A7-3-%D9%85%D8%A7%D9%87%D9%87-90-%D9%84%DB%8C%D8%B1-%D9%81%D8%A7%D9%86%D8%AF-%D8%B8%D8%B1%D9%81%DB%8C%D8%AA-%DA%A9%D8%A7%D9%85%D9%84&utm_source=EmallsCompairingPrice&utm_medium=EmallsPPC&utm_campaign=Emalls%E2%80%8C" "Mozilla/5.0 (Linux; Android 10; K) AppleWebKit/537.36 (KHTML, like Gecko) Chrome/152.0.0.0 Mobile Safari/537.36"
5.52.118.231 - - [11/Sep/2026:17:05:25 +0330] "GET /wp-includes/js/jquery/ui/core.min.js?ver=1.14.2 HTTP/2" 200 6276 "https://digikeyland.ir/product/ps-plus-account/?attribute_pa_plan=%D9%BE%D9%84%D8%A7%D8%B3-%D8%A7%DA%A9%D8%B3%D8%AA%D8%B1%D8%A7-3-%D9%85%D8%A7%D9%87%D9%87-90-%D9%84%DB%8C%D8%B1-%D9%81%D8%A7%D9%86%D8%AF-%D8%B8%D8%B1%D9%81%DB%8C%D8%AA-%DA%A9%D8%A7%D9%85%D9%84&utm_source=EmallsCompairingPrice&utm_medium=EmallsPPC&utm_campaign=Emalls%E2%80%8C" "Mozilla/5.0 (Linux; Android 10; K) AppleWebKit/537.36 (KHTML, like Gecko) Chrome/152.0.0.0 Mobile Safari/537.36"
