217.219.126.87 - - [11/Sep/2026:17:38:08 +0330] "GET /wp-content/uploads/2024/11/1-3.png HTTP/1.1" 200 1717 "https://digikeyland.ir/product/capcut-pro/?attribute_%D9%85%D8%AF%D8%AA-%D8%B2%D9%85%D8%A7%D9%86-%D8%A7%D8%B4%D8%AA%D8%B1%D8%A7%DA%A9-%D9%88-%D9%86%D9%88%D8%B9-%D8%A7%DA%A9%D8%A7%D9%86%D8%AA=%DB%8C%DA%A9%D9%85%D8%A7%D9%87%D9%87+-+%D8%A7%D8%B4%D8%AA%D8%B1%D8%A7%DA%A9%DB%8C+-+%DB%8C%DA%A9+%D8%AF%DB%8C%D9%88%D8%A7%DB%8C%D8%B3+%28+%D9%88%D8%B1%D9%88%D8%AF+%D8%A8%D8%A7+%D9%85%D9%88%D8%A8%D8%A7%DB%8C%D9%84+%29&utm_medium=PPC&utm_source=Torob&torob_clid=01a090cc-00f6-731a-984c-127437592213" "Mozilla/5.0 (Linux; Android 10; K) AppleWebKit/537.36 (KHTML, like Gecko) Chrome/152.0.0.0 Mobile Safari/537.36"
217.219.126.87 - - [11/Sep/2026:17:38:08 +0330] "GET /wp-content/uploads/2024/11/2-1.png HTTP/1.1" 200 2545 "https://digikeyland.ir/product/capcut-pro/?attribute_%D9%85%D8%AF%D8%AA-%D8%B2%D9%85%D8%A7%D9%86-%D8%A7%D8%B4%D8%AA%D8%B1%D8%A7%DA%A9-%D9%88-%D9%86%D9%88%D8%B9-%D8%A7%DA%A9%D8%A7%D9%86%D8%AA=%DB%8C%DA%A9%D9%85%D8%A7%D9%87%D9%87+-+%D8%A7%D8%B4%D8%AA%D8%B1%D8%A7%DA%A9%DB%8C+-+%DB%8C%DA%A9+%D8%AF%DB%8C%D9%88%D8%A7%DB%8C%D8%B3+%28+%D9%88%D8%B1%D9%88%D8%AF+%D8%A8%D8%A7+%D9%85%D9%88%D8%A8%D8%A7%DB%8C%D9%84+%29&utm_medium=PPC&utm_source=Torob&torob_clid=01a090cc-00f6-731a-984c-127437592213" "Mozilla/5.0 (Linux; Android 10; K) AppleWebKit/537.36 (KHTML, like Gecko) Chrome/152.0.0.0 Mobile Safari/537.36"
217.219.126.87 - - [11/Sep/2026:17:38:08 +0330] "GET /wp-content/uploads/2025/02/svgviewer-png-output2.png HTTP/1.1" 200 1281 "https://digikeyland.ir/product/capcut-pro/?attribute_%D9%85%D8%AF%D8%AA-%D8%B2%D9%85%D8%A7%D9%86-%D8%A7%D8%B4%D8%AA%D8%B1%D8%A7%DA%A9-%D9%88-%D9%86%D9%88%D8%B9-%D8%A7%DA%A9%D8%A7%D9%86%D8%AA=%DB%8C%DA%A9%D9%85%D8%A7%D9%87%D9%87+-+%D8%A7%D8%B4%D8%AA%D8%B1%D8%A7%DA%A9%DB%8C+-+%DB%8C%DA%A9+%D8%AF%DB%8C%D9%88%D8%A7%DB%8C%D8%B3+%28+%D9%88%D8%B1%D9%88%D8%AF+%D8%A8%D8%A7+%D9%85%D9%88%D8%A8%D8%A7%DB%8C%D9%84+%29&utm_medium=PPC&utm_source=Torob&torob_clid=01a090cc-00f6-731a-984c-127437592213" "Mozilla/5.0 (Linux; Android 10; K) AppleWebKit/537.36 (KHTML, like Gecko) Chrome/152.0.0.0 Mobile Safari/537.36"
217.219.126.87 - - [11/Sep/2026:17:38:08 +0330] "GET /wp-content/uploads/2025/02/svgviewer-png-output3.png HTTP/1.1" 200 1602 "https://digikeyland.ir/product/capcut-pro/?attribute_%D9%85%D8%AF%D8%AA-%D8%B2%D9%85%D8%A7%D9%86-%D8%A7%D8%B4%D8%AA%D8%B1%D8%A7%DA%A9-%D9%88-%D9%86%D9%88%D8%B9-%D8%A7%DA%A9%D8%A7%D9%86%D8%AA=%DB%8C%DA%A9%D9%85%D8%A7%D9%87%D9%87+-+%D8%A7%D8%B4%D8%AA%D8%B1%D8%A7%DA%A9%DB%8C+-+%DB%8C%DA%A9+%D8%AF%DB%8C%D9%88%D8%A7%DB%8C%D8%B3+%28+%D9%88%D8%B1%D9%88%D8%AF+%D8%A8%D8%A7+%D9%85%D9%88%D8%A8%D8%A7%DB%8C%D9%84+%29&utm_medium=PPC&utm_source=Torob&torob_clid=01a090cc-00f6-731a-984c-127437592213" "Mozilla/5.0 (Linux; Android 10; K) AppleWebKit/537.36 (KHTML, like Gecko) Chrome/152.0.0.0 Mobile Safari/537.36"
217.219.126.87 - - [11/Sep/2026:17:38:08 +0330] "GET /wp-content/uploads/2025/02/svgviewer-png-output1.png HTTP/1.1" 200 1442 "https://digikeyland.ir/product/capcut-pro/?attribute_%D9%85%D8%AF%D8%AA-%D8%B2%D9%85%D8%A7%D9%86-%D8%A7%D8%B4%D8%AA%D8%B1%D8%A7%DA%A9-%D9%88-%D9%86%D9%88%D8%B9-%D8%A7%DA%A9%D8%A7%D9%86%D8%AA=%DB%8C%DA%A9%D9%85%D8%A7%D9%87%D9%87+-+%D8%A7%D8%B4%D8%AA%D8%B1%D8%A7%DA%A9%DB%8C+-+%DB%8C%DA%A9+%D8%AF%DB%8C%D9%88%D8%A7%DB%8C%D8%B3+%28+%D9%88%D8%B1%D9%88%D8%AF+%D8%A8%D8%A7+%D9%85%D9%88%D8%A8%D8%A7%DB%8C%D9%84+%29&utm_medium=PPC&utm_source=Torob&torob_clid=01a090cc-00f6-731a-984c-127437592213" "Mozilla/5.0 (Linux; Android 10; K) AppleWebKit/537.36 (KHTML, like Gecko) Chrome/152.0.0.0 Mobile Safari/537.36"
217.219.126.87 - - [11/Sep/2026:17:38:08 +0330] "GET /wp-content/uploads/2025/02/svgviewer-png-output.png HTTP/1.1" 200 943 "https://digikeyland.ir/product/capcut-pro/?attribute_%D9%85%D8%AF%D8%AA-%D8%B2%D9%85%D8%A7%D9%86-%D8%A7%D8%B4%D8%AA%D8%B1%D8%A7%DA%A9-%D9%88-%D9%86%D9%88%D8%B9-%D8%A7%DA%A9%D8%A7%D9%86%D8%AA=%DB%8C%DA%A9%D9%85%D8%A7%D9%87%D9%87+-+%D8%A7%D8%B4%D8%AA%D8%B1%D8%A7%DA%A9%DB%8C+-+%DB%8C%DA%A9+%D8%AF%DB%8C%D9%88%D8%A7%DB%8C%D8%B3+%28+%D9%88%D8%B1%D9%88%D8%AF+%D8%A8%D8%A7+%D9%85%D9%88%D8%A8%D8%A7%DB%8C%D9%84+%29&utm_medium=PPC&utm_source=Torob&torob_clid=01a090cc-00f6-731a-984c-127437592213" "Mozilla/5.0 (Linux; Android 10; K) AppleWebKit/537.36 (KHTML, like Gecko) Chrome/152.0.0.0 Mobile Safari/537.36"
84.13.153.129 - - [11/Sep/2026:17:38:07 +0330] "GET /wp-login.php?redirect_to=https%3A%2F%2Fdigikeyland.ir%2Fwp-admin%2Findex.php&reauth=1 HTTP/1.1" 200 3804 "https://digikeyland.ir/wp-login.php" "Mozilla/5.0 (Macintosh; Intel Mac OS X 10_15_7) AppleWebKit/537.36 (KHTML, like Gecko) Chrome/90.0.4430.212 Safari/537.36"
217.219.126.87 - - [11/Sep/2026:17:38:09 +0330] "GET /wp-content/plugins/elementor/assets/js/397f2d183c19202777d6.bundle.min.js HTTP/1.1" 200 8468 "https://digikeyland.ir/product/capcut-pro/?attribute_%D9%85%D8%AF%D8%AA-%D8%B2%D9%85%D8%A7%D9%86-%D8%A7%D8%B4%D8%AA%D8%B1%D8%A7%DA%A9-%D9%88-%D9%86%D9%88%D8%B9-%D8%A7%DA%A9%D8%A7%D9%86%D8%AA=%DB%8C%DA%A9%D9%85%D8%A7%D9%87%D9%87+-+%D8%A7%D8%B4%D8%AA%D8%B1%D8%A7%DA%A9%DB%8C+-+%DB%8C%DA%A9+%D8%AF%DB%8C%D9%88%D8%A7%DB%8C%D8%B3+%28+%D9%88%D8%B1%D9%88%D8%AF+%D8%A8%D8%A7+%D9%85%D9%88%D8%A8%D8%A7%DB%8C%D9%84+%29&utm_medium=PPC&utm_source=Torob&torob_clid=01a090cc-00f6-731a-984c-127437592213" "Mozilla/5.0 (Linux; Android 10; K) AppleWebKit/537.36 (KHTML, like Gecko) Chrome/152.0.0.0 Mobile Safari/537.36"
217.219.126.87 - - [11/Sep/2026:17:38:09 +0330] "GET /wp-content/plugins/elementor/assets/js/lightbox.3f9b3a051b2336dd5372.bundle.min.js HTTP/1.1" 200 9252 "https://digikeyland.ir/product/capcut-pro/?attribute_%D9%85%D8%AF%D8%AA-%D8%B2%D9%85%D8%A7%D9%86-%D8%A7%D8%B4%D8%AA%D8%B1%D8%A7%DA%A9-%D9%88-%D9%86%D9%88%D8%B9-%D8%A7%DA%A9%D8%A7%D9%86%D8%AA=%DB%8C%DA%A9%D9%85%D8%A7%D9%87%D9%87+-+%D8%A7%D8%B4%D8%AA%D8%B1%D8%A7%DA%A9%DB%8C+-+%DB%8C%DA%A9+%D8%AF%DB%8C%D9%88%D8%A7%DB%8C%D8%B3+%28+%D9%88%D8%B1%D9%88%D8%AF+%D8%A8%D8%A7+%D9%85%D9%88%D8%A8%D8%A7%DB%8C%D9%84+%29&utm_medium=PPC&utm_source=Torob&torob_clid=01a090cc-00f6-731a-984c-127437592213" "Mozilla/5.0 (Linux; Android 10; K) AppleWebKit/537.36 (KHTML, like Gecko) Chrome/152.0.0.0 Mobile Safari/537.36"
217.219.126.87 - - [11/Sep/2026:17:38:09 +0330] "GET /wp-content/plugins/elementor/assets/css/conditionals/dialog.min.css?ver=4.2.4 HTTP/1.1" 200 1428 "https://digikeyland.ir/product/capcut-pro/?attribute_%D9%85%D8%AF%D8%AA-%D8%B2%D9%85%D8%A7%D9%86-%D8%A7%D8%B4%D8%AA%D8%B1%D8%A7%DA%A9-%D9%88-%D9%86%D9%88%D8%B9-%D8%A7%DA%A9%D8%A7%D9%86%D8%AA=%DB%8C%DA%A9%D9%85%D8%A7%D9%87%D9%87+-+%D8%A7%D8%B4%D8%AA%D8%B1%D8%A7%DA%A9%DB%8C+-+%DB%8C%DA%A9+%D8%AF%DB%8C%D9%88%D8%A7%DB%8C%D8%B3+%28+%D9%88%D8%B1%D9%88%D8%AF+%D8%A8%D8%A7+%D9%85%D9%88%D8%A8%D8%A7%DB%8C%D9%84+%29&utm_medium=PPC&utm_source=Torob&torob_clid=01a090cc-00f6-731a-984c-127437592213" "Mozilla/5.0 (Linux; Android 10; K) AppleWebKit/537.36 (KHTML, like Gecko) Chrome/152.0.0.0 Mobile Safari/537.36"
217.219.126.87 - - [11/Sep/2026:17:38:09 +0330] "GET /wp-content/plugins/elementor/assets/lib/dialog/dialog.min.js?ver=4.9.3 HTTP/1.1" 200 3593 "https://digikeyland.ir/product/capcut-pro/?attribute_%D9%85%D8%AF%D8%AA-%D8%B2%D9%85%D8%A7%D9%86-%D8%A7%D8%B4%D8%AA%D8%B1%D8%A7%DA%A9-%D9%88-%D9%86%D9%88%D8%B9-%D8%A7%DA%A9%D8%A7%D9%86%D8%AA=%DB%8C%DA%A9%D9%85%D8%A7%D9%87%D9%87+-+%D8%A7%D8%B4%D8%AA%D8%B1%D8%A7%DA%A9%DB%8C+-+%DB%8C%DA%A9+%D8%AF%DB%8C%D9%88%D8%A7%DB%8C%D8%B3+%28+%D9%88%D8%B1%D9%88%D8%AF+%D8%A8%D8%A7+%D9%85%D9%88%D8%A8%D8%A7%DB%8C%D9%84+%29&utm_medium=PPC&utm_source=Torob&torob_clid=01a090cc-00f6-731a-984c-127437592213" "Mozilla/5.0 (Linux; Android 10; K) AppleWebKit/537.36 (KHTML, like Gecko) Chrome/152.0.0.0 Mobile Safari/537.36"
217.219.126.87 - - [11/Sep/2026:17:38:09 +0330] "GET /wp-content/uploads/elementor/css/custom-lightbox.min.css?ver=4.2.4 HTTP/1.1" 200 1757 "https://digikeyland.ir/product/capcut-pro/?attribute_%D9%85%D8%AF%D8%AA-%D8%B2%D9%85%D8%A7%D9%86-%D8%A7%D8%B4%D8%AA%D8%B1%D8%A7%DA%A9-%D9%88-%D9%86%D9%88%D8%B9-%D8%A7%DA%A9%D8%A7%D9%86%D8%AA=%DB%8C%DA%A9%D9%85%D8%A7%D9%87%D9%87+-+%D8%A7%D8%B4%D8%AA%D8%B1%D8%A7%DA%A9%DB%8C+-+%DB%8C%DA%A9+%D8%AF%DB%8C%D9%88%D8%A7%DB%8C%D8%B3+%28+%D9%88%D8%B1%D9%88%D8%AF+%D8%A8%D8%A7+%D9%85%D9%88%D8%A8%D8%A7%DB%8C%D9%84+%29&utm_medium=PPC&utm_source=Torob&torob_clid=01a090cc-00f6-731a-984c-127437592213" "Mozilla/5.0 (Linux; Android 10; K) AppleWebKit/537.36 (KHTML, like Gecko) Chrome/152.0.0.0 Mobile Safari/537.36"
217.219.126.87 - - [11/Sep/2026:17:38:09 +0330] "GET /wp-content/plugins/elementor/assets/lib/share-link/share-link.min.js?ver=4.2.4 HTTP/1.1" 200 1072 "https://digikeyland.ir/product/capcut-pro/?attribute_%D9%85%D8%AF%D8%AA-%D8%B2%D9%85%D8%A7%D9%86-%D8%A7%D8%B4%D8%AA%D8%B1%D8%A7%DA%A9-%D9%88-%D9%86%D9%88%D8%B9-%D8%A7%DA%A9%D8%A7%D9%86%D8%AA=%DB%8C%DA%A9%D9%85%D8%A7%D9%87%D9%87+-+%D8%A7%D8%B4%D8%AA%D8%B1%D8%A7%DA%A9%DB%8C+-+%DB%8C%DA%A9+%D8%AF%DB%8C%D9%88%D8%A7%DB%8C%D8%B3+%28+%D9%88%D8%B1%D9%88%D8%AF+%D8%A8%D8%A7+%D9%85%D9%88%D8%A8%D8%A7%DB%8C%D9%84+%29&utm_medium=PPC&utm_source=Torob&torob_clid=01a090cc-00f6-731a-984c-127437592213" "Mozilla/5.0 (Linux; Android 10; K) AppleWebKit/537.36 (KHTML, like Gecko) Chrome/152.0.0.0 Mobile Safari/537.36"
217.219.126.87 - - [11/Sep/2026:17:38:09 +0330] "GET /wp-content/plugins/elementor/assets/lib/swiper/v8/css/swiper.min.css?ver=8.4.5 HTTP/1.1" 200 4248 "https://digikeyland.ir/product/capcut-pro/?attribute_%D9%85%D8%AF%D8%AA-%D8%B2%D9%85%D8%A7%D9%86-%D8%A7%D8%B4%D8%AA%D8%B1%D8%A7%DA%A9-%D9%88-%D9%86%D9%88%D8%B9-%D8%A7%DA%A9%D8%A7%D9%86%D8%AA=%DB%8C%DA%A9%D9%85%D8%A7%D9%87%D9%87+-+%D8%A7%D8%B4%D8%AA%D8%B1%D8%A7%DA%A9%DB%8C+-+%DB%8C%DA%A9+%D8%AF%DB%8C%D9%88%D8%A7%DB%8C%D8%B3+%28+%D9%88%D8%B1%D9%88%D8%AF+%D8%A8%D8%A7+%D9%85%D9%88%D8%A8%D8%A7%DB%8C%D9%84+%29&utm_medium=PPC&utm_source=Torob&torob_clid=01a090cc-00f6-731a-984c-127437592213" "Mozilla/5.0 (Linux; Android 10; K) AppleWebKit/537.36 (KHTML, like Gecko) Chrome/152.0.0.0 Mobile Safari/537.36"
217.219.126.87 - - [11/Sep/2026:17:38:09 +0330] "GET /wp-content/plugins/elementor/assets/js/shared-frontend-handlers.03caa53373b56d3bab67.bundle.min.js HTTP/1.1" 200 2511 "https://digikeyland.ir/product/capcut-pro/?attribute_%D9%85%D8%AF%D8%AA-%D8%B2%D9%85%D8%A7%D9%86-%D8%A7%D8%B4%D8%AA%D8%B1%D8%A7%DA%A9-%D9%88-%D9%86%D9%88%D8%B9-%D8%A7%DA%A9%D8%A7%D9%86%D8%AA=%DB%8C%DA%A9%D9%85%D8%A7%D9%87%D9%87+-+%D8%A7%D8%B4%D8%AA%D8%B1%D8%A7%DA%A9%DB%8C+-+%DB%8C%DA%A9+%D8%AF%DB%8C%D9%88%D8%A7%DB%8C%D8%B3+%28+%D9%88%D8%B1%D9%88%D8%AF+%D8%A8%D8%A7+%D9%85%D9%88%D8%A8%D8%A7%DB%8C%D9%84+%29&utm_medium=PPC&utm_source=Torob&torob_clid=01a090cc-00f6-731a-984c-127437592213" "Mozilla/5.0 (Linux; Android 10; K) AppleWebKit/537.36 (KHTML, like Gecko) Chrome/152.0.0.0 Mobile Safari/537.36"
217.219.126.87 - - [11/Sep/2026:17:38:09 +0330] "GET /wp-content/plugins/elementor-pro/assets/js/nav-menu.8521a0597c50611efdc6.bundle.min.js HTTP/1.1" 200 1733 "https://digikeyland.ir/product/capcut-pro/?attribute_%D9%85%D8%AF%D8%AA-%D8%B2%D9%85%D8%A7%D9%86-%D8%A7%D8%B4%D8%AA%D8%B1%D8%A7%DA%A9-%D9%88-%D9%86%D9%88%D8%B9-%D8%A7%DA%A9%D8%A7%D9%86%D8%AA=%DB%8C%DA%A9%D9%85%D8%A7%D9%87%D9%87+-+%D8%A7%D8%B4%D8%AA%D8%B1%D8%A7%DA%A9%DB%8C+-+%DB%8C%DA%A9+%D8%AF%DB%8C%D9%88%D8%A7%DB%8C%D8%B3+%28+%D9%88%D8%B1%D9%88%D8%AF+%D8%A8%D8%A7+%D9%85%D9%88%D8%A8%D8%A7%DB%8C%D9%84+%29&utm_medium=PPC&utm_source=Torob&torob_clid=01a090cc-00f6-731a-984c-127437592213" "Mozilla/5.0 (Linux; Android 10; K) AppleWebKit/537.36 (KHTML, like Gecko) Chrome/152.0.0.0 Mobile Safari/537.36"
217.219.126.87 - - [11/Sep/2026:17:38:09 +0330] "GET /wp-content/plugins/elementor/assets/js/text-editor.45609661e409413f1cef.bundle.min.js HTTP/1.1" 200 592 "https://digikeyland.ir/product/capcut-pro/?attribute_%D9%85%D8%AF%D8%AA-%D8%B2%D9%85%D8%A7%D9%86-%D8%A7%D8%B4%D8%AA%D8%B1%D8%A7%DA%A9-%D9%88-%D9%86%D9%88%D8%B9-%D8%A7%DA%A9%D8%A7%D9%86%D8%AA=%DB%8C%DA%A9%D9%85%D8%A7%D9%87%D9%87+-+%D8%A7%D8%B4%D8%AA%D8%B1%D8%A7%DA%A9%DB%8C+-+%DB%8C%DA%A9+%D8%AF%DB%8C%D9%88%D8%A7%DB%8C%D8%B3+%28+%D9%88%D8%B1%D9%88%D8%AF+%D8%A8%D8%A7+%D9%85%D9%88%D8%A8%D8%A7%DB%8C%D9%84+%29&utm_medium=PPC&utm_source=Torob&torob_clid=01a090cc-00f6-731a-984c-127437592213" "Mozilla/5.0 (Linux; Android 10; K) AppleWebKit/537.36 (KHTML, like Gecko) Chrome/152.0.0.0 Mobile Safari/537.36"
217.219.126.87 - - [11/Sep/2026:17:38:09 +0330] "GET /wp-content/uploads/2025/12/capcut-pics-600x600.webp HTTP/1.1" 200 29438 "https://digikeyland.ir/product/capcut-pro/?attribute_%D9%85%D8%AF%D8%AA-%D8%B2%D9%85%D8%A7%D9%86-%D8%A7%D8%B4%D8%AA%D8%B1%D8%A7%DA%A9-%D9%88-%D9%86%D9%88%D8%B9-%D8%A7%DA%A9%D8%A7%D9%86%D8%AA=%DB%8C%DA%A9%D9%85%D8%A7%D9%87%D9%87+-+%D8%A7%D8%B4%D8%AA%D8%B1%D8%A7%DA%A9%DB%8C+-+%DB%8C%DA%A9+%D8%AF%DB%8C%D9%88%D8%A7%DB%8C%D8%B3+%28+%D9%88%D8%B1%D9%88%D8%AF+%D8%A8%D8%A7+%D9%85%D9%88%D8%A8%D8%A7%DB%8C%D9%84+%29&utm_medium=PPC&utm_source=Torob&torob_clid=01a090cc-00f6-731a-984c-127437592213" "Mozilla/5.0 (Linux; Android 10; K) AppleWebKit/537.36 (KHTML, like Gecko) Chrome/152.0.0.0 Mobile Safari/537.36"
217.219.126.87 - - [11/Sep/2026:17:38:10 +0330] "GET /wp-content/uploads/2025/12/cropped-digikeyland-flaticon-1-192x192.webp HTTP/1.1" 200 3776 "https://digikeyland.ir/product/capcut-pro/?attribute_%D9%85%D8%AF%D8%AA-%D8%B2%D9%85%D8%A7%D9%86-%D8%A7%D8%B4%D8%AA%D8%B1%D8%A7%DA%A9-%D9%88-%D9%86%D9%88%D8%B9-%D8%A7%DA%A9%D8%A7%D9%86%D8%AA=%DB%8C%DA%A9%D9%85%D8%A7%D9%87%D9%87+-+%D8%A7%D8%B4%D8%AA%D8%B1%D8%A7%DA%A9%DB%8C+-+%DB%8C%DA%A9+%D8%AF%DB%8C%D9%88%D8%A7%DB%8C%D8%B3+%28+%D9%88%D8%B1%D9%88%D8%AF+%D8%A8%D8%A7+%D9%85%D9%88%D8%A8%D8%A7%DB%8C%D9%84+%29&utm_medium=PPC&utm_source=Torob&torob_clid=01a090cc-00f6-731a-984c-127437592213" "Mozilla/5.0 (Linux; Android 10; K) AppleWebKit/537.36 (KHTML, like Gecko) Chrome/152.0.0.0 Mobile Safari/537.36"
217.219.126.87 - - [11/Sep/2026:17:38:10 +0330] "GET /wp-includes/js/wp-emoji-release.min.js?ver=7.1 HTTP/1.1" 200 4974 "https://digikeyland.ir/product/capcut-pro/?attribute_%D9%85%D8%AF%D8%AA-%D8%B2%D9%85%D8%A7%D9%86-%D8%A7%D8%B4%D8%AA%D8%B1%D8%A7%DA%A9-%D9%88-%D9%86%D9%88%D8%B9-%D8%A7%DA%A9%D8%A7%D9%86%D8%AA=%DB%8C%DA%A9%D9%85%D8%A7%D9%87%D9%87+-+%D8%A7%D8%B4%D8%AA%D8%B1%D8%A7%DA%A9%DB%8C+-+%DB%8C%DA%A9+%D8%AF%DB%8C%D9%88%D8%A7%DB%8C%D8%B3+%28+%D9%88%D8%B1%D9%88%D8%AF+%D8%A8%D8%A7+%D9%85%D9%88%D8%A8%D8%A7%DB%8C%D9%84+%29&utm_medium=PPC&utm_source=Torob&torob_clid=01a090cc-00f6-731a-984c-127437592213" "Mozilla/5.0 (Linux; Android 10; K) AppleWebKit/537.36 (KHTML, like Gecko) Chrome/152.0.0.0 Mobile Safari/537.36"
217.219.126.87 - - [11/Sep/2026:17:38:10 +0330] "GET /wp-content/uploads/2025/12/cropped-digikeyland-flaticon-1-180x180.webp HTTP/1.1" 200 4000 "https://digikeyland.ir/product/capcut-pro/?attribute_%D9%85%D8%AF%D8%AA-%D8%B2%D9%85%D8%A7%D9%86-%D8%A7%D8%B4%D8%AA%D8%B1%D8%A7%DA%A9-%D9%88-%D9%86%D9%88%D8%B9-%D8%A7%DA%A9%D8%A7%D9%86%D8%AA=%DB%8C%DA%A9%D9%85%D8%A7%D9%87%D9%87+-+%D8%A7%D8%B4%D8%AA%D8%B1%D8%A7%DA%A9%DB%8C+-+%DB%8C%DA%A9+%D8%AF%DB%8C%D9%88%D8%A7%DB%8C%D8%B3+%28+%D9%88%D8%B1%D9%88%D8%AF+%D8%A8%D8%A7+%D9%85%D9%88%D8%A8%D8%A7%DB%8C%D9%84+%29&utm_medium=PPC&utm_source=Torob&torob_clid=01a090cc-00f6-731a-984c-127437592213" "Mozilla/5.0 (Linux; Android 10; K) AppleWebKit/537.36 (KHTML, like Gecko) Chrome/152.0.0.0 Mobile Safari/537.36"
84.13.153.129 - - [11/Sep/2026:17:38:09 +0330] "GET /wp-admin/index.php HTTP/1.1" 302 20 "https://digikeyland.ir/wp-login.php" "Mozilla/5.0 (Macintosh; Intel Mac OS X 10_15_7) AppleWebKit/537.36 (KHTML, like Gecko) Chrome/90.0.4430.212 Safari/537.36"
84.13.153.129 - - [11/Sep/2026:17:38:11 +0330] "GET /wp-login.php?redirect_to=https%3A%2F%2Fdigikeyland.ir%2Fwp-admin%2Findex.php&reauth=1 HTTP/1.1" 200 3804 "https://digikeyland.ir/wp-login.php" "Mozilla/5.0 (Macintosh; Intel Mac OS X 10_15_7) AppleWebKit/537.36 (KHTML, like Gecko) Chrome/90.0.4430.212 Safari/537.36"
84.13.153.129 - - [11/Sep/2026:17:38:12 +0330] "POST /wp-login.php HTTP/1.1" 200 3927 "https://digikeyland.ir/wp-login.php" "Mozilla/5.0 (Windows NT 10.0; Win64; x64) AppleWebKit/605.1.15 (KHTML, like Gecko) Version/14.1.1 Safari/605.1.15"
84.13.153.129 - - [11/Sep/2026:17:38:14 +0330] "GET /wp-admin/index.php HTTP/1.1" 302 20 "https://digikeyland.ir/wp-login.php" "Mozilla/5.0 (Windows NT 6.1; Win64; x64) AppleWebKit/537.36 (KHTML, like Gecko) Chrome/90.0.4430.212 Safari/537.36"
217.219.126.87 - - [11/Sep/2026:17:38:08 +0330] "GET /wp-content/plugins/ar-contactus/res/js/contactus.min.js?ver=2.2.8 HTTP/2" 200 9625 "https://digikeyland.ir/product/capcut-pro/?attribute_%D9%85%D8%AF%D8%AA-%D8%B2%D9%85%D8%A7%D9%86-%D8%A7%D8%B4%D8%AA%D8%B1%D8%A7%DA%A9-%D9%88-%D9%86%D9%88%D8%B9-%D8%A7%DA%A9%D8%A7%D9%86%D8%AA=%DB%8C%DA%A9%D9%85%D8%A7%D9%87%D9%87+-+%D8%A7%D8%B4%D8%AA%D8%B1%D8%A7%DA%A9%DB%8C+-+%DB%8C%DA%A9+%D8%AF%DB%8C%D9%88%D8%A7%DB%8C%D8%B3+%28+%D9%88%D8%B1%D9%88%D8%AF+%D8%A8%D8%A7+%D9%85%D9%88%D8%A8%D8%A7%DB%8C%D9%84+%29&utm_medium=PPC&utm_source=Torob&torob_clid=01a090cc-00f6-731a-984c-127437592213" "Mozilla/5.0 (Linux; Android 10; K) AppleWebKit/537.36 (KHTML, like Gecko) Chrome/152.0.0.0 Mobile Safari/537.36"
217.219.126.87 - - [11/Sep/2026:17:38:08 +0330] "GET /wp-content/plugins/ar-contactus/res/js/scripts.js?ver=2.2.8 HTTP/2" 200 960 "https://digikeyland.ir/product/capcut-pro/?attribute_%D9%85%D8%AF%D8%AA-%D8%B2%D9%85%D8%A7%D9%86-%D8%A7%D8%B4%D8%AA%D8%B1%D8%A7%DA%A9-%D9%88-%D9%86%D9%88%D8%B9-%D8%A7%DA%A9%D8%A7%D9%86%D8%AA=%DB%8C%DA%A9%D9%85%D8%A7%D9%87%D9%87+-+%D8%A7%D8%B4%D8%AA%D8%B1%D8%A7%DA%A9%DB%8C+-+%DB%8C%DA%A9+%D8%AF%DB%8C%D9%88%D8%A7%DB%8C%D8%B3+%28+%D9%88%D8%B1%D9%88%D8%AF+%D8%A8%D8%A7+%D9%85%D9%88%D8%A8%D8%A7%DB%8C%D9%84+%29&utm_medium=PPC&utm_source=Torob&torob_clid=01a090cc-00f6-731a-984c-127437592213" "Mozilla/5.0 (Linux; Android 10; K) AppleWebKit/537.36 (KHTML, like Gecko) Chrome/152.0.0.0 Mobile Safari/537.36"
217.219.126.87 - - [11/Sep/2026:17:38:08 +0330] "GET /wp-content/uploads/2025/12/DIGIKEYLAND-BANNER-01.webp HTTP/2" 200 8142 "https://digikeyland.ir/product/capcut-pro/?attribute_%D9%85%D8%AF%D8%AA-%D8%B2%D9%85%D8%A7%D9%86-%D8%A7%D8%B4%D8%AA%D8%B1%D8%A7%DA%A9-%D9%88-%D9%86%D9%88%D8%B9-%D8%A7%DA%A9%D8%A7%D9%86%D8%AA=%DB%8C%DA%A9%D9%85%D8%A7%D9%87%D9%87+-+%D8%A7%D8%B4%D8%AA%D8%B1%D8%A7%DA%A9%DB%8C+-+%DB%8C%DA%A9+%D8%AF%DB%8C%D9%88%D8%A7%DB%8C%D8%B3+%28+%D9%88%D8%B1%D9%88%D8%AF+%D8%A8%D8%A7+%D9%85%D9%88%D8%A8%D8%A7%DB%8C%D9%84+%29&utm_medium=PPC&utm_source=Torob&torob_clid=01a090cc-00f6-731a-984c-127437592213" "Mozilla/5.0 (Linux; Android 10; K) AppleWebKit/537.36 (KHTML, like Gecko) Chrome/152.0.0.0 Mobile Safari/537.36"
217.219.126.87 - - [11/Sep/2026:17:38:08 +0330] "GET /wp-content/uploads/2025/10/Digikeyland-logo-svg.svg HTTP/2" 200 1756 "https://digikeyland.ir/product/capcut-pro/?attribute_%D9%85%D8%AF%D8%AA-%D8%B2%D9%85%D8%A7%D9%86-%D8%A7%D8%B4%D8%AA%D8%B1%D8%A7%DA%A9-%D9%88-%D9%86%D9%88%D8%B9-%D8%A7%DA%A9%D8%A7%D9%86%D8%AA=%DB%8C%DA%A9%D9%85%D8%A7%D9%87%D9%87+-+%D8%A7%D8%B4%D8%AA%D8%B1%D8%A7%DA%A9%DB%8C+-+%DB%8C%DA%A9+%D8%AF%DB%8C%D9%88%D8%A7%DB%8C%D8%B3+%28+%D9%88%D8%B1%D9%88%D8%AF+%D8%A8%D8%A7+%D9%85%D9%88%D8%A8%D8%A7%DB%8C%D9%84+%29&utm_medium=PPC&utm_source=Torob&torob_clid=01a090cc-00f6-731a-984c-127437592213" "Mozilla/5.0 (Linux; Android 10; K) AppleWebKit/537.36 (KHTML, like Gecko) Chrome/152.0.0.0 Mobile Safari/537.36"
217.219.126.87 - - [11/Sep/2026:17:38:08 +0330] "GET /wp-content/plugins/ar-contactus/res/js/maskedinput.min.js?version=2.2.8 HTTP/2" 200 21 "https://digikeyland.ir/product/capcut-pro/?attribute_%D9%85%D8%AF%D8%AA-%D8%B2%D9%85%D8%A7%D9%86-%D8%A7%D8%B4%D8%AA%D8%B1%D8%A7%DA%A9-%D9%88-%D9%86%D9%88%D8%B9-%D8%A7%DA%A9%D8%A7%D9%86%D8%AA=%DB%8C%DA%A9%D9%85%D8%A7%D9%87%D9%87+-+%D8%A7%D8%B4%D8%AA%D8%B1%D8%A7%DA%A9%DB%8C+-+%DB%8C%DA%A9+%D8%AF%DB%8C%D9%88%D8%A7%DB%8C%D8%B3+%28+%D9%88%D8%B1%D9%88%D8%AF+%D8%A8%D8%A7+%D9%85%D9%88%D8%A8%D8%A7%DB%8C%D9%84+%29&utm_medium=PPC&utm_source=Torob&torob_clid=01a090cc-00f6-731a-984c-127437592213" "Mozilla/5.0 (Linux; Android 10; K) AppleWebKit/537.36 (KHTML, like Gecko) Chrome/152.0.0.0 Mobile Safari/537.36"
5.126.140.104 - - [11/Sep/2026:17:38:13 +0330] "GET /wc-api/WC_ZPal/?wc_order=6378&Authority=A000000000000000000000000000edel6pyj&Status=OK HTTP/1.1" 302 20 "https://sep.shaparak.ir/" "Mozilla/5.0 (Linux; Android 10; K) AppleWebKit/537.36 (KHTML, like Gecko) Chrome/152.0.0.0 Mobile Safari/537.36"
84.13.153.129 - - [11/Sep/2026:17:38:16 +0330] "GET /wp-login.php?redirect_to=https%3A%2F%2Fdigikeyland.ir%2Fwp-admin%2Findex.php&reauth=1 HTTP/1.1" 200 3804 "https://digikeyland.ir/wp-login.php" "Mozilla/5.0 (Windows NT 6.1; Win64; x64) AppleWebKit/537.36 (KHTML, like Gecko) Chrome/90.0.4430.212 Safari/537.36"
84.13.153.129 - - [11/Sep/2026:17:38:18 +0330] "GET /wp-admin/index.php HTTP/1.1" 302 20 "https://digikeyland.ir/wp-login.php" "Mozilla/5.0 (Windows NT 6.1; Win64; x64) AppleWebKit/537.36 (KHTML, like Gecko) Chrome/90.0.4430.212 Safari/537.36"
84.13.153.129 - - [11/Sep/2026:17:38:19 +0330] "GET /wp-login.php?redirect_to=https%3A%2F%2Fdigikeyland.ir%2Fwp-admin%2Findex.php&reauth=1 HTTP/1.1" 200 3804 "https://digikeyland.ir/wp-login.php" "Mozilla/5.0 (Windows NT 6.1; Win64; x64) AppleWebKit/537.36 (KHTML, like Gecko) Chrome/90.0.4430.212 Safari/537.36"
84.13.153.129 - - [11/Sep/2026:17:38:21 +0330] "POST /wp-login.php HTTP/1.1" 200 3927 "https://digikeyland.ir/wp-login.php" "Mozilla/5.0 (Windows NT 10.0; Win64; x64) AppleWebKit/605.1.15 (KHTML, like Gecko) Version/14.1.2 Safari/605.1.15"
84.13.153.129 - - [11/Sep/2026:17:38:23 +0330] "GET /wp-admin/index.php HTTP/1.1" 302 20 "https://digikeyland.ir/wp-login.php" "Mozilla/5.0 (X11; Linux x86_64) AppleWebKit/537.36 (KHTML, like Gecko) Chrome/93.0.4577.63 Safari/537.36"
84.13.153.129 - - [11/Sep/2026:17:38:24 +0330] "GET /wp-login.php?redirect_to=https%3A%2F%2Fdigikeyland.ir%2Fwp-admin%2Findex.php&reauth=1 HTTP/1.1" 200 3804 "https://digikeyland.ir/wp-login.php" "Mozilla/5.0 (X11; Linux x86_64) AppleWebKit/537.36 (KHTML, like Gecko) Chrome/93.0.4577.63 Safari/537.36"
84.13.153.129 - - [11/Sep/2026:17:38:26 +0330] "GET /wp-admin/index.php HTTP/1.1" 302 20 "https://digikeyland.ir/wp-login.php" "Mozilla/5.0 (X11; Linux x86_64) AppleWebKit/537.36 (KHTML, like Gecko) Chrome/93.0.4577.63 Safari/537.36"
84.13.153.129 - - [11/Sep/2026:17:38:27 +0330] "GET /wp-login.php?redirect_to=https%3A%2F%2Fdigikeyland.ir%2Fwp-admin%2Findex.php&reauth=1 HTTP/1.1" 200 3804 "https://digikeyland.ir/wp-login.php" "Mozilla/5.0 (X11; Linux x86_64) AppleWebKit/537.36 (KHTML, like Gecko) Chrome/93.0.4577.63 Safari/537.36"
84.13.153.129 - - [11/Sep/2026:17:38:29 +0330] "POST /wp-login.php HTTP/1.1" 200 3927 "https://digikeyland.ir/wp-login.php" "Mozilla/5.0 (Windows NT 10.0; Win64; x64) AppleWebKit/605.1.15 (KHTML, like Gecko) Version/14.1 Safari/605.1.15"
5.126.140.104 - - [11/Sep/2026:17:38:28 +0330] "GET /checkout/order-received/6378/?key=wc_order_fT07LoU2VRRBZ HTTP/1.1" 200 55009 "-" "Mozilla/5.0 (X11; Ubuntu; Linux i686; rv:24.0) Gecko/20100101 Firefox/24.0 Chrome/80.0.3987.132 Safari/537.36"
84.13.153.129 - - [11/Sep/2026:17:38:30 +0330] "GET /wp-admin/index.php HTTP/1.1" 302 20 "https://digikeyland.ir/wp-login.php" "Mozilla/5.0 (Windows NT 6.1; Win64; x64; rv:90.0) Gecko/20100101 Firefox/90.0.1"
185.130.50.10 - - [11/Sep/2026:17:38:33 +0330] "POST /wp-cron.php?doing_wp_cron=1789135713.7442879676818847656250 HTTP/1.1" 200 20 "-" "WordPress/7.1; https://digikeyland.ir"
46.100.87.66 - - [11/Sep/2026:17:38:31 +0330] "POST /wp-admin/admin-ajax.php HTTP/2" 200 67 "https://digikeyland.ir/wp-admin/edit.php?post_type=shop_order" "Mozilla/5.0 (Windows NT 10.0; Win64; x64) AppleWebKit/537.36 (KHTML, like Gecko) Chrome/153.0.0.0 Safari/537.36"
84.13.153.129 - - [11/Sep/2026:17:38:32 +0330] "GET /wp-login.php?redirect_to=https%3A%2F%2Fdigikeyland.ir%2Fwp-admin%2Findex.php&reauth=1 HTTP/1.1" 200 3804 "https://digikeyland.ir/wp-login.php" "Mozilla/5.0 (Windows NT 6.1; Win64; x64; rv:90.0) Gecko/20100101 Firefox/90.0.1"
84.13.153.129 - - [11/Sep/2026:17:38:34 +0330] "GET /wp-admin/index.php HTTP/1.1" 302 20 "https://digikeyland.ir/wp-login.php" "Mozilla/5.0 (Windows NT 6.1; Win64; x64; rv:90.0) Gecko/20100101 Firefox/90.0.1"
84.13.153.129 - - [11/Sep/2026:17:38:36 +0330] "GET /wp-login.php?redirect_to=https%3A%2F%2Fdigikeyland.ir%2Fwp-admin%2Findex.php&reauth=1 HTTP/1.1" 200 3804 "https://digikeyland.ir/wp-login.php" "Mozilla/5.0 (Windows NT 6.1; Win64; x64; rv:90.0) Gecko/20100101 Firefox/90.0.1"
84.13.153.129 - - [11/Sep/2026:17:38:38 +0330] "POST /wp-login.php HTTP/1.1" 200 3927 "https://digikeyland.ir/wp-login.php" "Mozilla/5.0 (X11; Linux x86_64; rv:92.0) Gecko/20100101 Firefox/92.0"
5.126.140.104 - - [11/Sep/2026:17:38:37 +0330] "GET /checkout/order-received/6378/?key=wc_order_fT07LoU2VRRBZ HTTP/1.1" 200 55009 "-" "Mozilla/5.0 (X11; Ubuntu; Linux i686; rv:24.0) Gecko/20100101 Firefox/24.0 Chrome/80.0.3987.132 Safari/537.36"
217.219.126.87 - - [11/Sep/2026:17:38:38 +0330] "POST /wp-admin/admin-ajax.php HTTP/1.1" 200 1187 "https://digikeyland.ir/product/capcut-pro/?attribute_%D9%85%D8%AF%D8%AA-%D8%B2%D9%85%D8%A7%D9%86-%D8%A7%D8%B4%D8%AA%D8%B1%D8%A7%DA%A9-%D9%88-%D9%86%D9%88%D8%B9-%D8%A7%DA%A9%D8%A7%D9%86%D8%AA=%DB%8C%DA%A9%D9%85%D8%A7%D9%87%D9%87+-+%D8%A7%D8%B4%D8%AA%D8%B1%D8%A7%DA%A9%DB%8C+-+%DB%8C%DA%A9+%D8%AF%DB%8C%D9%88%D8%A7%DB%8C%D8%B3+%28+%D9%88%D8%B1%D9%88%D8%AF+%D8%A8%D8%A7+%D9%85%D9%88%D8%A8%D8%A7%DB%8C%D9%84+%29&utm_medium=PPC&utm_source=Torob&torob_clid=01a090cc-00f6-731a-984c-127437592213" "Mozilla/5.0 (Linux; Android 10; K) AppleWebKit/537.36 (KHTML, like Gecko) Chrome/152.0.0.0 Mobile Safari/537.36"
84.13.153.129 - - [11/Sep/2026:17:38:41 +0330] "GET /wp-admin/index.php HTTP/1.1" 302 20 "https://digikeyland.ir/wp-login.php" "Mozilla/5.0 (X11; Linux x86_64) AppleWebKit/537.36 (KHTML, like Gecko) Chrome/91.0.4472.124 Safari/537.36"
84.13.153.129 - - [11/Sep/2026:17:38:43 +0330] "GET /wp-login.php?redirect_to=https%3A%2F%2Fdigikeyland.ir%2Fwp-admin%2Findex.php&reauth=1 HTTP/1.1" 200 3804 "https://digikeyland.ir/wp-login.php" "Mozilla/5.0 (X11; Linux x86_64) AppleWebKit/537.36 (KHTML, like Gecko) Chrome/91.0.4472.124 Safari/537.36"
84.13.153.129 - - [11/Sep/2026:17:38:44 +0330] "GET /wp-admin/index.php HTTP/1.1" 302 20 "https://digikeyland.ir/wp-login.php" "Mozilla/5.0 (X11; Linux x86_64) AppleWebKit/537.36 (KHTML, like Gecko) Chrome/91.0.4472.124 Safari/537.36"
84.13.153.129 - - [11/Sep/2026:17:38:46 +0330] "GET /wp-login.php?redirect_to=https%3A%2F%2Fdigikeyland.ir%2Fwp-admin%2Findex.php&reauth=1 HTTP/1.1" 200 3804 "https://digikeyland.ir/wp-login.php" "Mozilla/5.0 (X11; Linux x86_64) AppleWebKit/537.36 (KHTML, like Gecko) Chrome/91.0.4472.124 Safari/537.36"
84.13.153.129 - - [11/Sep/2026:17:38:47 +0330] "POST /wp-login.php HTTP/1.1" 200 3927 "https://digikeyland.ir/wp-login.php" "Mozilla/5.0 (Windows NT 6.1; Win64; x64; rv:91.0) Gecko/20100101 Firefox/91.0"
84.13.153.129 - - [11/Sep/2026:17:38:49 +0330] "GET /wp-admin/index.php HTTP/1.1" 302 20 "https://digikeyland.ir/wp-login.php" "Mozilla/5.0 (Macintosh; Intel Mac OS X 10_15_7) AppleWebKit/605.1.15 (KHTML, like Gecko) Version/15.0 Safari/605.1.15"
84.13.153.129 - - [11/Sep/2026:17:38:50 +0330] "GET /wp-login.php?redirect_to=https%3A%2F%2Fdigikeyland.ir%2Fwp-admin%2Findex.php&reauth=1 HTTP/1.1" 200 3804 "https://digikeyland.ir/wp-login.php" "Mozilla/5.0 (Macintosh; Intel Mac OS X 10_15_7) AppleWebKit/605.1.15 (KHTML, like Gecko) Version/15.0 Safari/605.1.15"
84.13.153.129 - - [11/Sep/2026:17:38:52 +0330] "GET /wp-admin/index.php HTTP/1.1" 302 20 "https://digikeyland.ir/wp-login.php" "Mozilla/5.0 (Macintosh; Intel Mac OS X 10_15_7) AppleWebKit/605.1.15 (KHTML, like Gecko) Version/15.0 Safari/605.1.15"
84.13.153.129 - - [11/Sep/2026:17:38:53 +0330] "GET /wp-login.php?redirect_to=https%3A%2F%2Fdigikeyland.ir%2Fwp-admin%2Findex.php&reauth=1 HTTP/1.1" 200 3804 "https://digikeyland.ir/wp-login.php" "Mozilla/5.0 (Macintosh; Intel Mac OS X 10_15_7) AppleWebKit/605.1.15 (KHTML, like Gecko) Version/15.0 Safari/605.1.15"
5.126.140.104 - - [11/Sep/2026:17:38:54 +0330] "GET /product-category/educational-tools/ HTTP/1.1" 200 65315 "https://digikeyland.ir/checkout/order-received/6378/?key=wc_order_fT07LoU2VRRBZ" "Mozilla/5.0 (Linux; Android 10; K) AppleWebKit/537.36 (KHTML, like Gecko) Chrome/152.0.0.0 Mobile Safari/537.36"
5.126.140.104 - - [11/Sep/2026:17:38:56 +0330] "GET /wp-includes/js/jquery/ui/mouse.min.js?ver=1.14.2 HTTP/1.1" 200 968 "https://digikeyland.ir/product-category/educational-tools/" "Mozilla/5.0 (Linux; Android 10; K) AppleWebKit/537.36 (KHTML, like Gecko) Chrome/152.0.0.0 Mobile Safari/537.36"
5.126.140.104 - - [11/Sep/2026:17:38:56 +0330] "GET /wp-includes/js/jquery/ui/slider.min.js?ver=1.14.2 HTTP/1.1" 200 3010 "https://digikeyland.ir/product-category/educational-tools/" "Mozilla/5.0 (Linux; Android 10; K) AppleWebKit/537.36 (KHTML, like Gecko) Chrome/152.0.0.0 Mobile Safari/537.36"
5.126.140.104 - - [11/Sep/2026:17:38:56 +0330] "GET /wp-content/plugins/woocommerce/assets/js/jquery-ui-touch-punch/jquery-ui-touch-punch.min.js?ver=11.1.0 HTTP/1.1" 200 529 "https://digikeyland.ir/product-category/educational-tools/" "Mozilla/5.0 (Linux; Android 10; K) AppleWebKit/537.36 (KHTML, like Gecko) Chrome/152.0.0.0 Mobile Safari/537.36"
5.126.140.104 - - [11/Sep/2026:17:38:56 +0330] "GET /wp-content/plugins/woocommerce/assets/js/accounting/accounting.min.js?ver=0.4.2 HTTP/1.1" 200 1321 "https://digikeyland.ir/product-category/educational-tools/" "Mozilla/5.0 (Linux; Android 10; K) AppleWebKit/537.36 (KHTML, like Gecko) Chrome/152.0.0.0 Mobile Safari/537.36"
5.126.140.104 - - [11/Sep/2026:17:38:56 +0330] "GET /wp-content/plugins/woocommerce/assets/js/frontend/price-slider.min.js?ver=11.1.0 HTTP/1.1" 200 538 "https://digikeyland.ir/product-category/educational-tools/" "Mozilla/5.0 (Linux; Android 10; K) AppleWebKit/537.36 (KHTML, like Gecko) Chrome/152.0.0.0 Mobile Safari/537.36"
5.126.140.104 - - [11/Sep/2026:17:38:56 +0330] "GET /wp-content/uploads/2025/12/game.webp HTTP/1.1" 200 4030 "https://digikeyland.ir/product-category/educational-tools/" "Mozilla/5.0 (Linux; Android 10; K) AppleWebKit/537.36 (KHTML, like Gecko) Chrome/152.0.0.0 Mobile Safari/537.36"
5.126.140.104 - - [11/Sep/2026:17:38:56 +0330] "GET /wp-content/uploads/2025/12/movie.webp HTTP/1.1" 200 2868 "https://digikeyland.ir/product-category/educational-tools/" "Mozilla/5.0 (Linux; Android 10; K) AppleWebKit/537.36 (KHTML, like Gecko) Chrome/152.0.0.0 Mobile Safari/537.36"
5.126.140.104 - - [11/Sep/2026:17:38:56 +0330] "GET /wp-content/uploads/2025/12/Ai-off-pic.webp HTTP/1.1" 200 23112 "https://digikeyland.ir/product-category/educational-tools/" "Mozilla/5.0 (Linux; Android 10; K) AppleWebKit/537.36 (KHTML, like Gecko) Chrome/152.0.0.0 Mobile Safari/537.36"
5.126.140.104 - - [11/Sep/2026:17:38:56 +0330] "GET /wp-content/uploads/2025/12/song.webp HTTP/1.1" 200 4386 "https://digikeyland.ir/product-category/educational-tools/" "Mozilla/5.0 (Linux; Android 10; K) AppleWebKit/537.36 (KHTML, like Gecko) Chrome/152.0.0.0 Mobile Safari/537.36"
84.13.153.129 - - [11/Sep/2026:17:38:55 +0330] "POST /wp-login.php HTTP/1.1" 200 3927 "https://digikeyland.ir/wp-login.php" "Mozilla/5.0 (Windows NT 10.0; Win64; x64) AppleWebKit/605.1.15 (KHTML, like Gecko) Version/15.0 Safari/605.1.15"
5.126.140.104 - - [11/Sep/2026:17:38:56 +0330] "GET /wp-content/uploads/2025/12/Autodesk-pics-hower.webp HTTP/1.1" 200 24828 "https://digikeyland.ir/product-category/educational-tools/" "Mozilla/5.0 (Linux; Android 10; K) AppleWebKit/537.36 (KHTML, like Gecko) Chrome/152.0.0.0 Mobile Safari/537.36"
5.126.140.104 - - [11/Sep/2026:17:38:56 +0330] "GET /wp-content/uploads/2026/07/Rosetta-Ston-sc2.webp HTTP/1.1" 200 36332 "https://digikeyland.ir/product-category/educational-tools/" "Mozilla/5.0 (Linux; Android 10; K) AppleWebKit/537.36 (KHTML, like Gecko) Chrome/152.0.0.0 Mobile Safari/537.36"
5.126.140.104 - - [11/Sep/2026:17:38:56 +0330] "GET /wp-content/uploads/2026/07/VOICEMOD-PRO-sc2.webp HTTP/1.1" 200 31116 "https://digikeyland.ir/product-category/educational-tools/" "Mozilla/5.0 (Linux; Android 10; K) AppleWebKit/537.36 (KHTML, like Gecko) Chrome/152.0.0.0 Mobile Safari/537.36"
5.126.140.104 - - [11/Sep/2026:17:38:56 +0330] "GET /wp-content/uploads/2025/12/CODECADEMY-HOWER.webp HTTP/1.1" 200 25114 "https://digikeyland.ir/product-category/educational-tools/" "Mozilla/5.0 (Linux; Android 10; K) AppleWebKit/537.36 (KHTML, like Gecko) Chrome/152.0.0.0 Mobile Safari/537.36"
5.126.140.104 - - [11/Sep/2026:17:38:56 +0330] "GET /wp-content/uploads/2026/07/Midjourney-sc2.webp HTTP/1.1" 200 25246 "https://digikeyland.ir/product-category/educational-tools/" "Mozilla/5.0 (Linux; Android 10; K) AppleWebKit/537.36 (KHTML, like Gecko) Chrome/152.0.0.0 Mobile Safari/537.36"
5.126.140.104 - - [11/Sep/2026:17:38:56 +0330] "GET /wp-content/uploads/2025/12/Grammarly.webp HTTP/1.1" 200 49362 "https://digikeyland.ir/product-category/educational-tools/" "Mozilla/5.0 (Linux; Android 10; K) AppleWebKit/537.36 (KHTML, like Gecko) Chrome/152.0.0.0 Mobile Safari/537.36"
84.13.153.129 - - [11/Sep/2026:17:38:57 +0330] "GET /wp-admin/index.php HTTP/1.1" 302 20 "https://digikeyland.ir/wp-login.php" "Mozilla/5.0 (Macintosh; Intel Mac OS X 10_15_7) AppleWebKit/537.36 (KHTML, like Gecko) Chrome/93.0.4577.63 Safari/537.36"
5.126.140.104 - - [11/Sep/2026:17:38:56 +0330] "GET /wp-content/uploads/2026/07/ABA-English-s1.webp HTTP/1.1" 200 81648 "https://digikeyland.ir/product-category/educational-tools/" "Mozilla/5.0 (Linux; Android 10; K) AppleWebKit/537.36 (KHTML, like Gecko) Chrome/152.0.0.0 Mobile Safari/537.36"
5.126.140.104 - - [11/Sep/2026:17:38:56 +0330] "GET /wp-content/uploads/2026/07/ABA-English-s2.webp HTTP/1.1" 200 35404 "https://digikeyland.ir/product-category/educational-tools/" "Mozilla/5.0 (Linux; Android 10; K) AppleWebKit/537.36 (KHTML, like Gecko) Chrome/152.0.0.0 Mobile Safari/537.36"
5.126.140.104 - - [11/Sep/2026:17:38:56 +0330] "GET /wp-content/uploads/2025/12/Grammarly-hower.webp HTTP/1.1" 200 21084 "https://digikeyland.ir/product-category/educational-tools/" "Mozilla/5.0 (Linux; Android 10; K) AppleWebKit/537.36 (KHTML, like Gecko) Chrome/152.0.0.0 Mobile Safari/537.36"
5.126.140.104 - - [11/Sep/2026:17:38:56 +0330] "GET /wp-content/uploads/2025/12/mondly-hower.webp HTTP/1.1" 200 22114 "https://digikeyland.ir/product-category/educational-tools/" "Mozilla/5.0 (Linux; Android 10; K) AppleWebKit/537.36 (KHTML, like Gecko) Chrome/152.0.0.0 Mobile Safari/537.36"
5.126.140.104 - - [11/Sep/2026:17:38:56 +0330] "GET /wp-content/uploads/2025/12/duolingo.webp HTTP/1.1" 200 47018 "https://digikeyland.ir/product-category/educational-tools/" "Mozilla/5.0 (Linux; Android 10; K) AppleWebKit/537.36 (KHTML, like Gecko) Chrome/152.0.0.0 Mobile Safari/537.36"
5.126.140.104 - - [11/Sep/2026:17:38:56 +0330] "GET /wp-content/uploads/2026/07/Midjourney-sc1.webp HTTP/1.1" 200 33916 "https://digikeyland.ir/product-category/educational-tools/" "Mozilla/5.0 (Linux; Android 10; K) AppleWebKit/537.36 (KHTML, like Gecko) Chrome/152.0.0.0 Mobile Safari/537.36"
5.126.140.104 - - [11/Sep/2026:17:38:56 +0330] "GET /wp-content/uploads/2025/12/mondly.webp HTTP/1.1" 200 58020 "https://digikeyland.ir/product-category/educational-tools/" "Mozilla/5.0 (Linux; Android 10; K) AppleWebKit/537.36 (KHTML, like Gecko) Chrome/152.0.0.0 Mobile Safari/537.36"
84.13.153.129 - - [11/Sep/2026:17:38:58 +0330] "GET /wp-login.php?redirect_to=https%3A%2F%2Fdigikeyland.ir%2Fwp-admin%2Findex.php&reauth=1 HTTP/1.1" 200 3804 "https://digikeyland.ir/wp-login.php" "Mozilla/5.0 (Macintosh; Intel Mac OS X 10_15_7) AppleWebKit/537.36 (KHTML, like Gecko) Chrome/93.0.4577.63 Safari/537.36"
5.126.140.104 - - [11/Sep/2026:17:38:56 +0330] "GET /wp-content/uploads/2026/07/VOICEMOD-PRO-sc1.webp HTTP/1.1" 200 82654 "https://digikeyland.ir/product-category/educational-tools/" "Mozilla/5.0 (Linux; Android 10; K) AppleWebKit/537.36 (KHTML, like Gecko) Chrome/152.0.0.0 Mobile Safari/537.36"
5.126.140.104 - - [11/Sep/2026:17:38:56 +0330] "GET /wp-content/uploads/2025/12/duolingo-hower.webp HTTP/1.1" 200 27850 "https://digikeyland.ir/product-category/educational-tools/" "Mozilla/5.0 (Linux; Android 10; K) AppleWebKit/537.36 (KHTML, like Gecko) Chrome/152.0.0.0 Mobile Safari/537.36"
5.126.140.104 - - [11/Sep/2026:17:38:56 +0330] "GET /wp-content/uploads/2025/12/CODECADEMY.webp HTTP/1.1" 200 72404 "https://digikeyland.ir/product-category/educational-tools/" "Mozilla/5.0 (Linux; Android 10; K) AppleWebKit/537.36 (KHTML, like Gecko) Chrome/152.0.0.0 Mobile Safari/537.36"
5.126.140.104 - - [11/Sep/2026:17:38:56 +0330] "GET /wp-content/uploads/2025/12/Autodesk-pics.webp HTTP/1.1" 200 43814 "https://digikeyland.ir/product-category/educational-tools/" "Mozilla/5.0 (Linux; Android 10; K) AppleWebKit/537.36 (KHTML, like Gecko) Chrome/152.0.0.0 Mobile Safari/537.36"
5.126.140.104 - - [11/Sep/2026:17:38:56 +0330] "GET /wp-content/uploads/2025/12/quillbot-hower.webp HTTP/1.1" 200 25308 "https://digikeyland.ir/product-category/educational-tools/" "Mozilla/5.0 (Linux; Android 10; K) AppleWebKit/537.36 (KHTML, like Gecko) Chrome/152.0.0.0 Mobile Safari/537.36"
5.126.140.104 - - [11/Sep/2026:17:38:56 +0330] "GET /wp-content/uploads/2025/12/quillbot.webp HTTP/1.1" 200 56424 "https://digikeyland.ir/product-category/educational-tools/" "Mozilla/5.0 (Linux; Android 10; K) AppleWebKit/537.36 (KHTML, like Gecko) Chrome/152.0.0.0 Mobile Safari/537.36"
5.126.140.104 - - [11/Sep/2026:17:38:56 +0330] "GET /wp-content/uploads/2026/07/Rosetta-Ston-sc1.webp HTTP/1.1" 200 71264 "https://digikeyland.ir/product-category/educational-tools/" "Mozilla/5.0 (Linux; Android 10; K) AppleWebKit/537.36 (KHTML, like Gecko) Chrome/152.0.0.0 Mobile Safari/537.36"
84.13.153.129 - - [11/Sep/2026:17:38:59 +0330] "GET /wp-admin/index.php HTTP/1.1" 302 20 "https://digikeyland.ir/wp-login.php" "Mozilla/5.0 (Macintosh; Intel Mac OS X 10_15_7) AppleWebKit/537.36 (KHTML, like Gecko) Chrome/93.0.4577.63 Safari/537.36"
84.13.153.129 - - [11/Sep/2026:17:39:01 +0330] "GET /wp-login.php?redirect_to=https%3A%2F%2Fdigikeyland.ir%2Fwp-admin%2Findex.php&reauth=1 HTTP/1.1" 200 3804 "https://digikeyland.ir/wp-login.php" "Mozilla/5.0 (Macintosh; Intel Mac OS X 10_15_7) AppleWebKit/537.36 (KHTML, like Gecko) Chrome/93.0.4577.63 Safari/537.36"
84.13.153.129 - - [11/Sep/2026:17:39:03 +0330] "POST /wp-login.php HTTP/1.1" 200 3927 "https://digikeyland.ir/wp-login.php" "Mozilla/5.0 (Windows NT 6.1; Win64; x64) AppleWebKit/537.36 (KHTML, like Gecko) Chrome/91.0.4472.124 Safari/537.36"
84.13.153.129 - - [11/Sep/2026:17:39:04 +0330] "GET /wp-admin/index.php HTTP/1.1" 302 20 "https://digikeyland.ir/wp-login.php" "Mozilla/5.0 (X11; Linux x86_64) AppleWebKit/537.36 (KHTML, like Gecko) Chrome/94.0.4606.71 Safari/537.36"
84.13.153.129 - - [11/Sep/2026:17:39:06 +0330] "GET /wp-login.php?redirect_to=https%3A%2F%2Fdigikeyland.ir%2Fwp-admin%2Findex.php&reauth=1 HTTP/1.1" 200 3804 "https://digikeyland.ir/wp-login.php" "Mozilla/5.0 (X11; Linux x86_64) AppleWebKit/537.36 (KHTML, like Gecko) Chrome/94.0.4606.71 Safari/537.36"
84.13.153.129 - - [11/Sep/2026:17:39:07 +0330] "GET /wp-admin/index.php HTTP/1.1" 302 20 "https://digikeyland.ir/wp-login.php" "Mozilla/5.0 (X11; Linux x86_64) AppleWebKit/537.36 (KHTML, like Gecko) Chrome/94.0.4606.71 Safari/537.36"
84.13.153.129 - - [11/Sep/2026:17:39:09 +0330] "GET /wp-login.php?redirect_to=https%3A%2F%2Fdigikeyland.ir%2Fwp-admin%2Findex.php&reauth=1 HTTP/1.1" 200 3804 "https://digikeyland.ir/wp-login.php" "Mozilla/5.0 (X11; Linux x86_64) AppleWebKit/537.36 (KHTML, like Gecko) Chrome/94.0.4606.71 Safari/537.36"
84.13.153.129 - - [11/Sep/2026:17:39:10 +0330] "POST /wp-login.php HTTP/1.1" 200 3927 "https://digikeyland.ir/wp-login.php" "Mozilla/5.0 (Macintosh; Intel Mac OS X 10_15_7) AppleWebKit/537.36 (KHTML, like Gecko) Chrome/93.0.4577.63 Safari/537.36"
84.13.153.129 - - [11/Sep/2026:17:39:12 +0330] "GET /wp-admin/index.php HTTP/1.1" 302 20 "https://digikeyland.ir/wp-login.php" "Mozilla/5.0 (Macintosh; Intel Mac OS X 10_15_7) AppleWebKit/537.36 (KHTML, like Gecko) Chrome/94.0.4606.71 Safari/537.36"
84.13.153.129 - - [11/Sep/2026:17:39:14 +0330] "GET /wp-login.php?redirect_to=https%3A%2F%2Fdigikeyland.ir%2Fwp-admin%2Findex.php&reauth=1 HTTP/1.1" 200 3804 "https://digikeyland.ir/wp-login.php" "Mozilla/5.0 (Macintosh; Intel Mac OS X 10_15_7) AppleWebKit/537.36 (KHTML, like Gecko) Chrome/94.0.4606.71 Safari/537.36"
84.13.153.129 - - [11/Sep/2026:17:39:15 +0330] "GET /wp-admin/index.php HTTP/1.1" 302 20 "https://digikeyland.ir/wp-login.php" "Mozilla/5.0 (Macintosh; Intel Mac OS X 10_15_7) AppleWebKit/537.36 (KHTML, like Gecko) Chrome/94.0.4606.71 Safari/537.36"
84.13.153.129 - - [11/Sep/2026:17:39:16 +0330] "GET /wp-login.php?redirect_to=https%3A%2F%2Fdigikeyland.ir%2Fwp-admin%2Findex.php&reauth=1 HTTP/1.1" 200 3804 "https://digikeyland.ir/wp-login.php" "Mozilla/5.0 (Macintosh; Intel Mac OS X 10_15_7) AppleWebKit/537.36 (KHTML, like Gecko) Chrome/94.0.4606.71 Safari/537.36"
84.13.153.129 - - [11/Sep/2026:17:39:18 +0330] "POST /wp-login.php HTTP/1.1" 200 3927 "https://digikeyland.ir/wp-login.php" "Mozilla/5.0 (X11; Linux x86_64) AppleWebKit/537.36 (KHTML, like Gecko) Chrome/91.0.4472.124 Safari/537.36"
84.13.153.129 - - [11/Sep/2026:17:39:19 +0330] "GET /wp-admin/index.php HTTP/1.1" 302 20 "https://digikeyland.ir/wp-login.php" "Mozilla/5.0 (Windows NT 6.1; Win64; x64) AppleWebKit/537.36 (KHTML, like Gecko) Chrome/90.0.4430.212 Safari/537.36"
84.13.153.129 - - [11/Sep/2026:17:39:21 +0330] "GET /wp-login.php?redirect_to=https%3A%2F%2Fdigikeyland.ir%2Fwp-admin%2Findex.php&reauth=1 HTTP/1.1" 200 3804 "https://digikeyland.ir/wp-login.php" "Mozilla/5.0 (Windows NT 6.1; Win64; x64) AppleWebKit/537.36 (KHTML, like Gecko) Chrome/90.0.4430.212 Safari/537.36"
84.13.153.129 - - [11/Sep/2026:17:39:22 +0330] "GET /wp-admin/index.php HTTP/1.1" 302 20 "https://digikeyland.ir/wp-login.php" "Mozilla/5.0 (Windows NT 6.1; Win64; x64) AppleWebKit/537.36 (KHTML, like Gecko) Chrome/90.0.4430.212 Safari/537.36"
5.126.140.104 - - [11/Sep/2026:17:39:25 +0330] "GET /wp-content/uploads/2025/12/RT-logo-2.webp HTTP/1.1" 200 678 "https://digikeyland.ir/product-category/educational-tools/" "Mozilla/5.0 (Linux; Android 10; K) AppleWebKit/537.36 (KHTML, like Gecko) Chrome/152.0.0.0 Mobile Safari/537.36"
84.13.153.129 - - [11/Sep/2026:17:39:24 +0330] "GET /wp-login.php?redirect_to=https%3A%2F%2Fdigikeyland.ir%2Fwp-admin%2Findex.php&reauth=1 HTTP/1.1" 200 3804 "https://digikeyland.ir/wp-login.php" "Mozilla/5.0 (Windows NT 6.1; Win64; x64) AppleWebKit/537.36 (KHTML, like Gecko) Chrome/90.0.4430.212 Safari/537.36"
84.13.153.129 - - [11/Sep/2026:17:39:25 +0330] "POST /wp-login.php HTTP/1.1" 200 3927 "https://digikeyland.ir/wp-login.php" "Mozilla/5.0 (Macintosh; Intel Mac OS X 10_15_7) AppleWebKit/537.36 (KHTML, like Gecko) Chrome/94.0.4606.71 Safari/537.36"
84.13.153.129 - - [11/Sep/2026:17:39:26 +0330] "GET /wp-admin/index.php HTTP/1.1" 302 20 "https://digikeyland.ir/wp-login.php" "Mozilla/5.0 (Macintosh; Intel Mac OS X 10_15_7) AppleWebKit/537.36 (KHTML, like Gecko) Chrome/93.0.4577.63 Safari/537.36"
84.13.153.129 - - [11/Sep/2026:17:39:28 +0330] "GET /wp-login.php?redirect_to=https%3A%2F%2Fdigikeyland.ir%2Fwp-admin%2Findex.php&reauth=1 HTTP/1.1" 200 3804 "https://digikeyland.ir/wp-login.php" "Mozilla/5.0 (Macintosh; Intel Mac OS X 10_15_7) AppleWebKit/537.36 (KHTML, like Gecko) Chrome/93.0.4577.63 Safari/537.36"
84.13.153.129 - - [11/Sep/2026:17:39:29 +0330] "GET /wp-admin/index.php HTTP/1.1" 302 20 "https://digikeyland.ir/wp-login.php" "Mozilla/5.0 (Macintosh; Intel Mac OS X 10_15_7) AppleWebKit/537.36 (KHTML, like Gecko) Chrome/93.0.4577.63 Safari/537.36"
84.13.153.129 - - [11/Sep/2026:17:39:31 +0330] "GET /wp-login.php?redirect_to=https%3A%2F%2Fdigikeyland.ir%2Fwp-admin%2Findex.php&reauth=1 HTTP/1.1" 200 3804 "https://digikeyland.ir/wp-login.php" "Mozilla/5.0 (Macintosh; Intel Mac OS X 10_15_7) AppleWebKit/537.36 (KHTML, like Gecko) Chrome/93.0.4577.63 Safari/537.36"
84.13.153.129 - - [11/Sep/2026:17:39:32 +0330] "POST /wp-login.php HTTP/1.1" 200 3927 "https://digikeyland.ir/wp-login.php" "Mozilla/5.0 (Windows NT 10.0; Win64; x64) AppleWebKit/537.36 (KHTML, like Gecko) Chrome/93.0.4577.63 Safari/537.36"
84.13.153.129 - - [11/Sep/2026:17:39:34 +0330] "GET /wp-admin/index.php HTTP/1.1" 302 20 "https://digikeyland.ir/wp-login.php" "Mozilla/5.0 (Windows NT 6.1; Win64; x64) AppleWebKit/537.36 (KHTML, like Gecko) Chrome/90.0.4430.212 Safari/537.36"
84.13.153.129 - - [11/Sep/2026:17:39:36 +0330] "GET /wp-login.php?redirect_to=https%3A%2F%2Fdigikeyland.ir%2Fwp-admin%2Findex.php&reauth=1 HTTP/1.1" 200 3804 "https://digikeyland.ir/wp-login.php" "Mozilla/5.0 (Windows NT 6.1; Win64; x64) AppleWebKit/537.36 (KHTML, like Gecko) Chrome/90.0.4430.212 Safari/537.36"
84.13.153.129 - - [11/Sep/2026:17:39:37 +0330] "GET /wp-admin/index.php HTTP/1.1" 302 20 "https://digikeyland.ir/wp-login.php" "Mozilla/5.0 (Windows NT 6.1; Win64; x64) AppleWebKit/537.36 (KHTML, like Gecko) Chrome/90.0.4430.212 Safari/537.36"
84.13.153.129 - - [11/Sep/2026:17:39:38 +0330] "GET /wp-login.php?redirect_to=https%3A%2F%2Fdigikeyland.ir%2Fwp-admin%2Findex.php&reauth=1 HTTP/1.1" 200 3804 "https://digikeyland.ir/wp-login.php" "Mozilla/5.0 (Windows NT 6.1; Win64; x64) AppleWebKit/537.36 (KHTML, like Gecko) Chrome/90.0.4430.212 Safari/537.36"
84.13.153.129 - - [11/Sep/2026:17:39:40 +0330] "POST /wp-login.php HTTP/1.1" 200 3927 "https://digikeyland.ir/wp-login.php" "Mozilla/5.0 (Windows NT 10.0; Win64; x64) AppleWebKit/605.1.15 (KHTML, like Gecko) Version/14.0.3 Safari/605.1.15"
84.13.153.129 - - [11/Sep/2026:17:39:41 +0330] "GET /wp-admin/index.php HTTP/1.1" 302 20 "https://digikeyland.ir/wp-login.php" "Mozilla/5.0 (Windows NT 6.1; Win64; x64; rv:92.0) Gecko/20100101 Firefox/92.0"
84.13.153.129 - - [11/Sep/2026:17:39:43 +0330] "GET /wp-login.php?redirect_to=https%3A%2F%2Fdigikeyland.ir%2Fwp-admin%2Findex.php&reauth=1 HTTP/1.1" 200 3804 "https://digikeyland.ir/wp-login.php" "Mozilla/5.0 (Windows NT 6.1; Win64; x64; rv:92.0) Gecko/20100101 Firefox/92.0"
84.13.153.129 - - [11/Sep/2026:17:39:45 +0330] "GET /wp-admin/index.php HTTP/1.1" 302 20 "https://digikeyland.ir/wp-login.php" "Mozilla/5.0 (Windows NT 6.1; Win64; x64; rv:92.0) Gecko/20100101 Firefox/92.0"
84.13.153.129 - - [11/Sep/2026:17:39:46 +0330] "GET /wp-login.php?redirect_to=https%3A%2F%2Fdigikeyland.ir%2Fwp-admin%2Findex.php&reauth=1 HTTP/1.1" 200 3804 "https://digikeyland.ir/wp-login.php" "Mozilla/5.0 (Windows NT 6.1; Win64; x64; rv:92.0) Gecko/20100101 Firefox/92.0"
84.13.153.129 - - [11/Sep/2026:17:39:48 +0330] "POST /wp-login.php HTTP/1.1" 200 3927 "https://digikeyland.ir/wp-login.php" "Mozilla/5.0 (Windows NT 10.0; Win64; x64) AppleWebKit/537.36 (KHTML, like Gecko) Chrome/94.0.4606.71 Safari/537.36"
84.13.153.129 - - [11/Sep/2026:17:39:49 +0330] "GET /wp-admin/index.php HTTP/1.1" 302 20 "https://digikeyland.ir/wp-login.php" "Mozilla/5.0 (Windows NT 6.1; Win64; x64) AppleWebKit/537.36 (KHTML, like Gecko) Chrome/91.0.4472.124 Safari/537.36"
84.13.153.129 - - [11/Sep/2026:17:39:51 +0330] "GET /wp-login.php?redirect_to=https%3A%2F%2Fdigikeyland.ir%2Fwp-admin%2Findex.php&reauth=1 HTTP/1.1" 200 3804 "https://digikeyland.ir/wp-login.php" "Mozilla/5.0 (Windows NT 6.1; Win64; x64) AppleWebKit/537.36 (KHTML, like Gecko) Chrome/91.0.4472.124 Safari/537.36"
84.13.153.129 - - [11/Sep/2026:17:39:53 +0330] "GET /wp-admin/index.php HTTP/1.1" 302 20 "https://digikeyland.ir/wp-login.php" "Mozilla/5.0 (Windows NT 6.1; Win64; x64) AppleWebKit/537.36 (KHTML, like Gecko) Chrome/91.0.4472.124 Safari/537.36"
84.13.153.129 - - [11/Sep/2026:17:39:54 +0330] "GET /wp-login.php?redirect_to=https%3A%2F%2Fdigikeyland.ir%2Fwp-admin%2Findex.php&reauth=1 HTTP/1.1" 200 3804 "https://digikeyland.ir/wp-login.php" "Mozilla/5.0 (Windows NT 6.1; Win64; x64) AppleWebKit/537.36 (KHTML, like Gecko) Chrome/91.0.4472.124 Safari/537.36"
84.13.153.129 - - [11/Sep/2026:17:39:56 +0330] "POST /wp-login.php HTTP/1.1" 200 3927 "https://digikeyland.ir/wp-login.php" "Mozilla/5.0 (Windows NT 10.0; Win64; x64) AppleWebKit/537.36 (KHTML, like Gecko) Chrome/90.0.4430.212 Safari/537.36"
84.13.153.129 - - [11/Sep/2026:17:39:57 +0330] "GET /wp-admin/index.php HTTP/1.1" 302 20 "https://digikeyland.ir/wp-login.php" "Mozilla/5.0 (X11; Linux x86_64) AppleWebKit/537.36 (KHTML, like Gecko) Chrome/90.0.4430.212 Safari/537.36"
84.13.153.129 - - [11/Sep/2026:17:39:59 +0330] "GET /wp-login.php?redirect_to=https%3A%2F%2Fdigikeyland.ir%2Fwp-admin%2Findex.php&reauth=1 HTTP/1.1" 200 3804 "https://digikeyland.ir/wp-login.php" "Mozilla/5.0 (X11; Linux x86_64) AppleWebKit/537.36 (KHTML, like Gecko) Chrome/90.0.4430.212 Safari/537.36"
84.13.153.129 - - [11/Sep/2026:17:40:00 +0330] "GET /wp-admin/index.php HTTP/1.1" 302 20 "https://digikeyland.ir/wp-login.php" "Mozilla/5.0 (X11; Linux x86_64) AppleWebKit/537.36 (KHTML, like Gecko) Chrome/90.0.4430.212 Safari/537.36"
84.13.153.129 - - [11/Sep/2026:17:40:01 +0330] "GET /wp-login.php?redirect_to=https%3A%2F%2Fdigikeyland.ir%2Fwp-admin%2Findex.php&reauth=1 HTTP/1.1" 200 3804 "https://digikeyland.ir/wp-login.php" "Mozilla/5.0 (X11; Linux x86_64) AppleWebKit/537.36 (KHTML, like Gecko) Chrome/90.0.4430.212 Safari/537.36"
84.13.153.129 - - [11/Sep/2026:17:40:03 +0330] "POST /wp-login.php HTTP/1.1" 200 3927 "https://digikeyland.ir/wp-login.php" "Mozilla/5.0 (Windows NT 10.0; Win64; x64) AppleWebKit/537.36 (KHTML, like Gecko) Chrome/90.0.4430.212 Safari/537.36"
84.13.153.129 - - [11/Sep/2026:17:40:05 +0330] "GET /wp-admin/index.php HTTP/1.1" 302 20 "https://digikeyland.ir/wp-login.php" "Mozilla/5.0 (Macintosh; Intel Mac OS X 10_15_7) AppleWebKit/537.36 (KHTML, like Gecko) Chrome/92.0.4515.131 Safari/537.36"
84.13.153.129 - - [11/Sep/2026:17:40:07 +0330] "GET /wp-login.php?redirect_to=https%3A%2F%2Fdigikeyland.ir%2Fwp-admin%2Findex.php&reauth=1 HTTP/1.1" 200 3804 "https://digikeyland.ir/wp-login.php" "Mozilla/5.0 (Macintosh; Intel Mac OS X 10_15_7) AppleWebKit/537.36 (KHTML, like Gecko) Chrome/92.0.4515.131 Safari/537.36"
